85.208.96.207 - - [24/Jan/2025:00:49:40 +0300] "GET /124592501.htm HTTP/1.0" 200 1171 "-" "Mozilla/5.0 (compatible; SemrushBot/7~bl; +http://www.semrush.com/bot.html)"
52.167.144.207 - - [24/Jan/2025:00:49:55 +0300] "GET /506943514.shtml HTTP/1.0" 200 109983 "-" "Mozilla/5.0 AppleWebKit/537.36 (KHTML, like Gecko; compatible; bingbot/2.0; +http://www.bing.com/bingbot.htm) Chrome/116.0.1938.76 Safari/537.36"
85.208.96.195 - - [24/Jan/2025:00:50:10 +0300] "GET /hnavk/gratiot-county-warrant-list.html HTTP/1.0" 200 6443 "-" "Mozilla/5.0 (compatible; SemrushBot/7~bl; +http://www.semrush.com/bot.html)"
85.208.96.205 - - [24/Jan/2025:00:50:13 +0300] "GET /nl6bdggpp/kuce-za-zurke-sabac.html HTTP/1.0" 200 10091 "-" "Mozilla/5.0 (compatible; SemrushBot/7~bl; +http://www.semrush.com/bot.html)"
85.208.96.202 - - [24/Jan/2025:00:50:19 +0300] "GET /robots.txt HTTP/1.0" 200 454 "-" "Mozilla/5.0 (compatible; SemrushBot/7~bl; +http://www.semrush.com/bot.html)"
185.191.171.12 - - [24/Jan/2025:00:50:20 +0300] "GET /181797535.htm HTTP/1.0" 200 1171 "-" "Mozilla/5.0 (compatible; SemrushBot/7~bl; +http://www.semrush.com/bot.html)"
185.191.171.14 - - [24/Jan/2025:00:50:24 +0300] "GET /77036771.htm HTTP/1.0" 200 1171 "-" "Mozilla/5.0 (compatible; SemrushBot/7~bl; +http://www.semrush.com/bot.html)"
185.191.171.3 - - [24/Jan/2025:00:50:26 +0300] "GET /27477121.htm HTTP/1.0" 200 1171 "-" "Mozilla/5.0 (compatible; SemrushBot/7~bl; +http://www.semrush.com/bot.html)"
85.208.96.203 - - [24/Jan/2025:00:50:29 +0300] "GET /shtrm/linden-tx-funeral-home.html HTTP/1.0" 200 14952 "-" "Mozilla/5.0 (compatible; SemrushBot/7~bl; +http://www.semrush.com/bot.html)"
185.191.171.11 - - [24/Jan/2025:00:50:51 +0300] "GET /hnavk/resyveris-denon.html HTTP/1.0" 200 13058 "-" "Mozilla/5.0 (compatible; SemrushBot/7~bl; +http://www.semrush.com/bot.html)"
185.191.171.17 - - [24/Jan/2025:00:50:56 +0300] "GET /hnavk/red-haired-girl-spanked.html HTTP/1.0" 200 8123 "-" "Mozilla/5.0 (compatible; SemrushBot/7~bl; +http://www.semrush.com/bot.html)"
185.191.171.14 - - [24/Jan/2025:00:51:00 +0300] "GET /114577933.htm HTTP/1.0" 200 1171 "-" "Mozilla/5.0 (compatible; SemrushBot/7~bl; +http://www.semrush.com/bot.html)"
185.191.171.17 - - [24/Jan/2025:00:51:26 +0300] "GET /hnavk/exllama-hf-reddit-github.html HTTP/1.0" 200 17446 "-" "Mozilla/5.0 (compatible; SemrushBot/7~bl; +http://www.semrush.com/bot.html)"
87.250.224.11 - - [24/Jan/2025:00:51:28 +0300] "GET /shtrm/private-psw-wanted-near-me.html HTTP/1.0" 200 13094 "-" "Mozilla/5.0 (compatible; YandexBot/3.0; +http://yandex.com/bots)"
185.191.171.17 - - [24/Jan/2025:00:51:47 +0300] "GET /45466003.htm HTTP/1.0" 200 1171 "-" "Mozilla/5.0 (compatible; SemrushBot/7~bl; +http://www.semrush.com/bot.html)"
85.208.96.207 - - [24/Jan/2025:00:51:51 +0300] "GET /204594197.htm HTTP/1.0" 200 1171 "-" "Mozilla/5.0 (compatible; SemrushBot/7~bl; +http://www.semrush.com/bot.html)"
185.191.171.11 - - [24/Jan/2025:00:51:54 +0300] "GET /nl6bdggpp/mifare-classic-1k-hack.html HTTP/1.0" 200 11712 "-" "Mozilla/5.0 (compatible; SemrushBot/7~bl; +http://www.semrush.com/bot.html)"
157.55.39.52 - - [24/Jan/2025:00:51:53 +0300] "GET /218406075.htm HTTP/1.0" 200 111876 "-" "Mozilla/5.0 AppleWebKit/537.36 (KHTML, like Gecko; compatible; bingbot/2.0; +http://www.bing.com/bingbot.htm) Chrome/116.0.1938.76 Safari/537.36"
185.191.171.13 - - [24/Jan/2025:00:51:59 +0300] "GET /hnavk/home-assistant-grid-card-spacing-template.html HTTP/1.0" 200 18343 "-" "Mozilla/5.0 (compatible; SemrushBot/7~bl; +http://www.semrush.com/bot.html)"
185.191.171.17 - - [24/Jan/2025:00:52:06 +0300] "GET /hnavk/advanced-trading-indicators.html HTTP/1.0" 200 14259 "-" "Mozilla/5.0 (compatible; SemrushBot/7~bl; +http://www.semrush.com/bot.html)"
47.128.16.134 - - [24/Jan/2025:00:52:24 +0300] "GET /j4byy4/bounce-tales-download-for-android.html HTTP/1.0" 200 7094 "-" "Mozilla/5.0 (Linux; Android 5.0) AppleWebKit/537.36 (KHTML, like Gecko) Mobile Safari/537.36 (compatible; Bytespider; spider-feedback@bytedance.com)"
52.167.144.207 - - [24/Jan/2025:00:52:26 +0300] "GET /107833327.shtml HTTP/1.0" 200 111495 "-" "Mozilla/5.0 AppleWebKit/537.36 (KHTML, like Gecko; compatible; bingbot/2.0; +http://www.bing.com/bingbot.htm) Chrome/116.0.1938.76 Safari/537.36"
52.167.144.207 - - [24/Jan/2025:00:52:36 +0300] "GET /87879632.shtml HTTP/1.0" 200 112113 "-" "Mozilla/5.0 AppleWebKit/537.36 (KHTML, like Gecko; compatible; bingbot/2.0; +http://www.bing.com/bingbot.htm) Chrome/116.0.1938.76 Safari/537.36"
85.208.96.203 - - [24/Jan/2025:00:52:39 +0300] "GET /jtxvlr/sansui-monitor-settings-for-gaming.html HTTP/1.0" 200 10922 "-" "Mozilla/5.0 (compatible; SemrushBot/7~bl; +http://www.semrush.com/bot.html)"
157.55.39.49 - - [24/Jan/2025:00:52:54 +0300] "GET /140364484.shtml HTTP/1.0" 200 110137 "-" "Mozilla/5.0 AppleWebKit/537.36 (KHTML, like Gecko; compatible; bingbot/2.0; +http://www.bing.com/bingbot.htm) Chrome/116.0.1938.76 Safari/537.36"
85.208.96.206 - - [24/Jan/2025:00:52:59 +0300] "GET /62780227.htm HTTP/1.0" 200 1171 "-" "Mozilla/5.0 (compatible; SemrushBot/7~bl; +http://www.semrush.com/bot.html)"
185.191.171.11 - - [24/Jan/2025:00:53:04 +0300] "GET /38775367.htm HTTP/1.0" 200 1171 "-" "Mozilla/5.0 (compatible; SemrushBot/7~bl; +http://www.semrush.com/bot.html)"
57.141.5.25 - - [24/Jan/2025:00:53:23 +0300] "GET /shtrm/game-creator-app.html HTTP/1.0" 200 38081 "-" "meta-externalagent/1.1 (+https://developers.facebook.com/docs/sharing/webmasters/crawler)"
52.167.144.207 - - [24/Jan/2025:00:53:28 +0300] "GET /53770406.shtml HTTP/1.0" 200 111953 "-" "Mozilla/5.0 AppleWebKit/537.36 (KHTML, like Gecko; compatible; bingbot/2.0; +http://www.bing.com/bingbot.htm) Chrome/116.0.1938.76 Safari/537.36"
185.191.171.3 - - [24/Jan/2025:00:53:43 +0300] "GET /nl6bdggpp/geschlechts-organe-des-mannes.html HTTP/1.0" 200 11008 "-" "Mozilla/5.0 (compatible; SemrushBot/7~bl; +http://www.semrush.com/bot.html)"
157.55.39.49 - - [24/Jan/2025:00:53:44 +0300] "GET /824381082.shtml HTTP/1.0" 200 111437 "-" "Mozilla/5.0 AppleWebKit/537.36 (KHTML, like Gecko; compatible; bingbot/2.0; +http://www.bing.com/bingbot.htm) Chrome/116.0.1938.76 Safari/537.36"
85.208.96.193 - - [24/Jan/2025:00:53:51 +0300] "GET /hnavk/nepali-sexy-model-porn.html HTTP/1.0" 200 12918 "-" "Mozilla/5.0 (compatible; SemrushBot/7~bl; +http://www.semrush.com/bot.html)"
207.46.13.102 - - [24/Jan/2025:00:53:51 +0300] "GET /574694113.shtml HTTP/1.0" 200 111440 "-" "Mozilla/5.0 AppleWebKit/537.36 (KHTML, like Gecko; compatible; bingbot/2.0; +http://www.bing.com/bingbot.htm) Chrome/116.0.1938.76 Safari/537.36"
85.208.96.193 - - [24/Jan/2025:00:53:57 +0300] "GET /hnavk/arduino-hardware-serial-example.html HTTP/1.0" 200 8539 "-" "Mozilla/5.0 (compatible; SemrushBot/7~bl; +http://www.semrush.com/bot.html)"
85.208.96.197 - - [24/Jan/2025:00:53:58 +0300] "GET /jtxvlr/is-emby-free.html HTTP/1.0" 200 16002 "-" "Mozilla/5.0 (compatible; SemrushBot/7~bl; +http://www.semrush.com/bot.html)"
85.208.96.202 - - [24/Jan/2025:00:54:17 +0300] "GET /124787787.htm HTTP/1.0" 200 1171 "-" "Mozilla/5.0 (compatible; SemrushBot/7~bl; +http://www.semrush.com/bot.html)"
85.208.96.198 - - [24/Jan/2025:00:54:21 +0300] "GET /hnavk/gq-patrol-inner-guard.html HTTP/1.0" 200 15690 "-" "Mozilla/5.0 (compatible; SemrushBot/7~bl; +http://www.semrush.com/bot.html)"
157.55.39.49 - - [24/Jan/2025:00:54:26 +0300] "GET /511729243.shtml HTTP/1.0" 200 110742 "-" "Mozilla/5.0 AppleWebKit/537.36 (KHTML, like Gecko; compatible; bingbot/2.0; +http://www.bing.com/bingbot.htm) Chrome/116.0.1938.76 Safari/537.36"
185.191.171.16 - - [24/Jan/2025:00:54:42 +0300] "GET /94477313.htm HTTP/1.0" 200 1171 "-" "Mozilla/5.0 (compatible; SemrushBot/7~bl; +http://www.semrush.com/bot.html)"
157.55.39.52 - - [24/Jan/2025:00:54:45 +0300] "GET /89863635.htm HTTP/1.0" 200 110725 "-" "Mozilla/5.0 AppleWebKit/537.36 (KHTML, like Gecko; compatible; bingbot/2.0; +http://www.bing.com/bingbot.htm) Chrome/116.0.1938.76 Safari/537.36"
4.227.36.48 - - [24/Jan/2025:00:54:47 +0300] "GET /hnavk/%20media= HTTP/1.0" 404 465 "-" "Mozilla/5.0 AppleWebKit/537.36 (KHTML, like Gecko; compatible; GPTBot/1.2; +https://openai.com/gptbot)"
4.227.36.48 - - [24/Jan/2025:00:54:51 +0300] "-" 400 166 "-" "-"
4.227.36.48 - - [24/Jan/2025:00:54:53 +0300] "GET /j4byy4/gravity-js.html HTTP/1.0" 200 15924 "-" "Mozilla/5.0 AppleWebKit/537.36 (KHTML, like Gecko; compatible; GPTBot/1.2; +https://openai.com/gptbot)"
85.208.96.201 - - [24/Jan/2025:00:54:56 +0300] "GET /16048931.htm HTTP/1.0" 200 1171 "-" "Mozilla/5.0 (compatible; SemrushBot/7~bl; +http://www.semrush.com/bot.html)"
4.227.36.48 - - [24/Jan/2025:00:54:57 +0300] "GET /j4byy4/used-mobile-homes-under-$10000-near-belgorod.html HTTP/1.0" 404 465 "-" "Mozilla/5.0 AppleWebKit/537.36 (KHTML, like Gecko; compatible; GPTBot/1.2; +https://openai.com/gptbot)"
85.208.96.197 - - [24/Jan/2025:00:54:58 +0300] "GET /129434691.htm HTTP/1.0" 200 1171 "-" "Mozilla/5.0 (compatible; SemrushBot/7~bl; +http://www.semrush.com/bot.html)"
4.227.36.48 - - [24/Jan/2025:00:54:59 +0300] "GET /j4byy4/salmon-creek-wa-motels.html HTTP/1.0" 200 14591 "-" "Mozilla/5.0 AppleWebKit/537.36 (KHTML, like Gecko; compatible; GPTBot/1.2; +https://openai.com/gptbot)"
4.227.36.48 - - [24/Jan/2025:00:55:02 +0300] "GET /j4byy4/filedata/fetch?filedataid=969 HTTP/1.0" 404 465 "-" "Mozilla/5.0 AppleWebKit/537.36 (KHTML, like Gecko; compatible; GPTBot/1.2; +https://openai.com/gptbot)"
4.227.36.48 - - [24/Jan/2025:00:55:04 +0300] "GET /j4byy4/summer-student-jobs-ontario.html HTTP/1.0" 200 11709 "-" "Mozilla/5.0 AppleWebKit/537.36 (KHTML, like Gecko; compatible; GPTBot/1.2; +https://openai.com/gptbot)"
85.208.96.195 - - [24/Jan/2025:00:55:06 +0300] "GET /166093551.htm HTTP/1.0" 200 1171 "-" "Mozilla/5.0 (compatible; SemrushBot/7~bl; +http://www.semrush.com/bot.html)"
4.227.36.48 - - [24/Jan/2025:00:55:07 +0300] "GET /j4byy4/bay-county-property-appraiser.html HTTP/1.0" 200 12399 "-" "Mozilla/5.0 AppleWebKit/537.36 (KHTML, like Gecko; compatible; GPTBot/1.2; +https://openai.com/gptbot)"
4.227.36.48 - - [24/Jan/2025:00:55:09 +0300] "GET /j4byy4/filedata/fetch?filedataid=968 HTTP/1.0" 404 465 "-" "Mozilla/5.0 AppleWebKit/537.36 (KHTML, like Gecko; compatible; GPTBot/1.2; +https://openai.com/gptbot)"
4.227.36.48 - - [24/Jan/2025:00:55:11 +0300] "GET /j4byy4/garbage-disposal-replacement-unit.html HTTP/1.0" 200 16672 "-" "Mozilla/5.0 AppleWebKit/537.36 (KHTML, like Gecko; compatible; GPTBot/1.2; +https://openai.com/gptbot)"
4.227.36.48 - - [24/Jan/2025:00:55:12 +0300] "GET /hnavk/%3Cscript%20src= HTTP/1.0" 404 465 "-" "Mozilla/5.0 AppleWebKit/537.36 (KHTML, like Gecko; compatible; GPTBot/1.2; +https://openai.com/gptbot)"
4.227.36.48 - - [24/Jan/2025:00:55:15 +0300] "GET /hnavk/gratiot-county-breaking-news-car-accident.html HTTP/1.0" 200 10154 "-" "Mozilla/5.0 AppleWebKit/537.36 (KHTML, like Gecko; compatible; GPTBot/1.2; +https://openai.com/gptbot)"
4.227.36.48 - - [24/Jan/2025:00:55:16 +0300] "GET /hnavk/franklin-county-jail-current-inmates-near-seattle-wa.html HTTP/1.0" 200 7970 "-" "Mozilla/5.0 AppleWebKit/537.36 (KHTML, like Gecko; compatible; GPTBot/1.2; +https://openai.com/gptbot)"
4.227.36.48 - - [24/Jan/2025:00:55:18 +0300] "GET /hnavk/repeat-penalty-llama.html HTTP/1.0" 200 9716 "-" "Mozilla/5.0 AppleWebKit/537.36 (KHTML, like Gecko; compatible; GPTBot/1.2; +https://openai.com/gptbot)"
4.227.36.48 - - [24/Jan/2025:00:55:19 +0300] "GET /hnavk/qemu-arm-github-ubuntu.html HTTP/1.0" 200 5609 "-" "Mozilla/5.0 AppleWebKit/537.36 (KHTML, like Gecko; compatible; GPTBot/1.2; +https://openai.com/gptbot)"
4.227.36.48 - - [24/Jan/2025:00:55:21 +0300] "GET /hnavk/5-kg-weight-loss-diet-plan-vegetarian-pdf-nhs.html HTTP/1.0" 200 7215 "-" "Mozilla/5.0 AppleWebKit/537.36 (KHTML, like Gecko; compatible; GPTBot/1.2; +https://openai.com/gptbot)"
4.227.36.48 - - [24/Jan/2025:00:55:22 +0300] "GET /hnavk/tivimate-alternative-free.html HTTP/1.0" 200 2429 "-" "Mozilla/5.0 AppleWebKit/537.36 (KHTML, like Gecko; compatible; GPTBot/1.2; +https://openai.com/gptbot)"
85.208.96.202 - - [24/Jan/2025:00:55:23 +0300] "GET /hnavk/seacoastonline-breaking-news-live-near-portsmouth.html HTTP/1.0" 200 5676 "-" "Mozilla/5.0 (compatible; SemrushBot/7~bl; +http://www.semrush.com/bot.html)"
4.227.36.48 - - [24/Jan/2025:00:55:24 +0300] "GET /hnavk/black-ops-3-xp-tool.html HTTP/1.0" 200 6641 "-" "Mozilla/5.0 AppleWebKit/537.36 (KHTML, like Gecko; compatible; GPTBot/1.2; +https://openai.com/gptbot)"
4.227.36.48 - - [24/Jan/2025:00:55:24 +0300] "GET /hnavk/code-llama-api-key-github.html HTTP/1.0" 200 6777 "-" "Mozilla/5.0 AppleWebKit/537.36 (KHTML, like Gecko; compatible; GPTBot/1.2; +https://openai.com/gptbot)"
4.227.36.48 - - [24/Jan/2025:00:55:26 +0300] "GET /hnavk/annick-joshua.html HTTP/1.0" 200 10659 "-" "Mozilla/5.0 AppleWebKit/537.36 (KHTML, like Gecko; compatible; GPTBot/1.2; +https://openai.com/gptbot)"
4.227.36.48 - - [24/Jan/2025:00:55:27 +0300] "GET /j4byy4/:0x0/750x500/webp/photo/p1/849/2024/04/30/ HTTP/1.0" 404 465 "-" "Mozilla/5.0 AppleWebKit/537.36 (KHTML, like Gecko; compatible; GPTBot/1.2; +https://openai.com/gptbot)"
185.191.171.3 - - [24/Jan/2025:00:55:27 +0300] "GET /hnavk/5-kg-weight-loss-diet-plan-vegetarian-philippines-pdf-free-download.html HTTP/1.0" 200 8217 "-" "Mozilla/5.0 (compatible; SemrushBot/7~bl; +http://www.semrush.com/bot.html)"
4.227.36.48 - - [24/Jan/2025:00:55:28 +0300] "GET /hnavk/spn-521180-fmi-5.html HTTP/1.0" 200 8427 "-" "Mozilla/5.0 AppleWebKit/537.36 (KHTML, like Gecko; compatible; GPTBot/1.2; +https://openai.com/gptbot)"
4.227.36.48 - - [24/Jan/2025:00:55:30 +0300] "GET /hnavk/convert-normal-image-to-equirectangular-reddit.html HTTP/1.0" 200 18075 "-" "Mozilla/5.0 AppleWebKit/537.36 (KHTML, like Gecko; compatible; GPTBot/1.2; +https://openai.com/gptbot)"
4.227.36.48 - - [24/Jan/2025:00:55:32 +0300] "GET /hnavk/(1).jpg HTTP/1.0" 404 465 "-" "Mozilla/5.0 AppleWebKit/537.36 (KHTML, like Gecko; compatible; GPTBot/1.2; +https://openai.com/gptbot)"
4.227.36.48 - - [24/Jan/2025:00:55:33 +0300] "GET /hnavk/css/ HTTP/1.0" 404 465 "-" "Mozilla/5.0 AppleWebKit/537.36 (KHTML, like Gecko; compatible; GPTBot/1.2; +https://openai.com/gptbot)"
4.227.36.48 - - [24/Jan/2025:00:55:34 +0300] "GET /hnavk/craigslist-mobile-homes-with-land-for-sale-houston-tx-by-owner.html HTTP/1.0" 200 4934 "-" "Mozilla/5.0 AppleWebKit/537.36 (KHTML, like Gecko; compatible; GPTBot/1.2; +https://openai.com/gptbot)"
4.227.36.48 - - [24/Jan/2025:00:55:36 +0300] "GET /hnavk/grafana-admin-api-login-password-reset.html HTTP/1.0" 200 7504 "-" "Mozilla/5.0 AppleWebKit/537.36 (KHTML, like Gecko; compatible; GPTBot/1.2; +https://openai.com/gptbot)"
4.227.36.48 - - [24/Jan/2025:00:55:36 +0300] "GET /hnavk/swiftui-double-tap-meaning.html HTTP/1.0" 200 8377 "-" "Mozilla/5.0 AppleWebKit/537.36 (KHTML, like Gecko; compatible; GPTBot/1.2; +https://openai.com/gptbot)"
4.227.36.48 - - [24/Jan/2025:00:55:38 +0300] "GET /hnavk/mahfil-poster-vector.html HTTP/1.0" 200 5981 "-" "Mozilla/5.0 AppleWebKit/537.36 (KHTML, like Gecko; compatible; GPTBot/1.2; +https://openai.com/gptbot)"
4.227.36.48 - - [24/Jan/2025:00:55:40 +0300] "GET /hnavk/job-part-time-de-acasa.html HTTP/1.0" 200 5798 "-" "Mozilla/5.0 AppleWebKit/537.36 (KHTML, like Gecko; compatible; GPTBot/1.2; +https://openai.com/gptbot)"
4.227.36.48 - - [24/Jan/2025:00:55:40 +0300] "GET /hnavk/huggingface-whisper-example-video.html HTTP/1.0" 200 5185 "-" "Mozilla/5.0 AppleWebKit/537.36 (KHTML, like Gecko; compatible; GPTBot/1.2; +https://openai.com/gptbot)"
52.167.144.207 - - [24/Jan/2025:00:55:39 +0300] "GET /14188491.shtml HTTP/1.0" 200 111151 "-" "Mozilla/5.0 AppleWebKit/537.36 (KHTML, like Gecko; compatible; bingbot/2.0; +http://www.bing.com/bingbot.htm) Chrome/116.0.1938.76 Safari/537.36"
4.227.36.48 - - [24/Jan/2025:00:55:42 +0300] "GET /hnavk/greek-new-testament-critical-apparatus.html HTTP/1.0" 200 3918 "-" "Mozilla/5.0 AppleWebKit/537.36 (KHTML, like Gecko; compatible; GPTBot/1.2; +https://openai.com/gptbot)"
4.227.36.48 - - [24/Jan/2025:00:55:43 +0300] "GET /hnavk/renault-trafic-fuel-filter-location.html HTTP/1.0" 200 4089 "-" "Mozilla/5.0 AppleWebKit/537.36 (KHTML, like Gecko; compatible; GPTBot/1.2; +https://openai.com/gptbot)"
4.227.36.48 - - [24/Jan/2025:00:55:44 +0300] "GET /hnavk/modbus-communication-protocol.html HTTP/1.0" 200 10733 "-" "Mozilla/5.0 AppleWebKit/537.36 (KHTML, like Gecko; compatible; GPTBot/1.2; +https://openai.com/gptbot)"
4.227.36.48 - - [24/Jan/2025:00:55:46 +0300] "GET /hnavk/chia-farming-ram-calculator.html HTTP/1.0" 200 7356 "-" "Mozilla/5.0 AppleWebKit/537.36 (KHTML, like Gecko; compatible; GPTBot/1.2; +https://openai.com/gptbot)"
4.227.36.48 - - [24/Jan/2025:00:55:47 +0300] "GET /hnavk/citidirect-payment-status-meaning.html HTTP/1.0" 200 10889 "-" "Mozilla/5.0 AppleWebKit/537.36 (KHTML, like Gecko; compatible; GPTBot/1.2; +https://openai.com/gptbot)"
4.227.36.48 - - [24/Jan/2025:00:55:48 +0300] "GET /hnavk/sap-odata-edm-datetime-filter.html HTTP/1.0" 200 6813 "-" "Mozilla/5.0 AppleWebKit/537.36 (KHTML, like Gecko; compatible; GPTBot/1.2; +https://openai.com/gptbot)"
4.227.36.48 - - [24/Jan/2025:00:55:50 +0300] "GET /hnavk/huawei-ar160-factory-reset.html HTTP/1.0" 200 3465 "-" "Mozilla/5.0 AppleWebKit/537.36 (KHTML, like Gecko; compatible; GPTBot/1.2; +https://openai.com/gptbot)"
4.227.36.48 - - [24/Jan/2025:00:55:51 +0300] "GET /hnavk/bmw-error-440011-symptoms-forum.html HTTP/1.0" 200 5267 "-" "Mozilla/5.0 AppleWebKit/537.36 (KHTML, like Gecko; compatible; GPTBot/1.2; +https://openai.com/gptbot)"
4.227.36.48 - - [24/Jan/2025:00:55:52 +0300] "GET /hnavk/sdrconnect-mac-free-download.html HTTP/1.0" 200 5809 "-" "Mozilla/5.0 AppleWebKit/537.36 (KHTML, like Gecko; compatible; GPTBot/1.2; +https://openai.com/gptbot)"
4.227.36.48 - - [24/Jan/2025:00:55:53 +0300] "GET /hnavk/job-oil-and-gas-brunei.html HTTP/1.0" 200 6042 "-" "Mozilla/5.0 AppleWebKit/537.36 (KHTML, like Gecko; compatible; GPTBot/1.2; +https://openai.com/gptbot)"
4.227.36.48 - - [24/Jan/2025:00:55:56 +0300] "GET /hnavk/odoo-16-container.html HTTP/1.0" 200 5257 "-" "Mozilla/5.0 AppleWebKit/537.36 (KHTML, like Gecko; compatible; GPTBot/1.2; +https://openai.com/gptbot)"
4.227.36.48 - - [24/Jan/2025:00:55:57 +0300] "GET /hnavk/nude-girls-wwf.html HTTP/1.0" 200 14706 "-" "Mozilla/5.0 AppleWebKit/537.36 (KHTML, like Gecko; compatible; GPTBot/1.2; +https://openai.com/gptbot)"
85.208.96.203 - - [24/Jan/2025:00:55:58 +0300] "GET /shtrm/uninstall-go-wsl.html HTTP/1.0" 200 16319 "-" "Mozilla/5.0 (compatible; SemrushBot/7~bl; +http://www.semrush.com/bot.html)"
4.227.36.48 - - [24/Jan/2025:00:55:59 +0300] "GET /hnavk/hot-sext-men-photos-naked.html HTTP/1.0" 200 14835 "-" "Mozilla/5.0 AppleWebKit/537.36 (KHTML, like Gecko; compatible; GPTBot/1.2; +https://openai.com/gptbot)"
4.227.36.48 - - [24/Jan/2025:00:56:00 +0300] "GET /hnavk/sim-unlock-chip-best-buy.html HTTP/1.0" 200 4396 "-" "Mozilla/5.0 AppleWebKit/537.36 (KHTML, like Gecko; compatible; GPTBot/1.2; +https://openai.com/gptbot)"
185.191.171.19 - - [24/Jan/2025:00:56:01 +0300] "GET /91559863.htm HTTP/1.0" 200 1171 "-" "Mozilla/5.0 (compatible; SemrushBot/7~bl; +http://www.semrush.com/bot.html)"
4.227.36.48 - - [24/Jan/2025:00:56:02 +0300] "GET /hnavk/free-bulk-barcode-generator.html HTTP/1.0" 200 5371 "-" "Mozilla/5.0 AppleWebKit/537.36 (KHTML, like Gecko; compatible; GPTBot/1.2; +https://openai.com/gptbot)"
4.227.36.48 - - [24/Jan/2025:00:56:04 +0300] "GET /hnavk/tegovi-za-traktor-kupujemprodajem.html HTTP/1.0" 200 8206 "-" "Mozilla/5.0 AppleWebKit/537.36 (KHTML, like Gecko; compatible; GPTBot/1.2; +https://openai.com/gptbot)"
185.191.171.16 - - [24/Jan/2025:00:56:05 +0300] "GET /hnavk/roblox-music-id-cupid.html HTTP/1.0" 200 7464 "-" "Mozilla/5.0 (compatible; SemrushBot/7~bl; +http://www.semrush.com/bot.html)"
4.227.36.48 - - [24/Jan/2025:00:56:05 +0300] "GET /hnavk/hospital-caregiver-jobs-in-slovenia-for-foreigners.html HTTP/1.0" 200 5907 "-" "Mozilla/5.0 AppleWebKit/537.36 (KHTML, like Gecko; compatible; GPTBot/1.2; +https://openai.com/gptbot)"
4.227.36.48 - - [24/Jan/2025:00:56:05 +0300] "GET /hnavk/kijiji-london-ontario.html HTTP/1.0" 200 5036 "-" "Mozilla/5.0 AppleWebKit/537.36 (KHTML, like Gecko; compatible; GPTBot/1.2; +https://openai.com/gptbot)"
4.227.36.48 - - [24/Jan/2025:00:56:07 +0300] "GET /hnavk/koha-e-namazit-tetove.html HTTP/1.0" 200 5983 "-" "Mozilla/5.0 AppleWebKit/537.36 (KHTML, like Gecko; compatible; GPTBot/1.2; +https://openai.com/gptbot)"
4.227.36.48 - - [24/Jan/2025:00:56:09 +0300] "GET /hnavk/best-4l80e-transmission-rebuild-kit.html HTTP/1.0" 200 8102 "-" "Mozilla/5.0 AppleWebKit/537.36 (KHTML, like Gecko; compatible; GPTBot/1.2; +https://openai.com/gptbot)"
207.46.13.102 - - [24/Jan/2025:00:56:07 +0300] "GET /376647423.shtml HTTP/1.0" 200 110741 "-" "Mozilla/5.0 AppleWebKit/537.36 (KHTML, like Gecko; compatible; bingbot/2.0; +http://www.bing.com/bingbot.htm) Chrome/116.0.1938.76 Safari/537.36"
4.227.36.48 - - [24/Jan/2025:00:56:10 +0300] "GET /hnavk/neglected-itachi-gamer-fanfiction.html HTTP/1.0" 200 7577 "-" "Mozilla/5.0 AppleWebKit/537.36 (KHTML, like Gecko; compatible; GPTBot/1.2; +https://openai.com/gptbot)"
4.227.36.48 - - [24/Jan/2025:00:56:10 +0300] "GET /hnavk/gta-4-engine.html HTTP/1.0" 200 6415 "-" "Mozilla/5.0 AppleWebKit/537.36 (KHTML, like Gecko; compatible; GPTBot/1.2; +https://openai.com/gptbot)"
4.227.36.48 - - [24/Jan/2025:00:56:12 +0300] "GET /hnavk/industrial-area-street-38-qatar-map.html HTTP/1.0" 200 5060 "-" "Mozilla/5.0 AppleWebKit/537.36 (KHTML, like Gecko; compatible; GPTBot/1.2; +https://openai.com/gptbot)"
4.227.36.48 - - [24/Jan/2025:00:56:13 +0300] "GET /hnavk/2017-actros-fault-code-gs-31-symptoms.html HTTP/1.0" 200 7875 "-" "Mozilla/5.0 AppleWebKit/537.36 (KHTML, like Gecko; compatible; GPTBot/1.2; +https://openai.com/gptbot)"
4.227.36.48 - - [24/Jan/2025:00:56:15 +0300] "GET /hnavk/prodaja-stanova-resnik-age.html HTTP/1.0" 200 4587 "-" "Mozilla/5.0 AppleWebKit/537.36 (KHTML, like Gecko; compatible; GPTBot/1.2; +https://openai.com/gptbot)"
4.227.36.48 - - [24/Jan/2025:00:56:15 +0300] "GET /hnavk/grimes-county-appraisal-district-property-search-by-owner.html HTTP/1.0" 200 5509 "-" "Mozilla/5.0 AppleWebKit/537.36 (KHTML, like Gecko; compatible; GPTBot/1.2; +https://openai.com/gptbot)"
185.191.171.17 - - [24/Jan/2025:00:56:17 +0300] "GET /shtrm/cane-webbing-furniture.html HTTP/1.0" 200 15751 "-" "Mozilla/5.0 (compatible; SemrushBot/7~bl; +http://www.semrush.com/bot.html)"
4.227.36.48 - - [24/Jan/2025:00:56:18 +0300] "GET /hnavk/nc-background-check-for-child-care.html HTTP/1.0" 200 5811 "-" "Mozilla/5.0 AppleWebKit/537.36 (KHTML, like Gecko; compatible; GPTBot/1.2; +https://openai.com/gptbot)"
47.128.33.123 - - [24/Jan/2025:00:56:24 +0300] "GET /j4byy4/2013-bmw-f20-problems-reddit.html HTTP/1.0" 200 15682 "-" "Mozilla/5.0 (Linux; Android 5.0) AppleWebKit/537.36 (KHTML, like Gecko) Mobile Safari/537.36 (compatible; Bytespider; spider-feedback@bytedance.com)"
47.128.33.123 - - [24/Jan/2025:00:56:25 +0300] "GET /j4byy4/1024w HTTP/1.0" 404 465 "https://info.monolith-realty.ru/j4byy4/2013-bmw-f20-problems-reddit.html" "Mozilla/5.0 (Linux; Android 5.0) AppleWebKit/537.36 (KHTML, like Gecko) Mobile Safari/537.36 (compatible; Bytespider; spider-feedback@bytedance.com)"
157.55.39.49 - - [24/Jan/2025:00:56:26 +0300] "GET /502625638.shtml HTTP/1.0" 200 110503 "-" "Mozilla/5.0 AppleWebKit/537.36 (KHTML, like Gecko; compatible; bingbot/2.0; +http://www.bing.com/bingbot.htm) Chrome/116.0.1938.76 Safari/537.36"
157.55.39.49 - - [24/Jan/2025:00:56:29 +0300] "GET /481993570.shtml HTTP/1.0" 200 110405 "-" "Mozilla/5.0 AppleWebKit/537.36 (KHTML, like Gecko; compatible; bingbot/2.0; +http://www.bing.com/bingbot.htm) Chrome/116.0.1938.76 Safari/537.36"
185.191.171.17 - - [24/Jan/2025:00:56:37 +0300] "GET /hnavk/sexy-emo-teen-girls-in-booty-shorts.html HTTP/1.0" 200 12551 "-" "Mozilla/5.0 (compatible; SemrushBot/7~bl; +http://www.semrush.com/bot.html)"
85.208.96.198 - - [24/Jan/2025:00:56:44 +0300] "GET /143255005.htm HTTP/1.0" 200 1171 "-" "Mozilla/5.0 (compatible; SemrushBot/7~bl; +http://www.semrush.com/bot.html)"
157.55.39.49 - - [24/Jan/2025:00:56:56 +0300] "GET /527731256.shtml HTTP/1.0" 200 110118 "-" "Mozilla/5.0 AppleWebKit/537.36 (KHTML, like Gecko; compatible; bingbot/2.0; +http://www.bing.com/bingbot.htm) Chrome/116.0.1938.76 Safari/537.36"
157.55.39.49 - - [24/Jan/2025:00:57:00 +0300] "GET /137261807.shtml HTTP/1.0" 200 111474 "-" "Mozilla/5.0 AppleWebKit/537.36 (KHTML, like Gecko; compatible; bingbot/2.0; +http://www.bing.com/bingbot.htm) Chrome/116.0.1938.76 Safari/537.36"
185.191.171.17 - - [24/Jan/2025:00:57:06 +0300] "GET /154618297.htm HTTP/1.0" 200 1171 "-" "Mozilla/5.0 (compatible; SemrushBot/7~bl; +http://www.semrush.com/bot.html)"
157.55.39.49 - - [24/Jan/2025:00:57:06 +0300] "GET /162802038.shtml HTTP/1.0" 200 111492 "-" "Mozilla/5.0 AppleWebKit/537.36 (KHTML, like Gecko; compatible; bingbot/2.0; +http://www.bing.com/bingbot.htm) Chrome/116.0.1938.76 Safari/537.36"
157.55.39.49 - - [24/Jan/2025:00:57:08 +0300] "GET /628736813.shtml HTTP/1.0" 200 109787 "-" "Mozilla/5.0 AppleWebKit/537.36 (KHTML, like Gecko; compatible; bingbot/2.0; +http://www.bing.com/bingbot.htm) Chrome/116.0.1938.76 Safari/537.36"
207.46.13.102 - - [24/Jan/2025:00:57:10 +0300] "GET /310775992.shtml HTTP/1.0" 200 109977 "-" "Mozilla/5.0 AppleWebKit/537.36 (KHTML, like Gecko; compatible; bingbot/2.0; +http://www.bing.com/bingbot.htm) Chrome/116.0.1938.76 Safari/537.36"
85.208.96.195 - - [24/Jan/2025:00:57:16 +0300] "GET /136707189.htm HTTP/1.0" 200 1171 "-" "Mozilla/5.0 (compatible; SemrushBot/7~bl; +http://www.semrush.com/bot.html)"
157.55.39.52 - - [24/Jan/2025:00:57:37 +0300] "GET /68348653.htm HTTP/1.0" 200 109891 "-" "Mozilla/5.0 AppleWebKit/537.36 (KHTML, like Gecko; compatible; bingbot/2.0; +http://www.bing.com/bingbot.htm) Chrome/116.0.1938.76 Safari/537.36"
85.208.96.212 - - [24/Jan/2025:00:57:43 +0300] "GET /hnavk/passwords-txt-mac-chrome.html HTTP/1.0" 200 8041 "-" "Mozilla/5.0 (compatible; SemrushBot/7~bl; +http://www.semrush.com/bot.html)"
157.55.39.49 - - [24/Jan/2025:00:57:57 +0300] "GET /622829234.shtml HTTP/1.0" 200 111411 "-" "Mozilla/5.0 AppleWebKit/537.36 (KHTML, like Gecko; compatible; bingbot/2.0; +http://www.bing.com/bingbot.htm) Chrome/116.0.1938.76 Safari/537.36"
185.191.171.15 - - [24/Jan/2025:00:58:17 +0300] "GET /j4byy4/danaher-kimura.html HTTP/1.0" 200 14070 "-" "Mozilla/5.0 (compatible; SemrushBot/7~bl; +http://www.semrush.com/bot.html)"
185.191.171.3 - - [24/Jan/2025:00:58:19 +0300] "GET /j4byy4/matlab-audio-output.html HTTP/1.0" 200 14432 "-" "Mozilla/5.0 (compatible; SemrushBot/7~bl; +http://www.semrush.com/bot.html)"
185.191.171.17 - - [24/Jan/2025:00:58:22 +0300] "GET /hnavk/brazos-county-jobs-salary.html HTTP/1.0" 200 7609 "-" "Mozilla/5.0 (compatible; SemrushBot/7~bl; +http://www.semrush.com/bot.html)"
213.180.203.100 - - [24/Jan/2025:00:58:38 +0300] "GET /j4byy4/watch-el-efecto-mariposa.html HTTP/1.0" 200 7398 "-" "Mozilla/5.0 (compatible; YandexBot/3.0; +http://yandex.com/bots)"
52.167.144.207 - - [24/Jan/2025:00:58:36 +0300] "GET /790446089.shtml HTTP/1.0" 200 111016 "-" "Mozilla/5.0 AppleWebKit/537.36 (KHTML, like Gecko; compatible; bingbot/2.0; +http://www.bing.com/bingbot.htm) Chrome/116.0.1938.76 Safari/537.36"
85.208.96.196 - - [24/Jan/2025:00:58:39 +0300] "GET /73348907.htm HTTP/1.0" 200 1171 "-" "Mozilla/5.0 (compatible; SemrushBot/7~bl; +http://www.semrush.com/bot.html)"
207.46.13.102 - - [24/Jan/2025:00:58:39 +0300] "GET /227906179.shtml HTTP/1.0" 200 110068 "-" "Mozilla/5.0 AppleWebKit/537.36 (KHTML, like Gecko; compatible; bingbot/2.0; +http://www.bing.com/bingbot.htm) Chrome/116.0.1938.76 Safari/537.36"
5.255.231.195 - - [24/Jan/2025:00:58:48 +0300] "GET /shtrm/davie-county-inmate-list.html HTTP/1.0" 200 8066 "-" "Mozilla/5.0 (compatible; YandexBot/3.0; +http://yandex.com/bots)"
52.167.144.207 - - [24/Jan/2025:00:58:47 +0300] "GET /401556371.shtml HTTP/1.0" 200 110996 "-" "Mozilla/5.0 AppleWebKit/537.36 (KHTML, like Gecko; compatible; bingbot/2.0; +http://www.bing.com/bingbot.htm) Chrome/116.0.1938.76 Safari/537.36"
85.208.96.200 - - [24/Jan/2025:00:58:51 +0300] "GET /nl6bdggpp/topping-e70-velvet-forum.html HTTP/1.0" 200 15379 "-" "Mozilla/5.0 (compatible; SemrushBot/7~bl; +http://www.semrush.com/bot.html)"
185.191.171.1 - - [24/Jan/2025:00:58:54 +0300] "GET /hnavk/brunette-fucked-raw.html HTTP/1.0" 200 14336 "-" "Mozilla/5.0 (compatible; SemrushBot/7~bl; +http://www.semrush.com/bot.html)"
185.191.171.1 - - [24/Jan/2025:00:59:01 +0300] "GET /111658781.htm HTTP/1.0" 200 1171 "-" "Mozilla/5.0 (compatible; SemrushBot/7~bl; +http://www.semrush.com/bot.html)"
85.208.96.206 - - [24/Jan/2025:00:59:06 +0300] "GET /j4byy4/georgie-porgie-rhyme-lyrics-meaning.html HTTP/1.0" 200 9098 "-" "Mozilla/5.0 (compatible; SemrushBot/7~bl; +http://www.semrush.com/bot.html)"
85.208.96.206 - - [24/Jan/2025:00:59:08 +0300] "GET /hnavk/busty-nfl-cheerleaders.html HTTP/1.0" 200 11209 "-" "Mozilla/5.0 (compatible; SemrushBot/7~bl; +http://www.semrush.com/bot.html)"
85.208.96.206 - - [24/Jan/2025:00:59:14 +0300] "GET /hnavk/online-detainee-locator-system.html HTTP/1.0" 200 5035 "-" "Mozilla/5.0 (compatible; SemrushBot/7~bl; +http://www.semrush.com/bot.html)"
157.55.39.49 - - [24/Jan/2025:00:59:17 +0300] "GET /347487633.shtml HTTP/1.0" 200 110037 "-" "Mozilla/5.0 AppleWebKit/537.36 (KHTML, like Gecko; compatible; bingbot/2.0; +http://www.bing.com/bingbot.htm) Chrome/116.0.1938.76 Safari/537.36"
185.191.171.19 - - [24/Jan/2025:00:59:39 +0300] "GET /hnavk/a1-grammar-book-pdf-free-download.html HTTP/1.0" 200 6053 "-" "Mozilla/5.0 (compatible; SemrushBot/7~bl; +http://www.semrush.com/bot.html)"
185.191.171.4 - - [24/Jan/2025:00:59:57 +0300] "GET /nl6bdggpp/sqlmodel-vs-sqlalchemy.html HTTP/1.0" 200 16860 "-" "Mozilla/5.0 (compatible; SemrushBot/7~bl; +http://www.semrush.com/bot.html)"
157.55.39.49 - - [24/Jan/2025:00:59:58 +0300] "GET /618510250.shtml HTTP/1.0" 200 111486 "-" "Mozilla/5.0 AppleWebKit/537.36 (KHTML, like Gecko; compatible; bingbot/2.0; +http://www.bing.com/bingbot.htm) Chrome/116.0.1938.76 Safari/537.36"
185.191.171.19 - - [24/Jan/2025:01:00:01 +0300] "GET /173001081.htm HTTP/1.0" 200 1171 "-" "Mozilla/5.0 (compatible; SemrushBot/7~bl; +http://www.semrush.com/bot.html)"
207.46.13.102 - - [24/Jan/2025:01:00:02 +0300] "GET /434588621.shtml HTTP/1.0" 200 110990 "-" "Mozilla/5.0 AppleWebKit/537.36 (KHTML, like Gecko; compatible; bingbot/2.0; +http://www.bing.com/bingbot.htm) Chrome/116.0.1938.76 Safari/537.36"
185.191.171.10 - - [24/Jan/2025:01:00:13 +0300] "GET /hnavk/citidirect-mobile-app-download.html HTTP/1.0" 200 3104 "-" "Mozilla/5.0 (compatible; SemrushBot/7~bl; +http://www.semrush.com/bot.html)"
52.167.144.207 - - [24/Jan/2025:01:00:16 +0300] "GET /826161084.shtml HTTP/1.0" 200 112933 "-" "Mozilla/5.0 AppleWebKit/537.36 (KHTML, like Gecko; compatible; bingbot/2.0; +http://www.bing.com/bingbot.htm) Chrome/116.0.1938.76 Safari/537.36"
185.191.171.3 - - [24/Jan/2025:01:00:19 +0300] "GET /81094561.htm HTTP/1.0" 200 1171 "-" "Mozilla/5.0 (compatible; SemrushBot/7~bl; +http://www.semrush.com/bot.html)"
47.128.112.152 - - [24/Jan/2025:01:00:26 +0300] "GET /j4byy4/clima-df-hoy.html HTTP/1.0" 200 8105 "-" "Mozilla/5.0 (Linux; Android 5.0) AppleWebKit/537.36 (KHTML, like Gecko) Mobile Safari/537.36 (compatible; Bytespider; spider-feedback@bytedance.com)"
157.55.39.49 - - [24/Jan/2025:01:00:29 +0300] "GET /247529967.shtml HTTP/1.0" 200 109641 "-" "Mozilla/5.0 AppleWebKit/537.36 (KHTML, like Gecko; compatible; bingbot/2.0; +http://www.bing.com/bingbot.htm) Chrome/116.0.1938.76 Safari/537.36"
52.167.144.198 - - [24/Jan/2025:01:00:37 +0300] "GET /13727009.shtml HTTP/1.0" 200 111844 "-" "Mozilla/5.0 AppleWebKit/537.36 (KHTML, like Gecko; compatible; bingbot/2.0; +http://www.bing.com/bingbot.htm) Chrome/116.0.1938.76 Safari/537.36"
185.191.171.17 - - [24/Jan/2025:01:00:54 +0300] "GET /hnavk/got-busted-baldwin-county-mugshots.html HTTP/1.0" 200 13377 "-" "Mozilla/5.0 (compatible; SemrushBot/7~bl; +http://www.semrush.com/bot.html)"
185.191.171.12 - - [24/Jan/2025:01:01:03 +0300] "GET /216618975.htm HTTP/1.0" 200 1171 "-" "Mozilla/5.0 (compatible; SemrushBot/7~bl; +http://www.semrush.com/bot.html)"
85.208.96.196 - - [24/Jan/2025:01:01:07 +0300] "GET /146809447.htm HTTP/1.0" 200 1171 "-" "Mozilla/5.0 (compatible; SemrushBot/7~bl; +http://www.semrush.com/bot.html)"
52.167.144.198 - - [24/Jan/2025:01:01:07 +0300] "GET /103201610.shtml HTTP/1.0" 200 112043 "-" "Mozilla/5.0 AppleWebKit/537.36 (KHTML, like Gecko; compatible; bingbot/2.0; +http://www.bing.com/bingbot.htm) Chrome/116.0.1938.76 Safari/537.36"
52.167.144.198 - - [24/Jan/2025:01:01:09 +0300] "GET /278538732.shtml HTTP/1.0" 200 110646 "-" "Mozilla/5.0 AppleWebKit/537.36 (KHTML, like Gecko; compatible; bingbot/2.0; +http://www.bing.com/bingbot.htm) Chrome/116.0.1938.76 Safari/537.36"
85.208.96.202 - - [24/Jan/2025:01:01:24 +0300] "GET /jtxvlr/sharing-beatrice-wattpad-pdf.html HTTP/1.0" 200 13348 "-" "Mozilla/5.0 (compatible; SemrushBot/7~bl; +http://www.semrush.com/bot.html)"
52.167.144.198 - - [24/Jan/2025:01:01:38 +0300] "GET /568377128.shtml HTTP/1.0" 200 110342 "-" "Mozilla/5.0 AppleWebKit/537.36 (KHTML, like Gecko; compatible; bingbot/2.0; +http://www.bing.com/bingbot.htm) Chrome/116.0.1938.76 Safari/537.36"
85.208.96.205 - - [24/Jan/2025:01:01:44 +0300] "GET /73011837.htm HTTP/1.0" 200 1171 "-" "Mozilla/5.0 (compatible; SemrushBot/7~bl; +http://www.semrush.com/bot.html)"
207.46.13.102 - - [24/Jan/2025:01:01:51 +0300] "GET /156682831.shtml HTTP/1.0" 200 111482 "-" "Mozilla/5.0 AppleWebKit/537.36 (KHTML, like Gecko; compatible; bingbot/2.0; +http://www.bing.com/bingbot.htm) Chrome/116.0.1938.76 Safari/537.36"
52.167.144.198 - - [24/Jan/2025:01:01:56 +0300] "GET /495320317.shtml HTTP/1.0" 200 109683 "-" "Mozilla/5.0 AppleWebKit/537.36 (KHTML, like Gecko; compatible; bingbot/2.0; +http://www.bing.com/bingbot.htm) Chrome/116.0.1938.76 Safari/537.36"
85.208.96.205 - - [24/Jan/2025:01:02:04 +0300] "GET /84252437.htm HTTP/1.0" 200 1171 "-" "Mozilla/5.0 (compatible; SemrushBot/7~bl; +http://www.semrush.com/bot.html)"
85.208.96.200 - - [24/Jan/2025:01:02:06 +0300] "GET /jtxvlr/samples-of-personal-profile.html HTTP/1.0" 200 15341 "-" "Mozilla/5.0 (compatible; SemrushBot/7~bl; +http://www.semrush.com/bot.html)"
85.208.96.204 - - [24/Jan/2025:01:02:11 +0300] "GET /j4byy4/boite-de-reception-outlook-par-defaut.html HTTP/1.0" 200 15678 "-" "Mozilla/5.0 (compatible; SemrushBot/7~bl; +http://www.semrush.com/bot.html)"
207.46.13.54 - - [24/Jan/2025:01:02:10 +0300] "GET /73443331.htm HTTP/1.0" 200 109887 "-" "Mozilla/5.0 AppleWebKit/537.36 (KHTML, like Gecko; compatible; bingbot/2.0; +http://www.bing.com/bingbot.htm) Chrome/116.0.1938.76 Safari/537.36"
185.191.171.10 - - [24/Jan/2025:01:02:24 +0300] "GET /40934613.htm HTTP/1.0" 200 1171 "-" "Mozilla/5.0 (compatible; SemrushBot/7~bl; +http://www.semrush.com/bot.html)"
85.208.96.205 - - [24/Jan/2025:01:02:38 +0300] "GET /78883071.htm HTTP/1.0" 200 1171 "-" "Mozilla/5.0 (compatible; SemrushBot/7~bl; +http://www.semrush.com/bot.html)"
85.208.96.200 - - [24/Jan/2025:01:02:44 +0300] "GET /hnavk/round-bale-hay-trailers-for-sale-in-texas-by-owner.html HTTP/1.0" 200 7199 "-" "Mozilla/5.0 (compatible; SemrushBot/7~bl; +http://www.semrush.com/bot.html)"
52.167.144.198 - - [24/Jan/2025:01:03:07 +0300] "GET /93029893.shtml HTTP/1.0" 200 111356 "-" "Mozilla/5.0 AppleWebKit/537.36 (KHTML, like Gecko; compatible; bingbot/2.0; +http://www.bing.com/bingbot.htm) Chrome/116.0.1938.76 Safari/537.36"
85.208.96.203 - - [24/Jan/2025:01:03:11 +0300] "GET /nl6bdggpp/huf-haus-for-sale-rightmove-near-me.html HTTP/1.0" 200 9186 "-" "Mozilla/5.0 (compatible; SemrushBot/7~bl; +http://www.semrush.com/bot.html)"
185.191.171.15 - - [24/Jan/2025:01:03:19 +0300] "GET /nl6bdggpp/seilbahn-starkenbach-betriebszeiten.html HTTP/1.0" 200 14749 "-" "Mozilla/5.0 (compatible; SemrushBot/7~bl; +http://www.semrush.com/bot.html)"
85.208.96.199 - - [24/Jan/2025:01:03:25 +0300] "GET /213503205.htm HTTP/1.0" 200 1171 "-" "Mozilla/5.0 (compatible; SemrushBot/7~bl; +http://www.semrush.com/bot.html)"
185.191.171.13 - - [24/Jan/2025:01:03:31 +0300] "GET /hnavk/gypsy-funeral-maidstone-today.html HTTP/1.0" 200 11488 "-" "Mozilla/5.0 (compatible; SemrushBot/7~bl; +http://www.semrush.com/bot.html)"
157.55.39.49 - - [24/Jan/2025:01:03:31 +0300] "GET /759197996.shtml HTTP/1.0" 200 112600 "-" "Mozilla/5.0 AppleWebKit/537.36 (KHTML, like Gecko; compatible; bingbot/2.0; +http://www.bing.com/bingbot.htm) Chrome/116.0.1938.76 Safari/537.36"
157.55.39.49 - - [24/Jan/2025:01:03:33 +0300] "GET /756104183.shtml HTTP/1.0" 200 111293 "-" "Mozilla/5.0 AppleWebKit/537.36 (KHTML, like Gecko; compatible; bingbot/2.0; +http://www.bing.com/bingbot.htm) Chrome/116.0.1938.76 Safari/537.36"
185.191.171.7 - - [24/Jan/2025:01:03:48 +0300] "GET /j4byy4/food-barcode-api.html HTTP/1.0" 200 19743 "-" "Mozilla/5.0 (compatible; SemrushBot/7~bl; +http://www.semrush.com/bot.html)"
185.191.171.4 - - [24/Jan/2025:01:04:01 +0300] "GET /jtxvlr/ford-kuga-wiper-arm-removal.html HTTP/1.0" 200 14133 "-" "Mozilla/5.0 (compatible; SemrushBot/7~bl; +http://www.semrush.com/bot.html)"
157.55.39.49 - - [24/Jan/2025:01:04:02 +0300] "GET /613587129.shtml HTTP/1.0" 200 111727 "-" "Mozilla/5.0 AppleWebKit/537.36 (KHTML, like Gecko; compatible; bingbot/2.0; +http://www.bing.com/bingbot.htm) Chrome/116.0.1938.76 Safari/537.36"
185.191.171.19 - - [24/Jan/2025:01:04:17 +0300] "GET /hnavk/html-chart-library.html HTTP/1.0" 200 6539 "-" "Mozilla/5.0 (compatible; SemrushBot/7~bl; +http://www.semrush.com/bot.html)"
47.128.126.19 - - [24/Jan/2025:01:04:24 +0300] "GET /j4byy4/langchain-basics.html HTTP/1.0" 200 14861 "-" "Mozilla/5.0 (Linux; Android 5.0) AppleWebKit/537.36 (KHTML, like Gecko) Mobile Safari/537.36 (compatible; Bytespider; spider-feedback@bytedance.com)"
207.46.13.151 - - [24/Jan/2025:01:04:22 +0300] "GET /319382105.shtml HTTP/1.0" 200 111326 "-" "Mozilla/5.0 AppleWebKit/537.36 (KHTML, like Gecko; compatible; bingbot/2.0; +http://www.bing.com/bingbot.htm) Chrome/116.0.1938.76 Safari/537.36"
157.55.39.49 - - [24/Jan/2025:01:04:25 +0300] "GET /330302553.shtml HTTP/1.0" 200 110475 "-" "Mozilla/5.0 AppleWebKit/537.36 (KHTML, like Gecko; compatible; bingbot/2.0; +http://www.bing.com/bingbot.htm) Chrome/116.0.1938.76 Safari/537.36"
207.46.13.151 - - [24/Jan/2025:01:04:25 +0300] "GET /336187141.shtml HTTP/1.0" 200 110364 "-" "Mozilla/5.0 AppleWebKit/537.36 (KHTML, like Gecko; compatible; bingbot/2.0; +http://www.bing.com/bingbot.htm) Chrome/116.0.1938.76 Safari/537.36"
185.191.171.19 - - [24/Jan/2025:01:04:30 +0300] "GET /hnavk/kicad-libraries.html HTTP/1.0" 200 5139 "-" "Mozilla/5.0 (compatible; SemrushBot/7~bl; +http://www.semrush.com/bot.html)"
185.191.171.15 - - [24/Jan/2025:01:04:46 +0300] "GET /hnavk/sticking-in-my-pussy.html HTTP/1.0" 200 11656 "-" "Mozilla/5.0 (compatible; SemrushBot/7~bl; +http://www.semrush.com/bot.html)"
185.191.171.8 - - [24/Jan/2025:01:04:50 +0300] "GET /189504117.htm HTTP/1.0" 200 1171 "-" "Mozilla/5.0 (compatible; SemrushBot/7~bl; +http://www.semrush.com/bot.html)"
185.191.171.18 - - [24/Jan/2025:01:04:56 +0300] "GET /142464167.htm HTTP/1.0" 200 1171 "-" "Mozilla/5.0 (compatible; SemrushBot/7~bl; +http://www.semrush.com/bot.html)"
185.191.171.1 - - [24/Jan/2025:01:04:58 +0300] "GET /30977247.htm HTTP/1.0" 200 1171 "-" "Mozilla/5.0 (compatible; SemrushBot/7~bl; +http://www.semrush.com/bot.html)"
52.167.144.198 - - [24/Jan/2025:01:04:58 +0300] "GET /73460120.shtml HTTP/1.0" 200 110730 "-" "Mozilla/5.0 AppleWebKit/537.36 (KHTML, like Gecko; compatible; bingbot/2.0; +http://www.bing.com/bingbot.htm) Chrome/116.0.1938.76 Safari/537.36"
157.55.39.49 - - [24/Jan/2025:01:05:03 +0300] "GET /665196107.shtml HTTP/1.0" 200 110892 "-" "Mozilla/5.0 AppleWebKit/537.36 (KHTML, like Gecko; compatible; bingbot/2.0; +http://www.bing.com/bingbot.htm) Chrome/116.0.1938.76 Safari/537.36"
213.180.203.216 - - [24/Jan/2025:01:05:10 +0300] "GET /jtxvlr/$2-dollar-bill-worth.html HTTP/1.0" 404 465 "-" "Mozilla/5.0 (compatible; YandexBot/3.0; +http://yandex.com/bots)"
85.208.96.199 - - [24/Jan/2025:01:05:19 +0300] "GET /144411255.htm HTTP/1.0" 200 1171 "-" "Mozilla/5.0 (compatible; SemrushBot/7~bl; +http://www.semrush.com/bot.html)"
52.167.144.198 - - [24/Jan/2025:01:05:19 +0300] "GET /807797646.shtml HTTP/1.0" 200 112799 "-" "Mozilla/5.0 AppleWebKit/537.36 (KHTML, like Gecko; compatible; bingbot/2.0; +http://www.bing.com/bingbot.htm) Chrome/116.0.1938.76 Safari/537.36"
87.250.224.253 - - [24/Jan/2025:01:05:41 +0300] "GET /j4byy4/ppsspp-games-for-android.html HTTP/1.0" 200 12880 "-" "Mozilla/5.0 (compatible; YandexBot/3.0; +http://yandex.com/bots)"
185.191.171.10 - - [24/Jan/2025:01:05:45 +0300] "GET /shtrm/passaic-county-recently-booked.html HTTP/1.0" 200 7876 "-" "Mozilla/5.0 (compatible; SemrushBot/7~bl; +http://www.semrush.com/bot.html)"
207.46.13.151 - - [24/Jan/2025:01:05:51 +0300] "GET /802180640.shtml HTTP/1.0" 200 112165 "-" "Mozilla/5.0 AppleWebKit/537.36 (KHTML, like Gecko; compatible; bingbot/2.0; +http://www.bing.com/bingbot.htm) Chrome/116.0.1938.76 Safari/537.36"
157.55.39.49 - - [24/Jan/2025:01:06:04 +0300] "GET /433045731.shtml HTTP/1.0" 200 109947 "-" "Mozilla/5.0 AppleWebKit/537.36 (KHTML, like Gecko; compatible; bingbot/2.0; +http://www.bing.com/bingbot.htm) Chrome/116.0.1938.76 Safari/537.36"
185.191.171.6 - - [24/Jan/2025:01:06:07 +0300] "GET /42137335.htm HTTP/1.0" 200 1171 "-" "Mozilla/5.0 (compatible; SemrushBot/7~bl; +http://www.semrush.com/bot.html)"
185.191.171.6 - - [24/Jan/2025:01:06:09 +0300] "GET /hnavk/how-to-restart-kiauh.html HTTP/1.0" 200 6020 "-" "Mozilla/5.0 (compatible; SemrushBot/7~bl; +http://www.semrush.com/bot.html)"
185.191.171.11 - - [24/Jan/2025:01:06:17 +0300] "GET /46738359.htm HTTP/1.0" 200 1171 "-" "Mozilla/5.0 (compatible; SemrushBot/7~bl; +http://www.semrush.com/bot.html)"
207.46.13.151 - - [24/Jan/2025:01:06:23 +0300] "GET /261125958.shtml HTTP/1.0" 200 110083 "-" "Mozilla/5.0 AppleWebKit/537.36 (KHTML, like Gecko; compatible; bingbot/2.0; +http://www.bing.com/bingbot.htm) Chrome/116.0.1938.76 Safari/537.36"
85.208.96.201 - - [24/Jan/2025:01:06:28 +0300] "GET /hnavk/kushboo-topless-photo.html HTTP/1.0" 200 16015 "-" "Mozilla/5.0 (compatible; SemrushBot/7~bl; +http://www.semrush.com/bot.html)"
52.167.144.198 - - [24/Jan/2025:01:06:31 +0300] "GET /496114476.shtml HTTP/1.0" 200 111110 "-" "Mozilla/5.0 AppleWebKit/537.36 (KHTML, like Gecko; compatible; bingbot/2.0; +http://www.bing.com/bingbot.htm) Chrome/116.0.1938.76 Safari/537.36"
185.191.171.15 - - [24/Jan/2025:01:06:42 +0300] "GET /nl6bdggpp/holy-rosary-church-parking.html HTTP/1.0" 200 15088 "-" "Mozilla/5.0 (compatible; SemrushBot/7~bl; +http://www.semrush.com/bot.html)"
52.167.144.198 - - [24/Jan/2025:01:06:46 +0300] "GET /412615319.shtml HTTP/1.0" 200 110450 "-" "Mozilla/5.0 AppleWebKit/537.36 (KHTML, like Gecko; compatible; bingbot/2.0; +http://www.bing.com/bingbot.htm) Chrome/116.0.1938.76 Safari/537.36"
52.167.144.198 - - [24/Jan/2025:01:06:48 +0300] "GET /186283328.shtml HTTP/1.0" 200 110768 "-" "Mozilla/5.0 AppleWebKit/537.36 (KHTML, like Gecko; compatible; bingbot/2.0; +http://www.bing.com/bingbot.htm) Chrome/116.0.1938.76 Safari/537.36"
52.167.144.198 - - [24/Jan/2025:01:06:50 +0300] "GET /71603112.shtml HTTP/1.0" 200 110835 "-" "Mozilla/5.0 AppleWebKit/537.36 (KHTML, like Gecko; compatible; bingbot/2.0; +http://www.bing.com/bingbot.htm) Chrome/116.0.1938.76 Safari/537.36"
85.208.96.208 - - [24/Jan/2025:01:06:55 +0300] "GET /j4byy4/casing-torque-table-calculator.html HTTP/1.0" 200 18618 "-" "Mozilla/5.0 (compatible; SemrushBot/7~bl; +http://www.semrush.com/bot.html)"
185.191.171.12 - - [24/Jan/2025:01:07:01 +0300] "GET /hnavk/super-hot-young-teen-girls-naked.html HTTP/1.0" 200 14158 "-" "Mozilla/5.0 (compatible; SemrushBot/7~bl; +http://www.semrush.com/bot.html)"
157.55.39.49 - - [24/Jan/2025:01:07:14 +0300] "GET /497151841.shtml HTTP/1.0" 200 110641 "-" "Mozilla/5.0 AppleWebKit/537.36 (KHTML, like Gecko; compatible; bingbot/2.0; +http://www.bing.com/bingbot.htm) Chrome/116.0.1938.76 Safari/537.36"
85.208.96.202 - - [24/Jan/2025:01:07:15 +0300] "GET /181854959.htm HTTP/1.0" 200 1171 "-" "Mozilla/5.0 (compatible; SemrushBot/7~bl; +http://www.semrush.com/bot.html)"
185.191.171.2 - - [24/Jan/2025:01:07:18 +0300] "GET /hnavk/urgent-job-vacancies-in-tema-with-accommodation-kumasi.html HTTP/1.0" 200 5792 "-" "Mozilla/5.0 (compatible; SemrushBot/7~bl; +http://www.semrush.com/bot.html)"
185.191.171.15 - - [24/Jan/2025:01:07:27 +0300] "GET /11698397.htm HTTP/1.0" 200 1171 "-" "Mozilla/5.0 (compatible; SemrushBot/7~bl; +http://www.semrush.com/bot.html)"
157.55.39.60 - - [24/Jan/2025:01:07:32 +0300] "GET /51223351.htm HTTP/1.0" 200 110037 "-" "Mozilla/5.0 AppleWebKit/537.36 (KHTML, like Gecko; compatible; bingbot/2.0; +http://www.bing.com/bingbot.htm) Chrome/116.0.1938.76 Safari/537.36"
85.208.96.195 - - [24/Jan/2025:01:07:50 +0300] "GET /219610129.htm HTTP/1.0" 200 1171 "-" "Mozilla/5.0 (compatible; SemrushBot/7~bl; +http://www.semrush.com/bot.html)"
157.55.39.49 - - [24/Jan/2025:01:07:54 +0300] "GET /391687138.shtml HTTP/1.0" 200 111602 "-" "Mozilla/5.0 AppleWebKit/537.36 (KHTML, like Gecko; compatible; bingbot/2.0; +http://www.bing.com/bingbot.htm) Chrome/116.0.1938.76 Safari/537.36"
157.55.39.49 - - [24/Jan/2025:01:07:56 +0300] "GET /537447031.shtml HTTP/1.0" 200 109564 "-" "Mozilla/5.0 AppleWebKit/537.36 (KHTML, like Gecko; compatible; bingbot/2.0; +http://www.bing.com/bingbot.htm) Chrome/116.0.1938.76 Safari/537.36"
185.191.171.7 - - [24/Jan/2025:01:08:08 +0300] "GET /j4byy4/junior-product-marketing-manager-google-salary.html HTTP/1.0" 200 15203 "-" "Mozilla/5.0 (compatible; SemrushBot/7~bl; +http://www.semrush.com/bot.html)"
157.55.39.49 - - [24/Jan/2025:01:08:15 +0300] "GET /657421825.shtml HTTP/1.0" 200 112107 "-" "Mozilla/5.0 AppleWebKit/537.36 (KHTML, like Gecko; compatible; bingbot/2.0; +http://www.bing.com/bingbot.htm) Chrome/116.0.1938.76 Safari/537.36"
85.208.96.200 - - [24/Jan/2025:01:08:19 +0300] "GET /14529785.htm HTTP/1.0" 200 1171 "-" "Mozilla/5.0 (compatible; SemrushBot/7~bl; +http://www.semrush.com/bot.html)"
52.167.144.198 - - [24/Jan/2025:01:08:21 +0300] "GET /578044151.shtml HTTP/1.0" 200 110767 "-" "Mozilla/5.0 AppleWebKit/537.36 (KHTML, like Gecko; compatible; bingbot/2.0; +http://www.bing.com/bingbot.htm) Chrome/116.0.1938.76 Safari/537.36"
47.128.42.148 - - [24/Jan/2025:01:08:24 +0300] "GET /jtxvlr/bsa-lightning-review.html HTTP/1.0" 200 18648 "-" "Mozilla/5.0 (Linux; Android 5.0) AppleWebKit/537.36 (KHTML, like Gecko) Mobile Safari/537.36 (compatible; Bytespider; spider-feedback@bytedance.com)"
185.191.171.18 - - [24/Jan/2025:01:08:33 +0300] "GET /nl6bdggpp/wsus-registry-settings-server-2016.html HTTP/1.0" 200 12461 "-" "Mozilla/5.0 (compatible; SemrushBot/7~bl; +http://www.semrush.com/bot.html)"
85.208.96.211 - - [24/Jan/2025:01:08:36 +0300] "GET /nl6bdggpp/stone-near-me.html HTTP/1.0" 200 12449 "-" "Mozilla/5.0 (compatible; SemrushBot/7~bl; +http://www.semrush.com/bot.html)"
157.55.39.49 - - [24/Jan/2025:01:08:35 +0300] "GET /257878410.shtml HTTP/1.0" 200 110605 "-" "Mozilla/5.0 AppleWebKit/537.36 (KHTML, like Gecko; compatible; bingbot/2.0; +http://www.bing.com/bingbot.htm) Chrome/116.0.1938.76 Safari/537.36"
185.191.171.12 - - [24/Jan/2025:01:08:43 +0300] "GET /hnavk/microsoft-careers-indonesia.html HTTP/1.0" 200 5820 "-" "Mozilla/5.0 (compatible; SemrushBot/7~bl; +http://www.semrush.com/bot.html)"
52.167.144.198 - - [24/Jan/2025:01:08:59 +0300] "GET /280053368.shtml HTTP/1.0" 200 109550 "-" "Mozilla/5.0 AppleWebKit/537.36 (KHTML, like Gecko; compatible; bingbot/2.0; +http://www.bing.com/bingbot.htm) Chrome/116.0.1938.76 Safari/537.36"
85.208.96.209 - - [24/Jan/2025:01:09:10 +0300] "GET /122920175.htm HTTP/1.0" 200 1171 "-" "Mozilla/5.0 (compatible; SemrushBot/7~bl; +http://www.semrush.com/bot.html)"
185.191.171.12 - - [24/Jan/2025:01:09:17 +0300] "GET /j4byy4/buy-palfinger-knuckle-boom-crane.html HTTP/1.0" 200 10499 "-" "Mozilla/5.0 (compatible; SemrushBot/7~bl; +http://www.semrush.com/bot.html)"
52.167.144.198 - - [24/Jan/2025:01:09:22 +0300] "GET /485395684.shtml HTTP/1.0" 200 109895 "-" "Mozilla/5.0 AppleWebKit/537.36 (KHTML, like Gecko; compatible; bingbot/2.0; +http://www.bing.com/bingbot.htm) Chrome/116.0.1938.76 Safari/537.36"
52.167.144.198 - - [24/Jan/2025:01:09:24 +0300] "GET /828365173.shtml HTTP/1.0" 200 111997 "-" "Mozilla/5.0 AppleWebKit/537.36 (KHTML, like Gecko; compatible; bingbot/2.0; +http://www.bing.com/bingbot.htm) Chrome/116.0.1938.76 Safari/537.36"
185.191.171.7 - - [24/Jan/2025:01:09:26 +0300] "GET /139017247.htm HTTP/1.0" 200 1171 "-" "Mozilla/5.0 (compatible; SemrushBot/7~bl; +http://www.semrush.com/bot.html)"
207.46.13.151 - - [24/Jan/2025:01:09:43 +0300] "GET /136214747.shtml HTTP/1.0" 200 110215 "-" "Mozilla/5.0 AppleWebKit/537.36 (KHTML, like Gecko; compatible; bingbot/2.0; +http://www.bing.com/bingbot.htm) Chrome/116.0.1938.76 Safari/537.36"
85.208.96.202 - - [24/Jan/2025:01:10:02 +0300] "GET /151194761.htm HTTP/1.0" 200 1171 "-" "Mozilla/5.0 (compatible; SemrushBot/7~bl; +http://www.semrush.com/bot.html)"
85.208.96.205 - - [24/Jan/2025:01:10:10 +0300] "GET /nl6bdggpp/heckenschere-gardena-akku.html HTTP/1.0" 200 7738 "-" "Mozilla/5.0 (compatible; SemrushBot/7~bl; +http://www.semrush.com/bot.html)"
157.55.39.49 - - [24/Jan/2025:01:10:17 +0300] "GET /325108526.shtml HTTP/1.0" 200 110211 "-" "Mozilla/5.0 AppleWebKit/537.36 (KHTML, like Gecko; compatible; bingbot/2.0; +http://www.bing.com/bingbot.htm) Chrome/116.0.1938.76 Safari/537.36"
85.208.96.195 - - [24/Jan/2025:01:10:18 +0300] "GET /hnavk/teraterm-download-windows.html HTTP/1.0" 200 4881 "-" "Mozilla/5.0 (compatible; SemrushBot/7~bl; +http://www.semrush.com/bot.html)"
