157.55.39.195 - - [24/Jan/2025:02:44:20 +0300] "GET /680075993.shtml HTTP/1.0" 200 111810 "-" "Mozilla/5.0 AppleWebKit/537.36 (KHTML, like Gecko; compatible; bingbot/2.0; +http://www.bing.com/bingbot.htm) Chrome/116.0.1938.76 Safari/537.36"
47.128.116.188 - - [24/Jan/2025:02:44:26 +0300] "GET /j4byy4/wow-sod-server-population.html HTTP/1.0" 200 15875 "-" "Mozilla/5.0 (Linux; Android 5.0) AppleWebKit/537.36 (KHTML, like Gecko) Mobile Safari/537.36 (compatible; Bytespider; spider-feedback@bytedance.com)"
47.128.116.188 - - [24/Jan/2025:02:44:27 +0300] "GET /j4byy4/1024w HTTP/1.0" 404 465 "https://info.monolith-realty.ru/j4byy4/wow-sod-server-population.html" "Mozilla/5.0 (Linux; Android 5.0) AppleWebKit/537.36 (KHTML, like Gecko) Mobile Safari/537.36 (compatible; Bytespider; spider-feedback@bytedance.com)"
85.208.96.205 - - [24/Jan/2025:02:44:27 +0300] "GET /201481165.htm HTTP/1.0" 200 1171 "-" "Mozilla/5.0 (compatible; SemrushBot/7~bl; +http://www.semrush.com/bot.html)"
85.208.96.212 - - [24/Jan/2025:02:44:34 +0300] "GET /hnavk/fuck-volleyball-girl.html HTTP/1.0" 200 17351 "-" "Mozilla/5.0 (compatible; SemrushBot/7~bl; +http://www.semrush.com/bot.html)"
185.191.171.2 - - [24/Jan/2025:02:44:48 +0300] "GET /hnavk/www-blonde-girl-mp.html HTTP/1.0" 200 7852 "-" "Mozilla/5.0 (compatible; SemrushBot/7~bl; +http://www.semrush.com/bot.html)"
4.227.36.48 - - [24/Jan/2025:02:45:01 +0300] "GET /hnavk/%20media= HTTP/1.0" 404 465 "-" "Mozilla/5.0 AppleWebKit/537.36 (KHTML, like Gecko; compatible; GPTBot/1.2; +https://openai.com/gptbot)"
185.191.171.15 - - [24/Jan/2025:02:45:01 +0300] "GET /71721055.htm HTTP/1.0" 200 1171 "-" "Mozilla/5.0 (compatible; SemrushBot/7~bl; +http://www.semrush.com/bot.html)"
4.227.36.48 - - [24/Jan/2025:02:45:03 +0300] "GET /hnavk/williamson-county-tn-jail.html HTTP/1.0" 200 7168 "-" "Mozilla/5.0 AppleWebKit/537.36 (KHTML, like Gecko; compatible; GPTBot/1.2; +https://openai.com/gptbot)"
185.191.171.10 - - [24/Jan/2025:02:45:04 +0300] "GET /hnavk/mount-pleasant-courthouse-phone-number.html HTTP/1.0" 200 8738 "-" "Mozilla/5.0 (compatible; SemrushBot/7~bl; +http://www.semrush.com/bot.html)"
4.227.36.48 - - [24/Jan/2025:02:45:07 +0300] "GET /hnavk/deaths-in-johnstone-renfrewshire.html HTTP/1.0" 200 5438 "-" "Mozilla/5.0 AppleWebKit/537.36 (KHTML, like Gecko; compatible; GPTBot/1.2; +https://openai.com/gptbot)"
4.227.36.48 - - [24/Jan/2025:02:45:10 +0300] "GET /hnavk/python-csgo-cheat-download.html HTTP/1.0" 200 9151 "-" "Mozilla/5.0 AppleWebKit/537.36 (KHTML, like Gecko; compatible; GPTBot/1.2; +https://openai.com/gptbot)"
4.227.36.48 - - [24/Jan/2025:02:45:11 +0300] "GET /hnavk/dragon-ball-fighterz-emulator-android.html HTTP/1.0" 200 6213 "-" "Mozilla/5.0 AppleWebKit/537.36 (KHTML, like Gecko; compatible; GPTBot/1.2; +https://openai.com/gptbot)"
4.227.36.48 - - [24/Jan/2025:02:45:13 +0300] "GET /hnavk/current-job-vacancies-in-port-moresby.html HTTP/1.0" 200 5697 "-" "Mozilla/5.0 AppleWebKit/537.36 (KHTML, like Gecko; compatible; GPTBot/1.2; +https://openai.com/gptbot)"
4.227.36.48 - - [24/Jan/2025:02:45:16 +0300] "GET /hnavk/%3Cscript%20src= HTTP/1.0" 404 465 "-" "Mozilla/5.0 AppleWebKit/537.36 (KHTML, like Gecko; compatible; GPTBot/1.2; +https://openai.com/gptbot)"
4.227.36.48 - - [24/Jan/2025:02:45:17 +0300] "GET /hnavk/cute-girl-boobs.html HTTP/1.0" 200 17932 "-" "Mozilla/5.0 AppleWebKit/537.36 (KHTML, like Gecko; compatible; GPTBot/1.2; +https://openai.com/gptbot)"
4.227.36.48 - - [24/Jan/2025:02:45:19 +0300] "GET /hnavk/dijabole-za-vazdusnu-pusku-cena.html HTTP/1.0" 200 13031 "-" "Mozilla/5.0 AppleWebKit/537.36 (KHTML, like Gecko; compatible; GPTBot/1.2; +https://openai.com/gptbot)"
4.227.36.48 - - [24/Jan/2025:02:45:21 +0300] "GET /hnavk/porn-fucking-xxx-girl-photo.html HTTP/1.0" 200 14643 "-" "Mozilla/5.0 AppleWebKit/537.36 (KHTML, like Gecko; compatible; GPTBot/1.2; +https://openai.com/gptbot)"
4.227.36.48 - - [24/Jan/2025:02:45:22 +0300] "GET /hnavk/woman-body-fucking.html HTTP/1.0" 200 13981 "-" "Mozilla/5.0 AppleWebKit/537.36 (KHTML, like Gecko; compatible; GPTBot/1.2; +https://openai.com/gptbot)"
104.152.52.72 - - [24/Jan/2025:02:45:54 +0300] "GET / HTTP/1.0" 200 3669 "-" "curl/7.61.1"
85.208.96.205 - - [24/Jan/2025:02:45:57 +0300] "GET /hnavk/2017-renault-trafic-fuel-pump-problems-starting.html HTTP/1.0" 200 4948 "-" "Mozilla/5.0 (compatible; SemrushBot/7~bl; +http://www.semrush.com/bot.html)"
85.208.96.207 - - [24/Jan/2025:02:46:01 +0300] "GET /74435375.htm HTTP/1.0" 200 1171 "-" "Mozilla/5.0 (compatible; SemrushBot/7~bl; +http://www.semrush.com/bot.html)"
185.191.171.11 - - [24/Jan/2025:02:46:23 +0300] "GET /hnavk/cumulative-volume-thinkorswim-free-download.html HTTP/1.0" 200 6313 "-" "Mozilla/5.0 (compatible; SemrushBot/7~bl; +http://www.semrush.com/bot.html)"
85.208.96.195 - - [24/Jan/2025:02:46:26 +0300] "GET /86792265.htm HTTP/1.0" 200 1171 "-" "Mozilla/5.0 (compatible; SemrushBot/7~bl; +http://www.semrush.com/bot.html)"
52.167.144.208 - - [24/Jan/2025:02:46:29 +0300] "GET /240927672.shtml HTTP/1.0" 200 111235 "-" "Mozilla/5.0 AppleWebKit/537.36 (KHTML, like Gecko; compatible; bingbot/2.0; +http://www.bing.com/bingbot.htm) Chrome/116.0.1938.76 Safari/537.36"
52.167.144.208 - - [24/Jan/2025:02:46:37 +0300] "GET /435383888.shtml HTTP/1.0" 200 110380 "-" "Mozilla/5.0 AppleWebKit/537.36 (KHTML, like Gecko; compatible; bingbot/2.0; +http://www.bing.com/bingbot.htm) Chrome/116.0.1938.76 Safari/537.36"
185.191.171.5 - - [24/Jan/2025:02:46:46 +0300] "GET /hnavk/bears-being-cute.html HTTP/1.0" 200 16829 "-" "Mozilla/5.0 (compatible; SemrushBot/7~bl; +http://www.semrush.com/bot.html)"
66.249.66.77 - - [24/Jan/2025:02:46:51 +0300] "GET /54079307.htm HTTP/1.0" 200 110667 "-" "Mozilla/5.0 (compatible; Googlebot/2.1; +http://www.google.com/bot.html)"
157.55.39.195 - - [24/Jan/2025:02:46:51 +0300] "GET /631366651.shtml HTTP/1.0" 200 112795 "-" "Mozilla/5.0 AppleWebKit/537.36 (KHTML, like Gecko; compatible; bingbot/2.0; +http://www.bing.com/bingbot.htm) Chrome/116.0.1938.76 Safari/537.36"
66.249.66.76 - - [24/Jan/2025:02:46:53 +0300] "GET /54079307.htm HTTP/1.0" 200 110742 "-" "Mozilla/5.0 (Linux; Android 6.0.1; Nexus 5X Build/MMB29P) AppleWebKit/537.36 (KHTML, like Gecko) Chrome/132.0.6834.83 Mobile Safari/537.36 (compatible; Googlebot/2.1; +http://www.google.com/bot.html)"
185.191.171.15 - - [24/Jan/2025:02:47:04 +0300] "GET /nl6bdggpp/eks-terraform-aws.html HTTP/1.0" 200 9598 "-" "Mozilla/5.0 (compatible; SemrushBot/7~bl; +http://www.semrush.com/bot.html)"
185.191.171.18 - - [24/Jan/2025:02:47:06 +0300] "GET /hnavk/frotir-na-kilo.html HTTP/1.0" 200 5774 "-" "Mozilla/5.0 (compatible; SemrushBot/7~bl; +http://www.semrush.com/bot.html)"
85.208.96.198 - - [24/Jan/2025:02:47:08 +0300] "GET /hnavk/ex-yu-live-tv-addons.html HTTP/1.0" 200 6818 "-" "Mozilla/5.0 (compatible; SemrushBot/7~bl; +http://www.semrush.com/bot.html)"
157.55.39.195 - - [24/Jan/2025:02:47:16 +0300] "GET /743840839.shtml HTTP/1.0" 200 113289 "-" "Mozilla/5.0 AppleWebKit/537.36 (KHTML, like Gecko; compatible; bingbot/2.0; +http://www.bing.com/bingbot.htm) Chrome/116.0.1938.76 Safari/537.36"
185.191.171.18 - - [24/Jan/2025:02:47:21 +0300] "GET /215003777.htm HTTP/1.0" 200 1171 "-" "Mozilla/5.0 (compatible; SemrushBot/7~bl; +http://www.semrush.com/bot.html)"
157.55.39.195 - - [24/Jan/2025:02:47:23 +0300] "GET /583728745.shtml HTTP/1.0" 200 111712 "-" "Mozilla/5.0 AppleWebKit/537.36 (KHTML, like Gecko; compatible; bingbot/2.0; +http://www.bing.com/bingbot.htm) Chrome/116.0.1938.76 Safari/537.36"
85.208.96.195 - - [24/Jan/2025:02:47:37 +0300] "GET /155827975.htm HTTP/1.0" 200 1171 "-" "Mozilla/5.0 (compatible; SemrushBot/7~bl; +http://www.semrush.com/bot.html)"
185.191.171.18 - - [24/Jan/2025:02:47:50 +0300] "GET /hnavk/kamasutra-young-sex.html HTTP/1.0" 200 13179 "-" "Mozilla/5.0 (compatible; SemrushBot/7~bl; +http://www.semrush.com/bot.html)"
85.208.96.198 - - [24/Jan/2025:02:47:55 +0300] "GET /hnavk/matplotlib-zorder.html HTTP/1.0" 200 7076 "-" "Mozilla/5.0 (compatible; SemrushBot/7~bl; +http://www.semrush.com/bot.html)"
185.191.171.11 - - [24/Jan/2025:02:48:01 +0300] "GET /hnavk/editar-bios-amd.html HTTP/1.0" 200 10386 "-" "Mozilla/5.0 (compatible; SemrushBot/7~bl; +http://www.semrush.com/bot.html)"
52.167.144.208 - - [24/Jan/2025:02:48:03 +0300] "GET /41454432.shtml HTTP/1.0" 200 110250 "-" "Mozilla/5.0 AppleWebKit/537.36 (KHTML, like Gecko; compatible; bingbot/2.0; +http://www.bing.com/bingbot.htm) Chrome/116.0.1938.76 Safari/537.36"
52.167.144.208 - - [24/Jan/2025:02:48:03 +0300] "GET /693658688.shtml HTTP/1.0" 200 112361 "-" "Mozilla/5.0 AppleWebKit/537.36 (KHTML, like Gecko; compatible; bingbot/2.0; +http://www.bing.com/bingbot.htm) Chrome/116.0.1938.76 Safari/537.36"
185.191.171.12 - - [24/Jan/2025:02:48:11 +0300] "GET /hnavk/men-nude-with-aunty.html HTTP/1.0" 200 16495 "-" "Mozilla/5.0 (compatible; SemrushBot/7~bl; +http://www.semrush.com/bot.html)"
157.55.39.195 - - [24/Jan/2025:02:48:14 +0300] "GET /364103755.shtml HTTP/1.0" 200 110516 "-" "Mozilla/5.0 AppleWebKit/537.36 (KHTML, like Gecko; compatible; bingbot/2.0; +http://www.bing.com/bingbot.htm) Chrome/116.0.1938.76 Safari/537.36"
185.191.171.19 - - [24/Jan/2025:02:48:18 +0300] "GET /shtrm/fivem-tuner-shop-mlo.html HTTP/1.0" 200 10744 "-" "Mozilla/5.0 (compatible; SemrushBot/7~bl; +http://www.semrush.com/bot.html)"
157.55.39.195 - - [24/Jan/2025:02:48:17 +0300] "GET /303542691.shtml HTTP/1.0" 200 109716 "-" "Mozilla/5.0 AppleWebKit/537.36 (KHTML, like Gecko; compatible; bingbot/2.0; +http://www.bing.com/bingbot.htm) Chrome/116.0.1938.76 Safari/537.36"
85.208.96.212 - - [24/Jan/2025:02:48:25 +0300] "GET /hnavk/evita-naglinska.html HTTP/1.0" 200 5770 "-" "Mozilla/5.0 (compatible; SemrushBot/7~bl; +http://www.semrush.com/bot.html)"
47.128.21.27 - - [24/Jan/2025:02:48:26 +0300] "GET /hnavk/tuya-cb3s-programming.html HTTP/1.0" 200 6773 "-" "Mozilla/5.0 (Linux; Android 5.0) AppleWebKit/537.36 (KHTML, like Gecko) Mobile Safari/537.36 (compatible; Bytespider; spider-feedback@bytedance.com)"
157.55.39.195 - - [24/Jan/2025:02:48:28 +0300] "GET /177962525.shtml HTTP/1.0" 200 110294 "-" "Mozilla/5.0 AppleWebKit/537.36 (KHTML, like Gecko; compatible; bingbot/2.0; +http://www.bing.com/bingbot.htm) Chrome/116.0.1938.76 Safari/537.36"
185.191.171.12 - - [24/Jan/2025:02:48:39 +0300] "GET /57896449.htm HTTP/1.0" 200 1171 "-" "Mozilla/5.0 (compatible; SemrushBot/7~bl; +http://www.semrush.com/bot.html)"
185.191.171.4 - - [24/Jan/2025:02:48:48 +0300] "GET /181449365.htm HTTP/1.0" 200 1171 "-" "Mozilla/5.0 (compatible; SemrushBot/7~bl; +http://www.semrush.com/bot.html)"
185.191.171.10 - - [24/Jan/2025:02:48:49 +0300] "GET /46950961.htm HTTP/1.0" 200 1171 "-" "Mozilla/5.0 (compatible; SemrushBot/7~bl; +http://www.semrush.com/bot.html)"
52.167.144.208 - - [24/Jan/2025:02:48:50 +0300] "GET /640864704.shtml HTTP/1.0" 200 110409 "-" "Mozilla/5.0 AppleWebKit/537.36 (KHTML, like Gecko; compatible; bingbot/2.0; +http://www.bing.com/bingbot.htm) Chrome/116.0.1938.76 Safari/537.36"
85.208.96.197 - - [24/Jan/2025:02:49:00 +0300] "GET /shtrm/can-perusall-detect-chat-gpt.html HTTP/1.0" 200 22832 "-" "Mozilla/5.0 (compatible; SemrushBot/7~bl; +http://www.semrush.com/bot.html)"
52.167.144.208 - - [24/Jan/2025:02:49:38 +0300] "GET /595164136.shtml HTTP/1.0" 200 110553 "-" "Mozilla/5.0 AppleWebKit/537.36 (KHTML, like Gecko; compatible; bingbot/2.0; +http://www.bing.com/bingbot.htm) Chrome/116.0.1938.76 Safari/537.36"
185.191.171.8 - - [24/Jan/2025:02:50:01 +0300] "GET /225797861.htm HTTP/1.0" 200 1171 "-" "Mozilla/5.0 (compatible; SemrushBot/7~bl; +http://www.semrush.com/bot.html)"
85.208.96.202 - - [24/Jan/2025:02:50:09 +0300] "GET /160860419.htm HTTP/1.0" 200 1171 "-" "Mozilla/5.0 (compatible; SemrushBot/7~bl; +http://www.semrush.com/bot.html)"
85.208.96.206 - - [24/Jan/2025:02:50:12 +0300] "GET /166933895.htm HTTP/1.0" 200 1171 "-" "Mozilla/5.0 (compatible; SemrushBot/7~bl; +http://www.semrush.com/bot.html)"
85.208.96.203 - - [24/Jan/2025:02:50:31 +0300] "GET /151798453.htm HTTP/1.0" 200 1171 "-" "Mozilla/5.0 (compatible; SemrushBot/7~bl; +http://www.semrush.com/bot.html)"
185.191.171.7 - - [24/Jan/2025:02:50:33 +0300] "GET /jtxvlr/scratch-wallpaper-3d.html HTTP/1.0" 200 8815 "-" "Mozilla/5.0 (compatible; SemrushBot/7~bl; +http://www.semrush.com/bot.html)"
185.191.171.6 - - [24/Jan/2025:02:51:04 +0300] "GET /jtxvlr/origin-tv-series.html HTTP/1.0" 200 12095 "-" "Mozilla/5.0 (compatible; SemrushBot/7~bl; +http://www.semrush.com/bot.html)"
185.191.171.11 - - [24/Jan/2025:02:51:09 +0300] "GET /149038401.htm HTTP/1.0" 200 1171 "-" "Mozilla/5.0 (compatible; SemrushBot/7~bl; +http://www.semrush.com/bot.html)"
185.191.171.1 - - [24/Jan/2025:02:51:18 +0300] "GET /j4byy4/old-urgos-clock-serial-numbers.html HTTP/1.0" 200 15725 "-" "Mozilla/5.0 (compatible; SemrushBot/7~bl; +http://www.semrush.com/bot.html)"
52.167.144.185 - - [24/Jan/2025:02:51:18 +0300] "GET /464684117.shtml HTTP/1.0" 200 109758 "-" "Mozilla/5.0 AppleWebKit/537.36 (KHTML, like Gecko; compatible; bingbot/2.0; +http://www.bing.com/bingbot.htm) Chrome/116.0.1938.76 Safari/537.36"
185.191.171.3 - - [24/Jan/2025:02:51:23 +0300] "GET /hnavk/louisiana-vehicle-sales-tax-by-parish-2021.html HTTP/1.0" 200 9901 "-" "Mozilla/5.0 (compatible; SemrushBot/7~bl; +http://www.semrush.com/bot.html)"
66.249.66.76 - - [24/Jan/2025:02:51:29 +0300] "GET /185509153.htm HTTP/1.0" 200 110806 "-" "Mozilla/5.0 (Linux; Android 6.0.1; Nexus 5X Build/MMB29P) AppleWebKit/537.36 (KHTML, like Gecko) Chrome/132.0.6834.83 Mobile Safari/537.36 (compatible; Googlebot/2.1; +http://www.google.com/bot.html)"
85.208.96.200 - - [24/Jan/2025:02:51:34 +0300] "GET /199486717.htm HTTP/1.0" 200 1171 "-" "Mozilla/5.0 (compatible; SemrushBot/7~bl; +http://www.semrush.com/bot.html)"
185.191.171.5 - - [24/Jan/2025:02:51:46 +0300] "GET /jtxvlr/telangana-american-telugu-association-seattle.html HTTP/1.0" 200 9736 "-" "Mozilla/5.0 (compatible; SemrushBot/7~bl; +http://www.semrush.com/bot.html)"
157.55.39.195 - - [24/Jan/2025:02:51:59 +0300] "GET /166729621.shtml HTTP/1.0" 200 110313 "-" "Mozilla/5.0 AppleWebKit/537.36 (KHTML, like Gecko; compatible; bingbot/2.0; +http://www.bing.com/bingbot.htm) Chrome/116.0.1938.76 Safari/537.36"
85.208.96.208 - - [24/Jan/2025:02:52:02 +0300] "GET /225881629.htm HTTP/1.0" 200 1171 "-" "Mozilla/5.0 (compatible; SemrushBot/7~bl; +http://www.semrush.com/bot.html)"
185.191.171.18 - - [24/Jan/2025:02:52:10 +0300] "GET /hnavk/kijiji-toronto-free-stuff-cars.html HTTP/1.0" 200 2593 "-" "Mozilla/5.0 (compatible; SemrushBot/7~bl; +http://www.semrush.com/bot.html)"
185.191.171.5 - - [24/Jan/2025:02:52:13 +0300] "GET /145645057.htm HTTP/1.0" 200 1171 "-" "Mozilla/5.0 (compatible; SemrushBot/7~bl; +http://www.semrush.com/bot.html)"
85.208.96.202 - - [24/Jan/2025:02:52:15 +0300] "GET /228204267.htm HTTP/1.0" 200 1171 "-" "Mozilla/5.0 (compatible; SemrushBot/7~bl; +http://www.semrush.com/bot.html)"
85.208.96.207 - - [24/Jan/2025:02:52:27 +0300] "GET /36698853.htm HTTP/1.0" 200 1171 "-" "Mozilla/5.0 (compatible; SemrushBot/7~bl; +http://www.semrush.com/bot.html)"
47.128.41.68 - - [24/Jan/2025:02:52:29 +0300] "GET /jtxvlr/makemkv-unraid-docker-github.html HTTP/1.0" 200 12784 "-" "Mozilla/5.0 (Linux; Android 5.0) AppleWebKit/537.36 (KHTML, like Gecko) Mobile Safari/537.36 (compatible; Bytespider; spider-feedback@bytedance.com)"
52.167.144.185 - - [24/Jan/2025:02:52:33 +0300] "GET /596930011.shtml HTTP/1.0" 200 113000 "-" "Mozilla/5.0 AppleWebKit/537.36 (KHTML, like Gecko; compatible; bingbot/2.0; +http://www.bing.com/bingbot.htm) Chrome/116.0.1938.76 Safari/537.36"
207.46.13.126 - - [24/Jan/2025:02:52:43 +0300] "GET /521443079.shtml HTTP/1.0" 200 110294 "-" "Mozilla/5.0 AppleWebKit/537.36 (KHTML, like Gecko; compatible; bingbot/2.0; +http://www.bing.com/bingbot.htm) Chrome/116.0.1938.76 Safari/537.36"
185.191.171.11 - - [24/Jan/2025:02:52:48 +0300] "GET /hnavk/how-to-use-wp2static.html HTTP/1.0" 200 16424 "-" "Mozilla/5.0 (compatible; SemrushBot/7~bl; +http://www.semrush.com/bot.html)"
185.191.171.3 - - [24/Jan/2025:02:52:51 +0300] "GET /hnavk/arab-sexporn-closeup.html HTTP/1.0" 200 14760 "-" "Mozilla/5.0 (compatible; SemrushBot/7~bl; +http://www.semrush.com/bot.html)"
185.191.171.15 - - [24/Jan/2025:02:53:04 +0300] "GET /hnavk/bolt-food-courier-login.html HTTP/1.0" 200 8841 "-" "Mozilla/5.0 (compatible; SemrushBot/7~bl; +http://www.semrush.com/bot.html)"
185.191.171.15 - - [24/Jan/2025:02:53:28 +0300] "GET /140967813.htm HTTP/1.0" 200 1171 "-" "Mozilla/5.0 (compatible; SemrushBot/7~bl; +http://www.semrush.com/bot.html)"
207.46.13.126 - - [24/Jan/2025:02:53:34 +0300] "GET /322100583.shtml HTTP/1.0" 200 110753 "-" "Mozilla/5.0 AppleWebKit/537.36 (KHTML, like Gecko; compatible; bingbot/2.0; +http://www.bing.com/bingbot.htm) Chrome/116.0.1938.76 Safari/537.36"
185.191.171.12 - - [24/Jan/2025:02:54:10 +0300] "GET /shtrm/citi-mobile-app-login-activate.html HTTP/1.0" 200 12473 "-" "Mozilla/5.0 (compatible; SemrushBot/7~bl; +http://www.semrush.com/bot.html)"
157.55.39.16 - - [24/Jan/2025:02:54:10 +0300] "GET /346876848.shtml HTTP/1.0" 200 110276 "-" "Mozilla/5.0 AppleWebKit/537.36 (KHTML, like Gecko; compatible; bingbot/2.0; +http://www.bing.com/bingbot.htm) Chrome/116.0.1938.76 Safari/537.36"
185.191.171.18 - - [24/Jan/2025:02:54:16 +0300] "GET /hnavk/webfluxconfigurer-vs-webmvcconfigurer.html HTTP/1.0" 200 19085 "-" "Mozilla/5.0 (compatible; SemrushBot/7~bl; +http://www.semrush.com/bot.html)"
185.191.171.7 - - [24/Jan/2025:02:54:18 +0300] "GET /110810815.htm HTTP/1.0" 200 1171 "-" "Mozilla/5.0 (compatible; SemrushBot/7~bl; +http://www.semrush.com/bot.html)"
207.46.13.126 - - [24/Jan/2025:02:54:19 +0300] "GET /536391938.shtml HTTP/1.0" 200 110368 "-" "Mozilla/5.0 AppleWebKit/537.36 (KHTML, like Gecko; compatible; bingbot/2.0; +http://www.bing.com/bingbot.htm) Chrome/116.0.1938.76 Safari/537.36"
207.46.13.126 - - [24/Jan/2025:02:54:21 +0300] "GET /794534332.shtml HTTP/1.0" 200 111728 "-" "Mozilla/5.0 AppleWebKit/537.36 (KHTML, like Gecko; compatible; bingbot/2.0; +http://www.bing.com/bingbot.htm) Chrome/116.0.1938.76 Safari/537.36"
85.208.96.205 - - [24/Jan/2025:02:54:27 +0300] "GET /51390739.htm HTTP/1.0" 200 1171 "-" "Mozilla/5.0 (compatible; SemrushBot/7~bl; +http://www.semrush.com/bot.html)"
5.255.231.195 - - [24/Jan/2025:02:54:35 +0300] "GET /j4byy4/police-script-gta-5.html HTTP/1.0" 200 17883 "-" "Mozilla/5.0 (compatible; YandexBot/3.0; +http://yandex.com/bots)"
85.208.96.195 - - [24/Jan/2025:02:54:53 +0300] "GET /76936057.htm HTTP/1.0" 200 1171 "-" "Mozilla/5.0 (compatible; SemrushBot/7~bl; +http://www.semrush.com/bot.html)"
85.208.96.210 - - [24/Jan/2025:02:55:06 +0300] "GET /j4byy4/summer-student-jobs-near-me.html HTTP/1.0" 200 10464 "-" "Mozilla/5.0 (compatible; SemrushBot/7~bl; +http://www.semrush.com/bot.html)"
85.208.96.197 - - [24/Jan/2025:02:55:09 +0300] "GET /j4byy4/flutter-center-widget.html HTTP/1.0" 200 10350 "-" "Mozilla/5.0 (compatible; SemrushBot/7~bl; +http://www.semrush.com/bot.html)"
85.208.96.205 - - [24/Jan/2025:02:55:22 +0300] "GET /nl6bdggpp/dmx-controlled-servo.html HTTP/1.0" 200 13018 "-" "Mozilla/5.0 (compatible; SemrushBot/7~bl; +http://www.semrush.com/bot.html)"
85.208.96.206 - - [24/Jan/2025:02:55:24 +0300] "GET /173098761.htm HTTP/1.0" 200 1171 "-" "Mozilla/5.0 (compatible; SemrushBot/7~bl; +http://www.semrush.com/bot.html)"
85.208.96.203 - - [24/Jan/2025:02:55:46 +0300] "GET /nl6bdggpp/free-ue5-animations.html HTTP/1.0" 200 13380 "-" "Mozilla/5.0 (compatible; SemrushBot/7~bl; +http://www.semrush.com/bot.html)"
207.46.13.126 - - [24/Jan/2025:02:56:01 +0300] "GET /658220416.shtml HTTP/1.0" 200 111166 "-" "Mozilla/5.0 AppleWebKit/537.36 (KHTML, like Gecko; compatible; bingbot/2.0; +http://www.bing.com/bingbot.htm) Chrome/116.0.1938.76 Safari/537.36"
85.208.96.204 - - [24/Jan/2025:02:56:05 +0300] "GET /52905741.htm HTTP/1.0" 200 1171 "-" "Mozilla/5.0 (compatible; SemrushBot/7~bl; +http://www.semrush.com/bot.html)"
213.180.203.216 - - [24/Jan/2025:02:56:14 +0300] "GET /hnavk/ebony-woman-in-missionary-sex-positions.html HTTP/1.0" 200 17672 "-" "Mozilla/5.0 (compatible; YandexBot/3.0; +http://yandex.com/bots)"
87.250.224.253 - - [24/Jan/2025:02:56:14 +0300] "GET /hnavk/involute-gear-generator.html HTTP/1.0" 200 10579 "-" "Mozilla/5.0 (compatible; YandexBot/3.0; +http://yandex.com/bots)"
213.180.203.244 - - [24/Jan/2025:02:56:14 +0300] "GET /hnavk/parameter-fuzzing-github-termux.html HTTP/1.0" 200 13294 "-" "Mozilla/5.0 (compatible; YandexBot/3.0; +http://yandex.com/bots)"
5.255.231.29 - - [24/Jan/2025:02:56:15 +0300] "GET /hnavk/young-teens-first-dildo.html HTTP/1.0" 200 16487 "-" "Mozilla/5.0 (compatible; YandexBot/3.0; +http://yandex.com/bots)"
5.255.231.38 - - [24/Jan/2025:02:56:15 +0300] "GET /hnavk/tanned-dick-nude-beach.html HTTP/1.0" 200 16471 "-" "Mozilla/5.0 (compatible; YandexBot/3.0; +http://yandex.com/bots)"
5.255.231.159 - - [24/Jan/2025:02:56:15 +0300] "GET /hnavk/artificer-gamer-fanfiction-naruto-harem-naruhina.html HTTP/1.0" 200 12914 "-" "Mozilla/5.0 (compatible; YandexBot/3.0; +http://yandex.com/bots)"
213.180.203.69 - - [24/Jan/2025:02:56:16 +0300] "GET /hnavk/krystal-forscutt-mastrubation.html HTTP/1.0" 200 10987 "-" "Mozilla/5.0 (compatible; YandexBot/3.0; +http://yandex.com/bots)"
52.167.144.185 - - [24/Jan/2025:02:56:21 +0300] "GET /517041272.shtml HTTP/1.0" 200 110314 "-" "Mozilla/5.0 AppleWebKit/537.36 (KHTML, like Gecko; compatible; bingbot/2.0; +http://www.bing.com/bingbot.htm) Chrome/116.0.1938.76 Safari/537.36"
47.128.41.71 - - [24/Jan/2025:02:56:26 +0300] "GET /j4byy4/punjabi-language-words-list-pdf.html HTTP/1.0" 200 11578 "-" "Mozilla/5.0 (Linux; Android 5.0) AppleWebKit/537.36 (KHTML, like Gecko) Mobile Safari/537.36 (compatible; Bytespider; spider-feedback@bytedance.com)"
185.191.171.16 - - [24/Jan/2025:02:56:27 +0300] "GET /robots.txt HTTP/1.0" 200 454 "-" "Mozilla/5.0 (compatible; SemrushBot/7~bl; +http://www.semrush.com/bot.html)"
85.208.96.210 - - [24/Jan/2025:02:56:28 +0300] "GET /hnavk/efset-listening-answers-pdf.html HTTP/1.0" 200 14781 "-" "Mozilla/5.0 (compatible; SemrushBot/7~bl; +http://www.semrush.com/bot.html)"
85.208.96.194 - - [24/Jan/2025:02:56:30 +0300] "GET /hnavk/tamil-kama-kathigal.html HTTP/1.0" 200 8526 "-" "Mozilla/5.0 (compatible; SemrushBot/7~bl; +http://www.semrush.com/bot.html)"
185.191.171.9 - - [24/Jan/2025:02:56:31 +0300] "GET /45325625.htm HTTP/1.0" 200 1171 "-" "Mozilla/5.0 (compatible; SemrushBot/7~bl; +http://www.semrush.com/bot.html)"
207.46.13.126 - - [24/Jan/2025:02:56:32 +0300] "GET /592374746.shtml HTTP/1.0" 200 111944 "-" "Mozilla/5.0 AppleWebKit/537.36 (KHTML, like Gecko; compatible; bingbot/2.0; +http://www.bing.com/bingbot.htm) Chrome/116.0.1938.76 Safari/537.36"
185.191.171.12 - - [24/Jan/2025:02:56:34 +0300] "GET /hnavk/icelandic-women-naked-sex.html HTTP/1.0" 200 15736 "-" "Mozilla/5.0 (compatible; SemrushBot/7~bl; +http://www.semrush.com/bot.html)"
185.191.171.7 - - [24/Jan/2025:02:56:37 +0300] "GET /hnavk/cuvanje-kuce-na-selu.html HTTP/1.0" 200 16450 "-" "Mozilla/5.0 (compatible; SemrushBot/7~bl; +http://www.semrush.com/bot.html)"
85.208.96.196 - - [24/Jan/2025:02:56:52 +0300] "GET /75150363.htm HTTP/1.0" 200 1171 "-" "Mozilla/5.0 (compatible; SemrushBot/7~bl; +http://www.semrush.com/bot.html)"
157.55.39.16 - - [24/Jan/2025:02:56:53 +0300] "GET /139112444.shtml HTTP/1.0" 200 111007 "-" "Mozilla/5.0 AppleWebKit/537.36 (KHTML, like Gecko; compatible; bingbot/2.0; +http://www.bing.com/bingbot.htm) Chrome/116.0.1938.76 Safari/537.36"
85.208.96.205 - - [24/Jan/2025:02:57:01 +0300] "GET /jtxvlr/nvidia-shield-pro-refurbished.html HTTP/1.0" 200 10483 "-" "Mozilla/5.0 (compatible; SemrushBot/7~bl; +http://www.semrush.com/bot.html)"
185.191.171.19 - - [24/Jan/2025:02:57:11 +0300] "GET /shtrm/blenco-supermarket-lagos.html HTTP/1.0" 200 12792 "-" "Mozilla/5.0 (compatible; SemrushBot/7~bl; +http://www.semrush.com/bot.html)"
85.208.96.201 - - [24/Jan/2025:02:57:19 +0300] "GET /hnavk/studocu-upgrade.html HTTP/1.0" 200 16326 "-" "Mozilla/5.0 (compatible; SemrushBot/7~bl; +http://www.semrush.com/bot.html)"
207.46.13.126 - - [24/Jan/2025:02:57:30 +0300] "GET /606490943.shtml HTTP/1.0" 200 111457 "-" "Mozilla/5.0 AppleWebKit/537.36 (KHTML, like Gecko; compatible; bingbot/2.0; +http://www.bing.com/bingbot.htm) Chrome/116.0.1938.76 Safari/537.36"
207.46.13.126 - - [24/Jan/2025:02:57:32 +0300] "GET /558096550.shtml HTTP/1.0" 200 110305 "-" "Mozilla/5.0 AppleWebKit/537.36 (KHTML, like Gecko; compatible; bingbot/2.0; +http://www.bing.com/bingbot.htm) Chrome/116.0.1938.76 Safari/537.36"
157.55.39.16 - - [24/Jan/2025:02:57:34 +0300] "GET /688456905.shtml HTTP/1.0" 200 111381 "-" "Mozilla/5.0 AppleWebKit/537.36 (KHTML, like Gecko; compatible; bingbot/2.0; +http://www.bing.com/bingbot.htm) Chrome/116.0.1938.76 Safari/537.36"
207.46.13.126 - - [24/Jan/2025:02:57:53 +0300] "GET /396822164.shtml HTTP/1.0" 200 110369 "-" "Mozilla/5.0 AppleWebKit/537.36 (KHTML, like Gecko; compatible; bingbot/2.0; +http://www.bing.com/bingbot.htm) Chrome/116.0.1938.76 Safari/537.36"
85.208.96.197 - - [24/Jan/2025:02:58:04 +0300] "GET /34106337.htm HTTP/1.0" 200 1171 "-" "Mozilla/5.0 (compatible; SemrushBot/7~bl; +http://www.semrush.com/bot.html)"
185.191.171.13 - - [24/Jan/2025:02:58:18 +0300] "GET /hnavk/cv-joint-efficiency.html HTTP/1.0" 200 6727 "-" "Mozilla/5.0 (compatible; SemrushBot/7~bl; +http://www.semrush.com/bot.html)"
185.191.171.16 - - [24/Jan/2025:02:58:20 +0300] "GET /36012577.htm HTTP/1.0" 200 1171 "-" "Mozilla/5.0 (compatible; SemrushBot/7~bl; +http://www.semrush.com/bot.html)"
52.167.144.185 - - [24/Jan/2025:02:58:19 +0300] "GET /742308198.shtml HTTP/1.0" 200 111938 "-" "Mozilla/5.0 AppleWebKit/537.36 (KHTML, like Gecko; compatible; bingbot/2.0; +http://www.bing.com/bingbot.htm) Chrome/116.0.1938.76 Safari/537.36"
52.167.144.185 - - [24/Jan/2025:02:58:29 +0300] "GET /452344598.shtml HTTP/1.0" 200 109980 "-" "Mozilla/5.0 AppleWebKit/537.36 (KHTML, like Gecko; compatible; bingbot/2.0; +http://www.bing.com/bingbot.htm) Chrome/116.0.1938.76 Safari/537.36"
52.167.144.185 - - [24/Jan/2025:02:58:31 +0300] "GET /65462299.shtml HTTP/1.0" 200 111424 "-" "Mozilla/5.0 AppleWebKit/537.36 (KHTML, like Gecko; compatible; bingbot/2.0; +http://www.bing.com/bingbot.htm) Chrome/116.0.1938.76 Safari/537.36"
185.191.171.16 - - [24/Jan/2025:02:59:09 +0300] "GET /62721027.htm HTTP/1.0" 200 1171 "-" "Mozilla/5.0 (compatible; SemrushBot/7~bl; +http://www.semrush.com/bot.html)"
157.55.39.16 - - [24/Jan/2025:02:59:14 +0300] "GET /225908455.shtml HTTP/1.0" 200 110523 "-" "Mozilla/5.0 AppleWebKit/537.36 (KHTML, like Gecko; compatible; bingbot/2.0; +http://www.bing.com/bingbot.htm) Chrome/116.0.1938.76 Safari/537.36"
85.208.96.209 - - [24/Jan/2025:02:59:17 +0300] "GET /nl6bdggpp/rag-huggingface-langchain.html HTTP/1.0" 200 10212 "-" "Mozilla/5.0 (compatible; SemrushBot/7~bl; +http://www.semrush.com/bot.html)"
185.191.171.16 - - [24/Jan/2025:02:59:22 +0300] "GET /hnavk/8dp5dt-feel-nothing-bfp-babycenter.html HTTP/1.0" 200 10849 "-" "Mozilla/5.0 (compatible; SemrushBot/7~bl; +http://www.semrush.com/bot.html)"
157.55.39.16 - - [24/Jan/2025:02:59:24 +0300] "GET /514006183.shtml HTTP/1.0" 200 110160 "-" "Mozilla/5.0 AppleWebKit/537.36 (KHTML, like Gecko; compatible; bingbot/2.0; +http://www.bing.com/bingbot.htm) Chrome/116.0.1938.76 Safari/537.36"
185.191.171.14 - - [24/Jan/2025:02:59:31 +0300] "GET /219149997.htm HTTP/1.0" 200 1171 "-" "Mozilla/5.0 (compatible; SemrushBot/7~bl; +http://www.semrush.com/bot.html)"
185.191.171.3 - - [24/Jan/2025:02:59:39 +0300] "GET /nl6bdggpp/jetpack-compose-bottom-sheet-scaffold.html HTTP/1.0" 200 12912 "-" "Mozilla/5.0 (compatible; SemrushBot/7~bl; +http://www.semrush.com/bot.html)"
85.208.96.209 - - [24/Jan/2025:02:59:48 +0300] "GET /nl6bdggpp/fps-multiplayer-template-5-documentation.html HTTP/1.0" 200 13057 "-" "Mozilla/5.0 (compatible; SemrushBot/7~bl; +http://www.semrush.com/bot.html)"
185.191.171.3 - - [24/Jan/2025:02:59:50 +0300] "GET /220323489.htm HTTP/1.0" 200 1171 "-" "Mozilla/5.0 (compatible; SemrushBot/7~bl; +http://www.semrush.com/bot.html)"
207.46.13.126 - - [24/Jan/2025:02:59:53 +0300] "GET /647644002.shtml HTTP/1.0" 200 111461 "-" "Mozilla/5.0 AppleWebKit/537.36 (KHTML, like Gecko; compatible; bingbot/2.0; +http://www.bing.com/bingbot.htm) Chrome/116.0.1938.76 Safari/537.36"
85.208.96.208 - - [24/Jan/2025:02:59:59 +0300] "GET /hnavk/undervolt-ryzen-9-5900hs-reddit.html HTTP/1.0" 200 8603 "-" "Mozilla/5.0 (compatible; SemrushBot/7~bl; +http://www.semrush.com/bot.html)"
185.191.171.1 - - [24/Jan/2025:03:00:00 +0300] "GET /shtrm/openbeken-ota-flash-github.html HTTP/1.0" 200 12978 "-" "Mozilla/5.0 (compatible; SemrushBot/7~bl; +http://www.semrush.com/bot.html)"
185.191.171.18 - - [24/Jan/2025:03:00:08 +0300] "GET /hnavk/datenbus-empfangener-fehlerwert-u1123-00-vcds.html HTTP/1.0" 200 8437 "-" "Mozilla/5.0 (compatible; SemrushBot/7~bl; +http://www.semrush.com/bot.html)"
157.55.39.16 - - [24/Jan/2025:03:00:13 +0300] "GET /675183342.shtml HTTP/1.0" 200 112794 "-" "Mozilla/5.0 AppleWebKit/537.36 (KHTML, like Gecko; compatible; bingbot/2.0; +http://www.bing.com/bingbot.htm) Chrome/116.0.1938.76 Safari/537.36"
157.55.39.16 - - [24/Jan/2025:03:00:16 +0300] "GET /616201455.shtml HTTP/1.0" 200 110092 "-" "Mozilla/5.0 AppleWebKit/537.36 (KHTML, like Gecko; compatible; bingbot/2.0; +http://www.bing.com/bingbot.htm) Chrome/116.0.1938.76 Safari/537.36"
85.208.96.211 - - [24/Jan/2025:03:00:21 +0300] "GET /158032657.htm HTTP/1.0" 200 1171 "-" "Mozilla/5.0 (compatible; SemrushBot/7~bl; +http://www.semrush.com/bot.html)"
47.128.125.247 - - [24/Jan/2025:03:00:26 +0300] "GET /jtxvlr/pacer-case-locator.html HTTP/1.0" 200 5152 "-" "Mozilla/5.0 (Linux; Android 5.0) AppleWebKit/537.36 (KHTML, like Gecko) Mobile Safari/537.36 (compatible; Bytespider; spider-feedback@bytedance.com)"
185.191.171.18 - - [24/Jan/2025:03:00:32 +0300] "GET /112955927.htm HTTP/1.0" 200 1171 "-" "Mozilla/5.0 (compatible; SemrushBot/7~bl; +http://www.semrush.com/bot.html)"
85.208.96.202 - - [24/Jan/2025:03:00:34 +0300] "GET /117926877.htm HTTP/1.0" 200 1171 "-" "Mozilla/5.0 (compatible; SemrushBot/7~bl; +http://www.semrush.com/bot.html)"
52.167.144.185 - - [24/Jan/2025:03:00:34 +0300] "GET /36240738.shtml HTTP/1.0" 200 110830 "-" "Mozilla/5.0 AppleWebKit/537.36 (KHTML, like Gecko; compatible; bingbot/2.0; +http://www.bing.com/bingbot.htm) Chrome/116.0.1938.76 Safari/537.36"
207.46.13.52 - - [24/Jan/2025:03:00:58 +0300] "GET /559520884.shtml HTTP/1.0" 200 109995 "-" "Mozilla/5.0 AppleWebKit/537.36 (KHTML, like Gecko; compatible; bingbot/2.0; +http://www.bing.com/bingbot.htm) Chrome/116.0.1938.76 Safari/537.36"
185.191.171.17 - - [24/Jan/2025:03:01:07 +0300] "GET /j4byy4/douglas-county-jail-website-near-hong-kong.html HTTP/1.0" 200 15525 "-" "Mozilla/5.0 (compatible; SemrushBot/7~bl; +http://www.semrush.com/bot.html)"
207.46.13.52 - - [24/Jan/2025:03:01:06 +0300] "GET /457851358.shtml HTTP/1.0" 200 110741 "-" "Mozilla/5.0 AppleWebKit/537.36 (KHTML, like Gecko; compatible; bingbot/2.0; +http://www.bing.com/bingbot.htm) Chrome/116.0.1938.76 Safari/537.36"
185.191.171.3 - - [24/Jan/2025:03:01:09 +0300] "GET /nl6bdggpp/janitor-ai-jailbreak-script.html HTTP/1.0" 200 11451 "-" "Mozilla/5.0 (compatible; SemrushBot/7~bl; +http://www.semrush.com/bot.html)"
205.210.31.36 - - [24/Jan/2025:03:01:20 +0300] "GET / HTTP/1.1" 301 189 "-" "Expanse, a Palo Alto Networks company, searches across the global IPv4 space multiple times per day to identify customers' presences on the Internet. If you would like to be excluded from our scans, please send IP addresses/domains to: scaninfo@paloaltonetworks.com"
85.208.96.201 - - [24/Jan/2025:03:01:24 +0300] "GET /216813595.htm HTTP/1.0" 200 1171 "-" "Mozilla/5.0 (compatible; SemrushBot/7~bl; +http://www.semrush.com/bot.html)"
85.208.96.199 - - [24/Jan/2025:03:01:47 +0300] "GET /20638411.htm HTTP/1.0" 200 1171 "-" "Mozilla/5.0 (compatible; SemrushBot/7~bl; +http://www.semrush.com/bot.html)"
85.208.96.196 - - [24/Jan/2025:03:02:07 +0300] "GET /nl6bdggpp/prednji-branik-golf-5-gti.html HTTP/1.0" 200 10247 "-" "Mozilla/5.0 (compatible; SemrushBot/7~bl; +http://www.semrush.com/bot.html)"
85.208.96.208 - - [24/Jan/2025:03:02:20 +0300] "GET /228051679.htm HTTP/1.0" 200 1171 "-" "Mozilla/5.0 (compatible; SemrushBot/7~bl; +http://www.semrush.com/bot.html)"
185.191.171.3 - - [24/Jan/2025:03:02:30 +0300] "GET /10944485.htm HTTP/1.0" 200 1171 "-" "Mozilla/5.0 (compatible; SemrushBot/7~bl; +http://www.semrush.com/bot.html)"
85.208.96.193 - - [24/Jan/2025:03:02:44 +0300] "GET /j4byy4/davie-county-news-now.html HTTP/1.0" 200 13623 "-" "Mozilla/5.0 (compatible; SemrushBot/7~bl; +http://www.semrush.com/bot.html)"
207.46.13.126 - - [24/Jan/2025:03:02:54 +0300] "GET /501881339.shtml HTTP/1.0" 200 111039 "-" "Mozilla/5.0 AppleWebKit/537.36 (KHTML, like Gecko; compatible; bingbot/2.0; +http://www.bing.com/bingbot.htm) Chrome/116.0.1938.76 Safari/537.36"
40.77.167.58 - - [24/Jan/2025:03:02:58 +0300] "GET /94608516.shtml HTTP/1.0" 200 111212 "-" "Mozilla/5.0 AppleWebKit/537.36 (KHTML, like Gecko; compatible; bingbot/2.0; +http://www.bing.com/bingbot.htm) Chrome/116.0.1938.76 Safari/537.36"
95.108.213.159 - - [24/Jan/2025:03:03:03 +0300] "GET /shtrm/ottawa-county-mi-inmate-lookup.html HTTP/1.0" 200 15288 "-" "Mozilla/5.0 (compatible; YandexBot/3.0; +http://yandex.com/bots)"
40.77.167.58 - - [24/Jan/2025:03:03:01 +0300] "GET /368707772.shtml HTTP/1.0" 200 110600 "-" "Mozilla/5.0 AppleWebKit/537.36 (KHTML, like Gecko; compatible; bingbot/2.0; +http://www.bing.com/bingbot.htm) Chrome/116.0.1938.76 Safari/537.36"
85.208.96.196 - - [24/Jan/2025:03:03:10 +0300] "GET /hnavk/fishland-codes-free.html HTTP/1.0" 200 3936 "-" "Mozilla/5.0 (compatible; SemrushBot/7~bl; +http://www.semrush.com/bot.html)"
213.180.203.246 - - [24/Jan/2025:03:03:18 +0300] "GET /nl6bdggpp/best-amazon-flex-bot-reddit.html HTTP/1.0" 200 12150 "-" "Mozilla/5.0 (compatible; YandexBot/3.0; +http://yandex.com/bots)"
85.208.96.200 - - [24/Jan/2025:03:03:32 +0300] "GET /j4byy4/journal-opencart-documentation.html HTTP/1.0" 200 9827 "-" "Mozilla/5.0 (compatible; SemrushBot/7~bl; +http://www.semrush.com/bot.html)"
85.208.96.200 - - [24/Jan/2025:03:03:35 +0300] "GET /114450431.htm HTTP/1.0" 200 1171 "-" "Mozilla/5.0 (compatible; SemrushBot/7~bl; +http://www.semrush.com/bot.html)"
85.208.96.205 - - [24/Jan/2025:03:03:38 +0300] "GET /hnavk/tata-play-m3u-playlist-latest.html HTTP/1.0" 200 11805 "-" "Mozilla/5.0 (compatible; SemrushBot/7~bl; +http://www.semrush.com/bot.html)"
185.191.171.6 - - [24/Jan/2025:03:03:43 +0300] "GET /jtxvlr/valatic-earth-smp-map.html HTTP/1.0" 200 10653 "-" "Mozilla/5.0 (compatible; SemrushBot/7~bl; +http://www.semrush.com/bot.html)"
85.208.96.201 - - [24/Jan/2025:03:03:51 +0300] "GET /174068235.htm HTTP/1.0" 200 1171 "-" "Mozilla/5.0 (compatible; SemrushBot/7~bl; +http://www.semrush.com/bot.html)"
85.208.96.201 - - [24/Jan/2025:03:03:55 +0300] "GET /89304269.htm HTTP/1.0" 200 1171 "-" "Mozilla/5.0 (compatible; SemrushBot/7~bl; +http://www.semrush.com/bot.html)"
207.46.13.52 - - [24/Jan/2025:03:03:57 +0300] "GET /298343124.shtml HTTP/1.0" 200 110877 "-" "Mozilla/5.0 AppleWebKit/537.36 (KHTML, like Gecko; compatible; bingbot/2.0; +http://www.bing.com/bingbot.htm) Chrome/116.0.1938.76 Safari/537.36"
85.208.96.212 - - [24/Jan/2025:03:04:14 +0300] "GET /185662333.htm HTTP/1.0" 200 1171 "-" "Mozilla/5.0 (compatible; SemrushBot/7~bl; +http://www.semrush.com/bot.html)"
85.208.96.193 - - [24/Jan/2025:03:04:21 +0300] "GET /j4byy4/sasuke-oc-gamer-cheats-fanfiction-harem.html HTTP/1.0" 200 22655 "-" "Mozilla/5.0 (compatible; SemrushBot/7~bl; +http://www.semrush.com/bot.html)"
47.128.40.218 - - [24/Jan/2025:03:04:28 +0300] "GET /jtxvlr/urban-vpn-premium-free.html HTTP/1.0" 200 13026 "-" "Mozilla/5.0 (Linux; Android 5.0) AppleWebKit/537.36 (KHTML, like Gecko) Mobile Safari/537.36 (compatible; Bytespider; spider-feedback@bytedance.com)"
85.208.96.209 - - [24/Jan/2025:03:04:29 +0300] "GET /hnavk/latest-obituaries-near-beaver-falls-pa.html HTTP/1.0" 200 5243 "-" "Mozilla/5.0 (compatible; SemrushBot/7~bl; +http://www.semrush.com/bot.html)"
185.191.171.14 - - [24/Jan/2025:03:04:33 +0300] "GET /hnavk/junior-shop-attendant-jobs-in-accra-2024.html HTTP/1.0" 200 12547 "-" "Mozilla/5.0 (compatible; SemrushBot/7~bl; +http://www.semrush.com/bot.html)"
40.77.167.58 - - [24/Jan/2025:03:04:31 +0300] "GET /502291853.shtml HTTP/1.0" 200 111116 "-" "Mozilla/5.0 AppleWebKit/537.36 (KHTML, like Gecko; compatible; bingbot/2.0; +http://www.bing.com/bingbot.htm) Chrome/116.0.1938.76 Safari/537.36"
207.46.13.52 - - [24/Jan/2025:03:04:38 +0300] "GET /694905742.shtml HTTP/1.0" 200 111071 "-" "Mozilla/5.0 AppleWebKit/537.36 (KHTML, like Gecko; compatible; bingbot/2.0; +http://www.bing.com/bingbot.htm) Chrome/116.0.1938.76 Safari/537.36"
85.208.96.202 - - [24/Jan/2025:03:04:55 +0300] "GET /177509753.htm HTTP/1.0" 200 1171 "-" "Mozilla/5.0 (compatible; SemrushBot/7~bl; +http://www.semrush.com/bot.html)"
207.46.13.155 - - [24/Jan/2025:03:04:55 +0300] "GET /402146935.shtml HTTP/1.0" 200 110521 "-" "Mozilla/5.0 AppleWebKit/537.36 (KHTML, like Gecko; compatible; bingbot/2.0; +http://www.bing.com/bingbot.htm) Chrome/116.0.1938.76 Safari/537.36"
40.77.167.58 - - [24/Jan/2025:03:04:59 +0300] "GET /482207968.shtml HTTP/1.0" 200 109860 "-" "Mozilla/5.0 AppleWebKit/537.36 (KHTML, like Gecko; compatible; bingbot/2.0; +http://www.bing.com/bingbot.htm) Chrome/116.0.1938.76 Safari/537.36"
85.208.96.201 - - [24/Jan/2025:03:05:10 +0300] "GET /81517249.htm HTTP/1.0" 200 1171 "-" "Mozilla/5.0 (compatible; SemrushBot/7~bl; +http://www.semrush.com/bot.html)"
85.208.96.207 - - [24/Jan/2025:03:05:19 +0300] "GET /hnavk/2021-bmw-ticking-noise-when-off-then-turns-off.html HTTP/1.0" 200 18737 "-" "Mozilla/5.0 (compatible; SemrushBot/7~bl; +http://www.semrush.com/bot.html)"
85.208.96.193 - - [24/Jan/2025:03:05:40 +0300] "GET /hnavk/florence-county-sc-detention-center-inmate-search.html HTTP/1.0" 200 14495 "-" "Mozilla/5.0 (compatible; SemrushBot/7~bl; +http://www.semrush.com/bot.html)"
185.191.171.16 - - [24/Jan/2025:03:05:46 +0300] "GET /jtxvlr/best-neverwinter-barbarian-build-reddit.html HTTP/1.0" 200 17524 "-" "Mozilla/5.0 (compatible; SemrushBot/7~bl; +http://www.semrush.com/bot.html)"
185.191.171.4 - - [24/Jan/2025:03:06:25 +0300] "GET /119930279.htm HTTP/1.0" 200 1171 "-" "Mozilla/5.0 (compatible; SemrushBot/7~bl; +http://www.semrush.com/bot.html)"
185.191.171.7 - - [24/Jan/2025:03:06:31 +0300] "GET /jtxvlr/dr-hamid-shafi-biography.html HTTP/1.0" 200 18004 "-" "Mozilla/5.0 (compatible; SemrushBot/7~bl; +http://www.semrush.com/bot.html)"
40.77.167.58 - - [24/Jan/2025:03:06:51 +0300] "GET /717516698.shtml HTTP/1.0" 200 111539 "-" "Mozilla/5.0 AppleWebKit/537.36 (KHTML, like Gecko; compatible; bingbot/2.0; +http://www.bing.com/bingbot.htm) Chrome/116.0.1938.76 Safari/537.36"
185.191.171.16 - - [24/Jan/2025:03:06:56 +0300] "GET /62593673.htm HTTP/1.0" 200 1171 "-" "Mozilla/5.0 (compatible; SemrushBot/7~bl; +http://www.semrush.com/bot.html)"
85.208.96.200 - - [24/Jan/2025:03:06:58 +0300] "GET /76865905.htm HTTP/1.0" 200 1171 "-" "Mozilla/5.0 (compatible; SemrushBot/7~bl; +http://www.semrush.com/bot.html)"
207.46.13.52 - - [24/Jan/2025:03:07:10 +0300] "GET /243892126.shtml HTTP/1.0" 200 110739 "-" "Mozilla/5.0 AppleWebKit/537.36 (KHTML, like Gecko; compatible; bingbot/2.0; +http://www.bing.com/bingbot.htm) Chrome/116.0.1938.76 Safari/537.36"
85.208.96.200 - - [24/Jan/2025:03:07:18 +0300] "GET /81378129.htm HTTP/1.0" 200 1171 "-" "Mozilla/5.0 (compatible; SemrushBot/7~bl; +http://www.semrush.com/bot.html)"
185.191.171.11 - - [24/Jan/2025:03:07:39 +0300] "GET /118650227.htm HTTP/1.0" 200 1171 "-" "Mozilla/5.0 (compatible; SemrushBot/7~bl; +http://www.semrush.com/bot.html)"
185.191.171.4 - - [24/Jan/2025:03:07:41 +0300] "GET /shtrm/home-depot-christmas-tree.html HTTP/1.0" 200 10745 "-" "Mozilla/5.0 (compatible; SemrushBot/7~bl; +http://www.semrush.com/bot.html)"
85.208.96.193 - - [24/Jan/2025:03:07:43 +0300] "GET /hnavk/new-couple-nude-ass-sex.html HTTP/1.0" 200 20087 "-" "Mozilla/5.0 (compatible; SemrushBot/7~bl; +http://www.semrush.com/bot.html)"
85.208.96.203 - - [24/Jan/2025:03:07:45 +0300] "GET /hnavk/teensexy-girl-kaitrina-kaif.html HTTP/1.0" 200 14451 "-" "Mozilla/5.0 (compatible; SemrushBot/7~bl; +http://www.semrush.com/bot.html)"
207.46.13.52 - - [24/Jan/2025:03:07:51 +0300] "GET /693285846.shtml?product_id=941672846 HTTP/1.0" 200 112284 "-" "Mozilla/5.0 AppleWebKit/537.36 (KHTML, like Gecko; compatible; bingbot/2.0; +http://www.bing.com/bingbot.htm) Chrome/116.0.1938.76 Safari/537.36"
85.208.96.200 - - [24/Jan/2025:03:07:54 +0300] "GET /130568371.htm HTTP/1.0" 200 1171 "-" "Mozilla/5.0 (compatible; SemrushBot/7~bl; +http://www.semrush.com/bot.html)"
85.208.96.205 - - [24/Jan/2025:03:07:59 +0300] "GET /j4byy4/entry-level-coding-jobs-no-experience.html HTTP/1.0" 200 17689 "-" "Mozilla/5.0 (compatible; SemrushBot/7~bl; +http://www.semrush.com/bot.html)"
185.191.171.18 - - [24/Jan/2025:03:08:05 +0300] "GET /jtxvlr/33-ayat-in-english.html HTTP/1.0" 200 10669 "-" "Mozilla/5.0 (compatible; SemrushBot/7~bl; +http://www.semrush.com/bot.html)"
40.77.167.58 - - [24/Jan/2025:03:08:12 +0300] "GET /422602000.shtml HTTP/1.0" 200 111426 "-" "Mozilla/5.0 AppleWebKit/537.36 (KHTML, like Gecko; compatible; bingbot/2.0; +http://www.bing.com/bingbot.htm) Chrome/116.0.1938.76 Safari/537.36"
40.77.167.58 - - [24/Jan/2025:03:08:12 +0300] "GET /386995866.shtml HTTP/1.0" 200 109949 "-" "Mozilla/5.0 AppleWebKit/537.36 (KHTML, like Gecko; compatible; bingbot/2.0; +http://www.bing.com/bingbot.htm) Chrome/116.0.1938.76 Safari/537.36"
85.208.96.208 - - [24/Jan/2025:03:08:19 +0300] "GET /87529823.htm HTTP/1.0" 200 1171 "-" "Mozilla/5.0 (compatible; SemrushBot/7~bl; +http://www.semrush.com/bot.html)"
47.128.125.205 - - [24/Jan/2025:03:08:28 +0300] "GET /hnavk/obey-me-x-quiet-reader.html HTTP/1.0" 200 6309 "-" "Mozilla/5.0 (Linux; Android 5.0) AppleWebKit/537.36 (KHTML, like Gecko) Mobile Safari/537.36 (compatible; Bytespider; spider-feedback@bytedance.com)"
85.208.96.194 - - [24/Jan/2025:03:08:31 +0300] "GET /36879783.htm HTTP/1.0" 200 1171 "-" "Mozilla/5.0 (compatible; SemrushBot/7~bl; +http://www.semrush.com/bot.html)"
185.191.171.1 - - [24/Jan/2025:03:08:43 +0300] "GET /hnavk/socri-gestion.html HTTP/1.0" 200 12695 "-" "Mozilla/5.0 (compatible; SemrushBot/7~bl; +http://www.semrush.com/bot.html)"
85.208.96.199 - - [24/Jan/2025:03:08:53 +0300] "GET /hnavk/contact-form-template-word-editable.html HTTP/1.0" 200 3948 "-" "Mozilla/5.0 (compatible; SemrushBot/7~bl; +http://www.semrush.com/bot.html)"
185.191.171.4 - - [24/Jan/2025:03:09:13 +0300] "GET /j4byy4/when-did-uptalk-start.html HTTP/1.0" 200 18100 "-" "Mozilla/5.0 (compatible; SemrushBot/7~bl; +http://www.semrush.com/bot.html)"
85.208.96.205 - - [24/Jan/2025:03:09:20 +0300] "GET /jtxvlr/cs-2800-cornell.html HTTP/1.0" 200 6706 "-" "Mozilla/5.0 (compatible; SemrushBot/7~bl; +http://www.semrush.com/bot.html)"
207.46.13.155 - - [24/Jan/2025:03:09:36 +0300] "GET /822838469.shtml HTTP/1.0" 200 113639 "-" "Mozilla/5.0 AppleWebKit/537.36 (KHTML, like Gecko; compatible; bingbot/2.0; +http://www.bing.com/bingbot.htm) Chrome/116.0.1938.76 Safari/537.36"
40.77.167.58 - - [24/Jan/2025:03:09:39 +0300] "GET /243690193.shtml HTTP/1.0" 200 110147 "-" "Mozilla/5.0 AppleWebKit/537.36 (KHTML, like Gecko; compatible; bingbot/2.0; +http://www.bing.com/bingbot.htm) Chrome/116.0.1938.76 Safari/537.36"
40.77.167.58 - - [24/Jan/2025:03:09:41 +0300] "GET /33834716.shtml HTTP/1.0" 200 113419 "-" "Mozilla/5.0 AppleWebKit/537.36 (KHTML, like Gecko; compatible; bingbot/2.0; +http://www.bing.com/bingbot.htm) Chrome/116.0.1938.76 Safari/537.36"
185.191.171.9 - - [24/Jan/2025:03:09:49 +0300] "GET /171035123.htm HTTP/1.0" 200 1171 "-" "Mozilla/5.0 (compatible; SemrushBot/7~bl; +http://www.semrush.com/bot.html)"
85.208.96.202 - - [24/Jan/2025:03:10:06 +0300] "GET /154115467.htm HTTP/1.0" 200 1171 "-" "Mozilla/5.0 (compatible; SemrushBot/7~bl; +http://www.semrush.com/bot.html)"
85.208.96.208 - - [24/Jan/2025:03:10:31 +0300] "GET /88776871.htm HTTP/1.0" 200 1171 "-" "Mozilla/5.0 (compatible; SemrushBot/7~bl; +http://www.semrush.com/bot.html)"
85.208.96.203 - - [24/Jan/2025:03:10:34 +0300] "GET /202261717.htm HTTP/1.0" 200 1171 "-" "Mozilla/5.0 (compatible; SemrushBot/7~bl; +http://www.semrush.com/bot.html)"
185.191.171.10 - - [24/Jan/2025:03:10:38 +0300] "GET /168543839.htm HTTP/1.0" 200 1171 "-" "Mozilla/5.0 (compatible; SemrushBot/7~bl; +http://www.semrush.com/bot.html)"
85.208.96.200 - - [24/Jan/2025:03:10:42 +0300] "GET /hnavk/city-of-middletown-building-department.html HTTP/1.0" 200 5923 "-" "Mozilla/5.0 (compatible; SemrushBot/7~bl; +http://www.semrush.com/bot.html)"
207.46.13.52 - - [24/Jan/2025:03:10:44 +0300] "GET /535767026.shtml HTTP/1.0" 200 109921 "-" "Mozilla/5.0 AppleWebKit/537.36 (KHTML, like Gecko; compatible; bingbot/2.0; +http://www.bing.com/bingbot.htm) Chrome/116.0.1938.76 Safari/537.36"
207.46.13.155 - - [24/Jan/2025:03:11:05 +0300] "GET /698403144.shtml HTTP/1.0" 200 111904 "-" "Mozilla/5.0 AppleWebKit/537.36 (KHTML, like Gecko; compatible; bingbot/2.0; +http://www.bing.com/bingbot.htm) Chrome/116.0.1938.76 Safari/537.36"
185.191.171.6 - - [24/Jan/2025:03:11:21 +0300] "GET /hnavk/libra-cities.html HTTP/1.0" 200 7803 "-" "Mozilla/5.0 (compatible; SemrushBot/7~bl; +http://www.semrush.com/bot.html)"
85.208.96.203 - - [24/Jan/2025:03:11:29 +0300] "GET /hnavk/private-taxi-driver-jobs-in-brunei-airport.html HTTP/1.0" 200 10597 "-" "Mozilla/5.0 (compatible; SemrushBot/7~bl; +http://www.semrush.com/bot.html)"
40.77.167.58 - - [24/Jan/2025:03:11:33 +0300] "GET /80130557.shtml HTTP/1.0" 200 110900 "-" "Mozilla/5.0 AppleWebKit/537.36 (KHTML, like Gecko; compatible; bingbot/2.0; +http://www.bing.com/bingbot.htm) Chrome/116.0.1938.76 Safari/537.36"
85.208.96.194 - - [24/Jan/2025:03:11:47 +0300] "GET /j4byy4/how-many-species-have-gone-extinct-in-the-last-100-years-2021.html HTTP/1.0" 200 17234 "-" "Mozilla/5.0 (compatible; SemrushBot/7~bl; +http://www.semrush.com/bot.html)"
40.77.167.58 - - [24/Jan/2025:03:11:51 +0300] "GET /708588157.shtml HTTP/1.0" 200 112324 "-" "Mozilla/5.0 AppleWebKit/537.36 (KHTML, like Gecko; compatible; bingbot/2.0; +http://www.bing.com/bingbot.htm) Chrome/116.0.1938.76 Safari/537.36"
185.191.171.13 - - [24/Jan/2025:03:12:01 +0300] "GET /91904777.htm HTTP/1.0" 200 1171 "-" "Mozilla/5.0 (compatible; SemrushBot/7~bl; +http://www.semrush.com/bot.html)"
185.191.171.18 - - [24/Jan/2025:03:12:10 +0300] "GET /hnavk/stone-county-mo-inmate-roster.html HTTP/1.0" 200 7556 "-" "Mozilla/5.0 (compatible; SemrushBot/7~bl; +http://www.semrush.com/bot.html)"
40.77.167.75 - - [24/Jan/2025:03:12:22 +0300] "GET /674175339.shtml HTTP/1.0" 200 111798 "-" "Mozilla/5.0 AppleWebKit/537.36 (KHTML, like Gecko; compatible; bingbot/2.0; +http://www.bing.com/bingbot.htm) Chrome/116.0.1938.76 Safari/537.36"
47.128.32.50 - - [24/Jan/2025:03:12:27 +0300] "GET /jtxvlr/royal-game-online-free.html HTTP/1.0" 200 12436 "-" "Mozilla/5.0 (Linux; Android 5.0) AppleWebKit/537.36 (KHTML, like Gecko) Mobile Safari/537.36 (compatible; Bytespider; spider-feedback@bytedance.com)"
185.191.171.18 - - [24/Jan/2025:03:12:29 +0300] "GET /198341789.htm HTTP/1.0" 200 1171 "-" "Mozilla/5.0 (compatible; SemrushBot/7~bl; +http://www.semrush.com/bot.html)"
207.46.13.155 - - [24/Jan/2025:03:12:28 +0300] "GET /338239157.shtml HTTP/1.0" 200 110086 "-" "Mozilla/5.0 AppleWebKit/537.36 (KHTML, like Gecko; compatible; bingbot/2.0; +http://www.bing.com/bingbot.htm) Chrome/116.0.1938.76 Safari/537.36"
185.191.171.6 - - [24/Jan/2025:03:12:33 +0300] "GET /nl6bdggpp/acuity-brands-phone-number.html HTTP/1.0" 200 8137 "-" "Mozilla/5.0 (compatible; SemrushBot/7~bl; +http://www.semrush.com/bot.html)"
85.208.96.201 - - [24/Jan/2025:03:12:35 +0300] "GET /jtxvlr/extract-qr-code-from-pdf.html HTTP/1.0" 200 16128 "-" "Mozilla/5.0 (compatible; SemrushBot/7~bl; +http://www.semrush.com/bot.html)"
185.191.171.18 - - [24/Jan/2025:03:12:41 +0300] "GET /jtxvlr/cement-bricks-price-in-delhi.html HTTP/1.0" 200 10693 "-" "Mozilla/5.0 (compatible; SemrushBot/7~bl; +http://www.semrush.com/bot.html)"
85.208.96.193 - - [24/Jan/2025:03:12:49 +0300] "GET /hnavk/triple-cobra-paracord-bracelet.html HTTP/1.0" 200 16599 "-" "Mozilla/5.0 (compatible; SemrushBot/7~bl; +http://www.semrush.com/bot.html)"
207.46.13.155 - - [24/Jan/2025:03:12:57 +0300] "GET /594901540.shtml HTTP/1.0" 200 111037 "-" "Mozilla/5.0 AppleWebKit/537.36 (KHTML, like Gecko; compatible; bingbot/2.0; +http://www.bing.com/bingbot.htm) Chrome/116.0.1938.76 Safari/537.36"
85.208.96.211 - - [24/Jan/2025:03:13:11 +0300] "GET /hnavk/unusual-nude-chick.html HTTP/1.0" 200 19526 "-" "Mozilla/5.0 (compatible; SemrushBot/7~bl; +http://www.semrush.com/bot.html)"
185.191.171.16 - - [24/Jan/2025:03:13:13 +0300] "GET /nl6bdggpp/panasonic-lut-download.html HTTP/1.0" 200 11871 "-" "Mozilla/5.0 (compatible; SemrushBot/7~bl; +http://www.semrush.com/bot.html)"
85.208.96.197 - - [24/Jan/2025:03:13:15 +0300] "GET /168703753.htm HTTP/1.0" 200 1171 "-" "Mozilla/5.0 (compatible; SemrushBot/7~bl; +http://www.semrush.com/bot.html)"
207.46.13.155 - - [24/Jan/2025:03:13:19 +0300] "GET /13911214.shtml HTTP/1.0" 200 112198 "-" "Mozilla/5.0 AppleWebKit/537.36 (KHTML, like Gecko; compatible; bingbot/2.0; +http://www.bing.com/bingbot.htm) Chrome/116.0.1938.76 Safari/537.36"
85.208.96.208 - - [24/Jan/2025:03:13:37 +0300] "GET /hnavk/constitutional-law-bar-questions.html HTTP/1.0" 200 8662 "-" "Mozilla/5.0 (compatible; SemrushBot/7~bl; +http://www.semrush.com/bot.html)"
185.191.171.13 - - [24/Jan/2025:03:13:39 +0300] "GET /30800905.htm HTTP/1.0" 200 1171 "-" "Mozilla/5.0 (compatible; SemrushBot/7~bl; +http://www.semrush.com/bot.html)"
