95.108.213.245 - - [24/Jan/2025:03:13:34 +0300] "GET /bitrix/components/bitrix/system.show_message/templates/.default/style.css?168986523064 HTTP/1.1" 200 79 "https://monolith-realty.ru/product/dubai/villy-i-taunkhausy/the-lakeshore/" "Mozilla/5.0 (compatible; YaDirectFetcher/1.0; +http://yandex.com/bots) AppleWebKit/537.36 (KHTML, like Gecko) Chrome/108.0.0.0"
213.180.203.222 - - [24/Jan/2025:03:13:34 +0300] "GET /local/templates/monolitsochi/styles/css-gulp/style.css?171239765231179 HTTP/1.1" 200 5628 "https://monolith-realty.ru/product/dubai/villy-i-taunkhausy/the-lakeshore/" "Mozilla/5.0 (compatible; YaDirectFetcher/1.0; +http://yandex.com/bots) AppleWebKit/537.36 (KHTML, like Gecko) Chrome/108.0.0.0"
87.250.224.3 - - [24/Jan/2025:03:13:35 +0300] "GET /local/templates/monolitsochi/components/bitrix/catalog/main/style.css?17123976531735 HTTP/1.1" 200 647 "https://monolith-realty.ru/product/dubai/villy-i-taunkhausy/the-lakeshore/" "Mozilla/5.0 (compatible; YaDirectFetcher/1.0; +http://yandex.com/bots) AppleWebKit/537.36 (KHTML, like Gecko) Chrome/108.0.0.0"
213.180.203.214 - - [24/Jan/2025:03:13:35 +0300] "GET /bitrix/js/main/popup/dist/main.popup.bundle.css?168986528329861 HTTP/1.1" 200 6387 "https://monolith-realty.ru/product/dubai/villy-i-taunkhausy/the-lakeshore/" "Mozilla/5.0 (compatible; YaDirectFetcher/1.0; +http://yandex.com/bots) AppleWebKit/537.36 (KHTML, like Gecko) Chrome/108.0.0.0"
95.108.213.177 - - [24/Jan/2025:03:13:35 +0300] "GET /bitrix/js/ui/fonts/opensans/ui.font.opensans.css?16898652852555 HTTP/1.1" 200 336 "https://monolith-realty.ru/product/dubai/villy-i-taunkhausy/the-lakeshore/" "Mozilla/5.0 (compatible; YaDirectFetcher/1.0; +http://yandex.com/bots) AppleWebKit/537.36 (KHTML, like Gecko) Chrome/108.0.0.0"
87.250.224.3 - - [24/Jan/2025:03:13:36 +0300] "GET /bitrix/js/ui/design-tokens/dist/ui.design-tokens.css?171753197526358 HTTP/1.1" 200 4519 "https://monolith-realty.ru/product/dubai/villy-i-taunkhausy/the-lakeshore/" "Mozilla/5.0 (compatible; YaDirectFetcher/1.0; +http://yandex.com/bots) AppleWebKit/537.36 (KHTML, like Gecko) Chrome/108.0.0.0"
87.250.224.208 - - [24/Jan/2025:03:13:36 +0300] "GET /local/templates/monolitsochi/components/bitrix/breadcrumb/main/style.css?17123976522037 HTTP/1.1" 200 660 "https://monolith-realty.ru/product/dubai/villy-i-taunkhausy/the-lakeshore/" "Mozilla/5.0 (compatible; YaDirectFetcher/1.0; +http://yandex.com/bots) AppleWebKit/537.36 (KHTML, like Gecko) Chrome/108.0.0.0"
185.191.171.8 - - [24/Jan/2025:03:13:36 +0300] "GET /product/dubai/apartamenty/330-riverside-crescent-/ HTTP/1.0" 200 66797 "-" "Mozilla/5.0 (compatible; SemrushBot/7~bl; +http://www.semrush.com/bot.html)"
87.250.224.3 - - [24/Jan/2025:03:13:37 +0300] "GET /product/Sochi/zhilye-kompleksy/dlya-investitsiy/ak-adagio-le-rond-sochi/ HTTP/1.0" 200 63745 "-" "Mozilla/5.0 (compatible; YandexBot/3.0; +http://yandex.com/bots) AppleWebKit/537.36 (KHTML, like Gecko) Chrome/108.0.0.0"
87.250.224.3 - - [24/Jan/2025:03:13:39 +0300] "GET /local/templates/monolitsochi/js/jquery.countdown-ru.js?17123976541866 HTTP/1.1" 200 575 "https://monolith-realty.ru/product/dubai/villy-i-taunkhausy/the-lakeshore/" "Mozilla/5.0 (compatible; YaDirectFetcher/1.0; +http://yandex.com/bots) AppleWebKit/537.36 (KHTML, like Gecko) Chrome/108.0.0.0"
87.250.224.3 - - [24/Jan/2025:03:13:40 +0300] "GET /local/templates/monolitsochi/vendor/jquery.validate.min.js?171239765322254 HTTP/1.1" 200 7122 "https://monolith-realty.ru/product/dubai/villy-i-taunkhausy/the-lakeshore/" "Mozilla/5.0 (compatible; YaDirectFetcher/1.0; +http://yandex.com/bots) AppleWebKit/537.36 (KHTML, like Gecko) Chrome/108.0.0.0"
87.250.224.3 - - [24/Jan/2025:03:13:42 +0300] "GET /local/templates/monolitsochi/css/responsive.css?17123976531838 HTTP/1.1" 200 632 "https://monolith-realty.ru/product/dubai/villy-i-taunkhausy/the-lakeshore/" "Mozilla/5.0 (compatible; YaDirectFetcher/1.0; +http://yandex.com/bots) AppleWebKit/537.36 (KHTML, like Gecko) Chrome/108.0.0.0"
87.250.224.3 - - [24/Jan/2025:03:13:45 +0300] "GET /local/templates/monolitsochi/css/blocks/gallery.css?17207049512328 HTTP/1.1" 200 782 "https://monolith-realty.ru/product/dubai/villy-i-taunkhausy/the-lakeshore/" "Mozilla/5.0 (compatible; YaDirectFetcher/1.0; +http://yandex.com/bots) AppleWebKit/537.36 (KHTML, like Gecko) Chrome/108.0.0.0"
87.250.224.3 - - [24/Jan/2025:03:13:47 +0300] "GET /local/templates/monolitsochi/components/bitrix/catalog.element/main/style.css?171239765213038 HTTP/1.1" 200 2665 "https://monolith-realty.ru/product/dubai/villy-i-taunkhausy/the-lakeshore/" "Mozilla/5.0 (compatible; YaDirectFetcher/1.0; +http://yandex.com/bots) AppleWebKit/537.36 (KHTML, like Gecko) Chrome/108.0.0.0"
87.250.224.3 - - [24/Jan/2025:03:13:50 +0300] "GET /local/templates/monolitsochi/css/blocks/back-url.css?1712397653652 HTTP/1.1" 200 331 "https://monolith-realty.ru/product/dubai/villy-i-taunkhausy/the-lakeshore/" "Mozilla/5.0 (compatible; YaDirectFetcher/1.0; +http://yandex.com/bots) AppleWebKit/537.36 (KHTML, like Gecko) Chrome/108.0.0.0"
87.250.224.3 - - [24/Jan/2025:03:13:52 +0300] "GET /local/templates/monolitsochi/css/footer.css?171239765319141 HTTP/1.1" 200 3744 "https://monolith-realty.ru/product/dubai/villy-i-taunkhausy/the-lakeshore/" "Mozilla/5.0 (compatible; YaDirectFetcher/1.0; +http://yandex.com/bots) AppleWebKit/537.36 (KHTML, like Gecko) Chrome/108.0.0.0"
87.250.224.3 - - [24/Jan/2025:03:13:55 +0300] "GET /local/templates/monolitsochi/css/jquery.fancybox.css?171239765317412 HTTP/1.1" 200 3689 "https://monolith-realty.ru/product/dubai/villy-i-taunkhausy/the-lakeshore/" "Mozilla/5.0 (compatible; YaDirectFetcher/1.0; +http://yandex.com/bots) AppleWebKit/537.36 (KHTML, like Gecko) Chrome/108.0.0.0"
213.180.203.116 - - [24/Jan/2025:03:14:15 +0300] "GET /product/Moskva/zhk-city-bay-moskva/ HTTP/1.0" 200 51237 "-" "Mozilla/5.0 (compatible; YandexBot/3.0; +http://yandex.com/bots) AppleWebKit/537.36 (KHTML, like Gecko) Chrome/108.0.0.0"
5.255.231.49 - - [24/Jan/2025:03:14:15 +0300] "GET /bitrix/js/ui/fonts/opensans/ui.font.opensans.css?16898652852555 HTTP/1.1" 200 336 "https://monolith-realty.ru/product/Moskva/zhk-city-bay-moskva/" "Mozilla/5.0 (compatible; YaDirectFetcher/1.0; +http://yandex.com/bots) AppleWebKit/537.36 (KHTML, like Gecko) Chrome/108.0.0.0"
213.180.203.131 - - [24/Jan/2025:03:14:16 +0300] "GET /bitrix/js/main/core/core.js?1711901402494198 HTTP/1.1" 200 112527 "https://monolith-realty.ru/product/Moskva/zhk-city-bay-moskva/" "Mozilla/5.0 (compatible; YaDirectFetcher/1.0; +http://yandex.com/bots) AppleWebKit/537.36 (KHTML, like Gecko) Chrome/108.0.0.0"
213.180.203.54 - - [24/Jan/2025:03:14:16 +0300] "GET /local/templates/monolitsochi/js/jquery.plugin.min.js?17123976543349 HTTP/1.1" 200 1467 "https://monolith-realty.ru/product/Moskva/zhk-city-bay-moskva/" "Mozilla/5.0 (compatible; YaDirectFetcher/1.0; +http://yandex.com/bots) AppleWebKit/537.36 (KHTML, like Gecko) Chrome/108.0.0.0"
87.250.224.6 - - [24/Jan/2025:03:14:16 +0300] "GET /local/templates/monolitsochi/components/bitrix/catalog.element/main/script.js?17123976522067 HTTP/1.1" 200 615 "https://monolith-realty.ru/product/Moskva/zhk-city-bay-moskva/" "Mozilla/5.0 (compatible; YaDirectFetcher/1.0; +http://yandex.com/bots) AppleWebKit/537.36 (KHTML, like Gecko) Chrome/108.0.0.0"
95.108.213.188 - - [24/Jan/2025:03:14:16 +0300] "GET /local/templates/monolitsochi/js/detectmobilebrowser.js?17123976542203 HTTP/1.1" 200 1392 "https://monolith-realty.ru/product/Moskva/zhk-city-bay-moskva/" "Mozilla/5.0 (compatible; YaDirectFetcher/1.0; +http://yandex.com/bots) AppleWebKit/537.36 (KHTML, like Gecko) Chrome/108.0.0.0"
95.108.213.160 - - [24/Jan/2025:03:14:16 +0300] "GET /local/templates/monolitsochi/css/theme-elements.css?17123976534301 HTTP/1.1" 200 1088 "https://monolith-realty.ru/product/Moskva/zhk-city-bay-moskva/" "Mozilla/5.0 (compatible; YaDirectFetcher/1.0; +http://yandex.com/bots) AppleWebKit/537.36 (KHTML, like Gecko) Chrome/108.0.0.0"
95.108.213.245 - - [24/Jan/2025:03:14:24 +0300] "GET /product-investor/sochi/studiya-22-4-v-gk-neskuchnyy-sad6935/ HTTP/1.0" 200 69020 "-" "Mozilla/5.0 (compatible; YandexBot/3.0; +http://yandex.com/bots) AppleWebKit/537.36 (KHTML, like Gecko) Chrome/108.0.0.0"
5.255.231.68 - - [24/Jan/2025:03:14:26 +0300] "GET /product/Vtorichka236/kvartiry-i-studii/neskuchnyy-sad/ HTTP/1.0" 200 51589 "-" "Mozilla/5.0 (compatible; YandexBot/3.0; +http://yandex.com/bots) AppleWebKit/537.36 (KHTML, like Gecko) Chrome/108.0.0.0"
213.180.203.222 - - [24/Jan/2025:03:14:26 +0300] "GET /product-investor/sochi/studiya-24-6-v-zhk-letniy3566/ HTTP/1.0" 200 63275 "-" "Mozilla/5.0 (compatible; YandexBot/3.0; +http://yandex.com/bots) AppleWebKit/537.36 (KHTML, like Gecko) Chrome/108.0.0.0"
213.180.203.214 - - [24/Jan/2025:03:14:28 +0300] "GET /product/Sochi/apart-otel-brevis-/ HTTP/1.0" 200 63790 "-" "Mozilla/5.0 (compatible; YandexBot/3.0; +http://yandex.com/bots) AppleWebKit/537.36 (KHTML, like Gecko) Chrome/108.0.0.0"
87.250.224.208 - - [24/Jan/2025:03:14:28 +0300] "GET /product/Sochi/kottedzhi-i-taunkhausy/zelandiya/ HTTP/1.0" 200 65070 "-" "Mozilla/5.0 (compatible; YandexBot/3.0; +http://yandex.com/bots) AppleWebKit/537.36 (KHTML, like Gecko) Chrome/108.0.0.0"
87.250.224.3 - - [24/Jan/2025:03:14:28 +0300] "GET /product/sochi/zhilye-kompleksy/dlya-investitsiy/ak-valset-premium/ HTTP/1.0" 200 68433 "-" "Mozilla/5.0 (compatible; YandexBot/3.0; +http://yandex.com/bots) AppleWebKit/537.36 (KHTML, like Gecko) Chrome/108.0.0.0"
95.108.213.177 - - [24/Jan/2025:03:14:28 +0300] "GET /product/Sochi/zhilye-kompleksy/dlya-investitsiy/ak-adagio-le-rond-sochi/ HTTP/1.0" 200 63734 "-" "Mozilla/5.0 (compatible; YandexBot/3.0; +http://yandex.com/bots) AppleWebKit/537.36 (KHTML, like Gecko) Chrome/108.0.0.0"
213.180.203.116 - - [24/Jan/2025:03:14:28 +0300] "GET /product/anapa/kottedzhi/kp-shishka-park/ HTTP/1.0" 200 66116 "-" "Mozilla/5.0 (compatible; YandexBot/3.0; +http://yandex.com/bots) AppleWebKit/537.36 (KHTML, like Gecko) Chrome/108.0.0.0"
5.255.231.49 - - [24/Jan/2025:03:14:28 +0300] "GET /product/dubai/villy-i-taunkhausy/the-lakeshore/ HTTP/1.0" 200 65696 "-" "Mozilla/5.0 (compatible; YandexBot/3.0; +http://yandex.com/bots) AppleWebKit/537.36 (KHTML, like Gecko) Chrome/108.0.0.0"
213.180.203.131 - - [24/Jan/2025:03:14:33 +0300] "GET /product-investor/sochi/studiya-24-1-v-gk-neskuchnyy-sad2900/ HTTP/1.0" 200 70206 "-" "Mozilla/5.0 (compatible; YandexBot/3.0; +http://yandex.com/bots) AppleWebKit/537.36 (KHTML, like Gecko) Chrome/108.0.0.0"
95.108.213.160 - - [24/Jan/2025:03:14:34 +0300] "GET /local/templates/monolitsochi/js/jquery.actual.min.js?17123976541239 HTTP/1.1" 200 697 "https://monolith-realty.ru/product-investor/sochi/studiya-24-1-v-gk-neskuchnyy-sad2900/" "Mozilla/5.0 (compatible; YandexRenderResourcesBot/1.0; +http://yandex.com/bots) AppleWebKit/537.36 (KHTML, like Gecko) Chrome/108.0.0.0"
87.250.224.6 - - [24/Jan/2025:03:14:34 +0300] "GET /product/Sochi/zhilye-kompleksy/dlya-investitsiy/gk-panorama-achishkho/ HTTP/1.0" 200 66325 "-" "Mozilla/5.0 (compatible; YandexBot/3.0; +http://yandex.com/bots) AppleWebKit/537.36 (KHTML, like Gecko) Chrome/108.0.0.0"
95.108.213.188 - - [24/Jan/2025:03:14:35 +0300] "GET /product/Moskva/zhk-city-bay-moskva/ HTTP/1.0" 200 51236 "-" "Mozilla/5.0 (compatible; YandexBot/3.0; +http://yandex.com/bots) AppleWebKit/537.36 (KHTML, like Gecko) Chrome/108.0.0.0"
95.108.213.245 - - [24/Jan/2025:03:14:36 +0300] "GET /local/templates/monolitsochi/components/bitrix/news.list/tizers-list/style.css?17123976523466 HTTP/1.1" 200 864 "https://monolith-realty.ru/product/dubai/villy-i-taunkhausy/the-lakeshore/" "Mozilla/5.0 (compatible; YaDirectFetcher/1.0; +http://yandex.com/bots) AppleWebKit/537.36 (KHTML, like Gecko) Chrome/108.0.0.0"
213.180.203.54 - - [24/Jan/2025:03:14:36 +0300] "GET /product/tayland/above-element-condominium-/ HTTP/1.0" 200 66640 "-" "Mozilla/5.0 (compatible; YandexBot/3.0; +http://yandex.com/bots) AppleWebKit/537.36 (KHTML, like Gecko) Chrome/108.0.0.0"
213.180.203.222 - - [24/Jan/2025:03:14:36 +0300] "GET /bitrix/js/main/core/core.js?1711901402494198 HTTP/1.1" 200 112527 "https://monolith-realty.ru/product/dubai/villy-i-taunkhausy/the-lakeshore/" "Mozilla/5.0 (compatible; YaDirectFetcher/1.0; +http://yandex.com/bots) AppleWebKit/537.36 (KHTML, like Gecko) Chrome/108.0.0.0"
5.255.231.68 - - [24/Jan/2025:03:14:37 +0300] "GET /product/novorossiysk/zhk-oblaka-2-novorossiysk/?_ym_status-check=89658089&_ym_lang=ru HTTP/1.0" 200 74348 "-" "Mozilla/5.0 (compatible; YandexBot/3.0; +http://yandex.com/bots) AppleWebKit/537.36 (KHTML, like Gecko) Chrome/108.0.0.0"
152.42.252.124 - - [24/Jan/2025:03:14:44 +0300] "GET /upload/iblock/025/92x0g14zlknzjstq9oiukhy2269cum87.png HTTP/1.1" 200 170757 "-" "Mozilla/5.0 (Windows NT 10.0; Win64; x64) AppleWebKit/537.36 (KHTML, like Gecko) Chrome/121.0.0.0 Safari/537.36 Edg/121.0.0.0"
141.98.134.160 - - [24/Jan/2025:03:14:45 +0300] "GET /company/staff/lyubov-zhakova HTTP/1.1" 301 189 "-" "Mozilla/5.0 (keys-so-bot)"
141.98.134.160 - - [24/Jan/2025:03:14:45 +0300] "GET /company/staff/lyubov-zhakova HTTP/1.0" 301 718 "http://monolith-realty.ru/company/staff/lyubov-zhakova" "Mozilla/5.0 (keys-so-bot)"
141.98.134.160 - - [24/Jan/2025:03:14:45 +0300] "GET /company/staff/lyubov-zhakova/ HTTP/1.0" 200 55308 "https://monolith-realty.ru:443/company/staff/lyubov-zhakova" "Mozilla/5.0 (keys-so-bot)"
87.250.224.3 - - [24/Jan/2025:03:14:46 +0300] "GET /product/Sochi/gk-polyana-pik/ HTTP/1.0" 200 69949 "-" "Mozilla/5.0 (compatible; YandexBot/3.0; +http://yandex.com/bots) AppleWebKit/537.36 (KHTML, like Gecko) Chrome/108.0.0.0"
172.203.190.140 - - [24/Jan/2025:03:15:11 +0300] "GET /bitrix/components/aspro/eyed.allcorp3/templates/.default/script.js?168986522420980= HTTP/2.0" 200 4400 "-" "Mozilla/5.0 (Macintosh; Intel Mac OS X 10_15_7) AppleWebKit/537.36 (KHTML, like Gecko) Chrome/131.0.0.0 Safari/537.36; compatible; OAI-SearchBot/1.0; +https://openai.com/searchbot"
87.250.224.3 - - [24/Jan/2025:03:15:13 +0300] "GET /product/anapa/kottedzhi/kp-seaside-village-anapa/ HTTP/1.0" 200 61765 "-" "Mozilla/5.0 (compatible; YandexBot/3.0; +http://yandex.com/bots) AppleWebKit/537.36 (KHTML, like Gecko) Chrome/108.0.0.0"
213.180.203.214 - - [24/Jan/2025:03:15:19 +0300] "GET /local/templates/monolitsochi/vendor/js/ripple.js?17123976544702 HTTP/1.1" 200 1442 "https://monolith-realty.ru/product/dubai/villy-i-taunkhausy/the-lakeshore/" "Mozilla/5.0 (compatible; YaDirectFetcher/1.0; +http://yandex.com/bots) AppleWebKit/537.36 (KHTML, like Gecko) Chrome/108.0.0.0"
172.203.190.141 - - [24/Jan/2025:03:15:20 +0300] "GET /bitrix/components/aspro/marketing.popup.allcorp3/templates/.default/script.js?16898652241465= HTTP/2.0" 200 598 "-" "Mozilla/5.0 (Macintosh; Intel Mac OS X 10_15_7) AppleWebKit/537.36 (KHTML, like Gecko) Chrome/131.0.0.0 Safari/537.36; compatible; OAI-SearchBot/1.0; +https://openai.com/searchbot"
95.108.213.177 - - [24/Jan/2025:03:15:28 +0300] "GET /product/Crimea/skk-ptitsa/ HTTP/1.0" 200 68368 "-" "Mozilla/5.0 (compatible; YandexBot/3.0; +http://yandex.com/bots) AppleWebKit/537.36 (KHTML, like Gecko) Chrome/108.0.0.0"
87.250.224.3 - - [24/Jan/2025:03:15:28 +0300] "GET /product/anapa/kottedzhi/kp-shishka-park/ HTTP/1.0" 200 66119 "-" "Mozilla/5.0 (compatible; YandexBot/3.0; +http://yandex.com/bots) AppleWebKit/537.36 (KHTML, like Gecko) Chrome/108.0.0.0"
172.203.190.136 - - [24/Jan/2025:03:15:30 +0300] "GET /bitrix/components/bitrix/search.title/script.js?16898652289847= HTTP/2.0" 200 2500 "-" "Mozilla/5.0 (Macintosh; Intel Mac OS X 10_15_7) AppleWebKit/537.36 (KHTML, like Gecko) Chrome/131.0.0.0 Safari/537.36; compatible; OAI-SearchBot/1.0; +https://openai.com/searchbot"
54.220.87.80 - - [24/Jan/2025:03:15:37 +0300] "GET / HTTP/1.0" 200 688517 "-" "BitrixCloud Monitoring/1.0"
172.203.190.140 - - [24/Jan/2025:03:15:38 +0300] "GET /bitrix/js/aspro.allcorp3/jquery/jquery-2.1.3.min.js HTTP/2.0" 200 29774 "-" "Mozilla/5.0 (Macintosh; Intel Mac OS X 10_15_7) AppleWebKit/537.36 (KHTML, like Gecko) Chrome/131.0.0.0 Safari/537.36; compatible; OAI-SearchBot/1.0; +https://openai.com/searchbot"
213.180.203.116 - - [24/Jan/2025:03:15:39 +0300] "GET /local/templates/monolitsochi/css/blocks/chars.css?17123976534464 HTTP/1.1" 200 1139 "https://monolith-realty.ru/product/dubai/villy-i-taunkhausy/the-lakeshore/" "Mozilla/5.0 (compatible; YaDirectFetcher/1.0; +http://yandex.com/bots) AppleWebKit/537.36 (KHTML, like Gecko) Chrome/108.0.0.0"
87.250.224.208 - - [24/Jan/2025:03:15:39 +0300] "GET /local/templates/monolitsochi/css/blocks/video-block.css?17123976531897 HTTP/1.1" 200 622 "https://monolith-realty.ru/product/dubai/villy-i-taunkhausy/the-lakeshore/" "Mozilla/5.0 (compatible; YaDirectFetcher/1.0; +http://yandex.com/bots) AppleWebKit/537.36 (KHTML, like Gecko) Chrome/108.0.0.0"
5.255.231.49 - - [24/Jan/2025:03:15:40 +0300] "GET /product/Crimea/skk-ptitsa/ HTTP/1.0" 200 68369 "-" "Mozilla/5.0 (compatible; YandexBot/3.0; +http://yandex.com/bots) AppleWebKit/537.36 (KHTML, like Gecko) Chrome/108.0.0.0"
213.180.203.131 - - [24/Jan/2025:03:15:41 +0300] "GET /product-investor/sochi/studiya-22-4-v-gk-neskuchnyy-sad6935/ HTTP/1.0" 200 69021 "-" "Mozilla/5.0 (compatible; YandexBot/3.0; +http://yandex.com/bots) AppleWebKit/537.36 (KHTML, like Gecko) Chrome/108.0.0.0"
95.108.213.160 - - [24/Jan/2025:03:15:41 +0300] "GET /product/Sochi/apart-otel-brevis-/ HTTP/1.0" 200 63791 "-" "Mozilla/5.0 (compatible; YandexBot/3.0; +http://yandex.com/bots) AppleWebKit/537.36 (KHTML, like Gecko) Chrome/108.0.0.0"
95.108.213.188 - - [24/Jan/2025:03:15:43 +0300] "GET /product/sochi/zhilye-kompleksy/dlya-investitsiy/ak-valset-premium/ HTTP/1.0" 200 68431 "-" "Mozilla/5.0 (compatible; YandexBot/3.0; +http://yandex.com/bots) AppleWebKit/537.36 (KHTML, like Gecko) Chrome/108.0.0.0"
87.250.224.6 - - [24/Jan/2025:03:15:43 +0300] "GET /product/anapa/kottedzhi/kp-shishka-park/ HTTP/1.0" 200 66118 "-" "Mozilla/5.0 (compatible; YandexBot/3.0; +http://yandex.com/bots) AppleWebKit/537.36 (KHTML, like Gecko) Chrome/108.0.0.0"
5.255.231.68 - - [24/Jan/2025:03:15:43 +0300] "GET /product-investor/sochi/studiya-24-6-v-zhk-letniy3566/ HTTP/1.0" 200 63263 "-" "Mozilla/5.0 (compatible; YandexBot/3.0; +http://yandex.com/bots) AppleWebKit/537.36 (KHTML, like Gecko) Chrome/108.0.0.0"
95.108.213.245 - - [24/Jan/2025:03:15:43 +0300] "GET /product/Sochi/kottedzhi-i-taunkhausy/zelandiya/ HTTP/1.0" 200 65069 "-" "Mozilla/5.0 (compatible; YandexBot/3.0; +http://yandex.com/bots) AppleWebKit/537.36 (KHTML, like Gecko) Chrome/108.0.0.0"
213.180.203.54 - - [24/Jan/2025:03:15:43 +0300] "GET /product/Vtorichka236/kvartiry-i-studii/neskuchnyy-sad/ HTTP/1.0" 200 51561 "-" "Mozilla/5.0 (compatible; YandexBot/3.0; +http://yandex.com/bots) AppleWebKit/537.36 (KHTML, like Gecko) Chrome/108.0.0.0"
213.180.203.222 - - [24/Jan/2025:03:15:43 +0300] "GET /product/Sochi/gk-polyana-pik/ HTTP/1.0" 200 69949 "-" "Mozilla/5.0 (compatible; YandexBot/3.0; +http://yandex.com/bots) AppleWebKit/537.36 (KHTML, like Gecko) Chrome/108.0.0.0"
87.250.224.3 - - [24/Jan/2025:03:15:44 +0300] "GET /product/anapa/zhk-holiday-house-anapa/ HTTP/1.0" 200 63938 "-" "Mozilla/5.0 (compatible; YandexBot/3.0; +http://yandex.com/bots) AppleWebKit/537.36 (KHTML, like Gecko) Chrome/108.0.0.0"
213.180.203.214 - - [24/Jan/2025:03:15:45 +0300] "GET /product/dubai/azizi-riviera-1/ HTTP/1.0" 200 66205 "-" "Mozilla/5.0 (compatible; YandexBot/3.0; +http://yandex.com/bots) AppleWebKit/537.36 (KHTML, like Gecko) Chrome/108.0.0.0"
172.203.190.130 - - [24/Jan/2025:03:15:48 +0300] "GET /bitrix/js/main/ajax.js?168986528235509= HTTP/2.0" 200 8516 "-" "Mozilla/5.0 (Macintosh; Intel Mac OS X 10_15_7) AppleWebKit/537.36 (KHTML, like Gecko) Chrome/131.0.0.0 Safari/537.36; compatible; OAI-SearchBot/1.0; +https://openai.com/searchbot"
87.250.224.208 - - [24/Jan/2025:03:15:50 +0300] "GET /product/Moskva/zhk-city-bay-moskva/ HTTP/1.0" 200 51235 "-" "Mozilla/5.0 (compatible; YandexBot/3.0; +http://yandex.com/bots) AppleWebKit/537.36 (KHTML, like Gecko) Chrome/108.0.0.0"
95.108.213.177 - - [24/Jan/2025:03:15:50 +0300] "GET /product-investor/sochi/studiya-24-1-v-gk-neskuchnyy-sad2900/ HTTP/1.0" 200 70206 "-" "Mozilla/5.0 (compatible; YandexBot/3.0; +http://yandex.com/bots) AppleWebKit/537.36 (KHTML, like Gecko) Chrome/108.0.0.0"
213.180.203.116 - - [24/Jan/2025:03:15:51 +0300] "GET /product/Sochi/zhilye-kompleksy/dlya-investitsiy/gk-panorama-achishkho/ HTTP/1.0" 200 66326 "-" "Mozilla/5.0 (compatible; YandexBot/3.0; +http://yandex.com/bots) AppleWebKit/537.36 (KHTML, like Gecko) Chrome/108.0.0.0"
5.255.231.49 - - [24/Jan/2025:03:15:51 +0300] "GET /product/anapa/kottedzhi/kp-seaside-village-anapa/ HTTP/1.0" 200 61763 "-" "Mozilla/5.0 (compatible; YandexBot/3.0; +http://yandex.com/bots) AppleWebKit/537.36 (KHTML, like Gecko) Chrome/108.0.0.0"
172.203.190.132 - - [24/Jan/2025:03:15:57 +0300] "GET /bitrix/js/main/core/core.js?1711901402494198= HTTP/2.0" 200 112490 "-" "Mozilla/5.0 (Macintosh; Intel Mac OS X 10_15_7) AppleWebKit/537.36 (KHTML, like Gecko) Chrome/131.0.0.0 Safari/537.36; compatible; OAI-SearchBot/1.0; +https://openai.com/searchbot"
213.180.203.131 - - [24/Jan/2025:03:16:00 +0300] "GET /local/templates/monolitsochi/js/jquery.plugin.min.js?17123976543349 HTTP/1.1" 200 1467 "https://monolith-realty.ru/product/dubai/villy-i-taunkhausy/the-lakeshore/" "Mozilla/5.0 (compatible; YaDirectFetcher/1.0; +http://yandex.com/bots) AppleWebKit/537.36 (KHTML, like Gecko) Chrome/108.0.0.0"
95.108.213.160 - - [24/Jan/2025:03:16:00 +0300] "GET /local/templates/monolitsochi/components/bitrix/catalog.element/main/script.js?17123976522067 HTTP/1.1" 200 615 "https://monolith-realty.ru/product/dubai/villy-i-taunkhausy/the-lakeshore/" "Mozilla/5.0 (compatible; YaDirectFetcher/1.0; +http://yandex.com/bots) AppleWebKit/537.36 (KHTML, like Gecko) Chrome/108.0.0.0"
87.250.224.3 - - [24/Jan/2025:03:16:04 +0300] "GET /product/dubai/villy-i-taunkhausy/the-lakeshore/ HTTP/1.0" 200 65695 "-" "Mozilla/5.0 (compatible; YandexBot/3.0; +http://yandex.com/bots) AppleWebKit/537.36 (KHTML, like Gecko) Chrome/108.0.0.0"
172.203.190.141 - - [24/Jan/2025:03:16:06 +0300] "GET /local/templates/monolitsochi/components/bitrix/menu/left/script.js?17123976531123= HTTP/2.0" 200 436 "-" "Mozilla/5.0 (Macintosh; Intel Mac OS X 10_15_7) AppleWebKit/537.36 (KHTML, like Gecko) Chrome/131.0.0.0 Safari/537.36; compatible; OAI-SearchBot/1.0; +https://openai.com/searchbot"
87.250.224.6 - - [24/Jan/2025:03:16:11 +0300] "GET /product/tayland/above-element-condominium-/ HTTP/1.0" 200 66639 "-" "Mozilla/5.0 (compatible; YandexBot/3.0; +http://yandex.com/bots) AppleWebKit/537.36 (KHTML, like Gecko) Chrome/108.0.0.0"
172.203.190.141 - - [24/Jan/2025:03:16:14 +0300] "GET /local/templates/monolitsochi/components/bitrix/menu/menu_new/script.js?17186142521947= HTTP/2.0" 200 625 "-" "Mozilla/5.0 (Macintosh; Intel Mac OS X 10_15_7) AppleWebKit/537.36 (KHTML, like Gecko) Chrome/131.0.0.0 Safari/537.36; compatible; OAI-SearchBot/1.0; +https://openai.com/searchbot"
172.203.190.134 - - [24/Jan/2025:03:16:25 +0300] "GET /local/templates/monolitsochi/components/bitrix/news.detail/news/script.js?1718620287668= HTTP/2.0" 200 349 "-" "Mozilla/5.0 (Macintosh; Intel Mac OS X 10_15_7) AppleWebKit/537.36 (KHTML, like Gecko) Chrome/131.0.0.0 Safari/537.36; compatible; OAI-SearchBot/1.0; +https://openai.com/searchbot"
54.36.149.37 - - [24/Jan/2025:03:16:30 +0300] "GET /product/product-investor/ HTTP/1.0" 200 48617 "-" "Mozilla/5.0 (compatible; AhrefsBot/7.0; +http://ahrefs.com/robot/)"
172.203.190.141 - - [24/Jan/2025:03:16:33 +0300] "GET /local/templates/monolitsochi/components/bitrix/search.title/fixed/script.js?171239765310201= HTTP/2.0" 200 2662 "-" "Mozilla/5.0 (Macintosh; Intel Mac OS X 10_15_7) AppleWebKit/537.36 (KHTML, like Gecko) Chrome/131.0.0.0 Safari/537.36; compatible; OAI-SearchBot/1.0; +https://openai.com/searchbot"
172.203.190.132 - - [24/Jan/2025:03:16:42 +0300] "GET /local/templates/monolitsochi/js/actual.counter.min.js?=1712397654 HTTP/2.0" 200 132 "-" "Mozilla/5.0 (Macintosh; Intel Mac OS X 10_15_7) AppleWebKit/537.36 (KHTML, like Gecko) Chrome/131.0.0.0 Safari/537.36; compatible; OAI-SearchBot/1.0; +https://openai.com/searchbot"
95.108.213.188 - - [24/Jan/2025:03:16:49 +0300] "GET /bitrix/components/aspro/marketing.popup.allcorp3/templates/.default/script.js?16898652241465 HTTP/1.1" 200 610 "https://monolith-realty.ru/product/Crimea/skk-ptitsa/" "Mozilla/5.0 (compatible; YandexRenderResourcesBot/1.0; +http://yandex.com/bots) AppleWebKit/537.36 (KHTML, like Gecko) Chrome/108.0.0.0"
172.203.190.129 - - [24/Jan/2025:03:16:51 +0300] "GET /local/templates/monolitsochi/js/blocks/controls.js?17123976545478= HTTP/2.0" 200 1595 "-" "Mozilla/5.0 (Macintosh; Intel Mac OS X 10_15_7) AppleWebKit/537.36 (KHTML, like Gecko) Chrome/131.0.0.0 Safari/537.36; compatible; OAI-SearchBot/1.0; +https://openai.com/searchbot"
95.108.213.245 - - [24/Jan/2025:03:16:54 +0300] "GET /product/Crimea/skk-ptitsa/ HTTP/1.0" 200 68367 "-" "Mozilla/5.0 (compatible; YandexBot/3.0; +http://yandex.com/bots) AppleWebKit/537.36 (KHTML, like Gecko) Chrome/108.0.0.0"
213.180.203.54 - - [24/Jan/2025:03:16:54 +0300] "GET /product/anapa/zhk-holiday-house-anapa/ HTTP/1.0" 200 63939 "-" "Mozilla/5.0 (compatible; YandexBot/3.0; +http://yandex.com/bots) AppleWebKit/537.36 (KHTML, like Gecko) Chrome/108.0.0.0"
213.180.203.222 - - [24/Jan/2025:03:16:55 +0300] "GET /product/Vtorichka236/kvartiry-i-studii/neskuchnyy-sad/ HTTP/1.0" 200 51562 "-" "Mozilla/5.0 (compatible; YandexBot/3.0; +http://yandex.com/bots) AppleWebKit/537.36 (KHTML, like Gecko) Chrome/108.0.0.0"
5.255.231.68 - - [24/Jan/2025:03:16:55 +0300] "GET /product/novorossiysk/zhk-oblaka-2-novorossiysk/?_ym_status-check=89658089&_ym_lang=ru HTTP/1.0" 200 74350 "-" "Mozilla/5.0 (compatible; YandexBot/3.0; +http://yandex.com/bots) AppleWebKit/537.36 (KHTML, like Gecko) Chrome/108.0.0.0"
95.108.213.177 - - [24/Jan/2025:03:16:57 +0300] "GET /product-investor/sochi/studiya-22-4-v-gk-neskuchnyy-sad6935/ HTTP/1.0" 200 69021 "-" "Mozilla/5.0 (compatible; YandexBot/3.0; +http://yandex.com/bots) AppleWebKit/537.36 (KHTML, like Gecko) Chrome/108.0.0.0"
87.250.224.3 - - [24/Jan/2025:03:16:57 +0300] "GET /product/Sochi/gk-polyana-pik/ HTTP/1.0" 200 69949 "-" "Mozilla/5.0 (compatible; YandexBot/3.0; +http://yandex.com/bots) AppleWebKit/537.36 (KHTML, like Gecko) Chrome/108.0.0.0"
213.180.203.214 - - [24/Jan/2025:03:16:57 +0300] "GET /product/Sochi/zhilye-kompleksy/dlya-investitsiy/ak-adagio-le-rond-sochi/ HTTP/1.0" 200 63731 "-" "Mozilla/5.0 (compatible; YandexBot/3.0; +http://yandex.com/bots) AppleWebKit/537.36 (KHTML, like Gecko) Chrome/108.0.0.0"
87.250.224.208 - - [24/Jan/2025:03:16:58 +0300] "GET /product/Sochi/kottedzhi-i-taunkhausy/zelandiya/ HTTP/1.0" 200 65070 "-" "Mozilla/5.0 (compatible; YandexBot/3.0; +http://yandex.com/bots) AppleWebKit/537.36 (KHTML, like Gecko) Chrome/108.0.0.0"
172.203.190.141 - - [24/Jan/2025:03:17:00 +0300] "GET /local/templates/monolitsochi/js/blocks/hover-block.js?1712397654921= HTTP/2.0" 200 333 "-" "Mozilla/5.0 (Macintosh; Intel Mac OS X 10_15_7) AppleWebKit/537.36 (KHTML, like Gecko) Chrome/131.0.0.0 Safari/537.36; compatible; OAI-SearchBot/1.0; +https://openai.com/searchbot"
213.180.203.116 - - [24/Jan/2025:03:17:05 +0300] "GET /product/Sochi/zhilye-kompleksy/dlya-investitsiy/gk-panorama-achishkho/ HTTP/1.0" 200 66326 "-" "Mozilla/5.0 (compatible; YandexBot/3.0; +http://yandex.com/bots) AppleWebKit/537.36 (KHTML, like Gecko) Chrome/108.0.0.0"
5.255.231.49 - - [24/Jan/2025:03:17:06 +0300] "GET /product/dubai/apartamenty/eywa/ HTTP/1.0" 200 66766 "-" "Mozilla/5.0 (compatible; YandexBot/3.0; +http://yandex.com/bots) AppleWebKit/537.36 (KHTML, like Gecko) Chrome/108.0.0.0"
95.108.213.160 - - [24/Jan/2025:03:17:07 +0300] "GET /product-investor/sochi/studiya-24-1-v-gk-neskuchnyy-sad2900/ HTTP/1.0" 200 70206 "-" "Mozilla/5.0 (compatible; YandexBot/3.0; +http://yandex.com/bots) AppleWebKit/537.36 (KHTML, like Gecko) Chrome/108.0.0.0"
87.250.224.6 - - [24/Jan/2025:03:17:07 +0300] "GET /product/tayland/above-element-condominium-/ HTTP/1.0" 200 66640 "-" "Mozilla/5.0 (compatible; YandexBot/3.0; +http://yandex.com/bots) AppleWebKit/537.36 (KHTML, like Gecko) Chrome/108.0.0.0"
213.180.203.131 - - [24/Jan/2025:03:17:07 +0300] "GET /product-investor/sochi/studiya-24-6-v-zhk-letniy3566/ HTTP/1.0" 200 63264 "-" "Mozilla/5.0 (compatible; YandexBot/3.0; +http://yandex.com/bots) AppleWebKit/537.36 (KHTML, like Gecko) Chrome/108.0.0.0"
172.203.190.128 - - [24/Jan/2025:03:17:09 +0300] "GET /local/templates/monolitsochi/js/blocks/mobile.js?17123976547294= HTTP/2.0" 200 1848 "-" "Mozilla/5.0 (Macintosh; Intel Mac OS X 10_15_7) AppleWebKit/537.36 (KHTML, like Gecko) Chrome/131.0.0.0 Safari/537.36; compatible; OAI-SearchBot/1.0; +https://openai.com/searchbot"
87.250.224.3 - - [24/Jan/2025:03:17:15 +0300] "GET /product/dubai/azizi-riviera-1/ HTTP/1.0" 200 66205 "-" "Mozilla/5.0 (compatible; YandexBot/3.0; +http://yandex.com/bots) AppleWebKit/537.36 (KHTML, like Gecko) Chrome/108.0.0.0"
172.203.190.128 - - [24/Jan/2025:03:17:18 +0300] "GET /local/templates/monolitsochi/js/blocks/selectOffer.js?17123976542932= HTTP/2.0" 200 1102 "-" "Mozilla/5.0 (Macintosh; Intel Mac OS X 10_15_7) AppleWebKit/537.36 (KHTML, like Gecko) Chrome/131.0.0.0 Safari/537.36; compatible; OAI-SearchBot/1.0; +https://openai.com/searchbot"
172.203.190.143 - - [24/Jan/2025:03:17:27 +0300] "GET /local/templates/monolitsochi/js/blocks/tabs-history.js?17123976541340= HTTP/2.0" 200 641 "-" "Mozilla/5.0 (Macintosh; Intel Mac OS X 10_15_7) AppleWebKit/537.36 (KHTML, like Gecko) Chrome/131.0.0.0 Safari/537.36; compatible; OAI-SearchBot/1.0; +https://openai.com/searchbot"
172.203.190.137 - - [24/Jan/2025:03:17:37 +0300] "GET /local/templates/monolitsochi/js/custom.js?1712397654101= HTTP/2.0" 200 106 "-" "Mozilla/5.0 (Macintosh; Intel Mac OS X 10_15_7) AppleWebKit/537.36 (KHTML, like Gecko) Chrome/131.0.0.0 Safari/537.36; compatible; OAI-SearchBot/1.0; +https://openai.com/searchbot"
157.55.39.197 - - [24/Jan/2025:03:17:37 +0300] "GET /product/sochi/zhilye-kompleksy/zhk-po-fz-214/?pagen_1=3 HTTP/1.0" 200 61689 "-" "Mozilla/5.0 AppleWebKit/537.36 (KHTML, like Gecko; compatible; bingbot/2.0; +http://www.bing.com/bingbot.htm) Chrome/116.0.1938.76 Safari/537.36"
157.55.39.197 - - [24/Jan/2025:03:17:38 +0300] "GET /upload/iblock/0e8/4ozxcsa0khalry0a0i6ubsx48fi1ux5i/Screenshot_1.png HTTP/2.0" 200 83334 "-" "Mozilla/5.0 AppleWebKit/537.36 (KHTML, like Gecko; compatible; bingbot/2.0; +http://www.bing.com/bingbot.htm) Chrome/116.0.1938.76 Safari/537.36"
172.203.190.133 - - [24/Jan/2025:03:17:46 +0300] "GET /local/templates/monolitsochi/js/detectmobilebrowser.js?17123976542203= HTTP/2.0" 200 1380 "-" "Mozilla/5.0 (Macintosh; Intel Mac OS X 10_15_7) AppleWebKit/537.36 (KHTML, like Gecko) Chrome/131.0.0.0 Safari/537.36; compatible; OAI-SearchBot/1.0; +https://openai.com/searchbot"
213.180.203.54 - - [24/Jan/2025:03:17:46 +0300] "GET /local/templates/monolitsochi/components/bitrix/menu/menu_new/script.js?17186142521947 HTTP/1.1" 200 637 "https://monolith-realty.ru/product/anapa/kottedzhi/kp-shishka-park/" "Mozilla/5.0 (compatible; YandexRenderResourcesBot/1.0; +http://yandex.com/bots) AppleWebKit/537.36 (KHTML, like Gecko) Chrome/108.0.0.0"
95.108.213.188 - - [24/Jan/2025:03:17:46 +0300] "GET /local/templates/monolitsochi/components/bitrix/search.title/fixed/script.js?171239765310201 HTTP/1.1" 200 2674 "https://monolith-realty.ru/product/anapa/kottedzhi/kp-shishka-park/" "Mozilla/5.0 (compatible; YandexRenderResourcesBot/1.0; +http://yandex.com/bots) AppleWebKit/537.36 (KHTML, like Gecko) Chrome/108.0.0.0"
95.108.213.245 - - [24/Jan/2025:03:17:54 +0300] "GET /product/dubai/villy-i-taunkhausy/the-lakeshore/ HTTP/1.0" 200 65696 "-" "Mozilla/5.0 (compatible; YandexBot/3.0; +http://yandex.com/bots) AppleWebKit/537.36 (KHTML, like Gecko) Chrome/108.0.0.0"
172.203.190.141 - - [24/Jan/2025:03:17:55 +0300] "GET /local/templates/monolitsochi/js/general.js?1712397654190908= HTTP/2.0" 200 40218 "-" "Mozilla/5.0 (Macintosh; Intel Mac OS X 10_15_7) AppleWebKit/537.36 (KHTML, like Gecko) Chrome/131.0.0.0 Safari/537.36; compatible; OAI-SearchBot/1.0; +https://openai.com/searchbot"
172.203.190.131 - - [24/Jan/2025:03:18:04 +0300] "GET /local/templates/monolitsochi/js/jqModal.js?171239765411178= HTTP/2.0" 200 3954 "-" "Mozilla/5.0 (Macintosh; Intel Mac OS X 10_15_7) AppleWebKit/537.36 (KHTML, like Gecko) Chrome/131.0.0.0 Safari/537.36; compatible; OAI-SearchBot/1.0; +https://openai.com/searchbot"
213.180.203.222 - - [24/Jan/2025:03:18:04 +0300] "GET /product/Moskva/zhk-city-bay-moskva/ HTTP/1.0" 200 51235 "-" "Mozilla/5.0 (compatible; YandexBot/3.0; +http://yandex.com/bots) AppleWebKit/537.36 (KHTML, like Gecko) Chrome/108.0.0.0"
5.255.231.68 - - [24/Jan/2025:03:18:10 +0300] "GET /product/novorossiysk/zhk-oblaka-2-novorossiysk/?_ym_status-check=89658089&_ym_lang=ru HTTP/1.0" 200 74349 "-" "Mozilla/5.0 (compatible; YandexBot/3.0; +http://yandex.com/bots) AppleWebKit/537.36 (KHTML, like Gecko) Chrome/108.0.0.0"
172.203.190.128 - - [24/Jan/2025:03:18:13 +0300] "GET /local/templates/monolitsochi/js/jquery-ui.min.js?171239765432162= HTTP/2.0" 200 10039 "-" "Mozilla/5.0 (Macintosh; Intel Mac OS X 10_15_7) AppleWebKit/537.36 (KHTML, like Gecko) Chrome/131.0.0.0 Safari/537.36; compatible; OAI-SearchBot/1.0; +https://openai.com/searchbot"
87.250.224.3 - - [24/Jan/2025:03:18:20 +0300] "GET /product/novorossiysk/zhk-oblaka-2-novorossiysk/?_ym_status-check=89658089&_ym_lang=ru HTTP/1.0" 200 74348 "-" "Mozilla/5.0 (compatible; YandexBot/3.0; +http://yandex.com/bots) AppleWebKit/537.36 (KHTML, like Gecko) Chrome/108.0.0.0"
95.108.213.177 - - [24/Jan/2025:03:18:20 +0300] "GET /product/Sochi/zhilye-kompleksy/dlya-investitsiy/gk-panorama-achishkho/ HTTP/1.0" 200 66324 "-" "Mozilla/5.0 (compatible; YandexBot/3.0; +http://yandex.com/bots) AppleWebKit/537.36 (KHTML, like Gecko) Chrome/108.0.0.0"
213.180.203.214 - - [24/Jan/2025:03:18:20 +0300] "GET /product/Sochi/gk-polyana-pik/ HTTP/1.0" 200 69949 "-" "Mozilla/5.0 (compatible; YandexBot/3.0; +http://yandex.com/bots) AppleWebKit/537.36 (KHTML, like Gecko) Chrome/108.0.0.0"
87.250.224.208 - - [24/Jan/2025:03:18:21 +0300] "GET /product/anapa/zhk-holiday-house-anapa/ HTTP/1.0" 200 63938 "-" "Mozilla/5.0 (compatible; YandexBot/3.0; +http://yandex.com/bots) AppleWebKit/537.36 (KHTML, like Gecko) Chrome/108.0.0.0"
5.255.231.49 - - [24/Jan/2025:03:18:21 +0300] "GET /local/templates/monolitsochi/vendor/js/ripple.js?17123976544702 HTTP/1.1" 200 1442 "https://monolith-realty.ru/product/novorossiysk/zhk-oblaka-2-novorossiysk/?_ym_status-check=89658089&_ym_lang=ru" "Mozilla/5.0 (compatible; YandexRenderResourcesBot/1.0; +http://yandex.com/bots) AppleWebKit/537.36 (KHTML, like Gecko) Chrome/108.0.0.0"
213.180.203.116 - - [24/Jan/2025:03:18:21 +0300] "GET /local/templates/monolitsochi/vendor/js/ripple.js?17123976544702 HTTP/1.1" 200 1442 "https://monolith-realty.ru/product/Sochi/zhilye-kompleksy/dlya-investitsiy/gk-panorama-achishkho/" "Mozilla/5.0 (compatible; YandexRenderResourcesBot/1.0; +http://yandex.com/bots) AppleWebKit/537.36 (KHTML, like Gecko) Chrome/108.0.0.0"
172.203.190.141 - - [24/Jan/2025:03:18:22 +0300] "GET /local/templates/monolitsochi/js/jquery.actual.min.js?17123976541239= HTTP/2.0" 200 685 "-" "Mozilla/5.0 (Macintosh; Intel Mac OS X 10_15_7) AppleWebKit/537.36 (KHTML, like Gecko) Chrome/131.0.0.0 Safari/537.36; compatible; OAI-SearchBot/1.0; +https://openai.com/searchbot"
213.180.203.131 - - [24/Jan/2025:03:18:22 +0300] "GET /product/Sochi/zhilye-kompleksy/dlya-investitsiy/ak-adagio-le-rond-sochi/ HTTP/1.0" 200 63734 "-" "Mozilla/5.0 (compatible; YandexBot/3.0; +http://yandex.com/bots) AppleWebKit/537.36 (KHTML, like Gecko) Chrome/108.0.0.0"
95.108.213.160 - - [24/Jan/2025:03:18:22 +0300] "GET /product/Vtorichka236/kvartiry-i-studii/neskuchnyy-sad/ HTTP/1.0" 200 51564 "-" "Mozilla/5.0 (compatible; YandexBot/3.0; +http://yandex.com/bots) AppleWebKit/537.36 (KHTML, like Gecko) Chrome/108.0.0.0"
54.36.148.88 - - [24/Jan/2025:03:18:25 +0300] "GET /company/reviews/ HTTP/1.0" 200 61012 "-" "Mozilla/5.0 (compatible; AhrefsBot/7.0; +http://ahrefs.com/robot/)"
172.203.190.139 - - [24/Jan/2025:03:18:31 +0300] "GET /local/templates/monolitsochi/js/jquery.alphanumeric.js?17123976541901= HTTP/2.0" 200 676 "-" "Mozilla/5.0 (Macintosh; Intel Mac OS X 10_15_7) AppleWebKit/537.36 (KHTML, like Gecko) Chrome/131.0.0.0 Safari/537.36; compatible; OAI-SearchBot/1.0; +https://openai.com/searchbot"
87.250.224.6 - - [24/Jan/2025:03:18:33 +0300] "GET /product/anapa/kottedzhi/kp-shishka-park/ HTTP/1.0" 200 66118 "-" "Mozilla/5.0 (compatible; YandexBot/3.0; +http://yandex.com/bots) AppleWebKit/537.36 (KHTML, like Gecko) Chrome/108.0.0.0"
34.206.204.40 - - [24/Jan/2025:03:18:38 +0300] "GET / HTTP/1.0" 200 688517 "-" "BitrixCloud Monitoring/1.0"
172.203.190.141 - - [24/Jan/2025:03:18:40 +0300] "GET /local/templates/monolitsochi/js/jquery.autocomplete.js?171239765432714= HTTP/2.0" 200 7123 "-" "Mozilla/5.0 (Macintosh; Intel Mac OS X 10_15_7) AppleWebKit/537.36 (KHTML, like Gecko) Chrome/131.0.0.0 Safari/537.36; compatible; OAI-SearchBot/1.0; +https://openai.com/searchbot"
87.250.224.3 - - [24/Jan/2025:03:18:40 +0300] "GET /product/dubai/azizi-riviera-1/ HTTP/1.0" 200 66205 "-" "Mozilla/5.0 (compatible; YandexBot/3.0; +http://yandex.com/bots) AppleWebKit/537.36 (KHTML, like Gecko) Chrome/108.0.0.0"
95.108.213.188 - - [24/Jan/2025:03:18:42 +0300] "GET /local/templates/monolitsochi/js/observer.js?17123976546819 HTTP/1.1" 200 1830 "https://monolith-realty.ru/product/dubai/azizi-riviera-1/" "Mozilla/5.0 (compatible; YandexRenderResourcesBot/1.0; +http://yandex.com/bots) AppleWebKit/537.36 (KHTML, like Gecko) Chrome/108.0.0.0"
213.180.203.54 - - [24/Jan/2025:03:18:45 +0300] "GET /product-investor/sochi/studiya-24-6-v-zhk-letniy3566/ HTTP/1.0" 200 63265 "-" "Mozilla/5.0 (compatible; YandexBot/3.0; +http://yandex.com/bots) AppleWebKit/537.36 (KHTML, like Gecko) Chrome/108.0.0.0"
172.203.190.129 - - [24/Jan/2025:03:18:49 +0300] "GET /local/templates/monolitsochi/js/jquery.countdown-ru.js?17123976541866= HTTP/2.0" 200 563 "-" "Mozilla/5.0 (Macintosh; Intel Mac OS X 10_15_7) AppleWebKit/537.36 (KHTML, like Gecko) Chrome/131.0.0.0 Safari/537.36; compatible; OAI-SearchBot/1.0; +https://openai.com/searchbot"
172.203.190.135 - - [24/Jan/2025:03:18:51 +0300] "GET /local/templates/monolitsochi/js/jquery.countdown.min.js?171239765420851= HTTP/2.0" 200 5195 "-" "Mozilla/5.0 (Macintosh; Intel Mac OS X 10_15_7) AppleWebKit/537.36 (KHTML, like Gecko) Chrome/131.0.0.0 Safari/537.36; compatible; OAI-SearchBot/1.0; +https://openai.com/searchbot"
95.108.213.245 - - [24/Jan/2025:03:18:52 +0300] "GET /product/Sochi/kottedzhi-i-taunkhausy/zelandiya/ HTTP/1.0" 200 65070 "-" "Mozilla/5.0 (compatible; YandexBot/3.0; +http://yandex.com/bots) AppleWebKit/537.36 (KHTML, like Gecko) Chrome/108.0.0.0"
172.203.190.141 - - [24/Jan/2025:03:18:53 +0300] "GET /local/templates/monolitsochi/js/jquery.fancybox.js?1712397654160667= HTTP/2.0" 200 39916 "-" "Mozilla/5.0 (Macintosh; Intel Mac OS X 10_15_7) AppleWebKit/537.36 (KHTML, like Gecko) Chrome/131.0.0.0 Safari/537.36; compatible; OAI-SearchBot/1.0; +https://openai.com/searchbot"
172.203.190.131 - - [24/Jan/2025:03:18:55 +0300] "GET /local/templates/monolitsochi/js/jquery.inputmask.bundle.min.js?171239765470933= HTTP/2.0" 200 22644 "-" "Mozilla/5.0 (Macintosh; Intel Mac OS X 10_15_7) AppleWebKit/537.36 (KHTML, like Gecko) Chrome/131.0.0.0 Safari/537.36; compatible; OAI-SearchBot/1.0; +https://openai.com/searchbot"
172.203.190.134 - - [24/Jan/2025:03:18:57 +0300] "GET /local/templates/monolitsochi/js/jquery.mCustomScrollbar.js?1712397654121783= HTTP/2.0" 200 24774 "-" "Mozilla/5.0 (Macintosh; Intel Mac OS X 10_15_7) AppleWebKit/537.36 (KHTML, like Gecko) Chrome/131.0.0.0 Safari/537.36; compatible; OAI-SearchBot/1.0; +https://openai.com/searchbot"
172.203.190.141 - - [24/Jan/2025:03:18:59 +0300] "GET /local/templates/monolitsochi/js/jquery.mobile.custom.touch.min.js?17123976547743= HTTP/2.0" 200 2900 "-" "Mozilla/5.0 (Macintosh; Intel Mac OS X 10_15_7) AppleWebKit/537.36 (KHTML, like Gecko) Chrome/131.0.0.0 Safari/537.36; compatible; OAI-SearchBot/1.0; +https://openai.com/searchbot"
172.203.190.140 - - [24/Jan/2025:03:19:01 +0300] "GET /local/templates/monolitsochi/js/jquery.plugin.min.js?17123976543349= HTTP/2.0" 200 1455 "-" "Mozilla/5.0 (Macintosh; Intel Mac OS X 10_15_7) AppleWebKit/537.36 (KHTML, like Gecko) Chrome/131.0.0.0 Safari/537.36; compatible; OAI-SearchBot/1.0; +https://openai.com/searchbot"
172.203.190.131 - - [24/Jan/2025:03:19:03 +0300] "GET /local/templates/monolitsochi/js/jquery.uniform.min.js?17123976548308= HTTP/2.0" 200 3035 "-" "Mozilla/5.0 (Macintosh; Intel Mac OS X 10_15_7) AppleWebKit/537.36 (KHTML, like Gecko) Chrome/131.0.0.0 Safari/537.36; compatible; OAI-SearchBot/1.0; +https://openai.com/searchbot"
172.203.190.138 - - [24/Jan/2025:03:19:05 +0300] "GET /local/templates/monolitsochi/js/matchMedia.js?17123976541585= HTTP/2.0" 200 702 "-" "Mozilla/5.0 (Macintosh; Intel Mac OS X 10_15_7) AppleWebKit/537.36 (KHTML, like Gecko) Chrome/131.0.0.0 Safari/537.36; compatible; OAI-SearchBot/1.0; +https://openai.com/searchbot"
172.203.190.141 - - [24/Jan/2025:03:19:07 +0300] "GET /local/templates/monolitsochi/js/observer.js?17123976546819= HTTP/2.0" 200 1818 "-" "Mozilla/5.0 (Macintosh; Intel Mac OS X 10_15_7) AppleWebKit/537.36 (KHTML, like Gecko) Chrome/131.0.0.0 Safari/537.36; compatible; OAI-SearchBot/1.0; +https://openai.com/searchbot"
172.203.190.131 - - [24/Jan/2025:03:19:09 +0300] "GET /local/templates/monolitsochi/js/phones.js?17123976544664= HTTP/2.0" 200 1452 "-" "Mozilla/5.0 (Macintosh; Intel Mac OS X 10_15_7) AppleWebKit/537.36 (KHTML, like Gecko) Chrome/131.0.0.0 Safari/537.36; compatible; OAI-SearchBot/1.0; +https://openai.com/searchbot"
172.203.190.130 - - [24/Jan/2025:03:19:11 +0300] "GET /local/templates/monolitsochi/js/scrollTabs.js?171239765413657= HTTP/2.0" 200 2621 "-" "Mozilla/5.0 (Macintosh; Intel Mac OS X 10_15_7) AppleWebKit/537.36 (KHTML, like Gecko) Chrome/131.0.0.0 Safari/537.36; compatible; OAI-SearchBot/1.0; +https://openai.com/searchbot"
172.203.190.140 - - [24/Jan/2025:03:19:13 +0300] "GET /local/templates/monolitsochi/js/setTheme.php?site_dir=%2F&site_id=s1 HTTP/1.0" 200 16882 "-" "Mozilla/5.0 (Macintosh; Intel Mac OS X 10_15_7) AppleWebKit/537.36 (KHTML, like Gecko) Chrome/131.0.0.0 Safari/537.36; compatible; OAI-SearchBot/1.0; +https://openai.com/searchbot"
54.36.148.7 - - [24/Jan/2025:03:19:14 +0300] "GET /company/partnership/ HTTP/1.0" 200 60530 "-" "Mozilla/5.0 (compatible; AhrefsBot/7.0; +http://ahrefs.com/robot/)"
172.203.190.141 - - [24/Jan/2025:03:19:15 +0300] "GET /local/templates/monolitsochi/js/speed.min.js?=1712397654 HTTP/2.0" 200 2095 "-" "Mozilla/5.0 (Macintosh; Intel Mac OS X 10_15_7) AppleWebKit/537.36 (KHTML, like Gecko) Chrome/131.0.0.0 Safari/537.36; compatible; OAI-SearchBot/1.0; +https://openai.com/searchbot"
172.203.190.141 - - [24/Jan/2025:03:19:17 +0300] "GET /local/templates/monolitsochi/vendor/bootstrap.js?171239765327908= HTTP/2.0" 200 7311 "-" "Mozilla/5.0 (Macintosh; Intel Mac OS X 10_15_7) AppleWebKit/537.36 (KHTML, like Gecko) Chrome/131.0.0.0 Safari/537.36; compatible; OAI-SearchBot/1.0; +https://openai.com/searchbot"
172.203.190.140 - - [24/Jan/2025:03:19:19 +0300] "GET /local/templates/monolitsochi/vendor/jquery.cookie.js?17123976532426= HTTP/2.0" 200 1058 "-" "Mozilla/5.0 (Macintosh; Intel Mac OS X 10_15_7) AppleWebKit/537.36 (KHTML, like Gecko) Chrome/131.0.0.0 Safari/537.36; compatible; OAI-SearchBot/1.0; +https://openai.com/searchbot"
5.255.231.68 - - [24/Jan/2025:03:19:20 +0300] "GET /upload/iblock/88e/mf9sqvcjadpr0s4u51ehdowm15hax74q.jpg HTTP/1.1" 200 86065 "-" "Mozilla/5.0 (compatible; YandexImages/3.0; +http://yandex.com/bots)"
213.180.203.222 - - [24/Jan/2025:03:19:20 +0300] "GET /upload/iblock/712/e9939gu85yexam913s94vb5st5u0pikl.jpg HTTP/1.1" 200 34437 "-" "Mozilla/5.0 (compatible; YandexImages/3.0; +http://yandex.com/bots)"
87.250.224.3 - - [24/Jan/2025:03:19:20 +0300] "GET /upload/iblock/72f/j8youe638hkokr4y9imss3p8pplyd5qy/Screenshot_10.png HTTP/1.1" 200 183813 "-" "Mozilla/5.0 (compatible; YandexImages/3.0; +http://yandex.com/bots)"
213.180.203.214 - - [24/Jan/2025:03:19:21 +0300] "GET /product/Moskva/zhk-city-bay-moskva/ HTTP/1.0" 200 51233 "-" "Mozilla/5.0 (compatible; YandexBot/3.0; +http://yandex.com/bots) AppleWebKit/537.36 (KHTML, like Gecko) Chrome/108.0.0.0"
172.203.190.134 - - [24/Jan/2025:03:19:21 +0300] "GET /local/templates/monolitsochi/vendor/jquery.easing.js?17123976538897= HTTP/2.0" 200 1996 "-" "Mozilla/5.0 (Macintosh; Intel Mac OS X 10_15_7) AppleWebKit/537.36 (KHTML, like Gecko) Chrome/131.0.0.0 Safari/537.36; compatible; OAI-SearchBot/1.0; +https://openai.com/searchbot"
95.108.213.177 - - [24/Jan/2025:03:19:22 +0300] "GET /product/Sochi/kottedzhi-i-taunkhausy/zelandiya/ HTTP/1.0" 200 65069 "-" "Mozilla/5.0 (compatible; YandexBot/3.0; +http://yandex.com/bots) AppleWebKit/537.36 (KHTML, like Gecko) Chrome/108.0.0.0"
87.250.224.208 - - [24/Jan/2025:03:19:23 +0300] "GET /upload/iblock/9ae/7ym1ack81w0wdhychmhx72xg9x4i9p2y.jpg HTTP/1.1" 200 90411 "-" "Mozilla/5.0 (compatible; YandexImages/3.0; +http://yandex.com/bots)"
5.255.231.49 - - [24/Jan/2025:03:19:23 +0300] "GET /upload/iblock/fa7/42713jperkef0jfggnrl6najr6y21uk0.jpg HTTP/1.1" 200 32253 "-" "Mozilla/5.0 (compatible; YandexImages/3.0; +http://yandex.com/bots)"
213.180.203.116 - - [24/Jan/2025:03:19:23 +0300] "GET /upload/iblock/222/9ni2q74kxlh1u27x88jeu17b6ypm8rzg.jpg HTTP/1.1" 200 55028 "-" "Mozilla/5.0 (compatible; YandexImages/3.0; +http://yandex.com/bots)"
213.180.203.131 - - [24/Jan/2025:03:19:23 +0300] "GET /upload/iblock/518/ib2owwozi57tj0ykegqpoc5ajpjl7pxl.jpg HTTP/1.1" 200 122066 "-" "Mozilla/5.0 (compatible; YandexImages/3.0; +http://yandex.com/bots)"
172.203.190.141 - - [24/Jan/2025:03:19:23 +0300] "GET /local/templates/monolitsochi/vendor/jquery.validate.min.js?171239765322254= HTTP/2.0" 200 7109 "-" "Mozilla/5.0 (Macintosh; Intel Mac OS X 10_15_7) AppleWebKit/537.36 (KHTML, like Gecko) Chrome/131.0.0.0 Safari/537.36; compatible; OAI-SearchBot/1.0; +https://openai.com/searchbot"
87.250.224.6 - - [24/Jan/2025:03:19:23 +0300] "GET /upload/iblock/257/qxw01hvwi9pkrf94ujmbu4ojk9gpx4oq.jpg HTTP/1.1" 200 50140 "-" "Mozilla/5.0 (compatible; YandexImages/3.0; +http://yandex.com/bots)"
95.108.213.160 - - [24/Jan/2025:03:19:23 +0300] "GET /upload/iblock/ea4/nbafcn70en2e5ohr4sweog24ctu77yq8.jpg HTTP/1.1" 200 59977 "-" "Mozilla/5.0 (compatible; YandexImages/3.0; +http://yandex.com/bots)"
95.108.213.188 - - [24/Jan/2025:03:19:24 +0300] "GET /upload/resize_cache/iblock/ba8/ai74y9bhwa6fu0qn9439m4y14mr3i84h/1500_1500_0/1-Bedroom-Corner-38-sqm.jpg HTTP/1.1" 304 0 "-" "Mozilla/5.0 (compatible; YandexImages/3.0; +http://yandex.com/bots)"
172.203.190.140 - - [24/Jan/2025:03:19:25 +0300] "GET /local/templates/monolitsochi/vendor/js/carousel/owl/owl.carousel.js?171239765492431= HTTP/2.0" 200 21015 "-" "Mozilla/5.0 (Macintosh; Intel Mac OS X 10_15_7) AppleWebKit/537.36 (KHTML, like Gecko) Chrome/131.0.0.0 Safari/537.36; compatible; OAI-SearchBot/1.0; +https://openai.com/searchbot"
172.203.190.134 - - [24/Jan/2025:03:19:27 +0300] "GET /local/templates/monolitsochi/vendor/js/ripple.js?17123976544702= HTTP/2.0" 200 1430 "-" "Mozilla/5.0 (Macintosh; Intel Mac OS X 10_15_7) AppleWebKit/537.36 (KHTML, like Gecko) Chrome/131.0.0.0 Safari/537.36; compatible; OAI-SearchBot/1.0; +https://openai.com/searchbot"
172.203.190.141 - - [24/Jan/2025:03:19:29 +0300] "GET /local/templates/monolitsochi/vendor/lazysizes.min.js HTTP/2.0" 200 3308 "-" "Mozilla/5.0 (Macintosh; Intel Mac OS X 10_15_7) AppleWebKit/537.36 (KHTML, like Gecko) Chrome/131.0.0.0 Safari/537.36; compatible; OAI-SearchBot/1.0; +https://openai.com/searchbot"
172.203.190.143 - - [24/Jan/2025:03:19:31 +0300] "GET /local/templates/monolitsochi/vendor/ls.unveilhooks.min.js HTTP/2.0" 200 690 "-" "Mozilla/5.0 (Macintosh; Intel Mac OS X 10_15_7) AppleWebKit/537.36 (KHTML, like Gecko) Chrome/131.0.0.0 Safari/537.36; compatible; OAI-SearchBot/1.0; +https://openai.com/searchbot"
87.250.224.3 - - [24/Jan/2025:03:19:40 +0300] "GET /upload/iblock/ce2/o5ceu99zts4tqkyod1hqdpio74czssqy.png HTTP/1.1" 200 1038790 "-" "Mozilla/5.0 (compatible; YandexImages/3.0; +http://yandex.com/bots)"
213.180.203.54 - - [24/Jan/2025:03:19:43 +0300] "GET /product/anapa/kottedzhi/kp-shishka-park/ HTTP/1.0" 200 66121 "-" "Mozilla/5.0 (compatible; YandexBot/3.0; +http://yandex.com/bots) AppleWebKit/537.36 (KHTML, like Gecko) Chrome/108.0.0.0"
95.108.213.245 - - [24/Jan/2025:03:19:52 +0300] "GET /upload/iblock/32f/1sks1omtkhbvjoan5cfgtal1bs89o253/Screenshot_5.png HTTP/1.1" 200 934984 "-" "Mozilla/5.0 (compatible; YandexImages/3.0; +http://yandex.com/bots)"
213.180.203.222 - - [24/Jan/2025:03:19:54 +0300] "GET /upload/iblock/d14/zixm3dlyy8ek6opc26bbp84ryx81p2ok/1_1_24_page_0001.jpg HTTP/1.1" 200 39457 "-" "Mozilla/5.0 (compatible; YandexImages/3.0; +http://yandex.com/bots)"
54.36.148.88 - - [24/Jan/2025:03:20:08 +0300] "GET /product/Sochi/zhilye-kompleksy/sdannye-obekty/ HTTP/1.0" 200 59944 "-" "Mozilla/5.0 (compatible; AhrefsBot/7.0; +http://ahrefs.com/robot/)"
5.255.231.68 - - [24/Jan/2025:03:20:10 +0300] "GET /upload/iblock/013/y7zqigonnj9v61840ejvqhx3elxcvqem.jpg HTTP/1.1" 200 107734 "-" "Mozilla/5.0 (compatible; YandexImages/3.0; +http://yandex.com/bots)"
91.240.103.148 - - [24/Jan/2025:03:20:26 +0300] "GET /upload/iblock/ac8/ia045w025iw15taicokf210kf039plkk/2451_novorossijsk_2017_11_09.jpg HTTP/2.0" 200 8347537 "https://yandex.ru/" "Mozilla/5.0 (Linux; arm_64; Android 13; SM-A226B) AppleWebKit/537.36 (KHTML, like Gecko) Chrome/130.0.6723.797 YaApp_Android/24.123.1 YaSearchBrowser/24.123.1 BroPP/1.0 SA/3 Mobile Safari/537.36"
