213.87.151.31 - - [03/Feb/2025:02:03:43 +0300] "GET /upload/iblock/7a4/v953vzqhbu9o0cyf2b2td1rdflumdym0/IMG_9464.jpg HTTP/1.1" 200 49406 "https://monolith-realty.ru/" "Mozilla/5.0 (Windows NT 10.0; Win64; x64) AppleWebKit/537.36 (KHTML, like Gecko) Chrome/130.0.0.0 YaBrowser/24.12.0.0 Safari/537.36"
213.87.151.31 - - [03/Feb/2025:02:03:43 +0300] "GET /upload/iblock/9b1/md4ltokgt5itrsxbtmzjsoz3l2gpz8p0/Group-944-_2x_.png HTTP/1.1" 200 2883310 "https://monolith-realty.ru/" "Mozilla/5.0 (Windows NT 10.0; Win64; x64) AppleWebKit/537.36 (KHTML, like Gecko) Chrome/130.0.0.0 YaBrowser/24.12.0.0 Safari/537.36"
213.87.151.31 - - [03/Feb/2025:02:03:44 +0300] "GET /upload/iblock/021/qwosyfkee007hzdztbxugtl8ydxg1mnq.jpg HTTP/1.1" 200 602196 "https://monolith-realty.ru/" "Mozilla/5.0 (Windows NT 10.0; Win64; x64) AppleWebKit/537.36 (KHTML, like Gecko) Chrome/130.0.0.0 YaBrowser/24.12.0.0 Safari/537.36"
213.87.151.31 - - [03/Feb/2025:02:03:46 +0300] "GET /upload/resize_cache/iblock/a9f/80_80_2/q4tg3c9n3ui49xh81knw6n0oxoeaw3j6.jpeg HTTP/1.1" 200 5061 "https://monolith-realty.ru/" "Mozilla/5.0 (Windows NT 10.0; Win64; x64) AppleWebKit/537.36 (KHTML, like Gecko) Chrome/130.0.0.0 YaBrowser/24.12.0.0 Safari/537.36"
213.87.151.31 - - [03/Feb/2025:02:03:48 +0300] "GET /upload/iblock/c78/gwoqrc4d0je5u7k2ozkx5r8is6z70hyx/Screenshot_14.png HTTP/1.1" 200 479647 "https://monolith-realty.ru/" "Mozilla/5.0 (Windows NT 10.0; Win64; x64) AppleWebKit/537.36 (KHTML, like Gecko) Chrome/130.0.0.0 YaBrowser/24.12.0.0 Safari/537.36"
213.87.151.31 - - [03/Feb/2025:02:03:49 +0300] "GET /upload/iblock/350/gc1450qrgg1v9tpsq0kl29dwnw6f3kzz/Screenshot_11.png HTTP/1.1" 200 439369 "https://monolith-realty.ru/" "Mozilla/5.0 (Windows NT 10.0; Win64; x64) AppleWebKit/537.36 (KHTML, like Gecko) Chrome/130.0.0.0 YaBrowser/24.12.0.0 Safari/537.36"
213.87.151.31 - - [03/Feb/2025:02:03:49 +0300] "GET /upload/iblock/67f/hq55tnuyzy22oof8b1mdn9mg0779q22l/Screenshot_66.png HTTP/1.1" 200 466844 "https://monolith-realty.ru/" "Mozilla/5.0 (Windows NT 10.0; Win64; x64) AppleWebKit/537.36 (KHTML, like Gecko) Chrome/130.0.0.0 YaBrowser/24.12.0.0 Safari/537.36"
213.87.151.31 - - [03/Feb/2025:02:03:49 +0300] "GET /upload/iblock/7c9/lxdkvptkndu90tgdxl5cpg1gwxqcgb9o/photo_2024_05_15_11.18.26.jpeg HTTP/1.1" 200 251409 "https://monolith-realty.ru/" "Mozilla/5.0 (Windows NT 10.0; Win64; x64) AppleWebKit/537.36 (KHTML, like Gecko) Chrome/130.0.0.0 YaBrowser/24.12.0.0 Safari/537.36"
213.87.151.31 - - [03/Feb/2025:02:03:50 +0300] "GET /upload/medialibrary/e5d/2ygrc41rg8w9jc1z8wo1038yykf5aake/Screenshot_68.png HTTP/1.1" 200 875514 "https://monolith-realty.ru/" "Mozilla/5.0 (Windows NT 10.0; Win64; x64) AppleWebKit/537.36 (KHTML, like Gecko) Chrome/130.0.0.0 YaBrowser/24.12.0.0 Safari/537.36"
213.87.151.31 - - [03/Feb/2025:02:03:50 +0300] "GET /upload/form/d82/c0z02ru06m0tlyuzyw90nf7m8021th3m/IMG_5955.JPG HTTP/1.1" 200 71014 "https://monolith-realty.ru/" "Mozilla/5.0 (Windows NT 10.0; Win64; x64) AppleWebKit/537.36 (KHTML, like Gecko) Chrome/130.0.0.0 YaBrowser/24.12.0.0 Safari/537.36"
213.87.151.31 - - [03/Feb/2025:02:03:50 +0300] "GET /upload/iblock/eca/p2ce37yww8cid6874bxwzeo1y03tk4ea/Screenshot_5.png HTTP/1.1" 200 1299165 "https://monolith-realty.ru/" "Mozilla/5.0 (Windows NT 10.0; Win64; x64) AppleWebKit/537.36 (KHTML, like Gecko) Chrome/130.0.0.0 YaBrowser/24.12.0.0 Safari/537.36"
213.87.151.31 - - [03/Feb/2025:02:03:51 +0300] "GET /upload/iblock/ab6/233iz9358ksynsshd0pxkpdxqwtnylga/8.jpg HTTP/1.1" 200 2484245 "https://monolith-realty.ru/" "Mozilla/5.0 (Windows NT 10.0; Win64; x64) AppleWebKit/537.36 (KHTML, like Gecko) Chrome/130.0.0.0 YaBrowser/24.12.0.0 Safari/537.36"
213.87.151.31 - - [03/Feb/2025:02:03:53 +0300] "GET /upload/resize_cache/iblock/d08/90_60_0/r2qmq1jh8qbjszms9508ji2iscaf4g05.jpg HTTP/1.1" 200 6053 "https://monolith-realty.ru/" "Mozilla/5.0 (Windows NT 10.0; Win64; x64) AppleWebKit/537.36 (KHTML, like Gecko) Chrome/130.0.0.0 YaBrowser/24.12.0.0 Safari/537.36"
213.87.151.31 - - [03/Feb/2025:02:03:53 +0300] "GET /upload/resize_cache/iblock/cd5/90_60_0/n1ro0mrt2trfvioijbyl0y47ca5618c2.jpg HTTP/1.1" 200 4664 "https://monolith-realty.ru/" "Mozilla/5.0 (Windows NT 10.0; Win64; x64) AppleWebKit/537.36 (KHTML, like Gecko) Chrome/130.0.0.0 YaBrowser/24.12.0.0 Safari/537.36"
213.87.151.31 - - [03/Feb/2025:02:03:53 +0300] "GET /upload/resize_cache/iblock/776/ghuppa5io8zttf4xtrpbuc5g8rlfywic/90_60_0/1682577793_almode_ru_p_dostoprimechatelnosti_krabi_tailand_63.jpg HTTP/1.1" 200 5506 "https://monolith-realty.ru/" "Mozilla/5.0 (Windows NT 10.0; Win64; x64) AppleWebKit/537.36 (KHTML, like Gecko) Chrome/130.0.0.0 YaBrowser/24.12.0.0 Safari/537.36"
213.87.151.31 - - [03/Feb/2025:02:03:53 +0300] "GET /upload/resize_cache/iblock/dd1/90_60_0/fwxink2i4usk11tfytghpq41yn93l725.jpg HTTP/1.1" 200 4056 "https://monolith-realty.ru/" "Mozilla/5.0 (Windows NT 10.0; Win64; x64) AppleWebKit/537.36 (KHTML, like Gecko) Chrome/130.0.0.0 YaBrowser/24.12.0.0 Safari/537.36"
213.87.151.31 - - [03/Feb/2025:02:03:53 +0300] "GET /upload/resize_cache/iblock/7d3/90_60_0/ebzif1ql3en08g16zck8v3fxyuza7bi2.jpg HTTP/1.1" 200 5225 "https://monolith-realty.ru/" "Mozilla/5.0 (Windows NT 10.0; Win64; x64) AppleWebKit/537.36 (KHTML, like Gecko) Chrome/130.0.0.0 YaBrowser/24.12.0.0 Safari/537.36"
213.87.151.31 - - [03/Feb/2025:02:03:53 +0300] "GET /upload/resize_cache/iblock/11f/nv3fij3hs23phnktagmsjlmfv1z86v08/90_60_0/6f5a9g4k1c1_1920.jpg HTTP/1.1" 200 3462 "https://monolith-realty.ru/" "Mozilla/5.0 (Windows NT 10.0; Win64; x64) AppleWebKit/537.36 (KHTML, like Gecko) Chrome/130.0.0.0 YaBrowser/24.12.0.0 Safari/537.36"
213.87.151.31 - - [03/Feb/2025:02:03:53 +0300] "GET /upload/resize_cache/iblock/3f1/90_60_0/v0qyyqda78ab1g4qkgu8cx38gr9wee51.jpg HTTP/1.1" 200 5391 "https://monolith-realty.ru/" "Mozilla/5.0 (Windows NT 10.0; Win64; x64) AppleWebKit/537.36 (KHTML, like Gecko) Chrome/130.0.0.0 YaBrowser/24.12.0.0 Safari/537.36"
213.87.151.31 - - [03/Feb/2025:02:03:53 +0300] "GET /upload/resize_cache/iblock/7bb/90_60_0/w4006ufmvo0nn0m9pq0msu67tkbyasky.jpg HTTP/1.1" 200 4343 "https://monolith-realty.ru/" "Mozilla/5.0 (Windows NT 10.0; Win64; x64) AppleWebKit/537.36 (KHTML, like Gecko) Chrome/130.0.0.0 YaBrowser/24.12.0.0 Safari/537.36"
213.87.151.31 - - [03/Feb/2025:02:03:53 +0300] "GET /upload/resize_cache/iblock/d33/y47ebr1qypf6en6rj60miwann89wcnxc/90_60_0/mardin_turkey_authentic.jpg HTTP/1.1" 200 5487 "https://monolith-realty.ru/" "Mozilla/5.0 (Windows NT 10.0; Win64; x64) AppleWebKit/537.36 (KHTML, like Gecko) Chrome/130.0.0.0 YaBrowser/24.12.0.0 Safari/537.36"
213.87.151.31 - - [03/Feb/2025:02:03:53 +0300] "GET /upload/resize_cache/iblock/c1d/7nkyp1tp9497av4ammpftn4yzubf3ckl/90_60_0/REEF_5.jpg HTTP/1.1" 200 5156 "https://monolith-realty.ru/" "Mozilla/5.0 (Windows NT 10.0; Win64; x64) AppleWebKit/537.36 (KHTML, like Gecko) Chrome/130.0.0.0 YaBrowser/24.12.0.0 Safari/537.36"
213.87.151.31 - - [03/Feb/2025:02:03:54 +0300] "GET /favicon.ico HTTP/1.0" 200 1414 "https://monolith-realty.ru/" "Mozilla/5.0 (Windows NT 10.0; Win64; x64) AppleWebKit/537.36 (KHTML, like Gecko) Chrome/130.0.0.0 YaBrowser/24.12.0.0 Safari/537.36"
213.87.151.31 - - [03/Feb/2025:02:03:54 +0300] "GET /favicon.svg HTTP/1.0" 301 600 "https://monolith-realty.ru/" "Mozilla/5.0 (Windows NT 10.0; Win64; x64) AppleWebKit/537.36 (KHTML, like Gecko) Chrome/130.0.0.0 YaBrowser/24.12.0.0 Safari/537.36"
213.87.151.31 - - [03/Feb/2025:02:03:54 +0300] "GET /favicon.svg/ HTTP/1.0" 404 220471 "https://monolith-realty.ru/" "Mozilla/5.0 (Windows NT 10.0; Win64; x64) AppleWebKit/537.36 (KHTML, like Gecko) Chrome/130.0.0.0 YaBrowser/24.12.0.0 Safari/537.36"
213.87.151.31 - - [03/Feb/2025:02:03:55 +0300] "GET /favicon.ico?33 HTTP/1.0" 200 1414 "https://monolith-realty.ru/" "Mozilla/5.0 (Windows NT 10.0; Win64; x64) AppleWebKit/537.36 (KHTML, like Gecko) Chrome/130.0.0.0 YaBrowser/24.12.0.0 Safari/537.36"
213.87.151.31 - - [03/Feb/2025:02:04:16 +0300] "GET /upload/resize_cache/iblock/3fe/80_80_2/6y2fbavym2nc2jomdjsr799u8sd71msh.png HTTP/1.1" 200 16177 "https://monolith-realty.ru/" "Mozilla/5.0 (Windows NT 10.0; Win64; x64) AppleWebKit/537.36 (KHTML, like Gecko) Chrome/130.0.0.0 YaBrowser/24.12.0.0 Safari/537.36"
213.87.151.31 - - [03/Feb/2025:02:04:17 +0300] "GET /upload/resize_cache/iblock/3fe/80_80_2/6y2fbavym2nc2jomdjsr799u8sd71msh.png HTTP/1.1" 200 16177 "https://monolith-realty.ru/" "Mozilla/5.0 (Windows NT 10.0; Win64; x64) AppleWebKit/537.36 (KHTML, like Gecko) Chrome/130.0.0.0 YaBrowser/24.12.0.0 Safari/537.36"
213.87.151.31 - - [03/Feb/2025:02:04:20 +0300] "GET /upload/iblock/584/kifpz0hmkyispn8w4d0ynj7yl2prm27t.png HTTP/1.1" 200 123 "https://monolith-realty.ru/" "Mozilla/5.0 (Windows NT 10.0; Win64; x64) AppleWebKit/537.36 (KHTML, like Gecko) Chrome/130.0.0.0 YaBrowser/24.12.0.0 Safari/537.36"
91.149.88.130 - - [03/Feb/2025:02:04:40 +0300] "GET /upload/iblock/d5c/cpte3vf6ommfykwznsa7jv0n2s086ps4.jpg HTTP/2.0" 200 172424 "https://www.google.com/" "Mozilla/5.0 (Linux; Android 10; K) AppleWebKit/537.36 (KHTML, like Gecko) Chrome/129.0.0.0 Mobile Safari/537.36"
34.206.204.40 - - [03/Feb/2025:02:04:59 +0300] "GET / HTTP/1.0" 200 676624 "-" "BitrixCloud Monitoring/1.0"
52.16.71.198 - - [03/Feb/2025:02:05:33 +0300] "POST /bitrix/tools/backup.php HTTP/1.0" 200 743 "-" "-"
52.16.71.198 - - [03/Feb/2025:02:06:24 +0300] "POST /bitrix/tools/backup.php HTTP/1.0" 200 743 "-" "-"
95.26.95.249 - - [03/Feb/2025:02:06:54 +0300] "GET /upload/iblock/ac8/ia045w025iw15taicokf210kf039plkk/2451_novorossijsk_2017_11_09.jpg HTTP/2.0" 200 8347537 "https://yandex.ru/images/touch/search?text=%D0%BD%D0%BE%D0%B2%D0%BE%D1%80%D0%BE%D1%81%D1%81%D0%B8%D0%B9%D1%81%D0%BA&img_url=https%3A%2F%2Fpilothub.ru%2Fdatas%2Ffolio%2F2451-novorossijsk-2017-11-09.jpg&rpt=simage&pos=3" "Mozilla/5.0 (Linux; Android 10; K) AppleWebKit/537.36 (KHTML, like Gecko) Chrome/132.0.0.0 Mobile Safari/537.36"
52.16.71.198 - - [03/Feb/2025:02:07:03 +0300] "POST /bitrix/tools/backup.php HTTP/1.0" 200 743 "-" "-"
157.245.196.193 - - [03/Feb/2025:02:07:38 +0300] "GET /upload/iblock/7f5/0n1oip6tt2y42kzq0xblx4fq3k6zusn3/13_1.jpg HTTP/1.1" 200 61838 "-" "Mozilla/5.0 (Windows NT 10.0; Win64; x64) AppleWebKit/537.36 (KHTML, like Gecko) Chrome/121.0.0.0 Safari/537.36 Edg/121.0.0.0"
52.16.71.198 - - [03/Feb/2025:02:07:55 +0300] "POST /bitrix/tools/backup.php HTTP/1.0" 200 743 "-" "-"
52.16.71.198 - - [03/Feb/2025:02:08:32 +0300] "POST /bitrix/tools/backup.php HTTP/1.0" 200 743 "-" "-"
54.220.87.80 - - [03/Feb/2025:02:09:34 +0300] "GET / HTTP/1.0" 200 676624 "-" "BitrixCloud Monitoring/1.0"
109.248.54.111 - - [03/Feb/2025:02:09:47 +0300] "GET /partners/builders/tiger-group HTTP/1.1" 301 189 "-" "Mozilla/5.0 (keys-so-bot)"
109.248.54.111 - - [03/Feb/2025:02:09:47 +0300] "GET /partners/builders/tiger-group HTTP/1.0" 301 719 "http://monolith-realty.ru/partners/builders/tiger-group" "Mozilla/5.0 (keys-so-bot)"
109.248.54.111 - - [03/Feb/2025:02:09:47 +0300] "GET /partners/builders/tiger-group/ HTTP/1.0" 200 49851 "https://monolith-realty.ru:443/partners/builders/tiger-group" "Mozilla/5.0 (keys-so-bot)"
52.16.71.198 - - [03/Feb/2025:02:09:29 +0300] "POST /bitrix/tools/backup.php HTTP/1.0" 200 743 "-" "-"
52.16.71.198 - - [03/Feb/2025:02:10:03 +0300] "POST /bitrix/tools/backup.php HTTP/1.0" 200 743 "-" "-"
34.206.204.40 - - [03/Feb/2025:02:10:59 +0300] "GET / HTTP/1.0" 200 676624 "-" "BitrixCloud Monitoring/1.0"
52.16.71.198 - - [03/Feb/2025:02:11:01 +0300] "POST /bitrix/tools/backup.php HTTP/1.0" 200 743 "-" "-"
52.16.71.198 - - [03/Feb/2025:02:11:36 +0300] "POST /bitrix/tools/backup.php HTTP/1.0" 200 743 "-" "-"
178.128.87.52 - - [03/Feb/2025:02:12:30 +0300] "GET /upload/iblock/2c5/m5rdc2g4nlsrwd7k3oh56owgzwks3k1g/Screenshot_2.png HTTP/1.1" 200 86319 "-" "Mozilla/5.0 (iPhone; CPU iPhone OS 17_2 like Mac OS X) AppleWebKit/605.1.15 (KHTML, like Gecko) EdgiOS/121.0.2277.107 Version/17.0 Mobile/15E148 Safari/604.1"
4.227.36.77 - - [03/Feb/2025:02:12:38 +0300] "GET /upload/iblock/481/yangw329h4ee9617rdoqfkmv7l3c3f80.png HTTP/2.0" 200 1456347 "-" "Mozilla/5.0 AppleWebKit/537.36 (KHTML, like Gecko; compatible; GPTBot/1.2; +https://openai.com/gptbot)"
176.59.20.56 - - [03/Feb/2025:02:12:39 +0300] "GET /upload/iblock/ac8/ia045w025iw15taicokf210kf039plkk/2451_novorossijsk_2017_11_09.jpg HTTP/2.0" 200 8347537 "https://yandex.ru/images/search?from=tabbar&img_url=https%3A%2F%2Fgorod-novoross.ru%2Fnews_foto%2Ffull%2Fpost_4_8ghano0mle.jpg&lr=2&pos=6&rpt=simage&text=%D0%BD%D0%BE%D0%B2%D0%BE%D1%80%D0%BE%D1%81%D1%81%D0%B8%D0%B9%D1%81%D0%BA" "Mozilla/5.0 (Macintosh; Intel Mac OS X 10_15_7) AppleWebKit/537.36 (KHTML, like Gecko) Chrome/131.0.0.0 Safari/537.36"
52.16.71.198 - - [03/Feb/2025:02:12:34 +0300] "POST /bitrix/tools/backup.php HTTP/1.0" 200 743 "-" "-"
52.16.71.198 - - [03/Feb/2025:02:13:09 +0300] "POST /bitrix/tools/backup.php HTTP/1.0" 200 743 "-" "-"
52.16.71.198 - - [03/Feb/2025:02:14:08 +0300] "POST /bitrix/tools/backup.php HTTP/1.0" 200 743 "-" "-"
52.16.71.198 - - [03/Feb/2025:02:14:42 +0300] "POST /bitrix/tools/backup.php HTTP/1.0" 200 743 "-" "-"
188.166.176.29 - - [03/Feb/2025:02:15:02 +0300] "GET /upload/iblock/8b7/b5b43cens1onlrce0tcxm3m7rw95v4oi/Screenshot_2.png HTTP/1.1" 200 34794 "-" "Mozilla/5.0 (Macintosh; Intel Mac OS X 10_15_7) AppleWebKit/605.1.15 (KHTML, like Gecko) Version/17.0 Safari/605.1.15"
54.220.87.80 - - [03/Feb/2025:02:15:34 +0300] "GET / HTTP/1.0" 200 676624 "-" "BitrixCloud Monitoring/1.0"
52.16.71.198 - - [03/Feb/2025:02:16:20 +0300] "POST /bitrix/tools/backup.php HTTP/1.0" 200 743 "-" "-"
34.206.204.40 - - [03/Feb/2025:02:17:00 +0300] "GET / HTTP/1.0" 200 676624 "-" "BitrixCloud Monitoring/1.0"
52.16.71.198 - - [03/Feb/2025:02:17:21 +0300] "POST /bitrix/tools/backup.php HTTP/1.0" 200 743 "-" "-"
31.135.55.52 - - [03/Feb/2025:02:18:05 +0300] "GET /upload/iblock/ac8/ia045w025iw15taicokf210kf039plkk/2451_novorossijsk_2017_11_09.jpg HTTP/2.0" 200 8347537 "https://yandex.ru/images/search?from=tabbar&img_url=https%3A%2F%2Fvsegda-pomnim.com%2Fuploads%2Fposts%2F2023-07%2F1688998710_vsegda-pomnim-com-p-novorossiisk-vesnoi-foto-29.jpg&lr=237&pos=7&rpt=simage&text=%D0%BD%D0%BE%D0%B2%D0%BE%D1%80%D0%BE%D1%81%D1%81%D0%B8%D0%B9%D1%81%D0%BA" "Mozilla/5.0 (Windows NT 10.0; Win64; x64) AppleWebKit/537.36 (KHTML, like Gecko) Chrome/130.0.0.0 YaBrowser/24.12.0.0 Safari/537.36"
52.16.71.198 - - [03/Feb/2025:02:18:17 +0300] "POST /bitrix/tools/backup.php HTTP/1.0" 200 743 "-" "-"
40.77.167.143 - - [03/Feb/2025:02:18:48 +0300] "GET /company/staff/anna-bagramova HTTP/1.0" 301 718 "-" "Mozilla/5.0 AppleWebKit/537.36 (KHTML, like Gecko; compatible; bingbot/2.0; +http://www.bing.com/bingbot.htm) Chrome/116.0.1938.76 Safari/537.36"
40.77.167.143 - - [03/Feb/2025:02:18:49 +0300] "GET /company/staff/anna-bagramova/ HTTP/1.0" 200 55340 "-" "Mozilla/5.0 AppleWebKit/537.36 (KHTML, like Gecko; compatible; bingbot/2.0; +http://www.bing.com/bingbot.htm) Chrome/116.0.1938.76 Safari/537.36"
52.16.71.198 - - [03/Feb/2025:02:18:57 +0300] "POST /bitrix/tools/backup.php HTTP/1.0" 200 743 "-" "-"
52.16.71.198 - - [03/Feb/2025:02:20:10 +0300] "POST /bitrix/tools/backup.php HTTP/1.0" 200 743 "-" "-"
54.220.87.80 - - [03/Feb/2025:02:21:34 +0300] "GET / HTTP/1.0" 200 676624 "-" "BitrixCloud Monitoring/1.0"
52.16.71.198 - - [03/Feb/2025:02:21:37 +0300] "POST /bitrix/tools/backup.php HTTP/1.0" 200 743 "-" "-"
34.206.204.40 - - [03/Feb/2025:02:23:00 +0300] "GET / HTTP/1.0" 200 676624 "-" "BitrixCloud Monitoring/1.0"
52.16.71.198 - - [03/Feb/2025:02:23:46 +0300] "POST /bitrix/tools/backup.php HTTP/1.0" 200 743 "-" "-"
85.249.170.187 - - [03/Feb/2025:02:24:24 +0300] "GET /blog/flats/investitsii-v-nedvizhimost-sochi-rentabelnye-obekty-/?ysclid=m6o915dtzr987821008 HTTP/1.0" 200 58099 "https://yandex.ru/" "Mozilla/5.0 (Linux; Android 10; K) AppleWebKit/537.36 (KHTML, like Gecko) Chrome/124.0.0.0 Mobile Safari/537.36 EdgA/124.0.0.0"
85.249.170.187 - - [03/Feb/2025:02:24:24 +0300] "GET /bitrix/js/main/core/core.js?1711901402494198 HTTP/2.0" 200 112490 "https://monolith-realty.ru/blog/flats/investitsii-v-nedvizhimost-sochi-rentabelnye-obekty-/?ysclid=m6o915dtzr987821008" "Mozilla/5.0 (Linux; Android 10; K) AppleWebKit/537.36 (KHTML, like Gecko) Chrome/124.0.0.0 Mobile Safari/537.36 EdgA/124.0.0.0"
85.249.170.187 - - [03/Feb/2025:02:24:24 +0300] "GET /bitrix/js/main/ajax.js?168986528235509 HTTP/2.0" 200 8516 "https://monolith-realty.ru/blog/flats/investitsii-v-nedvizhimost-sochi-rentabelnye-obekty-/?ysclid=m6o915dtzr987821008" "Mozilla/5.0 (Linux; Android 10; K) AppleWebKit/537.36 (KHTML, like Gecko) Chrome/124.0.0.0 Mobile Safari/537.36 EdgA/124.0.0.0"
85.249.170.187 - - [03/Feb/2025:02:24:24 +0300] "GET /bitrix/js/aspro.allcorp3/jquery/jquery-2.1.3.min.js HTTP/2.0" 200 29774 "https://monolith-realty.ru/blog/flats/investitsii-v-nedvizhimost-sochi-rentabelnye-obekty-/?ysclid=m6o915dtzr987821008" "Mozilla/5.0 (Linux; Android 10; K) AppleWebKit/537.36 (KHTML, like Gecko) Chrome/124.0.0.0 Mobile Safari/537.36 EdgA/124.0.0.0"
85.249.170.187 - - [03/Feb/2025:02:24:24 +0300] "GET /local/templates/monolitsochi/js/speed.min.js?=1712397654 HTTP/2.0" 200 2095 "https://monolith-realty.ru/blog/flats/investitsii-v-nedvizhimost-sochi-rentabelnye-obekty-/?ysclid=m6o915dtzr987821008" "Mozilla/5.0 (Linux; Android 10; K) AppleWebKit/537.36 (KHTML, like Gecko) Chrome/124.0.0.0 Mobile Safari/537.36 EdgA/124.0.0.0"
85.249.170.187 - - [03/Feb/2025:02:24:24 +0300] "GET /local/templates/monolitsochi/js/observer.js?17123976546819 HTTP/2.0" 200 1818 "https://monolith-realty.ru/blog/flats/investitsii-v-nedvizhimost-sochi-rentabelnye-obekty-/?ysclid=m6o915dtzr987821008" "Mozilla/5.0 (Linux; Android 10; K) AppleWebKit/537.36 (KHTML, like Gecko) Chrome/124.0.0.0 Mobile Safari/537.36 EdgA/124.0.0.0"
85.249.170.187 - - [03/Feb/2025:02:24:24 +0300] "GET /local/templates/monolitsochi/vendor/jquery.easing.js?17123976538897 HTTP/2.0" 200 1996 "https://monolith-realty.ru/blog/flats/investitsii-v-nedvizhimost-sochi-rentabelnye-obekty-/?ysclid=m6o915dtzr987821008" "Mozilla/5.0 (Linux; Android 10; K) AppleWebKit/537.36 (KHTML, like Gecko) Chrome/124.0.0.0 Mobile Safari/537.36 EdgA/124.0.0.0"
85.249.170.187 - - [03/Feb/2025:02:24:24 +0300] "GET /local/templates/monolitsochi/vendor/jquery.cookie.js?17123976532426 HTTP/2.0" 200 1058 "https://monolith-realty.ru/blog/flats/investitsii-v-nedvizhimost-sochi-rentabelnye-obekty-/?ysclid=m6o915dtzr987821008" "Mozilla/5.0 (Linux; Android 10; K) AppleWebKit/537.36 (KHTML, like Gecko) Chrome/124.0.0.0 Mobile Safari/537.36 EdgA/124.0.0.0"
85.249.170.187 - - [03/Feb/2025:02:24:24 +0300] "GET /local/templates/monolitsochi/vendor/bootstrap.js?171239765327908 HTTP/2.0" 200 7311 "https://monolith-realty.ru/blog/flats/investitsii-v-nedvizhimost-sochi-rentabelnye-obekty-/?ysclid=m6o915dtzr987821008" "Mozilla/5.0 (Linux; Android 10; K) AppleWebKit/537.36 (KHTML, like Gecko) Chrome/124.0.0.0 Mobile Safari/537.36 EdgA/124.0.0.0"
85.249.170.187 - - [03/Feb/2025:02:24:24 +0300] "GET /local/templates/monolitsochi/vendor/jquery.validate.min.js?171239765322254 HTTP/2.0" 200 7109 "https://monolith-realty.ru/blog/flats/investitsii-v-nedvizhimost-sochi-rentabelnye-obekty-/?ysclid=m6o915dtzr987821008" "Mozilla/5.0 (Linux; Android 10; K) AppleWebKit/537.36 (KHTML, like Gecko) Chrome/124.0.0.0 Mobile Safari/537.36 EdgA/124.0.0.0"
85.249.170.187 - - [03/Feb/2025:02:24:24 +0300] "GET /local/templates/monolitsochi/vendor/js/ripple.js?17123976544702 HTTP/2.0" 200 1430 "https://monolith-realty.ru/blog/flats/investitsii-v-nedvizhimost-sochi-rentabelnye-obekty-/?ysclid=m6o915dtzr987821008" "Mozilla/5.0 (Linux; Android 10; K) AppleWebKit/537.36 (KHTML, like Gecko) Chrome/124.0.0.0 Mobile Safari/537.36 EdgA/124.0.0.0"
85.249.170.187 - - [03/Feb/2025:02:24:24 +0300] "GET /local/templates/monolitsochi/js/detectmobilebrowser.js?17123976542203 HTTP/2.0" 200 1380 "https://monolith-realty.ru/blog/flats/investitsii-v-nedvizhimost-sochi-rentabelnye-obekty-/?ysclid=m6o915dtzr987821008" "Mozilla/5.0 (Linux; Android 10; K) AppleWebKit/537.36 (KHTML, like Gecko) Chrome/124.0.0.0 Mobile Safari/537.36 EdgA/124.0.0.0"
85.249.170.187 - - [03/Feb/2025:02:24:24 +0300] "GET /local/templates/monolitsochi/js/matchMedia.js?17123976541585 HTTP/2.0" 200 702 "https://monolith-realty.ru/blog/flats/investitsii-v-nedvizhimost-sochi-rentabelnye-obekty-/?ysclid=m6o915dtzr987821008" "Mozilla/5.0 (Linux; Android 10; K) AppleWebKit/537.36 (KHTML, like Gecko) Chrome/124.0.0.0 Mobile Safari/537.36 EdgA/124.0.0.0"
85.249.170.187 - - [03/Feb/2025:02:24:24 +0300] "GET /local/templates/monolitsochi/js/jquery.actual.min.js?17123976541239 HTTP/2.0" 200 685 "https://monolith-realty.ru/blog/flats/investitsii-v-nedvizhimost-sochi-rentabelnye-obekty-/?ysclid=m6o915dtzr987821008" "Mozilla/5.0 (Linux; Android 10; K) AppleWebKit/537.36 (KHTML, like Gecko) Chrome/124.0.0.0 Mobile Safari/537.36 EdgA/124.0.0.0"
85.249.170.187 - - [03/Feb/2025:02:24:24 +0300] "GET /local/templates/monolitsochi/js/jquery-ui.min.js?171239765432162 HTTP/2.0" 200 10039 "https://monolith-realty.ru/blog/flats/investitsii-v-nedvizhimost-sochi-rentabelnye-obekty-/?ysclid=m6o915dtzr987821008" "Mozilla/5.0 (Linux; Android 10; K) AppleWebKit/537.36 (KHTML, like Gecko) Chrome/124.0.0.0 Mobile Safari/537.36 EdgA/124.0.0.0"
85.249.170.187 - - [03/Feb/2025:02:24:24 +0300] "GET /local/templates/monolitsochi/js/jquery.plugin.min.js?17123976543349 HTTP/2.0" 200 1455 "https://monolith-realty.ru/blog/flats/investitsii-v-nedvizhimost-sochi-rentabelnye-obekty-/?ysclid=m6o915dtzr987821008" "Mozilla/5.0 (Linux; Android 10; K) AppleWebKit/537.36 (KHTML, like Gecko) Chrome/124.0.0.0 Mobile Safari/537.36 EdgA/124.0.0.0"
85.249.170.187 - - [03/Feb/2025:02:24:24 +0300] "GET /local/templates/monolitsochi/js/jquery.alphanumeric.js?17123976541901 HTTP/2.0" 200 676 "https://monolith-realty.ru/blog/flats/investitsii-v-nedvizhimost-sochi-rentabelnye-obekty-/?ysclid=m6o915dtzr987821008" "Mozilla/5.0 (Linux; Android 10; K) AppleWebKit/537.36 (KHTML, like Gecko) Chrome/124.0.0.0 Mobile Safari/537.36 EdgA/124.0.0.0"
85.249.170.187 - - [03/Feb/2025:02:24:24 +0300] "GET /local/templates/monolitsochi/js/jquery.autocomplete.js?171239765432714 HTTP/2.0" 200 7123 "https://monolith-realty.ru/blog/flats/investitsii-v-nedvizhimost-sochi-rentabelnye-obekty-/?ysclid=m6o915dtzr987821008" "Mozilla/5.0 (Linux; Android 10; K) AppleWebKit/537.36 (KHTML, like Gecko) Chrome/124.0.0.0 Mobile Safari/537.36 EdgA/124.0.0.0"
85.249.170.187 - - [03/Feb/2025:02:24:24 +0300] "GET /local/templates/monolitsochi/js/jquery.mobile.custom.touch.min.js?17123976547743 HTTP/2.0" 200 2900 "https://monolith-realty.ru/blog/flats/investitsii-v-nedvizhimost-sochi-rentabelnye-obekty-/?ysclid=m6o915dtzr987821008" "Mozilla/5.0 (Linux; Android 10; K) AppleWebKit/537.36 (KHTML, like Gecko) Chrome/124.0.0.0 Mobile Safari/537.36 EdgA/124.0.0.0"
85.249.170.187 - - [03/Feb/2025:02:24:24 +0300] "GET /local/templates/monolitsochi/js/setTheme.php?site_id=s1&site_dir=/ HTTP/1.0" 200 16781 "https://monolith-realty.ru/blog/flats/investitsii-v-nedvizhimost-sochi-rentabelnye-obekty-/?ysclid=m6o915dtzr987821008" "Mozilla/5.0 (Linux; Android 10; K) AppleWebKit/537.36 (KHTML, like Gecko) Chrome/124.0.0.0 Mobile Safari/537.36 EdgA/124.0.0.0"
85.249.170.187 - - [03/Feb/2025:02:24:25 +0300] "GET /local/templates/monolitsochi/js/jquery.mCustomScrollbar.js?1712397654121783 HTTP/2.0" 200 24774 "https://monolith-realty.ru/blog/flats/investitsii-v-nedvizhimost-sochi-rentabelnye-obekty-/?ysclid=m6o915dtzr987821008" "Mozilla/5.0 (Linux; Android 10; K) AppleWebKit/537.36 (KHTML, like Gecko) Chrome/124.0.0.0 Mobile Safari/537.36 EdgA/124.0.0.0"
85.249.170.187 - - [03/Feb/2025:02:24:25 +0300] "GET /local/templates/monolitsochi/js/jquery.uniform.min.js?17123976548308 HTTP/2.0" 200 3035 "https://monolith-realty.ru/blog/flats/investitsii-v-nedvizhimost-sochi-rentabelnye-obekty-/?ysclid=m6o915dtzr987821008" "Mozilla/5.0 (Linux; Android 10; K) AppleWebKit/537.36 (KHTML, like Gecko) Chrome/124.0.0.0 Mobile Safari/537.36 EdgA/124.0.0.0"
85.249.170.187 - - [03/Feb/2025:02:24:25 +0300] "GET /local/templates/monolitsochi/vendor/js/carousel/owl/owl.carousel.js?171239765492431 HTTP/2.0" 200 21015 "https://monolith-realty.ru/blog/flats/investitsii-v-nedvizhimost-sochi-rentabelnye-obekty-/?ysclid=m6o915dtzr987821008" "Mozilla/5.0 (Linux; Android 10; K) AppleWebKit/537.36 (KHTML, like Gecko) Chrome/124.0.0.0 Mobile Safari/537.36 EdgA/124.0.0.0"
85.249.170.187 - - [03/Feb/2025:02:24:25 +0300] "GET /local/templates/monolitsochi/js/jquery.countdown.min.js?171239765420851 HTTP/2.0" 200 5195 "https://monolith-realty.ru/blog/flats/investitsii-v-nedvizhimost-sochi-rentabelnye-obekty-/?ysclid=m6o915dtzr987821008" "Mozilla/5.0 (Linux; Android 10; K) AppleWebKit/537.36 (KHTML, like Gecko) Chrome/124.0.0.0 Mobile Safari/537.36 EdgA/124.0.0.0"
85.249.170.187 - - [03/Feb/2025:02:24:25 +0300] "GET /local/templates/monolitsochi/js/jquery.countdown-ru.js?17123976541866 HTTP/2.0" 200 563 "https://monolith-realty.ru/blog/flats/investitsii-v-nedvizhimost-sochi-rentabelnye-obekty-/?ysclid=m6o915dtzr987821008" "Mozilla/5.0 (Linux; Android 10; K) AppleWebKit/537.36 (KHTML, like Gecko) Chrome/124.0.0.0 Mobile Safari/537.36 EdgA/124.0.0.0"
85.249.170.187 - - [03/Feb/2025:02:24:25 +0300] "GET /local/templates/monolitsochi/js/scrollTabs.js?171239765413657 HTTP/2.0" 200 2621 "https://monolith-realty.ru/blog/flats/investitsii-v-nedvizhimost-sochi-rentabelnye-obekty-/?ysclid=m6o915dtzr987821008" "Mozilla/5.0 (Linux; Android 10; K) AppleWebKit/537.36 (KHTML, like Gecko) Chrome/124.0.0.0 Mobile Safari/537.36 EdgA/124.0.0.0"
85.249.170.187 - - [03/Feb/2025:02:24:25 +0300] "GET /local/templates/monolitsochi/js/blocks/controls.js?17123976545478 HTTP/2.0" 200 1595 "https://monolith-realty.ru/blog/flats/investitsii-v-nedvizhimost-sochi-rentabelnye-obekty-/?ysclid=m6o915dtzr987821008" "Mozilla/5.0 (Linux; Android 10; K) AppleWebKit/537.36 (KHTML, like Gecko) Chrome/124.0.0.0 Mobile Safari/537.36 EdgA/124.0.0.0"
85.249.170.187 - - [03/Feb/2025:02:24:25 +0300] "GET /local/templates/monolitsochi/js/blocks/hover-block.js?1712397654921 HTTP/2.0" 200 333 "https://monolith-realty.ru/blog/flats/investitsii-v-nedvizhimost-sochi-rentabelnye-obekty-/?ysclid=m6o915dtzr987821008" "Mozilla/5.0 (Linux; Android 10; K) AppleWebKit/537.36 (KHTML, like Gecko) Chrome/124.0.0.0 Mobile Safari/537.36 EdgA/124.0.0.0"
85.249.170.187 - - [03/Feb/2025:02:24:25 +0300] "GET /local/templates/monolitsochi/js/blocks/mobile.js?17123976547294 HTTP/2.0" 200 1848 "https://monolith-realty.ru/blog/flats/investitsii-v-nedvizhimost-sochi-rentabelnye-obekty-/?ysclid=m6o915dtzr987821008" "Mozilla/5.0 (Linux; Android 10; K) AppleWebKit/537.36 (KHTML, like Gecko) Chrome/124.0.0.0 Mobile Safari/537.36 EdgA/124.0.0.0"
85.249.170.187 - - [03/Feb/2025:02:24:25 +0300] "GET /local/templates/monolitsochi/js/blocks/selectOffer.js?17123976542932 HTTP/2.0" 200 1102 "https://monolith-realty.ru/blog/flats/investitsii-v-nedvizhimost-sochi-rentabelnye-obekty-/?ysclid=m6o915dtzr987821008" "Mozilla/5.0 (Linux; Android 10; K) AppleWebKit/537.36 (KHTML, like Gecko) Chrome/124.0.0.0 Mobile Safari/537.36 EdgA/124.0.0.0"
85.249.170.187 - - [03/Feb/2025:02:24:25 +0300] "GET /local/templates/monolitsochi/js/blocks/tabs-history.js?17123976541340 HTTP/2.0" 200 641 "https://monolith-realty.ru/blog/flats/investitsii-v-nedvizhimost-sochi-rentabelnye-obekty-/?ysclid=m6o915dtzr987821008" "Mozilla/5.0 (Linux; Android 10; K) AppleWebKit/537.36 (KHTML, like Gecko) Chrome/124.0.0.0 Mobile Safari/537.36 EdgA/124.0.0.0"
85.249.170.187 - - [03/Feb/2025:02:24:25 +0300] "GET /local/templates/monolitsochi/css/yandex-map.css?171239765316330 HTTP/2.0" 200 2995 "https://monolith-realty.ru/blog/flats/investitsii-v-nedvizhimost-sochi-rentabelnye-obekty-/?ysclid=m6o915dtzr987821008" "Mozilla/5.0 (Linux; Android 10; K) AppleWebKit/537.36 (KHTML, like Gecko) Chrome/124.0.0.0 Mobile Safari/537.36 EdgA/124.0.0.0"
85.249.170.187 - - [03/Feb/2025:02:24:25 +0300] "GET /local/templates/monolitsochi/js/jqModal.js?171239765411178 HTTP/2.0" 200 3954 "https://monolith-realty.ru/blog/flats/investitsii-v-nedvizhimost-sochi-rentabelnye-obekty-/?ysclid=m6o915dtzr987821008" "Mozilla/5.0 (Linux; Android 10; K) AppleWebKit/537.36 (KHTML, like Gecko) Chrome/124.0.0.0 Mobile Safari/537.36 EdgA/124.0.0.0"
85.249.170.187 - - [03/Feb/2025:02:24:25 +0300] "GET /local/templates/monolitsochi/js/general.js?1712397654190908 HTTP/2.0" 200 40218 "https://monolith-realty.ru/blog/flats/investitsii-v-nedvizhimost-sochi-rentabelnye-obekty-/?ysclid=m6o915dtzr987821008" "Mozilla/5.0 (Linux; Android 10; K) AppleWebKit/537.36 (KHTML, like Gecko) Chrome/124.0.0.0 Mobile Safari/537.36 EdgA/124.0.0.0"
85.249.170.187 - - [03/Feb/2025:02:24:25 +0300] "GET /local/templates/monolitsochi/js/custom.js?1712397654101 HTTP/2.0" 200 106 "https://monolith-realty.ru/blog/flats/investitsii-v-nedvizhimost-sochi-rentabelnye-obekty-/?ysclid=m6o915dtzr987821008" "Mozilla/5.0 (Linux; Android 10; K) AppleWebKit/537.36 (KHTML, like Gecko) Chrome/124.0.0.0 Mobile Safari/537.36 EdgA/124.0.0.0"
85.249.170.187 - - [03/Feb/2025:02:24:25 +0300] "GET /bitrix/components/aspro/eyed.allcorp3/templates/.default/script.js?168986522420980 HTTP/2.0" 200 4400 "https://monolith-realty.ru/blog/flats/investitsii-v-nedvizhimost-sochi-rentabelnye-obekty-/?ysclid=m6o915dtzr987821008" "Mozilla/5.0 (Linux; Android 10; K) AppleWebKit/537.36 (KHTML, like Gecko) Chrome/124.0.0.0 Mobile Safari/537.36 EdgA/124.0.0.0"
85.249.170.187 - - [03/Feb/2025:02:24:25 +0300] "GET /local/templates/monolitsochi/js/phones.js?17123976544664 HTTP/2.0" 200 1452 "https://monolith-realty.ru/blog/flats/investitsii-v-nedvizhimost-sochi-rentabelnye-obekty-/?ysclid=m6o915dtzr987821008" "Mozilla/5.0 (Linux; Android 10; K) AppleWebKit/537.36 (KHTML, like Gecko) Chrome/124.0.0.0 Mobile Safari/537.36 EdgA/124.0.0.0"
85.249.170.187 - - [03/Feb/2025:02:24:25 +0300] "GET /local/templates/monolitsochi/components/bitrix/menu/menu_new/script.js?17186142521947 HTTP/2.0" 200 625 "https://monolith-realty.ru/blog/flats/investitsii-v-nedvizhimost-sochi-rentabelnye-obekty-/?ysclid=m6o915dtzr987821008" "Mozilla/5.0 (Linux; Android 10; K) AppleWebKit/537.36 (KHTML, like Gecko) Chrome/124.0.0.0 Mobile Safari/537.36 EdgA/124.0.0.0"
85.249.170.187 - - [03/Feb/2025:02:24:25 +0300] "GET /local/templates/monolitsochi/components/bitrix/menu/left/script.js?17123976531123 HTTP/2.0" 200 436 "https://monolith-realty.ru/blog/flats/investitsii-v-nedvizhimost-sochi-rentabelnye-obekty-/?ysclid=m6o915dtzr987821008" "Mozilla/5.0 (Linux; Android 10; K) AppleWebKit/537.36 (KHTML, like Gecko) Chrome/124.0.0.0 Mobile Safari/537.36 EdgA/124.0.0.0"
85.249.170.187 - - [03/Feb/2025:02:24:25 +0300] "GET /bitrix/components/aspro/marketing.popup.allcorp3/templates/.default/script.js?16898652241465 HTTP/2.0" 200 598 "https://monolith-realty.ru/blog/flats/investitsii-v-nedvizhimost-sochi-rentabelnye-obekty-/?ysclid=m6o915dtzr987821008" "Mozilla/5.0 (Linux; Android 10; K) AppleWebKit/537.36 (KHTML, like Gecko) Chrome/124.0.0.0 Mobile Safari/537.36 EdgA/124.0.0.0"
85.249.170.187 - - [03/Feb/2025:02:24:25 +0300] "GET /bitrix/components/bitrix/search.title/script.js?16898652289847 HTTP/2.0" 200 2500 "https://monolith-realty.ru/blog/flats/investitsii-v-nedvizhimost-sochi-rentabelnye-obekty-/?ysclid=m6o915dtzr987821008" "Mozilla/5.0 (Linux; Android 10; K) AppleWebKit/537.36 (KHTML, like Gecko) Chrome/124.0.0.0 Mobile Safari/537.36 EdgA/124.0.0.0"
85.249.170.187 - - [03/Feb/2025:02:24:25 +0300] "GET /local/templates/monolitsochi/components/bitrix/search.title/fixed/script.js?171239765310201 HTTP/2.0" 200 2662 "https://monolith-realty.ru/blog/flats/investitsii-v-nedvizhimost-sochi-rentabelnye-obekty-/?ysclid=m6o915dtzr987821008" "Mozilla/5.0 (Linux; Android 10; K) AppleWebKit/537.36 (KHTML, like Gecko) Chrome/124.0.0.0 Mobile Safari/537.36 EdgA/124.0.0.0"
85.249.170.187 - - [03/Feb/2025:02:24:25 +0300] "GET /local/templates/monolitsochi/js/jquery.inputmask.bundle.min.js?171239765470933 HTTP/2.0" 200 22644 "https://monolith-realty.ru/blog/flats/investitsii-v-nedvizhimost-sochi-rentabelnye-obekty-/?ysclid=m6o915dtzr987821008" "Mozilla/5.0 (Linux; Android 10; K) AppleWebKit/537.36 (KHTML, like Gecko) Chrome/124.0.0.0 Mobile Safari/537.36 EdgA/124.0.0.0"
85.249.170.187 - - [03/Feb/2025:02:24:25 +0300] "GET /local/templates/monolitsochi/components/bitrix/news.detail/news/script.js?1718620287668 HTTP/2.0" 200 349 "https://monolith-realty.ru/blog/flats/investitsii-v-nedvizhimost-sochi-rentabelnye-obekty-/?ysclid=m6o915dtzr987821008" "Mozilla/5.0 (Linux; Android 10; K) AppleWebKit/537.36 (KHTML, like Gecko) Chrome/124.0.0.0 Mobile Safari/537.36 EdgA/124.0.0.0"
85.249.170.187 - - [03/Feb/2025:02:24:25 +0300] "GET /local/templates/monolitsochi/js/jquery.fancybox.js?1712397654160667 HTTP/2.0" 200 39916 "https://monolith-realty.ru/blog/flats/investitsii-v-nedvizhimost-sochi-rentabelnye-obekty-/?ysclid=m6o915dtzr987821008" "Mozilla/5.0 (Linux; Android 10; K) AppleWebKit/537.36 (KHTML, like Gecko) Chrome/124.0.0.0 Mobile Safari/537.36 EdgA/124.0.0.0"
85.249.170.187 - - [03/Feb/2025:02:24:25 +0300] "GET /upload/CAllcorp3/827/9694e9idz4u2lnntybhgd03ay31izjhe/Logotip.png HTTP/2.0" 200 34438 "https://monolith-realty.ru/blog/flats/investitsii-v-nedvizhimost-sochi-rentabelnye-obekty-/?ysclid=m6o915dtzr987821008" "Mozilla/5.0 (Linux; Android 10; K) AppleWebKit/537.36 (KHTML, like Gecko) Chrome/124.0.0.0 Mobile Safari/537.36 EdgA/124.0.0.0"
85.249.170.187 - - [03/Feb/2025:02:24:27 +0300] "GET /local/templates/monolitsochi/vendor/lazysizes.min.js HTTP/2.0" 200 3308 "https://monolith-realty.ru/blog/flats/investitsii-v-nedvizhimost-sochi-rentabelnye-obekty-/?ysclid=m6o915dtzr987821008" "Mozilla/5.0 (Linux; Android 10; K) AppleWebKit/537.36 (KHTML, like Gecko) Chrome/124.0.0.0 Mobile Safari/537.36 EdgA/124.0.0.0"
85.249.170.187 - - [03/Feb/2025:02:24:27 +0300] "GET /local/templates/monolitsochi/vendor/ls.unveilhooks.min.js HTTP/2.0" 200 690 "https://monolith-realty.ru/blog/flats/investitsii-v-nedvizhimost-sochi-rentabelnye-obekty-/?ysclid=m6o915dtzr987821008" "Mozilla/5.0 (Linux; Android 10; K) AppleWebKit/537.36 (KHTML, like Gecko) Chrome/124.0.0.0 Mobile Safari/537.36 EdgA/124.0.0.0"
85.249.170.187 - - [03/Feb/2025:02:24:27 +0300] "GET /local/templates/monolitsochi/js/actual.counter.min.js?=1712397654 HTTP/2.0" 200 132 "https://monolith-realty.ru/blog/flats/investitsii-v-nedvizhimost-sochi-rentabelnye-obekty-/?ysclid=m6o915dtzr987821008" "Mozilla/5.0 (Linux; Android 10; K) AppleWebKit/537.36 (KHTML, like Gecko) Chrome/124.0.0.0 Mobile Safari/537.36 EdgA/124.0.0.0"
85.249.170.187 - - [03/Feb/2025:02:24:37 +0300] "GET /favicon.ico HTTP/1.0" 200 1414 "https://monolith-realty.ru/blog/flats/investitsii-v-nedvizhimost-sochi-rentabelnye-obekty-/?ysclid=m6o915dtzr987821008" "Mozilla/5.0 (Linux; Android 10; K) AppleWebKit/537.36 (KHTML, like Gecko) Chrome/124.0.0.0 Mobile Safari/537.36 EdgA/124.0.0.0"
85.249.170.187 - - [03/Feb/2025:02:24:37 +0300] "GET /favicon.svg HTTP/1.0" 301 600 "https://monolith-realty.ru/blog/flats/investitsii-v-nedvizhimost-sochi-rentabelnye-obekty-/?ysclid=m6o915dtzr987821008" "Mozilla/5.0 (Linux; Android 10; K) AppleWebKit/537.36 (KHTML, like Gecko) Chrome/124.0.0.0 Mobile Safari/537.36 EdgA/124.0.0.0"
65.21.71.7 - - [03/Feb/2025:02:24:49 +0300] "GET /upload/iblock/cbd/b4t1y8hfbf37nxrht68zjgiq2264fh7j.jpg HTTP/1.1" 200 144184 "-" "Mozilla/5.0 (X11; Linux x86_64) AppleWebKit/537.36 (KHTML, like Gecko) Chrome/126.0.0.0 Safari/537.36"
65.21.71.7 - - [03/Feb/2025:02:24:54 +0300] "GET /upload/iblock/d23/chi2fp88u5canubg0q3p6vrxhgpzxppu.jpg HTTP/1.1" 200 127676 "-" "Mozilla/5.0 (X11; Linux x86_64) AppleWebKit/537.36 (KHTML, like Gecko) Chrome/126.0.0.0 Safari/537.36"
85.249.170.187 - - [03/Feb/2025:02:25:17 +0300] "GET /product/anapa/ HTTP/1.0" 200 68240 "https://monolith-realty.ru/blog/flats/investitsii-v-nedvizhimost-sochi-rentabelnye-obekty-/?ysclid=m6o915dtzr987821008" "Mozilla/5.0 (Linux; Android 10; K) AppleWebKit/537.36 (KHTML, like Gecko) Chrome/124.0.0.0 Mobile Safari/537.36 EdgA/124.0.0.0"
85.249.170.187 - - [03/Feb/2025:02:25:18 +0300] "GET /local/templates/monolitsochi/components/aspro/catalog.section.list.allcorp3/.default/script.js?1712397652898 HTTP/2.0" 200 416 "https://monolith-realty.ru/product/anapa/" "Mozilla/5.0 (Linux; Android 10; K) AppleWebKit/537.36 (KHTML, like Gecko) Chrome/124.0.0.0 Mobile Safari/537.36 EdgA/124.0.0.0"
85.249.170.187 - - [03/Feb/2025:02:25:18 +0300] "GET /local/templates/monolitsochi/js/jquery.history.js?171239765421571 HTTP/2.0" 200 6425 "https://monolith-realty.ru/product/anapa/" "Mozilla/5.0 (Linux; Android 10; K) AppleWebKit/537.36 (KHTML, like Gecko) Chrome/124.0.0.0 Mobile Safari/537.36 EdgA/124.0.0.0"
85.249.170.187 - - [03/Feb/2025:02:25:18 +0300] "GET /local/templates/monolitsochi/components/bitrix/catalog.smart.filter/main_compact/script.js?171239765234865 HTTP/2.0" 200 6866 "https://monolith-realty.ru/product/anapa/" "Mozilla/5.0 (Linux; Android 10; K) AppleWebKit/537.36 (KHTML, like Gecko) Chrome/124.0.0.0 Mobile Safari/537.36 EdgA/124.0.0.0"
85.249.170.187 - - [03/Feb/2025:02:25:18 +0300] "GET /local/templates/monolitsochi/components/bitrix/catalog.section/catalog_block/script.js?17123976532595 HTTP/2.0" 200 838 "https://monolith-realty.ru/product/anapa/" "Mozilla/5.0 (Linux; Android 10; K) AppleWebKit/537.36 (KHTML, like Gecko) Chrome/124.0.0.0 Mobile Safari/537.36 EdgA/124.0.0.0"
85.249.170.187 - - [03/Feb/2025:02:25:18 +0300] "GET /local/templates/monolitsochi/js/setTheme.php?site_id=s1&site_dir=/ HTTP/1.0" 200 16781 "https://monolith-realty.ru/product/anapa/" "Mozilla/5.0 (Linux; Android 10; K) AppleWebKit/537.36 (KHTML, like Gecko) Chrome/124.0.0.0 Mobile Safari/537.36 EdgA/124.0.0.0"
4.227.36.77 - - [03/Feb/2025:02:26:20 +0300] "GET /upload/medialibrary/7dd/herj0w6ybhf6mdwn1ui41a6i06lybug9/novaya_anapa_dipDrim_generator.jpg HTTP/2.0" 200 409015 "-" "Mozilla/5.0 AppleWebKit/537.36 (KHTML, like Gecko; compatible; GPTBot/1.2; +https://openai.com/gptbot)"
52.16.71.198 - - [03/Feb/2025:02:26:12 +0300] "POST /bitrix/tools/backup.php HTTP/1.0" 200 743 "-" "-"
54.220.87.80 - - [03/Feb/2025:02:27:34 +0300] "GET / HTTP/1.0" 200 676624 "-" "BitrixCloud Monitoring/1.0"
40.77.167.72 - - [03/Feb/2025:02:28:37 +0300] "GET /blog/flats/luchshie-rayony-dubaya-dlya-zhizni-otdykha-i-investitsiy/ HTTP/1.0" 200 61189 "-" "Mozilla/5.0 AppleWebKit/537.36 (KHTML, like Gecko; compatible; bingbot/2.0; +http://www.bing.com/bingbot.htm) Chrome/116.0.1938.76 Safari/537.36"
52.16.71.198 - - [03/Feb/2025:02:28:43 +0300] "POST /bitrix/tools/backup.php HTTP/1.0" 200 978 "-" "-"
34.206.204.40 - - [03/Feb/2025:02:28:59 +0300] "GET / HTTP/1.0" 200 676624 "-" "BitrixCloud Monitoring/1.0"
66.249.66.41 - - [03/Feb/2025:02:29:49 +0300] "GET /company/staff/elena-antonenko/ HTTP/1.0" 200 55304 "-" "Mozilla/5.0 (Linux; Android 6.0.1; Nexus 5X Build/MMB29P) AppleWebKit/537.36 (KHTML, like Gecko) Chrome/132.0.6834.110 Mobile Safari/537.36 (compatible; Googlebot/2.1; +http://www.google.com/bot.html)"
66.249.66.42 - - [03/Feb/2025:02:29:56 +0300] "GET /local/templates/monolitsochi/css/mobile-header.css?17123976533986 HTTP/1.1" 200 1175 "https://monolith-realty.ru/company/staff/elena-antonenko/" "Mozilla/5.0 (Linux; Android 6.0.1; Nexus 5X Build/MMB29P) AppleWebKit/537.36 (KHTML, like Gecko) Chrome/131.0.6778.264 Mobile Safari/537.36 (compatible; Googlebot/2.1; +http://www.google.com/bot.html)"
66.249.66.42 - - [03/Feb/2025:02:29:57 +0300] "GET /local/templates/monolitsochi/css/colored.css?17123976536708 HTTP/1.1" 200 1262 "https://monolith-realty.ru/company/staff/elena-antonenko/" "Mozilla/5.0 (Linux; Android 6.0.1; Nexus 5X Build/MMB29P) AppleWebKit/537.36 (KHTML, like Gecko) Chrome/131.0.6778.264 Mobile Safari/537.36 (compatible; Googlebot/2.1; +http://www.google.com/bot.html)"
52.167.144.170 - - [03/Feb/2025:02:30:07 +0300] "GET /upload/resize_cache/iblock/fe1/1500_1500_0/75b78z6qnuce0m80ngv4t24htilsxnef.jpg HTTP/2.0" 200 163190 "-" "Mozilla/5.0 AppleWebKit/537.36 (KHTML, like Gecko; compatible; bingbot/2.0; +http://www.bing.com/bingbot.htm) Chrome/116.0.1938.76 Safari/537.36"
142.250.32.32 - - [03/Feb/2025:02:30:49 +0300] "GET /.well-known/traffic-advice HTTP/1.0" 301 716 "-" "Chrome Privacy Preserving Prefetch Proxy"
193.186.4.122 - - [03/Feb/2025:02:30:49 +0300] "GET /blog/flats/zakony-ob-arende-kvartir-v-dubae/ HTTP/1.0" 200 63151 "https://www.google.com/" "Mozilla/5.0 (Windows NT 10.0; Win64; x64) AppleWebKit/537.36 (KHTML, like Gecko) Chrome/132.0.0.0 Safari/537.36"
54.220.87.80 - - [03/Feb/2025:02:33:34 +0300] "GET / HTTP/1.0" 200 676624 "-" "BitrixCloud Monitoring/1.0"
173.252.127.15 - - [03/Feb/2025:02:33:36 +0300] "GET /?fbclid=IwZXh0bgNhZW0CMTEAAR2U-cWYHxJavM8OrXvWricwx0kUH2-ZCqV7ye5tilMiGimSEAqp62OQpXc_aem_w2Yru6erv8zLaWTtwX9GEg HTTP/1.0" 200 83367 "-" "Mozilla/5.0 (iPhone; CPU iPhone OS 16_6 like Mac OS X) AppleWebKit/605.1.15 (KHTML, like Gecko) Version/16.6 Mobile/15E148 Safari/604.1"
173.252.127.15 - - [03/Feb/2025:02:33:37 +0300] "GET /local/mobile.css?17231021863821 HTTP/2.0" 200 1045 "https://monolith-realty.ru/?fbclid=IwZXh0bgNhZW0CMTEAAR2U-cWYHxJavM8OrXvWricwx0kUH2-ZCqV7ye5tilMiGimSEAqp62OQpXc_aem_w2Yru6erv8zLaWTtwX9GEg" "Mozilla/5.0 (iPhone; CPU iPhone OS 16_6 like Mac OS X) AppleWebKit/605.1.15 (KHTML, like Gecko) Version/16.6 Mobile/15E148 Safari/604.1"
173.252.127.15 - - [03/Feb/2025:02:33:37 +0300] "GET /local/templates/monolitsochi/css/fonts/roboto/css/roboto.min.css?17123976534318 HTTP/2.0" 200 392 "https://monolith-realty.ru/?fbclid=IwZXh0bgNhZW0CMTEAAR2U-cWYHxJavM8OrXvWricwx0kUH2-ZCqV7ye5tilMiGimSEAqp62OQpXc_aem_w2Yru6erv8zLaWTtwX9GEg" "Mozilla/5.0 (iPhone; CPU iPhone OS 16_6 like Mac OS X) AppleWebKit/605.1.15 (KHTML, like Gecko) Version/16.6 Mobile/15E148 Safari/604.1"
173.252.127.7 - - [03/Feb/2025:02:33:37 +0300] "GET /local/templates/monolitsochi/styles/css-gulp/style.css?171239765231179 HTTP/2.0" 200 5615 "https://monolith-realty.ru/?fbclid=IwZXh0bgNhZW0CMTEAAR2U-cWYHxJavM8OrXvWricwx0kUH2-ZCqV7ye5tilMiGimSEAqp62OQpXc_aem_w2Yru6erv8zLaWTtwX9GEg" "Mozilla/5.0 (iPhone; CPU iPhone OS 16_6 like Mac OS X) AppleWebKit/605.1.15 (KHTML, like Gecko) Version/16.6 Mobile/15E148 Safari/604.1"
173.252.127.19 - - [03/Feb/2025:02:33:37 +0300] "GET /local/templates/monolitsochi/css/fonts/montserrat/css/montserrat.min.css?17123976535716 HTTP/2.0" 200 437 "https://monolith-realty.ru/?fbclid=IwZXh0bgNhZW0CMTEAAR2U-cWYHxJavM8OrXvWricwx0kUH2-ZCqV7ye5tilMiGimSEAqp62OQpXc_aem_w2Yru6erv8zLaWTtwX9GEg" "Mozilla/5.0 (iPhone; CPU iPhone OS 16_6 like Mac OS X) AppleWebKit/605.1.15 (KHTML, like Gecko) Version/16.6 Mobile/15E148 Safari/604.1"
173.252.127.15 - - [03/Feb/2025:02:33:38 +0300] "GET /local/templates/monolitsochi/css/jquery.mCustomScrollbar.min.css?171239765342839 HTTP/2.0" 200 4235 "https://monolith-realty.ru/?fbclid=IwZXh0bgNhZW0CMTEAAR2U-cWYHxJavM8OrXvWricwx0kUH2-ZCqV7ye5tilMiGimSEAqp62OQpXc_aem_w2Yru6erv8zLaWTtwX9GEg" "Mozilla/5.0 (iPhone; CPU iPhone OS 16_6 like Mac OS X) AppleWebKit/605.1.15 (KHTML, like Gecko) Version/16.6 Mobile/15E148 Safari/604.1"
173.252.127.19 - - [03/Feb/2025:02:33:38 +0300] "GET /local/templates/monolitsochi/css/theme-elements.css?17123976534301 HTTP/2.0" 200 1076 "https://monolith-realty.ru/?fbclid=IwZXh0bgNhZW0CMTEAAR2U-cWYHxJavM8OrXvWricwx0kUH2-ZCqV7ye5tilMiGimSEAqp62OQpXc_aem_w2Yru6erv8zLaWTtwX9GEg" "Mozilla/5.0 (iPhone; CPU iPhone OS 16_6 like Mac OS X) AppleWebKit/605.1.15 (KHTML, like Gecko) Version/16.6 Mobile/15E148 Safari/604.1"
173.252.127.7 - - [03/Feb/2025:02:33:38 +0300] "GET /local/templates/monolitsochi/css/bootstrap.css?1712397653114216 HTTP/2.0" 200 16456 "https://monolith-realty.ru/?fbclid=IwZXh0bgNhZW0CMTEAAR2U-cWYHxJavM8OrXvWricwx0kUH2-ZCqV7ye5tilMiGimSEAqp62OQpXc_aem_w2Yru6erv8zLaWTtwX9GEg" "Mozilla/5.0 (iPhone; CPU iPhone OS 16_6 like Mac OS X) AppleWebKit/605.1.15 (KHTML, like Gecko) Version/16.6 Mobile/15E148 Safari/604.1"
173.252.127.15 - - [03/Feb/2025:02:33:38 +0300] "GET /local/templates/monolitsochi/vendor/css/ripple.css?1712397654854 HTTP/2.0" 200 279 "https://monolith-realty.ru/?fbclid=IwZXh0bgNhZW0CMTEAAR2U-cWYHxJavM8OrXvWricwx0kUH2-ZCqV7ye5tilMiGimSEAqp62OQpXc_aem_w2Yru6erv8zLaWTtwX9GEg" "Mozilla/5.0 (iPhone; CPU iPhone OS 16_6 like Mac OS X) AppleWebKit/605.1.15 (KHTML, like Gecko) Version/16.6 Mobile/15E148 Safari/604.1"
173.252.127.19 - - [03/Feb/2025:02:33:38 +0300] "GET /local/templates/monolitsochi/css/animation/animate.min.css?171239765352789 HTTP/2.0" 200 4103 "https://monolith-realty.ru/?fbclid=IwZXh0bgNhZW0CMTEAAR2U-cWYHxJavM8OrXvWricwx0kUH2-ZCqV7ye5tilMiGimSEAqp62OQpXc_aem_w2Yru6erv8zLaWTtwX9GEg" "Mozilla/5.0 (iPhone; CPU iPhone OS 16_6 like Mac OS X) AppleWebKit/605.1.15 (KHTML, like Gecko) Version/16.6 Mobile/15E148 Safari/604.1"
173.252.127.15 - - [03/Feb/2025:02:33:38 +0300] "GET /local/templates/monolitsochi/vendor/css/carousel/owl/owl.carousel.css?17123976544744 HTTP/2.0" 200 1387 "https://monolith-realty.ru/?fbclid=IwZXh0bgNhZW0CMTEAAR2U-cWYHxJavM8OrXvWricwx0kUH2-ZCqV7ye5tilMiGimSEAqp62OQpXc_aem_w2Yru6erv8zLaWTtwX9GEg" "Mozilla/5.0 (iPhone; CPU iPhone OS 16_6 like Mac OS X) AppleWebKit/605.1.15 (KHTML, like Gecko) Version/16.6 Mobile/15E148 Safari/604.1"
173.252.127.7 - - [03/Feb/2025:02:33:38 +0300] "GET /local/templates/monolitsochi/css/animation/animation_ext.css?17123976535902 HTTP/2.0" 200 941 "https://monolith-realty.ru/?fbclid=IwZXh0bgNhZW0CMTEAAR2U-cWYHxJavM8OrXvWricwx0kUH2-ZCqV7ye5tilMiGimSEAqp62OQpXc_aem_w2Yru6erv8zLaWTtwX9GEg" "Mozilla/5.0 (iPhone; CPU iPhone OS 16_6 like Mac OS X) AppleWebKit/605.1.15 (KHTML, like Gecko) Version/16.6 Mobile/15E148 Safari/604.1"
173.252.127.19 - - [03/Feb/2025:02:33:38 +0300] "GET /local/templates/monolitsochi/vendor/css/carousel/owl/owl.theme.default.css?17123976541380 HTTP/2.0" 200 562 "https://monolith-realty.ru/?fbclid=IwZXh0bgNhZW0CMTEAAR2U-cWYHxJavM8OrXvWricwx0kUH2-ZCqV7ye5tilMiGimSEAqp62OQpXc_aem_w2Yru6erv8zLaWTtwX9GEg" "Mozilla/5.0 (iPhone; CPU iPhone OS 16_6 like Mac OS X) AppleWebKit/605.1.15 (KHTML, like Gecko) Version/16.6 Mobile/15E148 Safari/604.1"
173.252.127.15 - - [03/Feb/2025:02:33:38 +0300] "GET /local/templates/monolitsochi/css/buttons.css?171239765316829 HTTP/2.0" 200 2413 "https://monolith-realty.ru/?fbclid=IwZXh0bgNhZW0CMTEAAR2U-cWYHxJavM8OrXvWricwx0kUH2-ZCqV7ye5tilMiGimSEAqp62OQpXc_aem_w2Yru6erv8zLaWTtwX9GEg" "Mozilla/5.0 (iPhone; CPU iPhone OS 16_6 like Mac OS X) AppleWebKit/605.1.15 (KHTML, like Gecko) Version/16.6 Mobile/15E148 Safari/604.1"
173.252.127.7 - - [03/Feb/2025:02:33:38 +0300] "GET /local/templates/monolitsochi/css/svg.css?17123976533334 HTTP/2.0" 200 760 "https://monolith-realty.ru/?fbclid=IwZXh0bgNhZW0CMTEAAR2U-cWYHxJavM8OrXvWricwx0kUH2-ZCqV7ye5tilMiGimSEAqp62OQpXc_aem_w2Yru6erv8zLaWTtwX9GEg" "Mozilla/5.0 (iPhone; CPU iPhone OS 16_6 like Mac OS X) AppleWebKit/605.1.15 (KHTML, like Gecko) Version/16.6 Mobile/15E148 Safari/604.1"
173.252.127.19 - - [03/Feb/2025:02:33:38 +0300] "GET /local/templates/monolitsochi/css/header.css?171239765341573 HTTP/2.0" 200 5312 "https://monolith-realty.ru/?fbclid=IwZXh0bgNhZW0CMTEAAR2U-cWYHxJavM8OrXvWricwx0kUH2-ZCqV7ye5tilMiGimSEAqp62OQpXc_aem_w2Yru6erv8zLaWTtwX9GEg" "Mozilla/5.0 (iPhone; CPU iPhone OS 16_6 like Mac OS X) AppleWebKit/605.1.15 (KHTML, like Gecko) Version/16.6 Mobile/15E148 Safari/604.1"
173.252.127.15 - - [03/Feb/2025:02:33:38 +0300] "GET /local/templates/monolitsochi/css/footer.css?171239765319141 HTTP/2.0" 200 3732 "https://monolith-realty.ru/?fbclid=IwZXh0bgNhZW0CMTEAAR2U-cWYHxJavM8OrXvWricwx0kUH2-ZCqV7ye5tilMiGimSEAqp62OQpXc_aem_w2Yru6erv8zLaWTtwX9GEg" "Mozilla/5.0 (iPhone; CPU iPhone OS 16_6 like Mac OS X) AppleWebKit/605.1.15 (KHTML, like Gecko) Version/16.6 Mobile/15E148 Safari/604.1"
173.252.127.7 - - [03/Feb/2025:02:33:38 +0300] "GET /local/templates/monolitsochi/css/menu-top.css?171810856920791 HTTP/2.0" 200 3549 "https://monolith-realty.ru/?fbclid=IwZXh0bgNhZW0CMTEAAR2U-cWYHxJavM8OrXvWricwx0kUH2-ZCqV7ye5tilMiGimSEAqp62OQpXc_aem_w2Yru6erv8zLaWTtwX9GEg" "Mozilla/5.0 (iPhone; CPU iPhone OS 16_6 like Mac OS X) AppleWebKit/605.1.15 (KHTML, like Gecko) Version/16.6 Mobile/15E148 Safari/604.1"
173.252.127.19 - - [03/Feb/2025:02:33:39 +0300] "GET /local/templates/monolitsochi/css/mega-menu.css?17123976531863 HTTP/2.0" 200 625 "https://monolith-realty.ru/?fbclid=IwZXh0bgNhZW0CMTEAAR2U-cWYHxJavM8OrXvWricwx0kUH2-ZCqV7ye5tilMiGimSEAqp62OQpXc_aem_w2Yru6erv8zLaWTtwX9GEg" "Mozilla/5.0 (iPhone; CPU iPhone OS 16_6 like Mac OS X) AppleWebKit/605.1.15 (KHTML, like Gecko) Version/16.6 Mobile/15E148 Safari/604.1"
173.252.127.15 - - [03/Feb/2025:02:33:39 +0300] "GET /local/templates/monolitsochi/css/mobile-header.css?17123976533986 HTTP/2.0" 200 1163 "https://monolith-realty.ru/?fbclid=IwZXh0bgNhZW0CMTEAAR2U-cWYHxJavM8OrXvWricwx0kUH2-ZCqV7ye5tilMiGimSEAqp62OQpXc_aem_w2Yru6erv8zLaWTtwX9GEg" "Mozilla/5.0 (iPhone; CPU iPhone OS 16_6 like Mac OS X) AppleWebKit/605.1.15 (KHTML, like Gecko) Version/16.6 Mobile/15E148 Safari/604.1"
173.252.127.7 - - [03/Feb/2025:02:33:39 +0300] "GET /local/templates/monolitsochi/css/mobile-menu.css?17123976535995 HTTP/2.0" 200 1571 "https://monolith-realty.ru/?fbclid=IwZXh0bgNhZW0CMTEAAR2U-cWYHxJavM8OrXvWricwx0kUH2-ZCqV7ye5tilMiGimSEAqp62OQpXc_aem_w2Yru6erv8zLaWTtwX9GEg" "Mozilla/5.0 (iPhone; CPU iPhone OS 16_6 like Mac OS X) AppleWebKit/605.1.15 (KHTML, like Gecko) Version/16.6 Mobile/15E148 Safari/604.1"
173.252.127.15 - - [03/Feb/2025:02:33:39 +0300] "GET /local/templates/monolitsochi/css/header-fixed.css?17123976531260 HTTP/2.0" 200 495 "https://monolith-realty.ru/?fbclid=IwZXh0bgNhZW0CMTEAAR2U-cWYHxJavM8OrXvWricwx0kUH2-ZCqV7ye5tilMiGimSEAqp62OQpXc_aem_w2Yru6erv8zLaWTtwX9GEg" "Mozilla/5.0 (iPhone; CPU iPhone OS 16_6 like Mac OS X) AppleWebKit/605.1.15 (KHTML, like Gecko) Version/16.6 Mobile/15E148 Safari/604.1"
