212.192.24.176 - - [24/Jan/2025:01:53:20 +0300] "GET /upload/CAllcorp3/827/9694e9idz4u2lnntybhgd03ay31izjhe/Logotip.png HTTP/2.0" 200 34438 "https://monolith-realty.ru/blog/flats/gde-luchshe-kupit-kvartiru-v-krymu/" "Mozilla/5.0 (Linux; Android 10; K) AppleWebKit/537.36 (KHTML, like Gecko) Chrome/131.0.0.0 Mobile Safari/537.36"
212.192.24.176 - - [24/Jan/2025:01:53:20 +0300] "GET /local/templates/monolitsochi/css/print.css?171239765314936 HTTP/2.0" 200 2997 "https://monolith-realty.ru/blog/flats/gde-luchshe-kupit-kvartiru-v-krymu/" "Mozilla/5.0 (Linux; Android 10; K) AppleWebKit/537.36 (KHTML, like Gecko) Chrome/131.0.0.0 Mobile Safari/537.36"
212.192.24.176 - - [24/Jan/2025:01:53:20 +0300] "GET /local/templates/monolitsochi/images/loaders/double_ring.svg HTTP/2.0" 200 304 "https://monolith-realty.ru/local/templates/monolitsochi/css/owl-styles.css?171239765316161" "Mozilla/5.0 (Linux; Android 10; K) AppleWebKit/537.36 (KHTML, like Gecko) Chrome/131.0.0.0 Mobile Safari/537.36"
212.192.24.176 - - [24/Jan/2025:01:53:21 +0300] "GET /local/templates/monolitsochi/images/svg/social.svg HTTP/2.0" 200 119448 "https://monolith-realty.ru/local/templates/monolitsochi/css/social-icons.css?171239765315372" "Mozilla/5.0 (Linux; Android 10; K) AppleWebKit/537.36 (KHTML, like Gecko) Chrome/131.0.0.0 Mobile Safari/537.36"
212.192.24.176 - - [24/Jan/2025:01:53:21 +0300] "GET /local/templates/monolitsochi/images/svg/scroll.svg HTTP/2.0" 200 457 "https://monolith-realty.ru/local/templates/monolitsochi/template_styles.css?171968630336328" "Mozilla/5.0 (Linux; Android 10; K) AppleWebKit/537.36 (KHTML, like Gecko) Chrome/131.0.0.0 Mobile Safari/537.36"
212.192.24.176 - - [24/Jan/2025:01:53:21 +0300] "GET /local/templates/monolitsochi/css/fonts/roboto/fonts/roboto-v27-latin_cyrillic-ext-700.woff2 HTTP/2.0" 200 33236 "https://monolith-realty.ru/local/templates/monolitsochi/css/fonts/roboto/css/roboto.min.css?17123976534318" "Mozilla/5.0 (Linux; Android 10; K) AppleWebKit/537.36 (KHTML, like Gecko) Chrome/131.0.0.0 Mobile Safari/537.36"
212.192.24.176 - - [24/Jan/2025:01:53:21 +0300] "GET /local/templates/monolitsochi/css/fonts/montserrat/fonts/montserrat-v15-latin_cyrillic-ext-regular.woff2 HTTP/2.0" 200 34428 "https://monolith-realty.ru/local/templates/monolitsochi/css/fonts/montserrat/css/montserrat.min.css?17123976535716" "Mozilla/5.0 (Linux; Android 10; K) AppleWebKit/537.36 (KHTML, like Gecko) Chrome/131.0.0.0 Mobile Safari/537.36"
212.192.24.176 - - [24/Jan/2025:01:53:21 +0300] "GET /local/templates/monolitsochi/css/fonts/montserrat/fonts/montserrat-v15-latin_cyrillic-ext-700.woff2 HTTP/2.0" 200 34500 "https://monolith-realty.ru/local/templates/monolitsochi/css/fonts/montserrat/css/montserrat.min.css?17123976535716" "Mozilla/5.0 (Linux; Android 10; K) AppleWebKit/537.36 (KHTML, like Gecko) Chrome/131.0.0.0 Mobile Safari/537.36"
212.192.24.176 - - [24/Jan/2025:01:53:21 +0300] "GET /local/templates/monolitsochi/css/fonts/montserrat/fonts/montserrat-v15-latin_cyrillic-ext-italic.woff2 HTTP/2.0" 200 35200 "https://monolith-realty.ru/local/templates/monolitsochi/css/fonts/montserrat/css/montserrat.min.css?17123976535716" "Mozilla/5.0 (Linux; Android 10; K) AppleWebKit/537.36 (KHTML, like Gecko) Chrome/131.0.0.0 Mobile Safari/537.36"
212.192.24.176 - - [24/Jan/2025:01:53:21 +0300] "GET /local/templates/monolitsochi/css/fonts/montserrat/fonts/montserrat-v15-latin_cyrillic-ext-600.woff2 HTTP/2.0" 200 34440 "https://monolith-realty.ru/local/templates/monolitsochi/css/fonts/montserrat/css/montserrat.min.css?17123976535716" "Mozilla/5.0 (Linux; Android 10; K) AppleWebKit/537.36 (KHTML, like Gecko) Chrome/131.0.0.0 Mobile Safari/537.36"
213.180.203.116 - - [24/Jan/2025:01:53:44 +0300] "GET /blog/flats/gde-luchshe-kupit-kvartiru-v-krymu/ HTTP/1.0" 200 58568 "-" "Mozilla/5.0 (compatible; YandexBot/3.0; +http://yandex.com/bots) AppleWebKit/537.36 (KHTML, like Gecko) Chrome/108.0.0.0"
5.255.231.49 - - [24/Jan/2025:01:53:45 +0300] "GET /company/partnership/ HTTP/1.0" 200 60532 "-" "Mozilla/5.0 (compatible; YandexBot/3.0; +http://yandex.com/bots) AppleWebKit/537.36 (KHTML, like Gecko) Chrome/108.0.0.0"
66.249.66.41 - - [24/Jan/2025:01:54:36 +0300] "GET /product/Sochi/marine-garden-sochi-4/ HTTP/1.0" 200 70183 "-" "Mozilla/5.0 (Linux; Android 6.0.1; Nexus 5X Build/MMB29P) AppleWebKit/537.36 (KHTML, like Gecko) Chrome/132.0.6834.83 Mobile Safari/537.36 (compatible; Googlebot/2.1; +http://www.google.com/bot.html)"
34.206.204.40 - - [24/Jan/2025:01:54:38 +0300] "GET / HTTP/1.0" 200 688517 "-" "BitrixCloud Monitoring/1.0"
66.249.66.41 - - [24/Jan/2025:01:54:39 +0300] "GET /local/templates/monolitsochi/components/bitrix/news.list/tizers-list/style.css?17123976523466 HTTP/1.1" 200 864 "https://monolith-realty.ru/product/Sochi/marine-garden-sochi-4/" "Mozilla/5.0 (Linux; Android 6.0.1; Nexus 5X Build/MMB29P) AppleWebKit/537.36 (KHTML, like Gecko) Chrome/131.0.6778.264 Mobile Safari/537.36 (compatible; Googlebot/2.1; +http://www.google.com/bot.html)"
212.192.24.176 - - [24/Jan/2025:01:57:24 +0300] "GET /product/Crimea/ak-atlas-sudak/ HTTP/1.0" 200 63419 "https://monolith-realty.ru/blog/flats/gde-luchshe-kupit-kvartiru-v-krymu/" "Mozilla/5.0 (Linux; Android 10; K) AppleWebKit/537.36 (KHTML, like Gecko) Chrome/131.0.0.0 Mobile Safari/537.36"
212.192.24.176 - - [24/Jan/2025:01:57:26 +0300] "GET /bitrix/js/ui/design-tokens/dist/ui.design-tokens.css?171753197526358 HTTP/2.0" 200 4506 "https://monolith-realty.ru/product/Crimea/ak-atlas-sudak/" "Mozilla/5.0 (Linux; Android 10; K) AppleWebKit/537.36 (KHTML, like Gecko) Chrome/131.0.0.0 Mobile Safari/537.36"
212.192.24.176 - - [24/Jan/2025:01:57:26 +0300] "GET /bitrix/js/ui/fonts/opensans/ui.font.opensans.css?16898652852555 HTTP/2.0" 200 324 "https://monolith-realty.ru/product/Crimea/ak-atlas-sudak/" "Mozilla/5.0 (Linux; Android 10; K) AppleWebKit/537.36 (KHTML, like Gecko) Chrome/131.0.0.0 Mobile Safari/537.36"
212.192.24.176 - - [24/Jan/2025:01:57:26 +0300] "GET /bitrix/js/main/popup/dist/main.popup.bundle.css?168986528329861 HTTP/2.0" 200 6374 "https://monolith-realty.ru/product/Crimea/ak-atlas-sudak/" "Mozilla/5.0 (Linux; Android 10; K) AppleWebKit/537.36 (KHTML, like Gecko) Chrome/131.0.0.0 Mobile Safari/537.36"
212.192.24.176 - - [24/Jan/2025:01:57:26 +0300] "GET /local/templates/monolitsochi/components/bitrix/catalog/main/style.css?17123976531735 HTTP/2.0" 200 635 "https://monolith-realty.ru/product/Crimea/ak-atlas-sudak/" "Mozilla/5.0 (Linux; Android 10; K) AppleWebKit/537.36 (KHTML, like Gecko) Chrome/131.0.0.0 Mobile Safari/537.36"
212.192.24.176 - - [24/Jan/2025:01:57:26 +0300] "GET /local/templates/monolitsochi/components/bitrix/catalog.element/main/style.css?171239765213038 HTTP/2.0" 200 2653 "https://monolith-realty.ru/product/Crimea/ak-atlas-sudak/" "Mozilla/5.0 (Linux; Android 10; K) AppleWebKit/537.36 (KHTML, like Gecko) Chrome/131.0.0.0 Mobile Safari/537.36"
212.192.24.176 - - [24/Jan/2025:01:57:26 +0300] "GET /local/templates/monolitsochi/components/bitrix/news.list/tizers-list/style.css?17123976523466 HTTP/2.0" 200 852 "https://monolith-realty.ru/product/Crimea/ak-atlas-sudak/" "Mozilla/5.0 (Linux; Android 10; K) AppleWebKit/537.36 (KHTML, like Gecko) Chrome/131.0.0.0 Mobile Safari/537.36"
212.192.24.176 - - [24/Jan/2025:01:57:26 +0300] "GET /local/templates/monolitsochi/components/bitrix/news.list/infrastructure/style.css?17123976523466 HTTP/2.0" 200 852 "https://monolith-realty.ru/product/Crimea/ak-atlas-sudak/" "Mozilla/5.0 (Linux; Android 10; K) AppleWebKit/537.36 (KHTML, like Gecko) Chrome/131.0.0.0 Mobile Safari/537.36"
212.192.24.176 - - [24/Jan/2025:01:57:26 +0300] "GET /bitrix/js/main/popup/dist/main.popup.bundle.js?1711901400117034 HTTP/2.0" 200 20086 "https://monolith-realty.ru/product/Crimea/ak-atlas-sudak/" "Mozilla/5.0 (Linux; Android 10; K) AppleWebKit/537.36 (KHTML, like Gecko) Chrome/131.0.0.0 Mobile Safari/537.36"
212.192.24.176 - - [24/Jan/2025:01:57:26 +0300] "GET /local/templates/monolitsochi/js/jquery.history.js?171239765421571 HTTP/2.0" 200 6425 "https://monolith-realty.ru/product/Crimea/ak-atlas-sudak/" "Mozilla/5.0 (Linux; Android 10; K) AppleWebKit/537.36 (KHTML, like Gecko) Chrome/131.0.0.0 Mobile Safari/537.36"
212.192.24.176 - - [24/Jan/2025:01:57:26 +0300] "GET /local/templates/monolitsochi/components/bitrix/catalog.element/main/script.js?17123976522067 HTTP/2.0" 200 603 "https://monolith-realty.ru/product/Crimea/ak-atlas-sudak/" "Mozilla/5.0 (Linux; Android 10; K) AppleWebKit/537.36 (KHTML, like Gecko) Chrome/131.0.0.0 Mobile Safari/537.36"
212.192.24.176 - - [24/Jan/2025:01:57:26 +0300] "GET /local/templates/monolitsochi/js/setTheme.php?site_id=s1&site_dir=/ HTTP/1.0" 200 16781 "https://monolith-realty.ru/product/Crimea/ak-atlas-sudak/" "Mozilla/5.0 (Linux; Android 10; K) AppleWebKit/537.36 (KHTML, like Gecko) Chrome/131.0.0.0 Mobile Safari/537.36"
54.220.87.80 - - [24/Jan/2025:01:57:37 +0300] "GET / HTTP/1.0" 200 688517 "-" "BitrixCloud Monitoring/1.0"
213.180.203.131 - - [24/Jan/2025:01:58:42 +0300] "GET /product/Crimea/ak-atlas-sudak/ HTTP/1.0" 200 63536 "-" "Mozilla/5.0 (compatible; YandexBot/3.0; +http://yandex.com/bots) AppleWebKit/537.36 (KHTML, like Gecko) Chrome/108.0.0.0"
87.250.224.6 - - [24/Jan/2025:01:58:43 +0300] "GET /local/templates/monolitsochi/js/jquery.autocomplete.js?171239765432714 HTTP/1.1" 200 7136 "https://monolith-realty.ru/product/Crimea/ak-atlas-sudak/" "Mozilla/5.0 (compatible; YandexRenderResourcesBot/1.0; +http://yandex.com/bots) AppleWebKit/537.36 (KHTML, like Gecko) Chrome/108.0.0.0"
95.108.213.160 - - [24/Jan/2025:01:58:43 +0300] "GET /local/templates/monolitsochi/js/custom.js?1712397654101 HTTP/1.1" 200 117 "https://monolith-realty.ru/product/Crimea/ak-atlas-sudak/" "Mozilla/5.0 (compatible; YandexRenderResourcesBot/1.0; +http://yandex.com/bots) AppleWebKit/537.36 (KHTML, like Gecko) Chrome/108.0.0.0"
95.108.213.188 - - [24/Jan/2025:01:58:44 +0300] "GET /local/templates/monolitsochi/js/jquery-ui.min.js?171239765432162 HTTP/1.1" 200 10052 "https://monolith-realty.ru/product/Crimea/ak-atlas-sudak/" "Mozilla/5.0 (compatible; YandexRenderResourcesBot/1.0; +http://yandex.com/bots) AppleWebKit/537.36 (KHTML, like Gecko) Chrome/108.0.0.0"
213.180.203.54 - - [24/Jan/2025:01:58:44 +0300] "GET /local/templates/monolitsochi/js/speed.min.js?=1712397654 HTTP/1.1" 200 2107 "https://monolith-realty.ru/product/Crimea/ak-atlas-sudak/" "Mozilla/5.0 (compatible; YandexRenderResourcesBot/1.0; +http://yandex.com/bots) AppleWebKit/537.36 (KHTML, like Gecko) Chrome/108.0.0.0"
95.108.213.245 - - [24/Jan/2025:01:58:54 +0300] "GET /blog/flats/investitsii-v-nedvizhimost-v-dubae/ HTTP/1.0" 200 73348 "-" "Mozilla/5.0 (compatible; YandexBot/3.0; +http://yandex.com/bots) AppleWebKit/537.36 (KHTML, like Gecko) Chrome/108.0.0.0"
34.206.204.40 - - [24/Jan/2025:02:00:39 +0300] "GET / HTTP/1.0" 200 688517 "-" "BitrixCloud Monitoring/1.0"
54.36.172.122 - - [24/Jan/2025:02:02:19 +0300] "GET / HTTP/1.1" 301 189 "-" "Mozilla/5.0 (compatible, MSIE 11, Windows NT 6.3; Trident/7.0; rv:11.0) like Gecko"
54.36.172.122 - - [24/Jan/2025:02:02:20 +0300] "GET / HTTP/1.0" 200 83498 "-" "Mozilla/5.0 (compatible, MSIE 11, Windows NT 6.3; Trident/7.0; rv:11.0) like Gecko"
95.108.213.4 - - [24/Jan/2025:02:03:00 +0300] "GET /robots.txt HTTP/1.0" 200 3719 "-" "Mozilla/5.0 (compatible; YandexBot/3.0; +http://yandex.com/bots)"
54.220.87.80 - - [24/Jan/2025:02:03:37 +0300] "GET / HTTP/1.0" 200 688517 "-" "BitrixCloud Monitoring/1.0"
213.180.203.222 - - [24/Jan/2025:02:04:48 +0300] "GET /upload/iblock/518/fvowxbvtnevygqc39qenz99dk1m87wb8.jpg HTTP/1.1" 304 0 "-" "Mozilla/5.0 (compatible; YandexImages/3.0; +http://yandex.com/bots)"
52.16.71.198 - - [24/Jan/2025:02:05:34 +0300] "POST /bitrix/tools/backup.php HTTP/1.0" 200 743 "-" "-"
34.206.204.40 - - [24/Jan/2025:02:06:38 +0300] "GET / HTTP/1.0" 200 688517 "-" "BitrixCloud Monitoring/1.0"
52.16.71.198 - - [24/Jan/2025:02:06:19 +0300] "POST /bitrix/tools/backup.php HTTP/1.0" 200 743 "-" "-"
52.16.71.198 - - [24/Jan/2025:02:07:23 +0300] "POST /bitrix/tools/backup.php HTTP/1.0" 200 743 "-" "-"
52.16.71.198 - - [24/Jan/2025:02:07:57 +0300] "POST /bitrix/tools/backup.php HTTP/1.0" 200 743 "-" "-"
52.16.71.198 - - [24/Jan/2025:02:08:46 +0300] "POST /bitrix/tools/backup.php HTTP/1.0" 200 743 "-" "-"
52.16.71.198 - - [24/Jan/2025:02:09:20 +0300] "POST /bitrix/tools/backup.php HTTP/1.0" 200 743 "-" "-"
5.255.231.68 - - [24/Jan/2025:02:09:36 +0300] "GET /product/Crimea/ak-darsan-residence-yalta/ HTTP/1.0" 200 64281 "-" "Mozilla/5.0 (compatible; YandexBot/3.0; +http://yandex.com/bots) AppleWebKit/537.36 (KHTML, like Gecko) Chrome/108.0.0.0"
54.220.87.80 - - [24/Jan/2025:02:09:37 +0300] "GET / HTTP/1.0" 200 688517 "-" "BitrixCloud Monitoring/1.0"
87.250.224.3 - - [24/Jan/2025:02:09:40 +0300] "GET /local/templates/monolitsochi/js/jquery.uniform.min.js?17123976548308 HTTP/1.1" 200 3047 "https://monolith-realty.ru/product/Crimea/ak-darsan-residence-yalta/" "Mozilla/5.0 (compatible; YandexRenderResourcesBot/1.0; +http://yandex.com/bots) AppleWebKit/537.36 (KHTML, like Gecko) Chrome/108.0.0.0"
213.180.203.214 - - [24/Jan/2025:02:09:40 +0300] "GET /local/templates/monolitsochi/js/jquery.alphanumeric.js?17123976541901 HTTP/1.1" 200 688 "https://monolith-realty.ru/product/Crimea/ak-darsan-residence-yalta/" "Mozilla/5.0 (compatible; YandexRenderResourcesBot/1.0; +http://yandex.com/bots) AppleWebKit/537.36 (KHTML, like Gecko) Chrome/108.0.0.0"
95.108.213.177 - - [24/Jan/2025:02:09:48 +0300] "GET /blog/flats/v-krymu-poyavitsya-novyy-kurort-zolotye-peski-rossii/ HTTP/1.0" 200 54280 "-" "Mozilla/5.0 (compatible; YandexBot/3.0; +http://yandex.com/bots) AppleWebKit/537.36 (KHTML, like Gecko) Chrome/108.0.0.0"
87.250.224.208 - - [24/Jan/2025:02:09:49 +0300] "GET /upload/iblock/83e/lmpc7j1w7yfp1knrrk8ds1lwlv3x75wx.jpg HTTP/1.1" 200 433972 "-" "Mozilla/5.0 (compatible; YandexImages/3.0; +http://yandex.com/bots)"
213.180.203.116 - - [24/Jan/2025:02:09:51 +0300] "GET /local/templates/monolitsochi/components/bitrix/news.detail/news/script.js?1718620287668 HTTP/1.1" 200 361 "https://monolith-realty.ru/blog/flats/v-krymu-poyavitsya-novyy-kurort-zolotye-peski-rossii/" "Mozilla/5.0 (compatible; YandexRenderResourcesBot/1.0; +http://yandex.com/bots) AppleWebKit/537.36 (KHTML, like Gecko) Chrome/108.0.0.0"
87.250.224.3 - - [24/Jan/2025:02:09:57 +0300] "GET /product/Crimea/zhk-avrora/ HTTP/1.0" 200 62317 "-" "Mozilla/5.0 (compatible; YandexBot/3.0; +http://yandex.com/bots) AppleWebKit/537.36 (KHTML, like Gecko) Chrome/108.0.0.0"
52.16.71.198 - - [24/Jan/2025:02:10:10 +0300] "POST /bitrix/tools/backup.php HTTP/1.0" 200 743 "-" "-"
52.16.71.198 - - [24/Jan/2025:02:10:44 +0300] "POST /bitrix/tools/backup.php HTTP/1.0" 200 743 "-" "-"
52.16.71.198 - - [24/Jan/2025:02:11:32 +0300] "POST /bitrix/tools/backup.php HTTP/1.0" 200 743 "-" "-"
5.255.231.49 - - [24/Jan/2025:02:12:16 +0300] "GET /product/dubai/apartamenty/kaya/ HTTP/1.0" 200 67016 "-" "Mozilla/5.0 (compatible; YandexBot/3.0; +http://yandex.com/bots) AppleWebKit/537.36 (KHTML, like Gecko) Chrome/108.0.0.0"
213.180.203.131 - - [24/Jan/2025:02:12:17 +0300] "GET /bitrix/components/bitrix/search.title/script.js?16898652289847 HTTP/1.1" 200 2512 "https://monolith-realty.ru/product/dubai/apartamenty/kaya/" "Mozilla/5.0 (compatible; YandexRenderResourcesBot/1.0; +http://yandex.com/bots) AppleWebKit/537.36 (KHTML, like Gecko) Chrome/108.0.0.0"
95.108.213.160 - - [24/Jan/2025:02:12:18 +0300] "GET /product/dubai/apartamenty/bayz101-by-danube/ HTTP/1.0" 200 67942 "-" "Mozilla/5.0 (compatible; YandexBot/3.0; +http://yandex.com/bots) AppleWebKit/537.36 (KHTML, like Gecko) Chrome/108.0.0.0"
87.250.224.6 - - [24/Jan/2025:02:12:20 +0300] "GET /product/dubai/apartamenty/pearl-house/ HTTP/1.0" 200 67021 "-" "Mozilla/5.0 (compatible; YandexBot/3.0; +http://yandex.com/bots) AppleWebKit/537.36 (KHTML, like Gecko) Chrome/108.0.0.0"
213.180.203.54 - - [24/Jan/2025:02:12:22 +0300] "GET /bitrix/components/aspro/marketing.popup.allcorp3/templates/.default/script.js?16898652241465 HTTP/1.1" 200 610 "https://monolith-realty.ru/product/dubai/apartamenty/pearl-house/" "Mozilla/5.0 (compatible; YandexRenderResourcesBot/1.0; +http://yandex.com/bots) AppleWebKit/537.36 (KHTML, like Gecko) Chrome/108.0.0.0"
95.108.213.188 - - [24/Jan/2025:02:12:22 +0300] "GET /bitrix/components/bitrix/search.title/script.js?16898652289847 HTTP/1.1" 200 2512 "https://monolith-realty.ru/product/dubai/apartamenty/pearl-house/" "Mozilla/5.0 (compatible; YandexRenderResourcesBot/1.0; +http://yandex.com/bots) AppleWebKit/537.36 (KHTML, like Gecko) Chrome/108.0.0.0"
52.16.71.198 - - [24/Jan/2025:02:12:09 +0300] "POST /bitrix/tools/backup.php HTTP/1.0" 200 743 "-" "-"
34.206.204.40 - - [24/Jan/2025:02:12:38 +0300] "GET / HTTP/1.0" 200 688517 "-" "BitrixCloud Monitoring/1.0"
52.16.71.198 - - [24/Jan/2025:02:12:57 +0300] "POST /bitrix/tools/backup.php HTTP/1.0" 200 743 "-" "-"
95.108.213.245 - - [24/Jan/2025:02:13:25 +0300] "GET /local/templates/monolitsochi/vendor/js/ripple.js?17123976544702 HTTP/1.1" 200 1442 "https://monolith-realty.ru/product/dubai/apartamenty/kaya/" "Mozilla/5.0 (compatible; YandexRenderResourcesBot/1.0; +http://yandex.com/bots) AppleWebKit/537.36 (KHTML, like Gecko) Chrome/108.0.0.0"
52.16.71.198 - - [24/Jan/2025:02:13:50 +0300] "POST /bitrix/tools/backup.php HTTP/1.0" 200 743 "-" "-"
66.249.66.43 - - [24/Jan/2025:02:14:30 +0300] "GET /upload/iblock/225/qb0llx8jfey4thmr3pphutbnihdgubby/Screenshot_1.png HTTP/1.1" 200 1051940 "-" "Googlebot-Image/1.0"
52.16.71.198 - - [24/Jan/2025:02:14:43 +0300] "POST /bitrix/tools/backup.php HTTP/1.0" 200 743 "-" "-"
91.233.43.211 - - [24/Jan/2025:02:15:27 +0300] "GET /blog/flats/top-luchshikh-zhk-v-anape-dlya-prozhivaniya/ HTTP/1.0" 200 58780 "https://www.google.ru/" "Mozilla/5.0 (iPhone; CPU iPhone OS 16_6 like Mac OS X) AppleWebKit/605.1.15 (KHTML, like Gecko) Version/16.6 Mobile/15E148 Safari/604.1"
91.233.43.211 - - [24/Jan/2025:02:15:27 +0300] "GET /manifest.webmanifest HTTP/1.0" 200 387 "https://monolith-realty.ru/blog/flats/top-luchshikh-zhk-v-anape-dlya-prozhivaniya/" "Mozilla/5.0 (iPhone; CPU iPhone OS 16_6 like Mac OS X) AppleWebKit/605.1.15 (KHTML, like Gecko) Version/16.6 Mobile/15E148 Safari/604.1"
91.233.43.211 - - [24/Jan/2025:02:15:27 +0300] "GET /local/templates/monolitsochi/components/bitrix/news.detail/news/style.css?17186182873157 HTTP/2.0" 200 992 "https://monolith-realty.ru/blog/flats/top-luchshikh-zhk-v-anape-dlya-prozhivaniya/" "Mozilla/5.0 (iPhone; CPU iPhone OS 16_6 like Mac OS X) AppleWebKit/605.1.15 (KHTML, like Gecko) Version/16.6 Mobile/15E148 Safari/604.1"
91.233.43.211 - - [24/Jan/2025:02:15:27 +0300] "GET /local/templates/monolitsochi/css/jquery.fancybox.css?171239765317412 HTTP/2.0" 200 3677 "https://monolith-realty.ru/blog/flats/top-luchshikh-zhk-v-anape-dlya-prozhivaniya/" "Mozilla/5.0 (iPhone; CPU iPhone OS 16_6 like Mac OS X) AppleWebKit/605.1.15 (KHTML, like Gecko) Version/16.6 Mobile/15E148 Safari/604.1"
91.233.43.211 - - [24/Jan/2025:02:15:27 +0300] "GET /bitrix/components/bitrix/system.show_message/templates/.default/style.css?168986523064 HTTP/2.0" 200 68 "https://monolith-realty.ru/blog/flats/top-luchshikh-zhk-v-anape-dlya-prozhivaniya/" "Mozilla/5.0 (iPhone; CPU iPhone OS 16_6 like Mac OS X) AppleWebKit/605.1.15 (KHTML, like Gecko) Version/16.6 Mobile/15E148 Safari/604.1"
91.233.43.211 - - [24/Jan/2025:02:15:27 +0300] "GET /local/templates/monolitsochi/components/bitrix/news.list/items-list-inner/style.css?17123976528093 HTTP/2.0" 200 1551 "https://monolith-realty.ru/blog/flats/top-luchshikh-zhk-v-anape-dlya-prozhivaniya/" "Mozilla/5.0 (iPhone; CPU iPhone OS 16_6 like Mac OS X) AppleWebKit/605.1.15 (KHTML, like Gecko) Version/16.6 Mobile/15E148 Safari/604.1"
91.233.43.211 - - [24/Jan/2025:02:15:27 +0300] "GET /local/templates/monolitsochi/styles/css-gulp/style.css?171239765231179 HTTP/2.0" 200 5615 "https://monolith-realty.ru/blog/flats/top-luchshikh-zhk-v-anape-dlya-prozhivaniya/" "Mozilla/5.0 (iPhone; CPU iPhone OS 16_6 like Mac OS X) AppleWebKit/605.1.15 (KHTML, like Gecko) Version/16.6 Mobile/15E148 Safari/604.1"
91.233.43.211 - - [24/Jan/2025:02:15:27 +0300] "GET /local/mobile.css?17231021863821 HTTP/2.0" 200 1045 "https://monolith-realty.ru/blog/flats/top-luchshikh-zhk-v-anape-dlya-prozhivaniya/" "Mozilla/5.0 (iPhone; CPU iPhone OS 16_6 like Mac OS X) AppleWebKit/605.1.15 (KHTML, like Gecko) Version/16.6 Mobile/15E148 Safari/604.1"
91.233.43.211 - - [24/Jan/2025:02:15:27 +0300] "GET /local/templates/monolitsochi/css/fonts/montserrat/css/montserrat.min.css?17123976535716 HTTP/2.0" 200 437 "https://monolith-realty.ru/blog/flats/top-luchshikh-zhk-v-anape-dlya-prozhivaniya/" "Mozilla/5.0 (iPhone; CPU iPhone OS 16_6 like Mac OS X) AppleWebKit/605.1.15 (KHTML, like Gecko) Version/16.6 Mobile/15E148 Safari/604.1"
91.233.43.211 - - [24/Jan/2025:02:15:27 +0300] "GET /local/templates/monolitsochi/css/fonts/roboto/css/roboto.min.css?17123976534318 HTTP/2.0" 200 392 "https://monolith-realty.ru/blog/flats/top-luchshikh-zhk-v-anape-dlya-prozhivaniya/" "Mozilla/5.0 (iPhone; CPU iPhone OS 16_6 like Mac OS X) AppleWebKit/605.1.15 (KHTML, like Gecko) Version/16.6 Mobile/15E148 Safari/604.1"
91.233.43.211 - - [24/Jan/2025:02:15:27 +0300] "GET /local/templates/monolitsochi/css/bootstrap.css?1712397653114216 HTTP/2.0" 200 16456 "https://monolith-realty.ru/blog/flats/top-luchshikh-zhk-v-anape-dlya-prozhivaniya/" "Mozilla/5.0 (iPhone; CPU iPhone OS 16_6 like Mac OS X) AppleWebKit/605.1.15 (KHTML, like Gecko) Version/16.6 Mobile/15E148 Safari/604.1"
91.233.43.211 - - [24/Jan/2025:02:15:27 +0300] "GET /local/templates/monolitsochi/css/theme-elements.css?17123976534301 HTTP/2.0" 200 1076 "https://monolith-realty.ru/blog/flats/top-luchshikh-zhk-v-anape-dlya-prozhivaniya/" "Mozilla/5.0 (iPhone; CPU iPhone OS 16_6 like Mac OS X) AppleWebKit/605.1.15 (KHTML, like Gecko) Version/16.6 Mobile/15E148 Safari/604.1"
91.233.43.211 - - [24/Jan/2025:02:15:27 +0300] "GET /local/templates/monolitsochi/css/jquery.mCustomScrollbar.min.css?171239765342839 HTTP/2.0" 200 4235 "https://monolith-realty.ru/blog/flats/top-luchshikh-zhk-v-anape-dlya-prozhivaniya/" "Mozilla/5.0 (iPhone; CPU iPhone OS 16_6 like Mac OS X) AppleWebKit/605.1.15 (KHTML, like Gecko) Version/16.6 Mobile/15E148 Safari/604.1"
91.233.43.211 - - [24/Jan/2025:02:15:27 +0300] "GET /local/templates/monolitsochi/vendor/css/ripple.css?1712397654854 HTTP/2.0" 200 279 "https://monolith-realty.ru/blog/flats/top-luchshikh-zhk-v-anape-dlya-prozhivaniya/" "Mozilla/5.0 (iPhone; CPU iPhone OS 16_6 like Mac OS X) AppleWebKit/605.1.15 (KHTML, like Gecko) Version/16.6 Mobile/15E148 Safari/604.1"
91.233.43.211 - - [24/Jan/2025:02:15:27 +0300] "GET /local/templates/monolitsochi/css/animation/animate.min.css?171239765352789 HTTP/2.0" 200 4103 "https://monolith-realty.ru/blog/flats/top-luchshikh-zhk-v-anape-dlya-prozhivaniya/" "Mozilla/5.0 (iPhone; CPU iPhone OS 16_6 like Mac OS X) AppleWebKit/605.1.15 (KHTML, like Gecko) Version/16.6 Mobile/15E148 Safari/604.1"
91.233.43.211 - - [24/Jan/2025:02:15:27 +0300] "GET /local/templates/monolitsochi/css/animation/animation_ext.css?17123976535902 HTTP/2.0" 200 941 "https://monolith-realty.ru/blog/flats/top-luchshikh-zhk-v-anape-dlya-prozhivaniya/" "Mozilla/5.0 (iPhone; CPU iPhone OS 16_6 like Mac OS X) AppleWebKit/605.1.15 (KHTML, like Gecko) Version/16.6 Mobile/15E148 Safari/604.1"
91.233.43.211 - - [24/Jan/2025:02:15:27 +0300] "GET /local/templates/monolitsochi/vendor/css/carousel/owl/owl.carousel.css?17123976544744 HTTP/2.0" 200 1387 "https://monolith-realty.ru/blog/flats/top-luchshikh-zhk-v-anape-dlya-prozhivaniya/" "Mozilla/5.0 (iPhone; CPU iPhone OS 16_6 like Mac OS X) AppleWebKit/605.1.15 (KHTML, like Gecko) Version/16.6 Mobile/15E148 Safari/604.1"
91.233.43.211 - - [24/Jan/2025:02:15:27 +0300] "GET /local/templates/monolitsochi/vendor/css/carousel/owl/owl.theme.default.css?17123976541380 HTTP/2.0" 200 562 "https://monolith-realty.ru/blog/flats/top-luchshikh-zhk-v-anape-dlya-prozhivaniya/" "Mozilla/5.0 (iPhone; CPU iPhone OS 16_6 like Mac OS X) AppleWebKit/605.1.15 (KHTML, like Gecko) Version/16.6 Mobile/15E148 Safari/604.1"
91.233.43.211 - - [24/Jan/2025:02:15:27 +0300] "GET /local/templates/monolitsochi/css/buttons.css?171239765316829 HTTP/2.0" 200 2413 "https://monolith-realty.ru/blog/flats/top-luchshikh-zhk-v-anape-dlya-prozhivaniya/" "Mozilla/5.0 (iPhone; CPU iPhone OS 16_6 like Mac OS X) AppleWebKit/605.1.15 (KHTML, like Gecko) Version/16.6 Mobile/15E148 Safari/604.1"
91.233.43.211 - - [24/Jan/2025:02:15:27 +0300] "GET /local/templates/monolitsochi/css/svg.css?17123976533334 HTTP/2.0" 200 760 "https://monolith-realty.ru/blog/flats/top-luchshikh-zhk-v-anape-dlya-prozhivaniya/" "Mozilla/5.0 (iPhone; CPU iPhone OS 16_6 like Mac OS X) AppleWebKit/605.1.15 (KHTML, like Gecko) Version/16.6 Mobile/15E148 Safari/604.1"
91.233.43.211 - - [24/Jan/2025:02:15:27 +0300] "GET /local/templates/monolitsochi/css/header.css?171239765341573 HTTP/2.0" 200 5312 "https://monolith-realty.ru/blog/flats/top-luchshikh-zhk-v-anape-dlya-prozhivaniya/" "Mozilla/5.0 (iPhone; CPU iPhone OS 16_6 like Mac OS X) AppleWebKit/605.1.15 (KHTML, like Gecko) Version/16.6 Mobile/15E148 Safari/604.1"
91.233.43.211 - - [24/Jan/2025:02:15:27 +0300] "GET /local/templates/monolitsochi/css/footer.css?171239765319141 HTTP/2.0" 200 3732 "https://monolith-realty.ru/blog/flats/top-luchshikh-zhk-v-anape-dlya-prozhivaniya/" "Mozilla/5.0 (iPhone; CPU iPhone OS 16_6 like Mac OS X) AppleWebKit/605.1.15 (KHTML, like Gecko) Version/16.6 Mobile/15E148 Safari/604.1"
91.233.43.211 - - [24/Jan/2025:02:15:27 +0300] "GET /local/templates/monolitsochi/css/menu-top.css?171810856920791 HTTP/2.0" 200 3549 "https://monolith-realty.ru/blog/flats/top-luchshikh-zhk-v-anape-dlya-prozhivaniya/" "Mozilla/5.0 (iPhone; CPU iPhone OS 16_6 like Mac OS X) AppleWebKit/605.1.15 (KHTML, like Gecko) Version/16.6 Mobile/15E148 Safari/604.1"
91.233.43.211 - - [24/Jan/2025:02:15:27 +0300] "GET /local/templates/monolitsochi/css/mega-menu.css?17123976531863 HTTP/2.0" 200 625 "https://monolith-realty.ru/blog/flats/top-luchshikh-zhk-v-anape-dlya-prozhivaniya/" "Mozilla/5.0 (iPhone; CPU iPhone OS 16_6 like Mac OS X) AppleWebKit/605.1.15 (KHTML, like Gecko) Version/16.6 Mobile/15E148 Safari/604.1"
91.233.43.211 - - [24/Jan/2025:02:15:27 +0300] "GET /local/templates/monolitsochi/css/mobile-header.css?17123976533986 HTTP/2.0" 200 1163 "https://monolith-realty.ru/blog/flats/top-luchshikh-zhk-v-anape-dlya-prozhivaniya/" "Mozilla/5.0 (iPhone; CPU iPhone OS 16_6 like Mac OS X) AppleWebKit/605.1.15 (KHTML, like Gecko) Version/16.6 Mobile/15E148 Safari/604.1"
91.233.43.211 - - [24/Jan/2025:02:15:27 +0300] "GET /local/templates/monolitsochi/css/mobile-menu.css?17123976535995 HTTP/2.0" 200 1571 "https://monolith-realty.ru/blog/flats/top-luchshikh-zhk-v-anape-dlya-prozhivaniya/" "Mozilla/5.0 (iPhone; CPU iPhone OS 16_6 like Mac OS X) AppleWebKit/605.1.15 (KHTML, like Gecko) Version/16.6 Mobile/15E148 Safari/604.1"
91.233.43.211 - - [24/Jan/2025:02:15:27 +0300] "GET /local/templates/monolitsochi/css/header-fixed.css?17123976531260 HTTP/2.0" 200 495 "https://monolith-realty.ru/blog/flats/top-luchshikh-zhk-v-anape-dlya-prozhivaniya/" "Mozilla/5.0 (iPhone; CPU iPhone OS 16_6 like Mac OS X) AppleWebKit/605.1.15 (KHTML, like Gecko) Version/16.6 Mobile/15E148 Safari/604.1"
91.233.43.211 - - [24/Jan/2025:02:15:27 +0300] "GET /local/templates/monolitsochi/css/search-title.css?17123976533838 HTTP/2.0" 200 1094 "https://monolith-realty.ru/blog/flats/top-luchshikh-zhk-v-anape-dlya-prozhivaniya/" "Mozilla/5.0 (iPhone; CPU iPhone OS 16_6 like Mac OS X) AppleWebKit/605.1.15 (KHTML, like Gecko) Version/16.6 Mobile/15E148 Safari/604.1"
91.233.43.211 - - [24/Jan/2025:02:15:27 +0300] "GET /local/templates/monolitsochi/css/page-title-breadcrumb-pagination.css?17123976535630 HTTP/2.0" 200 1542 "https://monolith-realty.ru/blog/flats/top-luchshikh-zhk-v-anape-dlya-prozhivaniya/" "Mozilla/5.0 (iPhone; CPU iPhone OS 16_6 like Mac OS X) AppleWebKit/605.1.15 (KHTML, like Gecko) Version/16.6 Mobile/15E148 Safari/604.1"
91.233.43.211 - - [24/Jan/2025:02:15:27 +0300] "GET /local/templates/monolitsochi/css/social-icons.css?171239765315372 HTTP/2.0" 200 1957 "https://monolith-realty.ru/blog/flats/top-luchshikh-zhk-v-anape-dlya-prozhivaniya/" "Mozilla/5.0 (iPhone; CPU iPhone OS 16_6 like Mac OS X) AppleWebKit/605.1.15 (KHTML, like Gecko) Version/16.6 Mobile/15E148 Safari/604.1"
91.233.43.211 - - [24/Jan/2025:02:15:27 +0300] "GET /local/templates/monolitsochi/css/left-menu.css?17123976534511 HTTP/2.0" 200 1335 "https://monolith-realty.ru/blog/flats/top-luchshikh-zhk-v-anape-dlya-prozhivaniya/" "Mozilla/5.0 (iPhone; CPU iPhone OS 16_6 like Mac OS X) AppleWebKit/605.1.15 (KHTML, like Gecko) Version/16.6 Mobile/15E148 Safari/604.1"
91.233.43.211 - - [24/Jan/2025:02:15:27 +0300] "GET /local/templates/monolitsochi/css/top-menu.css?171239765313140 HTTP/2.0" 200 2510 "https://monolith-realty.ru/blog/flats/top-luchshikh-zhk-v-anape-dlya-prozhivaniya/" "Mozilla/5.0 (iPhone; CPU iPhone OS 16_6 like Mac OS X) AppleWebKit/605.1.15 (KHTML, like Gecko) Version/16.6 Mobile/15E148 Safari/604.1"
91.233.43.211 - - [24/Jan/2025:02:15:27 +0300] "GET /local/templates/monolitsochi/css/detail-gallery.css?17123976538923 HTTP/2.0" 200 1866 "https://monolith-realty.ru/blog/flats/top-luchshikh-zhk-v-anape-dlya-prozhivaniya/" "Mozilla/5.0 (iPhone; CPU iPhone OS 16_6 like Mac OS X) AppleWebKit/605.1.15 (KHTML, like Gecko) Version/16.6 Mobile/15E148 Safari/604.1"
91.233.43.211 - - [24/Jan/2025:02:15:27 +0300] "GET /local/templates/monolitsochi/css/detail.css?17180135852726 HTTP/2.0" 200 858 "https://monolith-realty.ru/blog/flats/top-luchshikh-zhk-v-anape-dlya-prozhivaniya/" "Mozilla/5.0 (iPhone; CPU iPhone OS 16_6 like Mac OS X) AppleWebKit/605.1.15 (KHTML, like Gecko) Version/16.6 Mobile/15E148 Safari/604.1"
91.233.43.211 - - [24/Jan/2025:02:15:27 +0300] "GET /local/templates/monolitsochi/css/banners.css?171300063839458 HTTP/2.0" 200 5652 "https://monolith-realty.ru/blog/flats/top-luchshikh-zhk-v-anape-dlya-prozhivaniya/" "Mozilla/5.0 (iPhone; CPU iPhone OS 16_6 like Mac OS X) AppleWebKit/605.1.15 (KHTML, like Gecko) Version/16.6 Mobile/15E148 Safari/604.1"
91.233.43.211 - - [24/Jan/2025:02:15:27 +0300] "GET /local/templates/monolitsochi/css/yandex-map.css?171239765316330 HTTP/2.0" 200 2995 "https://monolith-realty.ru/blog/flats/top-luchshikh-zhk-v-anape-dlya-prozhivaniya/" "Mozilla/5.0 (iPhone; CPU iPhone OS 16_6 like Mac OS X) AppleWebKit/605.1.15 (KHTML, like Gecko) Version/16.6 Mobile/15E148 Safari/604.1"
91.233.43.211 - - [24/Jan/2025:02:15:27 +0300] "GET /local/templates/monolitsochi/css/bg-banner.css?17123976533447 HTTP/2.0" 200 703 "https://monolith-realty.ru/blog/flats/top-luchshikh-zhk-v-anape-dlya-prozhivaniya/" "Mozilla/5.0 (iPhone; CPU iPhone OS 16_6 like Mac OS X) AppleWebKit/605.1.15 (KHTML, like Gecko) Version/16.6 Mobile/15E148 Safari/604.1"
91.233.43.211 - - [24/Jan/2025:02:15:27 +0300] "GET /local/templates/monolitsochi/css/smart-filter.css?171239765332388 HTTP/2.0" 200 5453 "https://monolith-realty.ru/blog/flats/top-luchshikh-zhk-v-anape-dlya-prozhivaniya/" "Mozilla/5.0 (iPhone; CPU iPhone OS 16_6 like Mac OS X) AppleWebKit/605.1.15 (KHTML, like Gecko) Version/16.6 Mobile/15E148 Safari/604.1"
91.233.43.211 - - [24/Jan/2025:02:15:27 +0300] "GET /local/templates/monolitsochi/css/basket.css?17123976539450 HTTP/2.0" 200 2350 "https://monolith-realty.ru/blog/flats/top-luchshikh-zhk-v-anape-dlya-prozhivaniya/" "Mozilla/5.0 (iPhone; CPU iPhone OS 16_6 like Mac OS X) AppleWebKit/605.1.15 (KHTML, like Gecko) Version/16.6 Mobile/15E148 Safari/604.1"
91.233.43.211 - - [24/Jan/2025:02:15:27 +0300] "GET /local/templates/monolitsochi/css/contacts.css?171239765310506 HTTP/2.0" 200 2252 "https://monolith-realty.ru/blog/flats/top-luchshikh-zhk-v-anape-dlya-prozhivaniya/" "Mozilla/5.0 (iPhone; CPU iPhone OS 16_6 like Mac OS X) AppleWebKit/605.1.15 (KHTML, like Gecko) Version/16.6 Mobile/15E148 Safari/604.1"
91.233.43.211 - - [24/Jan/2025:02:15:27 +0300] "GET /local/templates/monolitsochi/css/regions.css?17123976537404 HTTP/2.0" 200 1748 "https://monolith-realty.ru/blog/flats/top-luchshikh-zhk-v-anape-dlya-prozhivaniya/" "Mozilla/5.0 (iPhone; CPU iPhone OS 16_6 like Mac OS X) AppleWebKit/605.1.15 (KHTML, like Gecko) Version/16.6 Mobile/15E148 Safari/604.1"
91.233.43.211 - - [24/Jan/2025:02:15:27 +0300] "GET /local/templates/monolitsochi/css/profile.css?17123976538501 HTTP/2.0" 200 2062 "https://monolith-realty.ru/blog/flats/top-luchshikh-zhk-v-anape-dlya-prozhivaniya/" "Mozilla/5.0 (iPhone; CPU iPhone OS 16_6 like Mac OS X) AppleWebKit/605.1.15 (KHTML, like Gecko) Version/16.6 Mobile/15E148 Safari/604.1"
91.233.43.211 - - [24/Jan/2025:02:15:27 +0300] "GET /local/templates/monolitsochi/css/item-views.css?1712397653545 HTTP/2.0" 200 209 "https://monolith-realty.ru/blog/flats/top-luchshikh-zhk-v-anape-dlya-prozhivaniya/" "Mozilla/5.0 (iPhone; CPU iPhone OS 16_6 like Mac OS X) AppleWebKit/605.1.15 (KHTML, like Gecko) Version/16.6 Mobile/15E148 Safari/604.1"
91.233.43.211 - - [24/Jan/2025:02:15:27 +0300] "GET /local/templates/monolitsochi/css/catalog.css?17123976535726 HTTP/2.0" 200 1514 "https://monolith-realty.ru/blog/flats/top-luchshikh-zhk-v-anape-dlya-prozhivaniya/" "Mozilla/5.0 (iPhone; CPU iPhone OS 16_6 like Mac OS X) AppleWebKit/605.1.15 (KHTML, like Gecko) Version/16.6 Mobile/15E148 Safari/604.1"
91.233.43.211 - - [24/Jan/2025:02:15:27 +0300] "GET /local/templates/monolitsochi/css/reviews.css?1712397653438 HTTP/2.0" 200 198 "https://monolith-realty.ru/blog/flats/top-luchshikh-zhk-v-anape-dlya-prozhivaniya/" "Mozilla/5.0 (iPhone; CPU iPhone OS 16_6 like Mac OS X) AppleWebKit/605.1.15 (KHTML, like Gecko) Version/16.6 Mobile/15E148 Safari/604.1"
91.233.43.211 - - [24/Jan/2025:02:15:27 +0300] "GET /local/templates/monolitsochi/css/h1-bold.css?171239765378 HTTP/2.0" 200 80 "https://monolith-realty.ru/blog/flats/top-luchshikh-zhk-v-anape-dlya-prozhivaniya/" "Mozilla/5.0 (iPhone; CPU iPhone OS 16_6 like Mac OS X) AppleWebKit/605.1.15 (KHTML, like Gecko) Version/16.6 Mobile/15E148 Safari/604.1"
91.233.43.211 - - [24/Jan/2025:02:15:27 +0300] "GET /local/templates/monolitsochi/css/blocks/arrows.css?17123976531791 HTTP/2.0" 200 456 "https://monolith-realty.ru/blog/flats/top-luchshikh-zhk-v-anape-dlya-prozhivaniya/" "Mozilla/5.0 (iPhone; CPU iPhone OS 16_6 like Mac OS X) AppleWebKit/605.1.15 (KHTML, like Gecko) Version/16.6 Mobile/15E148 Safari/604.1"
91.233.43.211 - - [24/Jan/2025:02:15:27 +0300] "GET /local/templates/monolitsochi/css/blocks/ask-block.css?1712397653259 HTTP/2.0" 200 147 "https://monolith-realty.ru/blog/flats/top-luchshikh-zhk-v-anape-dlya-prozhivaniya/" "Mozilla/5.0 (iPhone; CPU iPhone OS 16_6 like Mac OS X) AppleWebKit/605.1.15 (KHTML, like Gecko) Version/16.6 Mobile/15E148 Safari/604.1"
91.233.43.211 - - [24/Jan/2025:02:15:27 +0300] "GET /local/templates/monolitsochi/css/blocks/back-url.css?1712397653652 HTTP/2.0" 200 319 "https://monolith-realty.ru/blog/flats/top-luchshikh-zhk-v-anape-dlya-prozhivaniya/" "Mozilla/5.0 (iPhone; CPU iPhone OS 16_6 like Mac OS X) AppleWebKit/605.1.15 (KHTML, like Gecko) Version/16.6 Mobile/15E148 Safari/604.1"
91.233.43.211 - - [24/Jan/2025:02:15:27 +0300] "GET /local/templates/monolitsochi/css/blocks/chars.css?17123976534464 HTTP/2.0" 200 1127 "https://monolith-realty.ru/blog/flats/top-luchshikh-zhk-v-anape-dlya-prozhivaniya/" "Mozilla/5.0 (iPhone; CPU iPhone OS 16_6 like Mac OS X) AppleWebKit/605.1.15 (KHTML, like Gecko) Version/16.6 Mobile/15E148 Safari/604.1"
91.233.43.211 - - [24/Jan/2025:02:15:27 +0300] "GET /local/templates/monolitsochi/css/blocks/controls.css?17123976533098 HTTP/2.0" 200 947 "https://monolith-realty.ru/blog/flats/top-luchshikh-zhk-v-anape-dlya-prozhivaniya/" "Mozilla/5.0 (iPhone; CPU iPhone OS 16_6 like Mac OS X) AppleWebKit/605.1.15 (KHTML, like Gecko) Version/16.6 Mobile/15E148 Safari/604.1"
91.233.43.211 - - [24/Jan/2025:02:15:27 +0300] "GET /local/templates/monolitsochi/css/blocks/countdown.css?17123976532159 HTTP/2.0" 200 589 "https://monolith-realty.ru/blog/flats/top-luchshikh-zhk-v-anape-dlya-prozhivaniya/" "Mozilla/5.0 (iPhone; CPU iPhone OS 16_6 like Mac OS X) AppleWebKit/605.1.15 (KHTML, like Gecko) Version/16.6 Mobile/15E148 Safari/604.1"
91.233.43.211 - - [24/Jan/2025:02:15:27 +0300] "GET /local/templates/monolitsochi/css/blocks/cross.css?1712397653925 HTTP/2.0" 200 316 "https://monolith-realty.ru/blog/flats/top-luchshikh-zhk-v-anape-dlya-prozhivaniya/" "Mozilla/5.0 (iPhone; CPU iPhone OS 16_6 like Mac OS X) AppleWebKit/605.1.15 (KHTML, like Gecko) Version/16.6 Mobile/15E148 Safari/604.1"
91.233.43.211 - - [24/Jan/2025:02:15:27 +0300] "GET /local/templates/monolitsochi/css/blocks/dark-light-theme.css?17123976532457 HTTP/2.0" 200 614 "https://monolith-realty.ru/blog/flats/top-luchshikh-zhk-v-anape-dlya-prozhivaniya/" "Mozilla/5.0 (iPhone; CPU iPhone OS 16_6 like Mac OS X) AppleWebKit/605.1.15 (KHTML, like Gecko) Version/16.6 Mobile/15E148 Safari/604.1"
91.233.43.211 - - [24/Jan/2025:02:15:27 +0300] "GET /local/templates/monolitsochi/css/blocks/docs.css?17123976532013 HTTP/2.0" 200 591 "https://monolith-realty.ru/blog/flats/top-luchshikh-zhk-v-anape-dlya-prozhivaniya/" "Mozilla/5.0 (iPhone; CPU iPhone OS 16_6 like Mac OS X) AppleWebKit/605.1.15 (KHTML, like Gecko) Version/16.6 Mobile/15E148 Safari/604.1"
91.233.43.211 - - [24/Jan/2025:02:15:27 +0300] "GET /local/templates/monolitsochi/css/blocks/file-type.css?1712397653950 HTTP/2.0" 200 269 "https://monolith-realty.ru/blog/flats/top-luchshikh-zhk-v-anape-dlya-prozhivaniya/" "Mozilla/5.0 (iPhone; CPU iPhone OS 16_6 like Mac OS X) AppleWebKit/605.1.15 (KHTML, like Gecko) Version/16.6 Mobile/15E148 Safari/604.1"
91.233.43.211 - - [24/Jan/2025:02:15:27 +0300] "GET /local/templates/monolitsochi/css/blocks/flexbox.css?17123976532450 HTTP/2.0" 200 661 "https://monolith-realty.ru/blog/flats/top-luchshikh-zhk-v-anape-dlya-prozhivaniya/" "Mozilla/5.0 (iPhone; CPU iPhone OS 16_6 like Mac OS X) AppleWebKit/605.1.15 (KHTML, like Gecko) Version/16.6 Mobile/15E148 Safari/604.1"
91.233.43.211 - - [24/Jan/2025:02:15:27 +0300] "GET /local/templates/monolitsochi/css/blocks/gallery.css?17207049512328 HTTP/2.0" 200 770 "https://monolith-realty.ru/blog/flats/top-luchshikh-zhk-v-anape-dlya-prozhivaniya/" "Mozilla/5.0 (iPhone; CPU iPhone OS 16_6 like Mac OS X) AppleWebKit/605.1.15 (KHTML, like Gecko) Version/16.6 Mobile/15E148 Safari/604.1"
91.233.43.211 - - [24/Jan/2025:02:15:27 +0300] "GET /local/templates/monolitsochi/css/blocks/grid-list.css?17123976535783 HTTP/2.0" 200 1009 "https://monolith-realty.ru/blog/flats/top-luchshikh-zhk-v-anape-dlya-prozhivaniya/" "Mozilla/5.0 (iPhone; CPU iPhone OS 16_6 like Mac OS X) AppleWebKit/605.1.15 (KHTML, like Gecko) Version/16.6 Mobile/15E148 Safari/604.1"
91.233.43.211 - - [24/Jan/2025:02:15:27 +0300] "GET /local/templates/monolitsochi/css/blocks/hint.css?17123976533047 HTTP/2.0" 200 923 "https://monolith-realty.ru/blog/flats/top-luchshikh-zhk-v-anape-dlya-prozhivaniya/" "Mozilla/5.0 (iPhone; CPU iPhone OS 16_6 like Mac OS X) AppleWebKit/605.1.15 (KHTML, like Gecko) Version/16.6 Mobile/15E148 Safari/604.1"
91.233.43.211 - - [24/Jan/2025:02:15:27 +0300] "GET /local/templates/monolitsochi/css/blocks/icon-block.css?17123976534473 HTTP/2.0" 200 560 "https://monolith-realty.ru/blog/flats/top-luchshikh-zhk-v-anape-dlya-prozhivaniya/" "Mozilla/5.0 (iPhone; CPU iPhone OS 16_6 like Mac OS X) AppleWebKit/605.1.15 (KHTML, like Gecko) Version/16.6 Mobile/15E148 Safari/604.1"
91.233.43.211 - - [24/Jan/2025:02:15:27 +0300] "GET /local/templates/monolitsochi/css/blocks/images.css?17123976531665 HTTP/2.0" 200 575 "https://monolith-realty.ru/blog/flats/top-luchshikh-zhk-v-anape-dlya-prozhivaniya/" "Mozilla/5.0 (iPhone; CPU iPhone OS 16_6 like Mac OS X) AppleWebKit/605.1.15 (KHTML, like Gecko) Version/16.6 Mobile/15E148 Safari/604.1"
91.233.43.211 - - [24/Jan/2025:02:15:27 +0300] "GET /local/templates/monolitsochi/css/blocks/line-block.css?17123976534618 HTTP/2.0" 200 687 "https://monolith-realty.ru/blog/flats/top-luchshikh-zhk-v-anape-dlya-prozhivaniya/" "Mozilla/5.0 (iPhone; CPU iPhone OS 16_6 like Mac OS X) AppleWebKit/605.1.15 (KHTML, like Gecko) Version/16.6 Mobile/15E148 Safari/604.1"
91.233.43.211 - - [24/Jan/2025:02:15:27 +0300] "GET /local/templates/monolitsochi/css/blocks/mobile-scrolled.css?1712397653891 HTTP/2.0" 200 331 "https://monolith-realty.ru/blog/flats/top-luchshikh-zhk-v-anape-dlya-prozhivaniya/" "Mozilla/5.0 (iPhone; CPU iPhone OS 16_6 like Mac OS X) AppleWebKit/605.1.15 (KHTML, like Gecko) Version/16.6 Mobile/15E148 Safari/604.1"
91.233.43.211 - - [24/Jan/2025:02:15:27 +0300] "GET /local/templates/monolitsochi/css/blocks/popup.css?17123976534574 HTTP/2.0" 200 1351 "https://monolith-realty.ru/blog/flats/top-luchshikh-zhk-v-anape-dlya-prozhivaniya/" "Mozilla/5.0 (iPhone; CPU iPhone OS 16_6 like Mac OS X) AppleWebKit/605.1.15 (KHTML, like Gecko) Version/16.6 Mobile/15E148 Safari/604.1"
91.233.43.211 - - [24/Jan/2025:02:15:27 +0300] "GET /local/templates/monolitsochi/css/blocks/prices.css?1712397653650 HTTP/2.0" 200 297 "https://monolith-realty.ru/blog/flats/top-luchshikh-zhk-v-anape-dlya-prozhivaniya/" "Mozilla/5.0 (iPhone; CPU iPhone OS 16_6 like Mac OS X) AppleWebKit/605.1.15 (KHTML, like Gecko) Version/16.6 Mobile/15E148 Safari/604.1"
91.233.43.211 - - [24/Jan/2025:02:15:27 +0300] "GET /local/templates/monolitsochi/css/blocks/rating.css?1712397653149 HTTP/2.0" 200 125 "https://monolith-realty.ru/blog/flats/top-luchshikh-zhk-v-anape-dlya-prozhivaniya/" "Mozilla/5.0 (iPhone; CPU iPhone OS 16_6 like Mac OS X) AppleWebKit/605.1.15 (KHTML, like Gecko) Version/16.6 Mobile/15E148 Safari/604.1"
91.233.43.211 - - [24/Jan/2025:02:15:27 +0300] "GET /local/templates/monolitsochi/css/blocks/right-dock.css?17123976531470 HTTP/2.0" 200 571 "https://monolith-realty.ru/blog/flats/top-luchshikh-zhk-v-anape-dlya-prozhivaniya/" "Mozilla/5.0 (iPhone; CPU iPhone OS 16_6 like Mac OS X) AppleWebKit/605.1.15 (KHTML, like Gecko) Version/16.6 Mobile/15E148 Safari/604.1"
91.233.43.211 - - [24/Jan/2025:02:15:27 +0300] "GET /local/templates/monolitsochi/css/blocks/scroller.css?17123976532168 HTTP/2.0" 200 589 "https://monolith-realty.ru/blog/flats/top-luchshikh-zhk-v-anape-dlya-prozhivaniya/" "Mozilla/5.0 (iPhone; CPU iPhone OS 16_6 like Mac OS X) AppleWebKit/605.1.15 (KHTML, like Gecko) Version/16.6 Mobile/15E148 Safari/604.1"
91.233.43.211 - - [24/Jan/2025:02:15:27 +0300] "GET /local/templates/monolitsochi/css/blocks/share.css?17123976532511 HTTP/2.0" 200 729 "https://monolith-realty.ru/blog/flats/top-luchshikh-zhk-v-anape-dlya-prozhivaniya/" "Mozilla/5.0 (iPhone; CPU iPhone OS 16_6 like Mac OS X) AppleWebKit/605.1.15 (KHTML, like Gecko) Version/16.6 Mobile/15E148 Safari/604.1"
91.233.43.211 - - [24/Jan/2025:02:15:27 +0300] "GET /local/templates/monolitsochi/css/blocks/social-list.css?1712397653376 HTTP/2.0" 200 195 "https://monolith-realty.ru/blog/flats/top-luchshikh-zhk-v-anape-dlya-prozhivaniya/" "Mozilla/5.0 (iPhone; CPU iPhone OS 16_6 like Mac OS X) AppleWebKit/605.1.15 (KHTML, like Gecko) Version/16.6 Mobile/15E148 Safari/604.1"
91.233.43.211 - - [24/Jan/2025:02:15:27 +0300] "GET /local/templates/monolitsochi/css/blocks/sticker.css?17123976533807 HTTP/2.0" 200 1155 "https://monolith-realty.ru/blog/flats/top-luchshikh-zhk-v-anape-dlya-prozhivaniya/" "Mozilla/5.0 (iPhone; CPU iPhone OS 16_6 like Mac OS X) AppleWebKit/605.1.15 (KHTML, like Gecko) Version/16.6 Mobile/15E148 Safari/604.1"
91.233.43.211 - - [24/Jan/2025:02:15:27 +0300] "GET /local/templates/monolitsochi/css/blocks/sticky.css?1712397653240 HTTP/2.0" 200 142 "https://monolith-realty.ru/blog/flats/top-luchshikh-zhk-v-anape-dlya-prozhivaniya/" "Mozilla/5.0 (iPhone; CPU iPhone OS 16_6 like Mac OS X) AppleWebKit/605.1.15 (KHTML, like Gecko) Version/16.6 Mobile/15E148 Safari/604.1"
91.233.43.211 - - [24/Jan/2025:02:15:27 +0300] "GET /local/templates/monolitsochi/css/blocks/tabs.css?17123976536550 HTTP/2.0" 200 1525 "https://monolith-realty.ru/blog/flats/top-luchshikh-zhk-v-anape-dlya-prozhivaniya/" "Mozilla/5.0 (iPhone; CPU iPhone OS 16_6 like Mac OS X) AppleWebKit/605.1.15 (KHTML, like Gecko) Version/16.6 Mobile/15E148 Safari/604.1"
91.233.43.211 - - [24/Jan/2025:02:15:27 +0300] "GET /local/templates/monolitsochi/css/blocks/video-block.css?17123976531897 HTTP/2.0" 200 610 "https://monolith-realty.ru/blog/flats/top-luchshikh-zhk-v-anape-dlya-prozhivaniya/" "Mozilla/5.0 (iPhone; CPU iPhone OS 16_6 like Mac OS X) AppleWebKit/605.1.15 (KHTML, like Gecko) Version/16.6 Mobile/15E148 Safari/604.1"
91.233.43.211 - - [24/Jan/2025:02:15:27 +0300] "GET /bitrix/templates/.default/ajax/ajax.css?1689865279448 HTTP/2.0" 200 231 "https://monolith-realty.ru/blog/flats/top-luchshikh-zhk-v-anape-dlya-prozhivaniya/" "Mozilla/5.0 (iPhone; CPU iPhone OS 16_6 like Mac OS X) AppleWebKit/605.1.15 (KHTML, like Gecko) Version/16.6 Mobile/15E148 Safari/604.1"
91.233.43.211 - - [24/Jan/2025:02:15:27 +0300] "GET /bitrix/components/aspro/eyed.allcorp3/templates/.default/style.css?168986522478392 HTTP/2.0" 200 10965 "https://monolith-realty.ru/blog/flats/top-luchshikh-zhk-v-anape-dlya-prozhivaniya/" "Mozilla/5.0 (iPhone; CPU iPhone OS 16_6 like Mac OS X) AppleWebKit/605.1.15 (KHTML, like Gecko) Version/16.6 Mobile/15E148 Safari/604.1"
91.233.43.211 - - [24/Jan/2025:02:15:27 +0300] "GET /local/templates/monolitsochi/components/aspro/social.info.allcorp3/template1/style.css?17193280011671 HTTP/2.0" 200 587 "https://monolith-realty.ru/blog/flats/top-luchshikh-zhk-v-anape-dlya-prozhivaniya/" "Mozilla/5.0 (iPhone; CPU iPhone OS 16_6 like Mac OS X) AppleWebKit/605.1.15 (KHTML, like Gecko) Version/16.6 Mobile/15E148 Safari/604.1"
91.233.43.211 - - [24/Jan/2025:02:15:27 +0300] "GET /bitrix/components/aspro/social.info.allcorp3/templates/.default/style.css?16898652241671 HTTP/2.0" 200 587 "https://monolith-realty.ru/blog/flats/top-luchshikh-zhk-v-anape-dlya-prozhivaniya/" "Mozilla/5.0 (iPhone; CPU iPhone OS 16_6 like Mac OS X) AppleWebKit/605.1.15 (KHTML, like Gecko) Version/16.6 Mobile/15E148 Safari/604.1"
91.233.43.211 - - [24/Jan/2025:02:15:27 +0300] "GET /local/templates/monolitsochi/components/bitrix/menu/menu_new/style.css?17183583906438 HTTP/2.0" 200 1109 "https://monolith-realty.ru/blog/flats/top-luchshikh-zhk-v-anape-dlya-prozhivaniya/" "Mozilla/5.0 (iPhone; CPU iPhone OS 16_6 like Mac OS X) AppleWebKit/605.1.15 (KHTML, like Gecko) Version/16.6 Mobile/15E148 Safari/604.1"
91.233.43.211 - - [24/Jan/2025:02:15:27 +0300] "GET /local/templates/monolitsochi/components/bitrix/breadcrumb/main/style.css?17123976522037 HTTP/2.0" 200 648 "https://monolith-realty.ru/blog/flats/top-luchshikh-zhk-v-anape-dlya-prozhivaniya/" "Mozilla/5.0 (iPhone; CPU iPhone OS 16_6 like Mac OS X) AppleWebKit/605.1.15 (KHTML, like Gecko) Version/16.6 Mobile/15E148 Safari/604.1"
91.233.43.211 - - [24/Jan/2025:02:15:27 +0300] "GET /bitrix/components/aspro/marketing.popup.allcorp3/templates/.default/style.css?16898652245926 HTTP/2.0" 200 1321 "https://monolith-realty.ru/blog/flats/top-luchshikh-zhk-v-anape-dlya-prozhivaniya/" "Mozilla/5.0 (iPhone; CPU iPhone OS 16_6 like Mac OS X) AppleWebKit/605.1.15 (KHTML, like Gecko) Version/16.6 Mobile/15E148 Safari/604.1"
91.233.43.211 - - [24/Jan/2025:02:15:27 +0300] "GET /local/templates/monolitsochi/styles.css?172070362528239 HTTP/2.0" 200 5993 "https://monolith-realty.ru/blog/flats/top-luchshikh-zhk-v-anape-dlya-prozhivaniya/" "Mozilla/5.0 (iPhone; CPU iPhone OS 16_6 like Mac OS X) AppleWebKit/605.1.15 (KHTML, like Gecko) Version/16.6 Mobile/15E148 Safari/604.1"
91.233.43.211 - - [24/Jan/2025:02:15:27 +0300] "GET /local/templates/monolitsochi/template_styles.css?171968630336328 HTTP/2.0" 200 8049 "https://monolith-realty.ru/blog/flats/top-luchshikh-zhk-v-anape-dlya-prozhivaniya/" "Mozilla/5.0 (iPhone; CPU iPhone OS 16_6 like Mac OS X) AppleWebKit/605.1.15 (KHTML, like Gecko) Version/16.6 Mobile/15E148 Safari/604.1"
91.233.43.211 - - [24/Jan/2025:02:15:27 +0300] "GET /local/templates/monolitsochi/css/owl-styles.css?171239765316161 HTTP/2.0" 200 3041 "https://monolith-realty.ru/blog/flats/top-luchshikh-zhk-v-anape-dlya-prozhivaniya/" "Mozilla/5.0 (iPhone; CPU iPhone OS 16_6 like Mac OS X) AppleWebKit/605.1.15 (KHTML, like Gecko) Version/16.6 Mobile/15E148 Safari/604.1"
91.233.43.211 - - [24/Jan/2025:02:15:27 +0300] "GET /local/templates/monolitsochi/css/form.css?171239765321826 HTTP/2.0" 200 4918 "https://monolith-realty.ru/blog/flats/top-luchshikh-zhk-v-anape-dlya-prozhivaniya/" "Mozilla/5.0 (iPhone; CPU iPhone OS 16_6 like Mac OS X) AppleWebKit/605.1.15 (KHTML, like Gecko) Version/16.6 Mobile/15E148 Safari/604.1"
91.233.43.211 - - [24/Jan/2025:02:15:27 +0300] "GET /local/templates/monolitsochi/css/colored.css?17123976536708 HTTP/2.0" 200 1250 "https://monolith-realty.ru/blog/flats/top-luchshikh-zhk-v-anape-dlya-prozhivaniya/" "Mozilla/5.0 (iPhone; CPU iPhone OS 16_6 like Mac OS X) AppleWebKit/605.1.15 (KHTML, like Gecko) Version/16.6 Mobile/15E148 Safari/604.1"
91.233.43.211 - - [24/Jan/2025:02:15:27 +0300] "GET /local/templates/monolitsochi/css/responsive.css?17123976531838 HTTP/2.0" 200 620 "https://monolith-realty.ru/blog/flats/top-luchshikh-zhk-v-anape-dlya-prozhivaniya/" "Mozilla/5.0 (iPhone; CPU iPhone OS 16_6 like Mac OS X) AppleWebKit/605.1.15 (KHTML, like Gecko) Version/16.6 Mobile/15E148 Safari/604.1"
91.233.43.211 - - [24/Jan/2025:02:15:27 +0300] "GET /local/templates/monolitsochi/themes/9/colors.css?17123976526200 HTTP/2.0" 200 1509 "https://monolith-realty.ru/blog/flats/top-luchshikh-zhk-v-anape-dlya-prozhivaniya/" "Mozilla/5.0 (iPhone; CPU iPhone OS 16_6 like Mac OS X) AppleWebKit/605.1.15 (KHTML, like Gecko) Version/16.6 Mobile/15E148 Safari/604.1"
