5.142.41.109 - - [24/Jan/2025:06:40:22 +0300] "GET /local/templates/monolitsochi/components/bitrix/search.title/fixed/script.js?171239765310201 HTTP/2.0" 200 2662 "https://monolith-realty.ru/company/partnership/" "Mozilla/5.0 (Linux; arm_64; Android 10; ART-L29N) AppleWebKit/537.36 (KHTML, like Gecko) Chrome/128.0.6613.53 YaBrowser/24.10.5.53.00 SA/3 Mobile Safari/537.36"
5.142.41.109 - - [24/Jan/2025:06:40:22 +0300] "GET /local/templates/monolitsochi/js/jquery.inputmask.bundle.min.js?171239765470933 HTTP/2.0" 200 22644 "https://monolith-realty.ru/company/partnership/" "Mozilla/5.0 (Linux; arm_64; Android 10; ART-L29N) AppleWebKit/537.36 (KHTML, like Gecko) Chrome/128.0.6613.53 YaBrowser/24.10.5.53.00 SA/3 Mobile Safari/537.36"
5.142.41.109 - - [24/Jan/2025:06:40:22 +0300] "GET /local/templates/monolitsochi/js/setTheme.php?site_id=s1&site_dir=/ HTTP/1.0" 200 16781 "https://monolith-realty.ru/company/partnership/" "Mozilla/5.0 (Linux; arm_64; Android 10; ART-L29N) AppleWebKit/537.36 (KHTML, like Gecko) Chrome/128.0.6613.53 YaBrowser/24.10.5.53.00 SA/3 Mobile Safari/537.36"
5.142.41.109 - - [24/Jan/2025:06:40:22 +0300] "GET /local/templates/monolitsochi/js/jquery.fancybox.js?1712397654160667 HTTP/2.0" 200 39916 "https://monolith-realty.ru/company/partnership/" "Mozilla/5.0 (Linux; arm_64; Android 10; ART-L29N) AppleWebKit/537.36 (KHTML, like Gecko) Chrome/128.0.6613.53 YaBrowser/24.10.5.53.00 SA/3 Mobile Safari/537.36"
5.142.41.109 - - [24/Jan/2025:06:40:22 +0300] "GET /upload/CAllcorp3/827/9694e9idz4u2lnntybhgd03ay31izjhe/Logotip.png HTTP/2.0" 200 34438 "https://monolith-realty.ru/company/partnership/" "Mozilla/5.0 (Linux; arm_64; Android 10; ART-L29N) AppleWebKit/537.36 (KHTML, like Gecko) Chrome/128.0.6613.53 YaBrowser/24.10.5.53.00 SA/3 Mobile Safari/537.36"
5.142.41.109 - - [24/Jan/2025:06:40:22 +0300] "GET /local/templates/monolitsochi/vendor/lazysizes.min.js HTTP/2.0" 200 3308 "https://monolith-realty.ru/company/partnership/" "Mozilla/5.0 (Linux; arm_64; Android 10; ART-L29N) AppleWebKit/537.36 (KHTML, like Gecko) Chrome/128.0.6613.53 YaBrowser/24.10.5.53.00 SA/3 Mobile Safari/537.36"
5.142.41.109 - - [24/Jan/2025:06:40:22 +0300] "GET /local/templates/monolitsochi/vendor/ls.unveilhooks.min.js HTTP/2.0" 200 690 "https://monolith-realty.ru/company/partnership/" "Mozilla/5.0 (Linux; arm_64; Android 10; ART-L29N) AppleWebKit/537.36 (KHTML, like Gecko) Chrome/128.0.6613.53 YaBrowser/24.10.5.53.00 SA/3 Mobile Safari/537.36"
5.142.41.109 - - [24/Jan/2025:06:40:22 +0300] "GET /local/templates/monolitsochi/js/actual.counter.min.js?=1712397654 HTTP/2.0" 200 132 "https://monolith-realty.ru/company/partnership/" "Mozilla/5.0 (Linux; arm_64; Android 10; ART-L29N) AppleWebKit/537.36 (KHTML, like Gecko) Chrome/128.0.6613.53 YaBrowser/24.10.5.53.00 SA/3 Mobile Safari/537.36"
5.142.41.109 - - [24/Jan/2025:06:40:22 +0300] "GET /local/templates/monolitsochi/css/print.css?171239765314936 HTTP/2.0" 200 2997 "https://monolith-realty.ru/company/partnership/" "Mozilla/5.0 (Linux; arm_64; Android 10; ART-L29N) AppleWebKit/537.36 (KHTML, like Gecko) Chrome/128.0.6613.53 YaBrowser/24.10.5.53.00 SA/3 Mobile Safari/537.36"
5.142.41.109 - - [24/Jan/2025:06:40:22 +0300] "GET /local/templates/monolitsochi/css/fonts/montserrat/fonts/montserrat-v15-latin_cyrillic-ext-regular.woff2 HTTP/2.0" 200 34428 "https://monolith-realty.ru/local/templates/monolitsochi/css/fonts/montserrat/css/montserrat.min.css?17123976535716" "Mozilla/5.0 (Linux; arm_64; Android 10; ART-L29N) AppleWebKit/537.36 (KHTML, like Gecko) Chrome/128.0.6613.53 YaBrowser/24.10.5.53.00 SA/3 Mobile Safari/537.36"
5.142.41.109 - - [24/Jan/2025:06:40:22 +0300] "GET /local/templates/monolitsochi/css/fonts/roboto/fonts/roboto-v27-latin_cyrillic-ext-700.woff2 HTTP/2.0" 200 33236 "https://monolith-realty.ru/local/templates/monolitsochi/css/fonts/roboto/css/roboto.min.css?17123976534318" "Mozilla/5.0 (Linux; arm_64; Android 10; ART-L29N) AppleWebKit/537.36 (KHTML, like Gecko) Chrome/128.0.6613.53 YaBrowser/24.10.5.53.00 SA/3 Mobile Safari/537.36"
5.142.41.109 - - [24/Jan/2025:06:40:22 +0300] "GET /local/templates/monolitsochi/css/fonts/montserrat/fonts/montserrat-v15-latin_cyrillic-ext-700.woff2 HTTP/2.0" 200 34500 "https://monolith-realty.ru/local/templates/monolitsochi/css/fonts/montserrat/css/montserrat.min.css?17123976535716" "Mozilla/5.0 (Linux; arm_64; Android 10; ART-L29N) AppleWebKit/537.36 (KHTML, like Gecko) Chrome/128.0.6613.53 YaBrowser/24.10.5.53.00 SA/3 Mobile Safari/537.36"
5.142.41.109 - - [24/Jan/2025:06:40:22 +0300] "GET /local/templates/monolitsochi/css/fonts/montserrat/fonts/montserrat-v15-latin_cyrillic-ext-italic.woff2 HTTP/2.0" 200 35200 "https://monolith-realty.ru/local/templates/monolitsochi/css/fonts/montserrat/css/montserrat.min.css?17123976535716" "Mozilla/5.0 (Linux; arm_64; Android 10; ART-L29N) AppleWebKit/537.36 (KHTML, like Gecko) Chrome/128.0.6613.53 YaBrowser/24.10.5.53.00 SA/3 Mobile Safari/537.36"
5.142.41.109 - - [24/Jan/2025:06:40:22 +0300] "GET /local/templates/monolitsochi/css/fonts/roboto/fonts/roboto-v27-latin_cyrillic-ext-regular.woff2 HTTP/2.0" 200 33172 "https://monolith-realty.ru/local/templates/monolitsochi/css/fonts/roboto/css/roboto.min.css?17123976534318" "Mozilla/5.0 (Linux; arm_64; Android 10; ART-L29N) AppleWebKit/537.36 (KHTML, like Gecko) Chrome/128.0.6613.53 YaBrowser/24.10.5.53.00 SA/3 Mobile Safari/537.36"
5.142.41.109 - - [24/Jan/2025:06:40:22 +0300] "GET /local/templates/monolitsochi/images/svg/social.svg HTTP/2.0" 200 119448 "https://monolith-realty.ru/local/templates/monolitsochi/css/social-icons.css?171239765315372" "Mozilla/5.0 (Linux; arm_64; Android 10; ART-L29N) AppleWebKit/537.36 (KHTML, like Gecko) Chrome/128.0.6613.53 YaBrowser/24.10.5.53.00 SA/3 Mobile Safari/537.36"
5.142.41.109 - - [24/Jan/2025:06:40:22 +0300] "GET /local/templates/monolitsochi/css/fonts/montserrat/fonts/montserrat-v15-latin_cyrillic-ext-600.woff2 HTTP/2.0" 200 34440 "https://monolith-realty.ru/local/templates/monolitsochi/css/fonts/montserrat/css/montserrat.min.css?17123976535716" "Mozilla/5.0 (Linux; arm_64; Android 10; ART-L29N) AppleWebKit/537.36 (KHTML, like Gecko) Chrome/128.0.6613.53 YaBrowser/24.10.5.53.00 SA/3 Mobile Safari/537.36"
5.142.41.109 - - [24/Jan/2025:06:40:24 +0300] "GET /manifest.webmanifest HTTP/1.0" 200 387 "https://monolith-realty.ru/company/partnership/" "Mozilla/5.0 (Linux; arm_64; Android 10; ART-L29N) AppleWebKit/537.36 (KHTML, like Gecko) Chrome/128.0.6613.53 YaBrowser/24.10.5.53.00 SA/3 Mobile Safari/537.36"
5.142.41.109 - - [24/Jan/2025:06:40:24 +0300] "GET /icon-192.png HTTP/1.0" 301 601 "https://monolith-realty.ru/company/partnership/" "Mozilla/5.0 (Linux; arm_64; Android 10; ART-L29N) AppleWebKit/537.36 (KHTML, like Gecko) Chrome/128.0.6613.53 YaBrowser/24.10.5.53.00 SA/3 Mobile Safari/537.36"
5.142.41.109 - - [24/Jan/2025:06:40:24 +0300] "GET /icon-192.png/ HTTP/1.0" 404 220474 "https://monolith-realty.ru/company/partnership/" "Mozilla/5.0 (Linux; arm_64; Android 10; ART-L29N) AppleWebKit/537.36 (KHTML, like Gecko) Chrome/128.0.6613.53 YaBrowser/24.10.5.53.00 SA/3 Mobile Safari/537.36"
5.142.41.109 - - [24/Jan/2025:06:40:26 +0300] "GET /include/apple-touch-icon.png HTTP/2.0" 200 18705 "https://monolith-realty.ru/company/partnership/" "Mozilla/5.0 (Linux; arm_64; Android 10; ART-L29N) AppleWebKit/537.36 (KHTML, like Gecko) Chrome/128.0.6613.53 YaBrowser/24.10.5.53.00 SA/3 Mobile Safari/537.36"
5.142.41.109 - - [24/Jan/2025:06:40:26 +0300] "GET /favicon.ico HTTP/1.0" 200 1414 "https://monolith-realty.ru/company/partnership/" "Mozilla/5.0 (Linux; arm_64; Android 10; ART-L29N) AppleWebKit/537.36 (KHTML, like Gecko) Chrome/128.0.6613.53 YaBrowser/24.10.5.53.00 SA/3 Mobile Safari/537.36"
5.142.41.109 - - [24/Jan/2025:06:40:27 +0300] "GET /upload/iblock/534/ny0f7ds8e3synjcunjfvu308xcfvno5j.jpg HTTP/2.0" 200 725897 "https://monolith-realty.ru/company/partnership/" "Mozilla/5.0 (Linux; arm_64; Android 10; ART-L29N) AppleWebKit/537.36 (KHTML, like Gecko) Chrome/128.0.6613.53 YaBrowser/24.10.5.53.00 SA/3 Mobile Safari/537.36"
66.249.66.43 - - [24/Jan/2025:06:40:38 +0300] "GET /local/templates/monolitsochi/images/og_image.jpg HTTP/1.1" 200 97202 "-" "Googlebot-Image/1.0"
5.142.41.109 - - [24/Jan/2025:06:41:00 +0300] "GET /upload/iblock/c0a/bjqm2lpxlul0h30pdj5z4m32t0ybvyg9.png HTTP/2.0" 200 665537 "https://monolith-realty.ru/company/partnership/" "Mozilla/5.0 (Linux; arm_64; Android 10; ART-L29N) AppleWebKit/537.36 (KHTML, like Gecko) Chrome/128.0.6613.53 YaBrowser/24.10.5.53.00 SA/3 Mobile Safari/537.36"
54.36.148.178 - - [24/Jan/2025:06:41:08 +0300] "GET /blog/flats/investiruem-v-nedvizhimost-pkhuketa-detalnyy-obzor/ HTTP/1.0" 200 58448 "-" "Mozilla/5.0 (compatible; AhrefsBot/7.0; +http://ahrefs.com/robot/)"
65.21.69.75 - - [24/Jan/2025:06:41:12 +0300] "GET /upload/iblock/83e/lmpc7j1w7yfp1knrrk8ds1lwlv3x75wx.jpg HTTP/1.1" 200 433972 "-" "Mozilla/5.0 (X11; Linux x86_64) AppleWebKit/537.36 (KHTML, like Gecko) Chrome/126.0.0.0 Safari/537.36"
66.249.66.41 - - [24/Jan/2025:06:41:38 +0300] "GET /product/tayland/above-element-condominium-/ HTTP/1.0" 200 66640 "-" "Mozilla/5.0 (Linux; Android 6.0.1; Nexus 5X Build/MMB29P) AppleWebKit/537.36 (KHTML, like Gecko) Chrome/132.0.6834.83 Mobile Safari/537.36 (compatible; Googlebot/2.1; +http://www.google.com/bot.html)"
66.249.66.42 - - [24/Jan/2025:06:41:39 +0300] "GET /company/staff/alyabeva-svetlana/ HTTP/1.0" 200 55317 "-" "Mozilla/5.0 (Linux; Android 6.0.1; Nexus 5X Build/MMB29P) AppleWebKit/537.36 (KHTML, like Gecko) Chrome/132.0.6834.83 Mobile Safari/537.36 (compatible; Googlebot/2.1; +http://www.google.com/bot.html)"
66.249.66.42 - - [24/Jan/2025:06:41:42 +0300] "GET /local/templates/monolitsochi/components/bitrix/news.detail/staff/style.css?17123976533636 HTTP/1.1" 200 897 "https://monolith-realty.ru/company/staff/alyabeva-svetlana/" "Mozilla/5.0 (Linux; Android 6.0.1; Nexus 5X Build/MMB29P) AppleWebKit/537.36 (KHTML, like Gecko) Chrome/131.0.6778.264 Mobile Safari/537.36 (compatible; Googlebot/2.1; +http://www.google.com/bot.html)"
66.249.66.42 - - [24/Jan/2025:06:41:43 +0300] "GET /local/templates/monolitsochi/js/jquery.fancybox.js?1712397654160667 HTTP/1.1" 200 39937 "https://monolith-realty.ru/company/staff/alyabeva-svetlana/" "Mozilla/5.0 (Linux; Android 6.0.1; Nexus 5X Build/MMB29P) AppleWebKit/537.36 (KHTML, like Gecko) Chrome/131.0.6778.264 Mobile Safari/537.36 (compatible; Googlebot/2.1; +http://www.google.com/bot.html)"
5.142.41.109 - - [24/Jan/2025:06:41:57 +0300] "GET /upload/iblock/bd5/yjx23dcoucgws75gs3m79fj7msrmi5y6.jpg HTTP/2.0" 200 124392 "https://monolith-realty.ru/company/partnership/" "Mozilla/5.0 (Linux; arm_64; Android 10; ART-L29N) AppleWebKit/537.36 (KHTML, like Gecko) Chrome/128.0.6613.53 YaBrowser/24.10.5.53.00 SA/3 Mobile Safari/537.36"
54.36.148.215 - - [24/Jan/2025:06:42:03 +0300] "GET /product/tayland/andaman-riviera/ HTTP/1.0" 200 63961 "-" "Mozilla/5.0 (compatible; AhrefsBot/7.0; +http://ahrefs.com/robot/)"
5.142.41.109 - - [24/Jan/2025:06:42:24 +0300] "GET /upload/iblock/286/ya32gl93wcmoiq6rxi9extkbfkhxocm7.png HTTP/2.0" 200 377717 "https://monolith-realty.ru/company/partnership/" "Mozilla/5.0 (Linux; arm_64; Android 10; ART-L29N) AppleWebKit/537.36 (KHTML, like Gecko) Chrome/128.0.6613.53 YaBrowser/24.10.5.53.00 SA/3 Mobile Safari/537.36"
5.142.41.109 - - [24/Jan/2025:06:42:24 +0300] "GET /upload/iblock/f5d/rcoihwwhfs8mhvapb83lj63vdxd1svsz.png HTTP/2.0" 200 187408 "https://monolith-realty.ru/company/partnership/" "Mozilla/5.0 (Linux; arm_64; Android 10; ART-L29N) AppleWebKit/537.36 (KHTML, like Gecko) Chrome/128.0.6613.53 YaBrowser/24.10.5.53.00 SA/3 Mobile Safari/537.36"
34.206.204.40 - - [24/Jan/2025:06:42:39 +0300] "GET / HTTP/1.0" 200 688517 "-" "BitrixCloud Monitoring/1.0"
66.249.66.42 - - [24/Jan/2025:06:42:42 +0300] "GET /blog/flats/krasnodar-obognal-obe-stolitsy-po-vygodnosti-investitsiy-/ HTTP/1.0" 200 54135 "-" "Mozilla/5.0 (Linux; Android 6.0.1; Nexus 5X Build/MMB29P) AppleWebKit/537.36 (KHTML, like Gecko) Chrome/132.0.6834.83 Mobile Safari/537.36 (compatible; Googlebot/2.1; +http://www.google.com/bot.html)"
66.249.66.41 - - [24/Jan/2025:06:42:43 +0300] "GET /product-investor/sochi/studiya-22-7-v-zhk-kislorod9519/ HTTP/1.0" 200 73995 "-" "Mozilla/5.0 (Linux; Android 6.0.1; Nexus 5X Build/MMB29P) AppleWebKit/537.36 (KHTML, like Gecko) Chrome/132.0.6834.83 Mobile Safari/537.36 (compatible; Googlebot/2.1; +http://www.google.com/bot.html)"
66.249.66.43 - - [24/Jan/2025:06:42:45 +0300] "GET /local/templates/monolitsochi/js/jqModal.js?171239765411178 HTTP/1.1" 200 3966 "https://monolith-realty.ru/blog/flats/krasnodar-obognal-obe-stolitsy-po-vygodnosti-investitsiy-/" "Mozilla/5.0 (Linux; Android 6.0.1; Nexus 5X Build/MMB29P) AppleWebKit/537.36 (KHTML, like Gecko) Chrome/131.0.6778.264 Mobile Safari/537.36 (compatible; Googlebot/2.1; +http://www.google.com/bot.html)"
54.36.148.64 - - [24/Jan/2025:06:43:00 +0300] "GET /product/Sochi/vysota-1122/ HTTP/1.0" 200 65113 "-" "Mozilla/5.0 (compatible; AhrefsBot/7.0; +http://ahrefs.com/robot/)"
157.55.39.49 - - [24/Jan/2025:06:43:33 +0300] "GET /company/staff/alena-oreshnikova HTTP/1.0" 301 721 "-" "Mozilla/5.0 AppleWebKit/537.36 (KHTML, like Gecko; compatible; bingbot/2.0; +http://www.bing.com/bingbot.htm) Chrome/116.0.1938.76 Safari/537.36"
157.55.39.49 - - [24/Jan/2025:06:43:35 +0300] "GET /company/staff/alena-oreshnikova/ HTTP/1.0" 200 52680 "-" "Mozilla/5.0 AppleWebKit/537.36 (KHTML, like Gecko; compatible; bingbot/2.0; +http://www.bing.com/bingbot.htm) Chrome/116.0.1938.76 Safari/537.36"
54.36.148.155 - - [24/Jan/2025:06:43:53 +0300] "GET /partners/builders/russia/romex-development/ HTTP/1.0" 200 50341 "-" "Mozilla/5.0 (compatible; AhrefsBot/7.0; +http://ahrefs.com/robot/)"
54.36.149.19 - - [24/Jan/2025:06:44:54 +0300] "GET /blog/flats/ HTTP/1.0" 200 52998 "-" "Mozilla/5.0 (compatible; AhrefsBot/7.0; +http://ahrefs.com/robot/)"
66.249.66.43 - - [24/Jan/2025:06:45:02 +0300] "GET /local/templates/monolitsochi/components/bitrix/catalog/catalog_investor/style.css?17123976531735 HTTP/1.1" 200 647 "https://monolith-realty.ru/product-investor/sochi/studiya-22-7-v-zhk-kislorod9519/" "Mozilla/5.0 (Linux; Android 6.0.1; Nexus 5X Build/MMB29P) AppleWebKit/537.36 (KHTML, like Gecko) Chrome/131.0.6778.264 Mobile Safari/537.36 (compatible; Googlebot/2.1; +http://www.google.com/bot.html)"
66.249.66.42 - - [24/Jan/2025:06:45:03 +0300] "GET /local/templates/monolitsochi/css/left-menu.css?17123976534511 HTTP/1.1" 200 1347 "https://monolith-realty.ru/product-investor/sochi/studiya-22-7-v-zhk-kislorod9519/" "Mozilla/5.0 (Linux; Android 6.0.1; Nexus 5X Build/MMB29P) AppleWebKit/537.36 (KHTML, like Gecko) Chrome/131.0.6778.264 Mobile Safari/537.36 (compatible; Googlebot/2.1; +http://www.google.com/bot.html)"
54.220.87.80 - - [24/Jan/2025:06:45:36 +0300] "GET / HTTP/1.0" 200 688517 "-" "BitrixCloud Monitoring/1.0"
54.36.148.163 - - [24/Jan/2025:06:45:54 +0300] "GET /product/novorossiysk/zhk-myata-novorossiysk/ HTTP/1.0" 200 67259 "-" "Mozilla/5.0 (compatible; AhrefsBot/7.0; +http://ahrefs.com/robot/)"
54.36.149.101 - - [24/Jan/2025:06:47:07 +0300] "GET /company/smi-o-nas/podrobnaya-biografiya-marii-generalskoy/ HTTP/1.0" 200 55361 "-" "Mozilla/5.0 (compatible; AhrefsBot/7.0; +http://ahrefs.com/robot/)"
54.36.149.44 - - [24/Jan/2025:06:48:05 +0300] "GET /product/Crimea/zhk-avrora/ HTTP/1.0" 200 62335 "-" "Mozilla/5.0 (compatible; AhrefsBot/7.0; +http://ahrefs.com/robot/)"
34.206.204.40 - - [24/Jan/2025:06:48:38 +0300] "GET / HTTP/1.0" 200 688517 "-" "BitrixCloud Monitoring/1.0"
54.36.148.196 - - [24/Jan/2025:06:49:05 +0300] "GET /company/staff/pankov-oleg/ HTTP/1.0" 200 55010 "-" "Mozilla/5.0 (compatible; AhrefsBot/7.0; +http://ahrefs.com/robot/)"
66.249.66.43 - - [24/Jan/2025:06:49:44 +0300] "GET /company/staff/galkin-vitaliy/ HTTP/1.0" 200 55302 "-" "Mozilla/5.0 (Linux; Android 6.0.1; Nexus 5X Build/MMB29P) AppleWebKit/537.36 (KHTML, like Gecko) Chrome/132.0.6834.83 Mobile Safari/537.36 (compatible; Googlebot/2.1; +http://www.google.com/bot.html)"
54.36.148.228 - - [24/Jan/2025:06:50:06 +0300] "GET /company/staff/sinchuk-olga/ HTTP/1.0" 200 55031 "-" "Mozilla/5.0 (compatible; AhrefsBot/7.0; +http://ahrefs.com/robot/)"
54.36.148.238 - - [24/Jan/2025:06:50:57 +0300] "GET /company/smi-o-nas/investitsii-v-dubay-s-chego-nachat/ HTTP/1.0" 200 53285 "-" "Mozilla/5.0 (compatible; AhrefsBot/7.0; +http://ahrefs.com/robot/)"
65.109.63.160 - - [24/Jan/2025:06:51:30 +0300] "GET /upload/iblock/45b/rxj6lmwnqirmi7hsmnvqss6m2h13xauj.jpg HTTP/1.1" 200 250137 "-" "Mozilla/5.0 (X11; Linux x86_64) AppleWebKit/537.36 (KHTML, like Gecko) Chrome/126.0.0.0 Safari/537.36"
54.220.87.80 - - [24/Jan/2025:06:51:36 +0300] "GET / HTTP/1.0" 200 688517 "-" "BitrixCloud Monitoring/1.0"
54.36.148.236 - - [24/Jan/2025:06:52:00 +0300] "GET /blog/flats/transhevaya-ipoteka-chto-eto-takoe-i-komu-vygodno-/ HTTP/1.0" 200 55353 "-" "Mozilla/5.0 (compatible; AhrefsBot/7.0; +http://ahrefs.com/robot/)"
66.249.66.43 - - [24/Jan/2025:06:52:18 +0300] "GET /upload/iblock/cd9/b8v5mynszb102rmsx77ipa6nndxukovi.jpg HTTP/1.0" 301 744 "-" "Googlebot-Image/1.0"
66.249.66.42 - - [24/Jan/2025:06:52:19 +0300] "GET /upload/iblock/cd9/b8v5mynszb102rmsx77ipa6nndxukovi.jpg/ HTTP/1.0" 404 220600 "-" "Googlebot-Image/1.0"
54.36.148.245 - - [24/Jan/2025:06:52:51 +0300] "GET /product/Sochi/kp_nova/ HTTP/1.0" 200 64192 "-" "Mozilla/5.0 (compatible; AhrefsBot/7.0; +http://ahrefs.com/robot/)"
66.249.66.41 - - [24/Jan/2025:06:53:31 +0300] "GET /upload/iblock/94e/hf9nhw12ew68yi0tthectpaqruhzk3em.jpg HTTP/1.1" 200 238801 "-" "Googlebot-Image/1.0"
54.36.149.35 - - [24/Jan/2025:06:53:42 +0300] "GET /company/staff/beregovaya-anastasiya/ HTTP/1.0" 200 55041 "-" "Mozilla/5.0 (compatible; AhrefsBot/7.0; +http://ahrefs.com/robot/)"
34.206.204.40 - - [24/Jan/2025:06:54:38 +0300] "GET / HTTP/1.0" 200 688517 "-" "BitrixCloud Monitoring/1.0"
54.36.149.106 - - [24/Jan/2025:06:54:41 +0300] "GET /partners/builders/sobha/ HTTP/1.0" 200 50335 "-" "Mozilla/5.0 (compatible; AhrefsBot/7.0; +http://ahrefs.com/robot/)"
66.249.66.41 - - [24/Jan/2025:06:54:56 +0300] "GET /local/templates/monolitsochi/js/jqModal.js?171239765411178 HTTP/1.1" 200 3966 "https://monolith-realty.ru/company/staff/galkin-vitaliy/" "Mozilla/5.0 (Linux; Android 6.0.1; Nexus 5X Build/MMB29P) AppleWebKit/537.36 (KHTML, like Gecko) Chrome/131.0.6778.264 Mobile Safari/537.36 (compatible; Googlebot/2.1; +http://www.google.com/bot.html)"
54.36.148.202 - - [24/Jan/2025:06:55:39 +0300] "GET /company/staff/marina-khalimova/ HTTP/1.0" 200 55296 "-" "Mozilla/5.0 (compatible; AhrefsBot/7.0; +http://ahrefs.com/robot/)"
54.36.148.178 - - [24/Jan/2025:06:56:39 +0300] "GET /company/staff/pavlyuk-angelina/ HTTP/1.0" 200 55023 "-" "Mozilla/5.0 (compatible; AhrefsBot/7.0; +http://ahrefs.com/robot/)"
86.102.111.38 - - [24/Jan/2025:06:56:43 +0300] "GET /upload/iblock/e5c/je4aciscpn9hc72bjaefeeui3n38b9xp/IMG_20231024_090919_435.jpg HTTP/2.0" 200 159835 "https://yandex.ru/images/search?from=tabbar&img_url=https%3A%2F%2F111bashni.ru%2Fwp-content%2Fuploads%2F2021%2F11%2F%25D0%259C%25D0%25BE%25D1%2580%25D0%25B5-%25D1%2584%25D0%25BE%25D0%25BD-590x310.jpg&lr=75&p=4&pos=15&rpt=simage&text=%D0%B6%D0%BA%20%D0%BC%D0%BE%D1%80%D0%B5" "Mozilla/5.0 (Windows NT 10.0; Win64; x64) AppleWebKit/537.36 (KHTML, like Gecko) Chrome/131.0.0.0 Safari/537.36"
172.178.140.153 - - [24/Jan/2025:06:57:08 +0300] "GET /blog/flats/luchshie-rayony-dubaya-dlya-zhizni-otdykha-i-investitsiy/ HTTP/1.0" 200 60435 "-" "Mozilla/5.0 AppleWebKit/537.36 (KHTML, like Gecko); compatible; ChatGPT-User/1.0; +https://openai.com/bot"
207.46.13.153 - - [24/Jan/2025:06:57:30 +0300] "GET /company/staff/aleksey-maslov HTTP/1.0" 301 718 "-" "Mozilla/5.0 AppleWebKit/537.36 (KHTML, like Gecko; compatible; bingbot/2.0; +http://www.bing.com/bingbot.htm) Chrome/116.0.1938.76 Safari/537.36"
207.46.13.153 - - [24/Jan/2025:06:57:30 +0300] "GET /company/staff/aleksey-maslov/ HTTP/1.0" 200 55329 "-" "Mozilla/5.0 AppleWebKit/537.36 (KHTML, like Gecko; compatible; bingbot/2.0; +http://www.bing.com/bingbot.htm) Chrome/116.0.1938.76 Safari/537.36"
66.249.66.41 - - [24/Jan/2025:06:57:34 +0300] "GET /company/staff/ilina-olga/ HTTP/1.0" 200 55281 "-" "Mozilla/5.0 (Linux; Android 6.0.1; Nexus 5X Build/MMB29P) AppleWebKit/537.36 (KHTML, like Gecko) Chrome/132.0.6834.83 Mobile Safari/537.36 (compatible; Googlebot/2.1; +http://www.google.com/bot.html)"
54.220.87.80 - - [24/Jan/2025:06:57:36 +0300] "GET / HTTP/1.0" 200 688517 "-" "BitrixCloud Monitoring/1.0"
40.77.167.17 - - [24/Jan/2025:06:57:49 +0300] "GET /product/dubai/damac-bay-2-by-cavalli-/ HTTP/1.0" 200 70089 "-" "Mozilla/5.0 AppleWebKit/537.36 (KHTML, like Gecko; compatible; bingbot/2.0; +http://www.bing.com/bingbot.htm) Chrome/116.0.1938.76 Safari/537.36"
54.36.148.79 - - [24/Jan/2025:06:57:54 +0300] "GET /blog/flats/pokupaem-kvartiru-v-novostroyke-kak-izbezhat-khitrostey-zastroyshchika/ HTTP/1.0" 200 55256 "-" "Mozilla/5.0 (compatible; AhrefsBot/7.0; +http://ahrefs.com/robot/)"
54.36.148.24 - - [24/Jan/2025:06:58:54 +0300] "GET /partners/builders/russia/razvitie/ HTTP/1.0" 200 50003 "-" "Mozilla/5.0 (compatible; AhrefsBot/7.0; +http://ahrefs.com/robot/)"
66.249.66.42 - - [24/Jan/2025:06:59:03 +0300] "GET /company/staff/stepanov-evgeniy/ HTTP/1.0" 200 55313 "-" "Mozilla/5.0 (Linux; Android 6.0.1; Nexus 5X Build/MMB29P) AppleWebKit/537.36 (KHTML, like Gecko) Chrome/132.0.6834.83 Mobile Safari/537.36 (compatible; GoogleOther)"
54.36.148.178 - - [24/Jan/2025:06:59:47 +0300] "GET /product/krasnodar/zhk-dogma-park/ HTTP/1.0" 404 222599 "-" "Mozilla/5.0 (compatible; AhrefsBot/7.0; +http://ahrefs.com/robot/)"
34.206.204.40 - - [24/Jan/2025:07:00:38 +0300] "GET / HTTP/1.0" 200 688517 "-" "BitrixCloud Monitoring/1.0"
54.36.148.215 - - [24/Jan/2025:07:00:39 +0300] "GET /product/krasnodar/zhk-smorodina-krasnodar/ HTTP/1.0" 200 62485 "-" "Mozilla/5.0 (compatible; AhrefsBot/7.0; +http://ahrefs.com/robot/)"
54.36.148.45 - - [24/Jan/2025:07:01:28 +0300] "GET /product/krasnodar/zhk-dom-na-moskovskoy-krasnodar/ HTTP/1.0" 200 62222 "-" "Mozilla/5.0 (compatible; AhrefsBot/7.0; +http://ahrefs.com/robot/)"
185.42.94.4 - - [24/Jan/2025:07:02:36 +0300] "GET /upload/iblock/f2d/75w9dvn64u9ygx04no3axkyb64cwnjoc.jpg HTTP/2.0" 200 327299 "https://ya.ru/images/search?img_url=https%3A%2F%2Fwallpaper-house.com%2Fdata%2Fout%2F7%2Fwallpaper2you_197477.jpg&lr=58&p=1&pos=13&rpt=simage&serp_list_type=all&source=serp&stype=image&text=%D0%94%D1%83%D0%B1%D0%B0%D0%B8%20(%D0%9E%D0%90%D0%AD)" "Mozilla/5.0 (X11; Linux x86_64) AppleWebKit/537.36 (KHTML, like Gecko) Chrome/116.0.5845.1017 YaBrowser/23.9.1.1017 (corp) Yowser/2.5 Safari/537.36"
157.55.39.201 - - [24/Jan/2025:07:03:27 +0300] "GET /product/anapa/kvartiry-i-apartamenty/gk-kayros HTTP/1.0" 301 736 "-" "Mozilla/5.0 AppleWebKit/537.36 (KHTML, like Gecko; compatible; bingbot/2.0; +http://www.bing.com/bingbot.htm) Chrome/116.0.1938.76 Safari/537.36"
157.55.39.201 - - [24/Jan/2025:07:03:28 +0300] "GET /product/anapa/kvartiry-i-apartamenty/gk-kayros/ HTTP/1.0" 200 70356 "-" "Mozilla/5.0 AppleWebKit/537.36 (KHTML, like Gecko; compatible; bingbot/2.0; +http://www.bing.com/bingbot.htm) Chrome/116.0.1938.76 Safari/537.36"
54.220.87.80 - - [24/Jan/2025:07:03:36 +0300] "GET / HTTP/1.0" 200 688517 "-" "BitrixCloud Monitoring/1.0"
54.36.148.246 - - [24/Jan/2025:07:04:15 +0300] "GET /company/staff/aleksey-maslov/ HTTP/1.0" 200 55327 "-" "Mozilla/5.0 (compatible; AhrefsBot/7.0; +http://ahrefs.com/robot/)"
109.107.180.218 - - [24/Jan/2025:07:04:59 +0300] "GET /partners/builders HTTP/1.1" 301 189 "-" "Mozilla/5.0 (keys-so-bot)"
109.107.180.218 - - [24/Jan/2025:07:04:59 +0300] "GET /partners/builders HTTP/1.0" 301 580 "http://monolith-realty.ru/partners/builders" "Mozilla/5.0 (keys-so-bot)"
109.107.180.218 - - [24/Jan/2025:07:04:59 +0300] "GET /partners/builders/ HTTP/1.1" 301 189 "-" "Mozilla/5.0 (keys-so-bot)"
109.107.180.218 - - [24/Jan/2025:07:04:59 +0300] "GET /partners/builders/ HTTP/1.0" 200 50229 "http://monolith-realty.ru/partners/builders/" "Mozilla/5.0 (keys-so-bot)"
54.36.148.23 - - [24/Jan/2025:07:05:10 +0300] "GET /company/news/novostroyki-anapy-podorozhali-za-god-na-30/ HTTP/1.0" 200 52049 "-" "Mozilla/5.0 (compatible; AhrefsBot/7.0; +http://ahrefs.com/robot/)"
66.249.66.42 - - [24/Jan/2025:07:05:35 +0300] "GET /company/staff/elena-kudryavtseva/ HTTP/1.0" 200 55331 "-" "Mozilla/5.0 (Linux; Android 6.0.1; Nexus 5X Build/MMB29P) AppleWebKit/537.36 (KHTML, like Gecko) Chrome/132.0.6834.83 Mobile Safari/537.36 (compatible; Googlebot/2.1; +http://www.google.com/bot.html)"
66.249.66.42 - - [24/Jan/2025:07:06:03 +0300] "GET /local/templates/monolitsochi/components/bitrix/news.detail/staff/style.css?17123976533636 HTTP/1.1" 200 897 "https://monolith-realty.ru/company/staff/elena-kudryavtseva/" "Mozilla/5.0 (Linux; Android 6.0.1; Nexus 5X Build/MMB29P) AppleWebKit/537.36 (KHTML, like Gecko) Chrome/131.0.6778.204 Mobile Safari/537.36 (compatible; Googlebot/2.1; +http://www.google.com/bot.html)"
54.36.149.82 - - [24/Jan/2025:07:06:29 +0300] "GET /company/staff/anna-bagramova/ HTTP/1.0" 200 55335 "-" "Mozilla/5.0 (compatible; AhrefsBot/7.0; +http://ahrefs.com/robot/)"
66.249.66.42 - - [24/Jan/2025:07:06:38 +0300] "GET /company/staff/selivonik-kristina-/ HTTP/1.0" 200 55333 "-" "Mozilla/5.0 (Linux; Android 6.0.1; Nexus 5X Build/MMB29P) AppleWebKit/537.36 (KHTML, like Gecko) Chrome/132.0.6834.83 Mobile Safari/537.36 (compatible; GoogleOther)"
34.206.204.40 - - [24/Jan/2025:07:06:39 +0300] "GET / HTTP/1.0" 200 688517 "-" "BitrixCloud Monitoring/1.0"
54.36.148.19 - - [24/Jan/2025:07:07:59 +0300] "GET /product/krasnodar/zhk-zelenodar-krasnodar/ HTTP/1.0" 200 62157 "-" "Mozilla/5.0 (compatible; AhrefsBot/7.0; +http://ahrefs.com/robot/)"
54.36.148.160 - - [24/Jan/2025:07:09:15 +0300] "GET /product/krasnodar/ak-grand-pelas-krasnodar/ HTTP/1.0" 200 63612 "-" "Mozilla/5.0 (compatible; AhrefsBot/7.0; +http://ahrefs.com/robot/)"
54.220.87.80 - - [24/Jan/2025:07:09:36 +0300] "GET / HTTP/1.0" 200 688517 "-" "BitrixCloud Monitoring/1.0"
54.36.148.181 - - [24/Jan/2025:07:10:22 +0300] "GET /company/staff/sergey-zholobnitskiy/ HTTP/1.0" 200 55318 "-" "Mozilla/5.0 (compatible; AhrefsBot/7.0; +http://ahrefs.com/robot/)"
54.36.148.218 - - [24/Jan/2025:07:11:32 +0300] "GET /company/staff/alena-oreshnikova/ HTTP/1.0" 200 52681 "-" "Mozilla/5.0 (compatible; AhrefsBot/7.0; +http://ahrefs.com/robot/)"
54.36.149.5 - - [24/Jan/2025:07:12:38 +0300] "GET /product/turtsiya/zhk-the-queen-collection/ HTTP/1.0" 200 65111 "-" "Mozilla/5.0 (compatible; AhrefsBot/7.0; +http://ahrefs.com/robot/)"
34.206.204.40 - - [24/Jan/2025:07:12:38 +0300] "GET / HTTP/1.0" 200 688517 "-" "BitrixCloud Monitoring/1.0"
66.249.66.43 - - [24/Jan/2025:07:13:36 +0300] "GET /company/staff/selivonik-kristina-/ HTTP/1.0" 200 55329 "-" "Mozilla/5.0 (Linux; Android 6.0.1; Nexus 5X Build/MMB29P) AppleWebKit/537.36 (KHTML, like Gecko) Chrome/132.0.6834.83 Mobile Safari/537.36 (compatible; Googlebot/2.1; +http://www.google.com/bot.html)"
54.36.149.34 - - [24/Jan/2025:07:13:53 +0300] "GET /company/staff/tatyana-pozdeeva/ HTTP/1.0" 200 55325 "-" "Mozilla/5.0 (compatible; AhrefsBot/7.0; +http://ahrefs.com/robot/)"
66.249.66.42 - - [24/Jan/2025:07:14:54 +0300] "GET /upload/iblock/101/eazp7gu3cm2jh241c1zqat32jhvu3qki/EXT_01.jpg HTTP/1.1" 200 172065 "-" "Googlebot-Image/1.0"
52.167.144.210 - - [24/Jan/2025:07:15:05 +0300] "GET /product/sochi/zhk-semeynyy HTTP/1.0" 301 716 "-" "Mozilla/5.0 AppleWebKit/537.36 (KHTML, like Gecko; compatible; bingbot/2.0; +http://www.bing.com/bingbot.htm) Chrome/116.0.1938.76 Safari/537.36"
52.167.144.210 - - [24/Jan/2025:07:15:06 +0300] "GET /product/sochi/zhk-semeynyy/ HTTP/1.0" 200 62856 "-" "Mozilla/5.0 AppleWebKit/537.36 (KHTML, like Gecko; compatible; bingbot/2.0; +http://www.bing.com/bingbot.htm) Chrome/116.0.1938.76 Safari/537.36"
2.56.138.40 - - [24/Jan/2025:07:15:11 +0300] "GET /blog/flats/novorossiysk-luchshie-rayony-dlya-zhizni/ HTTP/1.0" 200 56508 "https://go.mail.ru/" "Mozilla/5.0 (Windows NT 10.0; Win64; x64) AppleWebKit/537.36 (KHTML, like Gecko) Chrome/131.0.0.0 Safari/537.36"
2.56.138.40 - - [24/Jan/2025:07:15:11 +0300] "GET /local/templates/monolitsochi/components/bitrix/news.detail/news/style.css?17186182873157 HTTP/2.0" 200 992 "https://monolith-realty.ru/blog/flats/novorossiysk-luchshie-rayony-dlya-zhizni/" "Mozilla/5.0 (Windows NT 10.0; Win64; x64) AppleWebKit/537.36 (KHTML, like Gecko) Chrome/131.0.0.0 Safari/537.36"
2.56.138.40 - - [24/Jan/2025:07:15:11 +0300] "GET /local/templates/monolitsochi/css/jquery.fancybox.css?171239765317412 HTTP/2.0" 200 3677 "https://monolith-realty.ru/blog/flats/novorossiysk-luchshie-rayony-dlya-zhizni/" "Mozilla/5.0 (Windows NT 10.0; Win64; x64) AppleWebKit/537.36 (KHTML, like Gecko) Chrome/131.0.0.0 Safari/537.36"
2.56.138.40 - - [24/Jan/2025:07:15:11 +0300] "GET /bitrix/components/bitrix/system.show_message/templates/.default/style.css?168986523064 HTTP/2.0" 200 68 "https://monolith-realty.ru/blog/flats/novorossiysk-luchshie-rayony-dlya-zhizni/" "Mozilla/5.0 (Windows NT 10.0; Win64; x64) AppleWebKit/537.36 (KHTML, like Gecko) Chrome/131.0.0.0 Safari/537.36"
2.56.138.40 - - [24/Jan/2025:07:15:11 +0300] "GET /local/templates/monolitsochi/components/bitrix/news.list/items-list-inner/style.css?17123976528093 HTTP/2.0" 200 1551 "https://monolith-realty.ru/blog/flats/novorossiysk-luchshie-rayony-dlya-zhizni/" "Mozilla/5.0 (Windows NT 10.0; Win64; x64) AppleWebKit/537.36 (KHTML, like Gecko) Chrome/131.0.0.0 Safari/537.36"
2.56.138.40 - - [24/Jan/2025:07:15:11 +0300] "GET /local/templates/monolitsochi/styles/css-gulp/style.css?171239765231179 HTTP/2.0" 200 5615 "https://monolith-realty.ru/blog/flats/novorossiysk-luchshie-rayony-dlya-zhizni/" "Mozilla/5.0 (Windows NT 10.0; Win64; x64) AppleWebKit/537.36 (KHTML, like Gecko) Chrome/131.0.0.0 Safari/537.36"
2.56.138.40 - - [24/Jan/2025:07:15:11 +0300] "GET /local/mobile.css?17231021863821 HTTP/2.0" 200 1045 "https://monolith-realty.ru/blog/flats/novorossiysk-luchshie-rayony-dlya-zhizni/" "Mozilla/5.0 (Windows NT 10.0; Win64; x64) AppleWebKit/537.36 (KHTML, like Gecko) Chrome/131.0.0.0 Safari/537.36"
2.56.138.40 - - [24/Jan/2025:07:15:11 +0300] "GET /local/templates/monolitsochi/css/fonts/montserrat/css/montserrat.min.css?17123976535716 HTTP/2.0" 200 437 "https://monolith-realty.ru/blog/flats/novorossiysk-luchshie-rayony-dlya-zhizni/" "Mozilla/5.0 (Windows NT 10.0; Win64; x64) AppleWebKit/537.36 (KHTML, like Gecko) Chrome/131.0.0.0 Safari/537.36"
2.56.138.40 - - [24/Jan/2025:07:15:11 +0300] "GET /local/templates/monolitsochi/css/fonts/roboto/css/roboto.min.css?17123976534318 HTTP/2.0" 200 392 "https://monolith-realty.ru/blog/flats/novorossiysk-luchshie-rayony-dlya-zhizni/" "Mozilla/5.0 (Windows NT 10.0; Win64; x64) AppleWebKit/537.36 (KHTML, like Gecko) Chrome/131.0.0.0 Safari/537.36"
2.56.138.40 - - [24/Jan/2025:07:15:11 +0300] "GET /local/templates/monolitsochi/css/bootstrap.css?1712397653114216 HTTP/2.0" 200 16456 "https://monolith-realty.ru/blog/flats/novorossiysk-luchshie-rayony-dlya-zhizni/" "Mozilla/5.0 (Windows NT 10.0; Win64; x64) AppleWebKit/537.36 (KHTML, like Gecko) Chrome/131.0.0.0 Safari/537.36"
2.56.138.40 - - [24/Jan/2025:07:15:11 +0300] "GET /local/templates/monolitsochi/css/theme-elements.css?17123976534301 HTTP/2.0" 200 1076 "https://monolith-realty.ru/blog/flats/novorossiysk-luchshie-rayony-dlya-zhizni/" "Mozilla/5.0 (Windows NT 10.0; Win64; x64) AppleWebKit/537.36 (KHTML, like Gecko) Chrome/131.0.0.0 Safari/537.36"
2.56.138.40 - - [24/Jan/2025:07:15:11 +0300] "GET /local/templates/monolitsochi/css/jquery.mCustomScrollbar.min.css?171239765342839 HTTP/2.0" 200 4235 "https://monolith-realty.ru/blog/flats/novorossiysk-luchshie-rayony-dlya-zhizni/" "Mozilla/5.0 (Windows NT 10.0; Win64; x64) AppleWebKit/537.36 (KHTML, like Gecko) Chrome/131.0.0.0 Safari/537.36"
2.56.138.40 - - [24/Jan/2025:07:15:11 +0300] "GET /local/templates/monolitsochi/vendor/css/ripple.css?1712397654854 HTTP/2.0" 200 279 "https://monolith-realty.ru/blog/flats/novorossiysk-luchshie-rayony-dlya-zhizni/" "Mozilla/5.0 (Windows NT 10.0; Win64; x64) AppleWebKit/537.36 (KHTML, like Gecko) Chrome/131.0.0.0 Safari/537.36"
2.56.138.40 - - [24/Jan/2025:07:15:11 +0300] "GET /local/templates/monolitsochi/css/animation/animate.min.css?171239765352789 HTTP/2.0" 200 4103 "https://monolith-realty.ru/blog/flats/novorossiysk-luchshie-rayony-dlya-zhizni/" "Mozilla/5.0 (Windows NT 10.0; Win64; x64) AppleWebKit/537.36 (KHTML, like Gecko) Chrome/131.0.0.0 Safari/537.36"
2.56.138.40 - - [24/Jan/2025:07:15:11 +0300] "GET /local/templates/monolitsochi/css/animation/animation_ext.css?17123976535902 HTTP/2.0" 200 941 "https://monolith-realty.ru/blog/flats/novorossiysk-luchshie-rayony-dlya-zhizni/" "Mozilla/5.0 (Windows NT 10.0; Win64; x64) AppleWebKit/537.36 (KHTML, like Gecko) Chrome/131.0.0.0 Safari/537.36"
2.56.138.40 - - [24/Jan/2025:07:15:11 +0300] "GET /local/templates/monolitsochi/vendor/css/carousel/owl/owl.carousel.css?17123976544744 HTTP/2.0" 200 1387 "https://monolith-realty.ru/blog/flats/novorossiysk-luchshie-rayony-dlya-zhizni/" "Mozilla/5.0 (Windows NT 10.0; Win64; x64) AppleWebKit/537.36 (KHTML, like Gecko) Chrome/131.0.0.0 Safari/537.36"
2.56.138.40 - - [24/Jan/2025:07:15:11 +0300] "GET /local/templates/monolitsochi/vendor/css/carousel/owl/owl.theme.default.css?17123976541380 HTTP/2.0" 200 562 "https://monolith-realty.ru/blog/flats/novorossiysk-luchshie-rayony-dlya-zhizni/" "Mozilla/5.0 (Windows NT 10.0; Win64; x64) AppleWebKit/537.36 (KHTML, like Gecko) Chrome/131.0.0.0 Safari/537.36"
2.56.138.40 - - [24/Jan/2025:07:15:11 +0300] "GET /local/templates/monolitsochi/css/buttons.css?171239765316829 HTTP/2.0" 200 2413 "https://monolith-realty.ru/blog/flats/novorossiysk-luchshie-rayony-dlya-zhizni/" "Mozilla/5.0 (Windows NT 10.0; Win64; x64) AppleWebKit/537.36 (KHTML, like Gecko) Chrome/131.0.0.0 Safari/537.36"
2.56.138.40 - - [24/Jan/2025:07:15:11 +0300] "GET /local/templates/monolitsochi/css/svg.css?17123976533334 HTTP/2.0" 200 760 "https://monolith-realty.ru/blog/flats/novorossiysk-luchshie-rayony-dlya-zhizni/" "Mozilla/5.0 (Windows NT 10.0; Win64; x64) AppleWebKit/537.36 (KHTML, like Gecko) Chrome/131.0.0.0 Safari/537.36"
2.56.138.40 - - [24/Jan/2025:07:15:11 +0300] "GET /local/templates/monolitsochi/css/header.css?171239765341573 HTTP/2.0" 200 5312 "https://monolith-realty.ru/blog/flats/novorossiysk-luchshie-rayony-dlya-zhizni/" "Mozilla/5.0 (Windows NT 10.0; Win64; x64) AppleWebKit/537.36 (KHTML, like Gecko) Chrome/131.0.0.0 Safari/537.36"
2.56.138.40 - - [24/Jan/2025:07:15:11 +0300] "GET /local/templates/monolitsochi/css/footer.css?171239765319141 HTTP/2.0" 200 3732 "https://monolith-realty.ru/blog/flats/novorossiysk-luchshie-rayony-dlya-zhizni/" "Mozilla/5.0 (Windows NT 10.0; Win64; x64) AppleWebKit/537.36 (KHTML, like Gecko) Chrome/131.0.0.0 Safari/537.36"
2.56.138.40 - - [24/Jan/2025:07:15:11 +0300] "GET /local/templates/monolitsochi/css/menu-top.css?171810856920791 HTTP/2.0" 200 3549 "https://monolith-realty.ru/blog/flats/novorossiysk-luchshie-rayony-dlya-zhizni/" "Mozilla/5.0 (Windows NT 10.0; Win64; x64) AppleWebKit/537.36 (KHTML, like Gecko) Chrome/131.0.0.0 Safari/537.36"
2.56.138.40 - - [24/Jan/2025:07:15:11 +0300] "GET /local/templates/monolitsochi/css/mega-menu.css?17123976531863 HTTP/2.0" 200 625 "https://monolith-realty.ru/blog/flats/novorossiysk-luchshie-rayony-dlya-zhizni/" "Mozilla/5.0 (Windows NT 10.0; Win64; x64) AppleWebKit/537.36 (KHTML, like Gecko) Chrome/131.0.0.0 Safari/537.36"
2.56.138.40 - - [24/Jan/2025:07:15:11 +0300] "GET /local/templates/monolitsochi/css/mobile-header.css?17123976533986 HTTP/2.0" 200 1163 "https://monolith-realty.ru/blog/flats/novorossiysk-luchshie-rayony-dlya-zhizni/" "Mozilla/5.0 (Windows NT 10.0; Win64; x64) AppleWebKit/537.36 (KHTML, like Gecko) Chrome/131.0.0.0 Safari/537.36"
2.56.138.40 - - [24/Jan/2025:07:15:11 +0300] "GET /local/templates/monolitsochi/css/mobile-menu.css?17123976535995 HTTP/2.0" 200 1571 "https://monolith-realty.ru/blog/flats/novorossiysk-luchshie-rayony-dlya-zhizni/" "Mozilla/5.0 (Windows NT 10.0; Win64; x64) AppleWebKit/537.36 (KHTML, like Gecko) Chrome/131.0.0.0 Safari/537.36"
2.56.138.40 - - [24/Jan/2025:07:15:11 +0300] "GET /local/templates/monolitsochi/css/header-fixed.css?17123976531260 HTTP/2.0" 200 495 "https://monolith-realty.ru/blog/flats/novorossiysk-luchshie-rayony-dlya-zhizni/" "Mozilla/5.0 (Windows NT 10.0; Win64; x64) AppleWebKit/537.36 (KHTML, like Gecko) Chrome/131.0.0.0 Safari/537.36"
2.56.138.40 - - [24/Jan/2025:07:15:11 +0300] "GET /local/templates/monolitsochi/css/search-title.css?17123976533838 HTTP/2.0" 200 1094 "https://monolith-realty.ru/blog/flats/novorossiysk-luchshie-rayony-dlya-zhizni/" "Mozilla/5.0 (Windows NT 10.0; Win64; x64) AppleWebKit/537.36 (KHTML, like Gecko) Chrome/131.0.0.0 Safari/537.36"
2.56.138.40 - - [24/Jan/2025:07:15:11 +0300] "GET /local/templates/monolitsochi/css/page-title-breadcrumb-pagination.css?17123976535630 HTTP/2.0" 200 1542 "https://monolith-realty.ru/blog/flats/novorossiysk-luchshie-rayony-dlya-zhizni/" "Mozilla/5.0 (Windows NT 10.0; Win64; x64) AppleWebKit/537.36 (KHTML, like Gecko) Chrome/131.0.0.0 Safari/537.36"
2.56.138.40 - - [24/Jan/2025:07:15:11 +0300] "GET /local/templates/monolitsochi/css/social-icons.css?171239765315372 HTTP/2.0" 200 1957 "https://monolith-realty.ru/blog/flats/novorossiysk-luchshie-rayony-dlya-zhizni/" "Mozilla/5.0 (Windows NT 10.0; Win64; x64) AppleWebKit/537.36 (KHTML, like Gecko) Chrome/131.0.0.0 Safari/537.36"
2.56.138.40 - - [24/Jan/2025:07:15:11 +0300] "GET /local/templates/monolitsochi/css/left-menu.css?17123976534511 HTTP/2.0" 200 1335 "https://monolith-realty.ru/blog/flats/novorossiysk-luchshie-rayony-dlya-zhizni/" "Mozilla/5.0 (Windows NT 10.0; Win64; x64) AppleWebKit/537.36 (KHTML, like Gecko) Chrome/131.0.0.0 Safari/537.36"
2.56.138.40 - - [24/Jan/2025:07:15:11 +0300] "GET /local/templates/monolitsochi/css/top-menu.css?171239765313140 HTTP/2.0" 200 2510 "https://monolith-realty.ru/blog/flats/novorossiysk-luchshie-rayony-dlya-zhizni/" "Mozilla/5.0 (Windows NT 10.0; Win64; x64) AppleWebKit/537.36 (KHTML, like Gecko) Chrome/131.0.0.0 Safari/537.36"
2.56.138.40 - - [24/Jan/2025:07:15:11 +0300] "GET /local/templates/monolitsochi/css/detail-gallery.css?17123976538923 HTTP/2.0" 200 1866 "https://monolith-realty.ru/blog/flats/novorossiysk-luchshie-rayony-dlya-zhizni/" "Mozilla/5.0 (Windows NT 10.0; Win64; x64) AppleWebKit/537.36 (KHTML, like Gecko) Chrome/131.0.0.0 Safari/537.36"
2.56.138.40 - - [24/Jan/2025:07:15:11 +0300] "GET /local/templates/monolitsochi/css/detail.css?17180135852726 HTTP/2.0" 200 858 "https://monolith-realty.ru/blog/flats/novorossiysk-luchshie-rayony-dlya-zhizni/" "Mozilla/5.0 (Windows NT 10.0; Win64; x64) AppleWebKit/537.36 (KHTML, like Gecko) Chrome/131.0.0.0 Safari/537.36"
2.56.138.40 - - [24/Jan/2025:07:15:11 +0300] "GET /local/templates/monolitsochi/css/banners.css?171300063839458 HTTP/2.0" 200 5652 "https://monolith-realty.ru/blog/flats/novorossiysk-luchshie-rayony-dlya-zhizni/" "Mozilla/5.0 (Windows NT 10.0; Win64; x64) AppleWebKit/537.36 (KHTML, like Gecko) Chrome/131.0.0.0 Safari/537.36"
2.56.138.40 - - [24/Jan/2025:07:15:11 +0300] "GET /local/templates/monolitsochi/css/yandex-map.css?171239765316330 HTTP/2.0" 200 2995 "https://monolith-realty.ru/blog/flats/novorossiysk-luchshie-rayony-dlya-zhizni/" "Mozilla/5.0 (Windows NT 10.0; Win64; x64) AppleWebKit/537.36 (KHTML, like Gecko) Chrome/131.0.0.0 Safari/537.36"
2.56.138.40 - - [24/Jan/2025:07:15:11 +0300] "GET /local/templates/monolitsochi/css/bg-banner.css?17123976533447 HTTP/2.0" 200 703 "https://monolith-realty.ru/blog/flats/novorossiysk-luchshie-rayony-dlya-zhizni/" "Mozilla/5.0 (Windows NT 10.0; Win64; x64) AppleWebKit/537.36 (KHTML, like Gecko) Chrome/131.0.0.0 Safari/537.36"
2.56.138.40 - - [24/Jan/2025:07:15:11 +0300] "GET /local/templates/monolitsochi/css/smart-filter.css?171239765332388 HTTP/2.0" 200 5453 "https://monolith-realty.ru/blog/flats/novorossiysk-luchshie-rayony-dlya-zhizni/" "Mozilla/5.0 (Windows NT 10.0; Win64; x64) AppleWebKit/537.36 (KHTML, like Gecko) Chrome/131.0.0.0 Safari/537.36"
2.56.138.40 - - [24/Jan/2025:07:15:11 +0300] "GET /local/templates/monolitsochi/css/basket.css?17123976539450 HTTP/2.0" 200 2350 "https://monolith-realty.ru/blog/flats/novorossiysk-luchshie-rayony-dlya-zhizni/" "Mozilla/5.0 (Windows NT 10.0; Win64; x64) AppleWebKit/537.36 (KHTML, like Gecko) Chrome/131.0.0.0 Safari/537.36"
2.56.138.40 - - [24/Jan/2025:07:15:11 +0300] "GET /local/templates/monolitsochi/css/contacts.css?171239765310506 HTTP/2.0" 200 2252 "https://monolith-realty.ru/blog/flats/novorossiysk-luchshie-rayony-dlya-zhizni/" "Mozilla/5.0 (Windows NT 10.0; Win64; x64) AppleWebKit/537.36 (KHTML, like Gecko) Chrome/131.0.0.0 Safari/537.36"
2.56.138.40 - - [24/Jan/2025:07:15:11 +0300] "GET /local/templates/monolitsochi/css/regions.css?17123976537404 HTTP/2.0" 200 1748 "https://monolith-realty.ru/blog/flats/novorossiysk-luchshie-rayony-dlya-zhizni/" "Mozilla/5.0 (Windows NT 10.0; Win64; x64) AppleWebKit/537.36 (KHTML, like Gecko) Chrome/131.0.0.0 Safari/537.36"
2.56.138.40 - - [24/Jan/2025:07:15:11 +0300] "GET /local/templates/monolitsochi/css/profile.css?17123976538501 HTTP/2.0" 200 2062 "https://monolith-realty.ru/blog/flats/novorossiysk-luchshie-rayony-dlya-zhizni/" "Mozilla/5.0 (Windows NT 10.0; Win64; x64) AppleWebKit/537.36 (KHTML, like Gecko) Chrome/131.0.0.0 Safari/537.36"
2.56.138.40 - - [24/Jan/2025:07:15:11 +0300] "GET /local/templates/monolitsochi/css/item-views.css?1712397653545 HTTP/2.0" 200 209 "https://monolith-realty.ru/blog/flats/novorossiysk-luchshie-rayony-dlya-zhizni/" "Mozilla/5.0 (Windows NT 10.0; Win64; x64) AppleWebKit/537.36 (KHTML, like Gecko) Chrome/131.0.0.0 Safari/537.36"
2.56.138.40 - - [24/Jan/2025:07:15:11 +0300] "GET /local/templates/monolitsochi/css/catalog.css?17123976535726 HTTP/2.0" 200 1514 "https://monolith-realty.ru/blog/flats/novorossiysk-luchshie-rayony-dlya-zhizni/" "Mozilla/5.0 (Windows NT 10.0; Win64; x64) AppleWebKit/537.36 (KHTML, like Gecko) Chrome/131.0.0.0 Safari/537.36"
2.56.138.40 - - [24/Jan/2025:07:15:11 +0300] "GET /local/templates/monolitsochi/css/reviews.css?1712397653438 HTTP/2.0" 200 198 "https://monolith-realty.ru/blog/flats/novorossiysk-luchshie-rayony-dlya-zhizni/" "Mozilla/5.0 (Windows NT 10.0; Win64; x64) AppleWebKit/537.36 (KHTML, like Gecko) Chrome/131.0.0.0 Safari/537.36"
2.56.138.40 - - [24/Jan/2025:07:15:11 +0300] "GET /local/templates/monolitsochi/css/h1-bold.css?171239765378 HTTP/2.0" 200 80 "https://monolith-realty.ru/blog/flats/novorossiysk-luchshie-rayony-dlya-zhizni/" "Mozilla/5.0 (Windows NT 10.0; Win64; x64) AppleWebKit/537.36 (KHTML, like Gecko) Chrome/131.0.0.0 Safari/537.36"
2.56.138.40 - - [24/Jan/2025:07:15:11 +0300] "GET /local/templates/monolitsochi/css/blocks/arrows.css?17123976531791 HTTP/2.0" 200 456 "https://monolith-realty.ru/blog/flats/novorossiysk-luchshie-rayony-dlya-zhizni/" "Mozilla/5.0 (Windows NT 10.0; Win64; x64) AppleWebKit/537.36 (KHTML, like Gecko) Chrome/131.0.0.0 Safari/537.36"
2.56.138.40 - - [24/Jan/2025:07:15:11 +0300] "GET /local/templates/monolitsochi/css/blocks/ask-block.css?1712397653259 HTTP/2.0" 200 147 "https://monolith-realty.ru/blog/flats/novorossiysk-luchshie-rayony-dlya-zhizni/" "Mozilla/5.0 (Windows NT 10.0; Win64; x64) AppleWebKit/537.36 (KHTML, like Gecko) Chrome/131.0.0.0 Safari/537.36"
2.56.138.40 - - [24/Jan/2025:07:15:11 +0300] "GET /local/templates/monolitsochi/css/blocks/back-url.css?1712397653652 HTTP/2.0" 200 319 "https://monolith-realty.ru/blog/flats/novorossiysk-luchshie-rayony-dlya-zhizni/" "Mozilla/5.0 (Windows NT 10.0; Win64; x64) AppleWebKit/537.36 (KHTML, like Gecko) Chrome/131.0.0.0 Safari/537.36"
2.56.138.40 - - [24/Jan/2025:07:15:11 +0300] "GET /local/templates/monolitsochi/css/blocks/chars.css?17123976534464 HTTP/2.0" 200 1127 "https://monolith-realty.ru/blog/flats/novorossiysk-luchshie-rayony-dlya-zhizni/" "Mozilla/5.0 (Windows NT 10.0; Win64; x64) AppleWebKit/537.36 (KHTML, like Gecko) Chrome/131.0.0.0 Safari/537.36"
2.56.138.40 - - [24/Jan/2025:07:15:11 +0300] "GET /local/templates/monolitsochi/css/blocks/controls.css?17123976533098 HTTP/2.0" 200 947 "https://monolith-realty.ru/blog/flats/novorossiysk-luchshie-rayony-dlya-zhizni/" "Mozilla/5.0 (Windows NT 10.0; Win64; x64) AppleWebKit/537.36 (KHTML, like Gecko) Chrome/131.0.0.0 Safari/537.36"
2.56.138.40 - - [24/Jan/2025:07:15:11 +0300] "GET /local/templates/monolitsochi/css/blocks/countdown.css?17123976532159 HTTP/2.0" 200 589 "https://monolith-realty.ru/blog/flats/novorossiysk-luchshie-rayony-dlya-zhizni/" "Mozilla/5.0 (Windows NT 10.0; Win64; x64) AppleWebKit/537.36 (KHTML, like Gecko) Chrome/131.0.0.0 Safari/537.36"
2.56.138.40 - - [24/Jan/2025:07:15:11 +0300] "GET /local/templates/monolitsochi/css/blocks/cross.css?1712397653925 HTTP/2.0" 200 316 "https://monolith-realty.ru/blog/flats/novorossiysk-luchshie-rayony-dlya-zhizni/" "Mozilla/5.0 (Windows NT 10.0; Win64; x64) AppleWebKit/537.36 (KHTML, like Gecko) Chrome/131.0.0.0 Safari/537.36"
2.56.138.40 - - [24/Jan/2025:07:15:11 +0300] "GET /local/templates/monolitsochi/css/blocks/dark-light-theme.css?17123976532457 HTTP/2.0" 200 614 "https://monolith-realty.ru/blog/flats/novorossiysk-luchshie-rayony-dlya-zhizni/" "Mozilla/5.0 (Windows NT 10.0; Win64; x64) AppleWebKit/537.36 (KHTML, like Gecko) Chrome/131.0.0.0 Safari/537.36"
2.56.138.40 - - [24/Jan/2025:07:15:11 +0300] "GET /local/templates/monolitsochi/css/blocks/docs.css?17123976532013 HTTP/2.0" 200 591 "https://monolith-realty.ru/blog/flats/novorossiysk-luchshie-rayony-dlya-zhizni/" "Mozilla/5.0 (Windows NT 10.0; Win64; x64) AppleWebKit/537.36 (KHTML, like Gecko) Chrome/131.0.0.0 Safari/537.36"
2.56.138.40 - - [24/Jan/2025:07:15:11 +0300] "GET /local/templates/monolitsochi/css/blocks/file-type.css?1712397653950 HTTP/2.0" 200 269 "https://monolith-realty.ru/blog/flats/novorossiysk-luchshie-rayony-dlya-zhizni/" "Mozilla/5.0 (Windows NT 10.0; Win64; x64) AppleWebKit/537.36 (KHTML, like Gecko) Chrome/131.0.0.0 Safari/537.36"
2.56.138.40 - - [24/Jan/2025:07:15:11 +0300] "GET /local/templates/monolitsochi/css/blocks/flexbox.css?17123976532450 HTTP/2.0" 200 661 "https://monolith-realty.ru/blog/flats/novorossiysk-luchshie-rayony-dlya-zhizni/" "Mozilla/5.0 (Windows NT 10.0; Win64; x64) AppleWebKit/537.36 (KHTML, like Gecko) Chrome/131.0.0.0 Safari/537.36"
2.56.138.40 - - [24/Jan/2025:07:15:11 +0300] "GET /local/templates/monolitsochi/css/blocks/gallery.css?17207049512328 HTTP/2.0" 200 770 "https://monolith-realty.ru/blog/flats/novorossiysk-luchshie-rayony-dlya-zhizni/" "Mozilla/5.0 (Windows NT 10.0; Win64; x64) AppleWebKit/537.36 (KHTML, like Gecko) Chrome/131.0.0.0 Safari/537.36"
2.56.138.40 - - [24/Jan/2025:07:15:11 +0300] "GET /local/templates/monolitsochi/css/blocks/grid-list.css?17123976535783 HTTP/2.0" 200 1009 "https://monolith-realty.ru/blog/flats/novorossiysk-luchshie-rayony-dlya-zhizni/" "Mozilla/5.0 (Windows NT 10.0; Win64; x64) AppleWebKit/537.36 (KHTML, like Gecko) Chrome/131.0.0.0 Safari/537.36"
2.56.138.40 - - [24/Jan/2025:07:15:11 +0300] "GET /local/templates/monolitsochi/css/blocks/hint.css?17123976533047 HTTP/2.0" 200 923 "https://monolith-realty.ru/blog/flats/novorossiysk-luchshie-rayony-dlya-zhizni/" "Mozilla/5.0 (Windows NT 10.0; Win64; x64) AppleWebKit/537.36 (KHTML, like Gecko) Chrome/131.0.0.0 Safari/537.36"
2.56.138.40 - - [24/Jan/2025:07:15:11 +0300] "GET /local/templates/monolitsochi/css/blocks/icon-block.css?17123976534473 HTTP/2.0" 200 560 "https://monolith-realty.ru/blog/flats/novorossiysk-luchshie-rayony-dlya-zhizni/" "Mozilla/5.0 (Windows NT 10.0; Win64; x64) AppleWebKit/537.36 (KHTML, like Gecko) Chrome/131.0.0.0 Safari/537.36"
2.56.138.40 - - [24/Jan/2025:07:15:11 +0300] "GET /local/templates/monolitsochi/css/blocks/images.css?17123976531665 HTTP/2.0" 200 575 "https://monolith-realty.ru/blog/flats/novorossiysk-luchshie-rayony-dlya-zhizni/" "Mozilla/5.0 (Windows NT 10.0; Win64; x64) AppleWebKit/537.36 (KHTML, like Gecko) Chrome/131.0.0.0 Safari/537.36"
2.56.138.40 - - [24/Jan/2025:07:15:11 +0300] "GET /local/templates/monolitsochi/css/blocks/line-block.css?17123976534618 HTTP/2.0" 200 687 "https://monolith-realty.ru/blog/flats/novorossiysk-luchshie-rayony-dlya-zhizni/" "Mozilla/5.0 (Windows NT 10.0; Win64; x64) AppleWebKit/537.36 (KHTML, like Gecko) Chrome/131.0.0.0 Safari/537.36"
2.56.138.40 - - [24/Jan/2025:07:15:11 +0300] "GET /local/templates/monolitsochi/css/blocks/mobile-scrolled.css?1712397653891 HTTP/2.0" 200 331 "https://monolith-realty.ru/blog/flats/novorossiysk-luchshie-rayony-dlya-zhizni/" "Mozilla/5.0 (Windows NT 10.0; Win64; x64) AppleWebKit/537.36 (KHTML, like Gecko) Chrome/131.0.0.0 Safari/537.36"
2.56.138.40 - - [24/Jan/2025:07:15:11 +0300] "GET /local/templates/monolitsochi/css/blocks/popup.css?17123976534574 HTTP/2.0" 200 1351 "https://monolith-realty.ru/blog/flats/novorossiysk-luchshie-rayony-dlya-zhizni/" "Mozilla/5.0 (Windows NT 10.0; Win64; x64) AppleWebKit/537.36 (KHTML, like Gecko) Chrome/131.0.0.0 Safari/537.36"
2.56.138.40 - - [24/Jan/2025:07:15:11 +0300] "GET /local/templates/monolitsochi/css/blocks/prices.css?1712397653650 HTTP/2.0" 200 297 "https://monolith-realty.ru/blog/flats/novorossiysk-luchshie-rayony-dlya-zhizni/" "Mozilla/5.0 (Windows NT 10.0; Win64; x64) AppleWebKit/537.36 (KHTML, like Gecko) Chrome/131.0.0.0 Safari/537.36"
2.56.138.40 - - [24/Jan/2025:07:15:11 +0300] "GET /local/templates/monolitsochi/css/blocks/rating.css?1712397653149 HTTP/2.0" 200 125 "https://monolith-realty.ru/blog/flats/novorossiysk-luchshie-rayony-dlya-zhizni/" "Mozilla/5.0 (Windows NT 10.0; Win64; x64) AppleWebKit/537.36 (KHTML, like Gecko) Chrome/131.0.0.0 Safari/537.36"
