216.244.66.200 - - [03/Feb/2025:01:12:46 +0300] "GET /hnavk/hedonism-sucking.html HTTP/1.0" 200 31312 "-" "Mozilla/5.0 (compatible; DotBot/1.2; +https://opensiteexplorer.org/dotbot; help@moz.com)"
80.90.191.12 - - [03/Feb/2025:01:12:36 +0300] "GET /zddg6h/index/index.php HTTP/1.0" 200 166 "-" "Mozilla/5.0 (Windows NT 10.0; Win64; x64) AppleWebKit/537.36 (KHTML, like Gecko) Chrome/111.0.0.0 Safari/537.36 OPR/97.0.0.0"
80.90.191.12 - - [03/Feb/2025:01:12:37 +0300] "GET /zddg6h/index/index.php HTTP/1.0" 200 166 "-" "Mozilla/5.0 (Windows NT 10.0; Win64; x64) AppleWebKit/537.36 (KHTML, like Gecko) Chrome/111.0.0.0 Safari/537.36 OPR/97.0.0.0"
85.208.96.197 - - [03/Feb/2025:01:12:49 +0300] "GET /j4byy4/biss-key-sports-channel.html HTTP/1.0" 200 15240 "-" "Mozilla/5.0 (compatible; SemrushBot/7~bl; +http://www.semrush.com/bot.html)"
80.90.191.12 - - [03/Feb/2025:01:12:38 +0300] "GET /zddg6h/index/index.php HTTP/1.0" 200 166 "-" "Mozilla/5.0 (Windows NT 10.0; Win64; x64) AppleWebKit/537.36 (KHTML, like Gecko) Chrome/111.0.0.0 Safari/537.36 OPR/97.0.0.0"
216.244.66.200 - - [03/Feb/2025:01:12:50 +0300] "GET /j4byy4/forum-dahua.html HTTP/1.0" 200 38141 "-" "Mozilla/5.0 (compatible; DotBot/1.2; +https://opensiteexplorer.org/dotbot; help@moz.com)"
80.90.191.12 - - [03/Feb/2025:01:12:39 +0300] "GET /zddg6h/index/index.php HTTP/1.0" 200 166 "-" "Mozilla/5.0 (Windows NT 10.0; Win64; x64) AppleWebKit/537.36 (KHTML, like Gecko) Chrome/111.0.0.0 Safari/537.36 OPR/97.0.0.0"
80.90.191.12 - - [03/Feb/2025:01:12:40 +0300] "GET /zddg6h/index/index.php HTTP/1.0" 200 166 "-" "Mozilla/5.0 (Windows NT 10.0; Win64; x64) AppleWebKit/537.36 (KHTML, like Gecko) Chrome/111.0.0.0 Safari/537.36 OPR/97.0.0.0"
80.90.191.12 - - [03/Feb/2025:01:12:41 +0300] "GET /zddg6h/index/index.php HTTP/1.0" 200 166 "-" "Mozilla/5.0 (Windows NT 10.0; Win64; x64) AppleWebKit/537.36 (KHTML, like Gecko) Chrome/111.0.0.0 Safari/537.36 OPR/97.0.0.0"
80.90.191.12 - - [03/Feb/2025:01:12:42 +0300] "GET /zddg6h/index/index.php HTTP/1.0" 200 166 "-" "Mozilla/5.0 (Windows NT 10.0; Win64; x64) AppleWebKit/537.36 (KHTML, like Gecko) Chrome/111.0.0.0 Safari/537.36 OPR/97.0.0.0"
216.244.66.200 - - [03/Feb/2025:01:12:54 +0300] "GET /j4byy4/gmail-api-snippet.html HTTP/1.0" 200 42888 "-" "Mozilla/5.0 (compatible; DotBot/1.2; +https://opensiteexplorer.org/dotbot; help@moz.com)"
80.90.191.12 - - [03/Feb/2025:01:12:43 +0300] "GET /zddg6h/index/index.php HTTP/1.0" 200 166 "-" "Mozilla/5.0 (Windows NT 10.0; Win64; x64) AppleWebKit/537.36 (KHTML, like Gecko) Chrome/111.0.0.0 Safari/537.36 OPR/97.0.0.0"
80.90.191.12 - - [03/Feb/2025:01:12:44 +0300] "GET /zddg6h/index/index.php HTTP/1.0" 200 166 "-" "Mozilla/5.0 (Windows NT 10.0; Win64; x64) AppleWebKit/537.36 (KHTML, like Gecko) Chrome/111.0.0.0 Safari/537.36 OPR/97.0.0.0"
80.90.191.12 - - [03/Feb/2025:01:12:45 +0300] "GET /zddg6h/index/index.php HTTP/1.0" 200 166 "-" "Mozilla/5.0 (Windows NT 10.0; Win64; x64) AppleWebKit/537.36 (KHTML, like Gecko) Chrome/111.0.0.0 Safari/537.36 OPR/97.0.0.0"
80.90.191.12 - - [03/Feb/2025:01:12:46 +0300] "GET /zddg6h/index/index.php HTTP/1.0" 200 166 "-" "Mozilla/5.0 (Windows NT 10.0; Win64; x64) AppleWebKit/537.36 (KHTML, like Gecko) Chrome/111.0.0.0 Safari/537.36 OPR/97.0.0.0"
85.208.96.204 - - [03/Feb/2025:01:12:57 +0300] "GET /104600069.htm HTTP/1.0" 200 1171 "-" "Mozilla/5.0 (compatible; SemrushBot/7~bl; +http://www.semrush.com/bot.html)"
216.244.66.200 - - [03/Feb/2025:01:12:58 +0300] "GET /hnavk/barely-legal-sluts-fuck-hard.html HTTP/1.0" 200 34635 "-" "Mozilla/5.0 (compatible; DotBot/1.2; +https://opensiteexplorer.org/dotbot; help@moz.com)"
80.90.191.12 - - [03/Feb/2025:01:12:47 +0300] "GET /zddg6h/index/index.php HTTP/1.0" 200 166 "-" "Mozilla/5.0 (Windows NT 10.0; Win64; x64) AppleWebKit/537.36 (KHTML, like Gecko) Chrome/111.0.0.0 Safari/537.36 OPR/97.0.0.0"
80.90.191.12 - - [03/Feb/2025:01:12:48 +0300] "GET /zddg6h/index/index.php HTTP/1.0" 200 166 "-" "Mozilla/5.0 (Windows NT 10.0; Win64; x64) AppleWebKit/537.36 (KHTML, like Gecko) Chrome/111.0.0.0 Safari/537.36 OPR/97.0.0.0"
80.90.191.12 - - [03/Feb/2025:01:12:49 +0300] "GET /zddg6h/index/index.php HTTP/1.0" 200 166 "-" "Mozilla/5.0 (Windows NT 10.0; Win64; x64) AppleWebKit/537.36 (KHTML, like Gecko) Chrome/111.0.0.0 Safari/537.36 OPR/97.0.0.0"
216.244.66.200 - - [03/Feb/2025:01:13:01 +0300] "GET /hnavk/brujos-de-los-tuxtlas-pentacampeones.html HTTP/1.0" 200 37893 "-" "Mozilla/5.0 (compatible; DotBot/1.2; +https://opensiteexplorer.org/dotbot; help@moz.com)"
80.90.191.12 - - [03/Feb/2025:01:12:50 +0300] "GET /zddg6h/index/index.php HTTP/1.0" 200 166 "-" "Mozilla/5.0 (Windows NT 10.0; Win64; x64) AppleWebKit/537.36 (KHTML, like Gecko) Chrome/111.0.0.0 Safari/537.36 OPR/97.0.0.0"
80.90.191.12 - - [03/Feb/2025:01:12:51 +0300] "GET /zddg6h/index/index.php HTTP/1.0" 200 166 "-" "Mozilla/5.0 (Windows NT 10.0; Win64; x64) AppleWebKit/537.36 (KHTML, like Gecko) Chrome/111.0.0.0 Safari/537.36 OPR/97.0.0.0"
80.90.191.12 - - [03/Feb/2025:01:12:52 +0300] "GET /zddg6h/index/index.php HTTP/1.0" 200 166 "-" "Mozilla/5.0 (Windows NT 10.0; Win64; x64) AppleWebKit/537.36 (KHTML, like Gecko) Chrome/111.0.0.0 Safari/537.36 OPR/97.0.0.0"
216.244.66.200 - - [03/Feb/2025:01:13:04 +0300] "GET /hnavk/harlem-poem-title-meaning.html HTTP/1.0" 200 45884 "-" "Mozilla/5.0 (compatible; DotBot/1.2; +https://opensiteexplorer.org/dotbot; help@moz.com)"
80.90.191.12 - - [03/Feb/2025:01:12:53 +0300] "GET /zddg6h/index/index.php HTTP/1.0" 200 166 "-" "Mozilla/5.0 (Windows NT 10.0; Win64; x64) AppleWebKit/537.36 (KHTML, like Gecko) Chrome/111.0.0.0 Safari/537.36 OPR/97.0.0.0"
80.90.191.12 - - [03/Feb/2025:01:12:54 +0300] "GET /zddg6h/index/index.php HTTP/1.0" 200 166 "-" "Mozilla/5.0 (Windows NT 10.0; Win64; x64) AppleWebKit/537.36 (KHTML, like Gecko) Chrome/111.0.0.0 Safari/537.36 OPR/97.0.0.0"
80.90.191.12 - - [03/Feb/2025:01:12:55 +0300] "GET /zddg6h/index/index.php HTTP/1.0" 200 166 "-" "Mozilla/5.0 (Windows NT 10.0; Win64; x64) AppleWebKit/537.36 (KHTML, like Gecko) Chrome/111.0.0.0 Safari/537.36 OPR/97.0.0.0"
216.244.66.200 - - [03/Feb/2025:01:13:07 +0300] "GET /hnavk/honeywell-thermostat-advanced-settings-codes.html HTTP/1.0" 200 14914 "-" "Mozilla/5.0 (compatible; DotBot/1.2; +https://opensiteexplorer.org/dotbot; help@moz.com)"
80.90.191.12 - - [03/Feb/2025:01:12:56 +0300] "GET /zddg6h/index/index.php HTTP/1.0" 200 166 "-" "Mozilla/5.0 (Windows NT 10.0; Win64; x64) AppleWebKit/537.36 (KHTML, like Gecko) Chrome/111.0.0.0 Safari/537.36 OPR/97.0.0.0"
85.208.96.198 - - [03/Feb/2025:01:13:07 +0300] "GET /159241891.htm HTTP/1.0" 200 1171 "-" "Mozilla/5.0 (compatible; SemrushBot/7~bl; +http://www.semrush.com/bot.html)"
80.90.191.12 - - [03/Feb/2025:01:12:57 +0300] "GET /zddg6h/index/index.php HTTP/1.0" 200 166 "-" "Mozilla/5.0 (Windows NT 10.0; Win64; x64) AppleWebKit/537.36 (KHTML, like Gecko) Chrome/111.0.0.0 Safari/537.36 OPR/97.0.0.0"
80.90.191.12 - - [03/Feb/2025:01:12:58 +0300] "GET /zddg6h/index/index.php HTTP/1.0" 200 166 "-" "Mozilla/5.0 (Windows NT 10.0; Win64; x64) AppleWebKit/537.36 (KHTML, like Gecko) Chrome/111.0.0.0 Safari/537.36 OPR/97.0.0.0"
216.244.66.200 - - [03/Feb/2025:01:13:09 +0300] "GET /hnavk/kde-switch-desktop-shortcut.html HTTP/1.0" 200 49694 "-" "Mozilla/5.0 (compatible; DotBot/1.2; +https://opensiteexplorer.org/dotbot; help@moz.com)"
85.208.96.196 - - [03/Feb/2025:01:13:09 +0300] "GET /117736031.htm HTTP/1.0" 200 1171 "-" "Mozilla/5.0 (compatible; SemrushBot/7~bl; +http://www.semrush.com/bot.html)"
80.90.191.12 - - [03/Feb/2025:01:12:59 +0300] "GET /zddg6h/index/index.php HTTP/1.0" 200 166 "-" "Mozilla/5.0 (Windows NT 10.0; Win64; x64) AppleWebKit/537.36 (KHTML, like Gecko) Chrome/111.0.0.0 Safari/537.36 OPR/97.0.0.0"
80.90.191.12 - - [03/Feb/2025:01:13:00 +0300] "GET /zddg6h/index/index.php HTTP/1.0" 200 166 "-" "Mozilla/5.0 (Windows NT 10.0; Win64; x64) AppleWebKit/537.36 (KHTML, like Gecko) Chrome/111.0.0.0 Safari/537.36 OPR/97.0.0.0"
216.244.66.200 - - [03/Feb/2025:01:13:12 +0300] "GET /hnavk/motorcycle-sputtering-fuel-injected.html HTTP/1.0" 200 54229 "-" "Mozilla/5.0 (compatible; DotBot/1.2; +https://opensiteexplorer.org/dotbot; help@moz.com)"
80.90.191.12 - - [03/Feb/2025:01:13:01 +0300] "GET /zddg6h/index/index.php HTTP/1.0" 200 166 "-" "Mozilla/5.0 (Windows NT 10.0; Win64; x64) AppleWebKit/537.36 (KHTML, like Gecko) Chrome/111.0.0.0 Safari/537.36 OPR/97.0.0.0"
80.90.191.12 - - [03/Feb/2025:01:13:02 +0300] "GET /zddg6h/index/index.php HTTP/1.0" 200 166 "-" "Mozilla/5.0 (Windows NT 10.0; Win64; x64) AppleWebKit/537.36 (KHTML, like Gecko) Chrome/111.0.0.0 Safari/537.36 OPR/97.0.0.0"
80.90.191.12 - - [03/Feb/2025:01:13:03 +0300] "GET /zddg6h/index/index.php HTTP/1.0" 200 166 "-" "Mozilla/5.0 (Windows NT 10.0; Win64; x64) AppleWebKit/537.36 (KHTML, like Gecko) Chrome/111.0.0.0 Safari/537.36 OPR/97.0.0.0"
216.244.66.200 - - [03/Feb/2025:01:13:15 +0300] "GET /hnavk/oral-interpretation-piece.html HTTP/1.0" 200 40961 "-" "Mozilla/5.0 (compatible; DotBot/1.2; +https://opensiteexplorer.org/dotbot; help@moz.com)"
80.90.191.12 - - [03/Feb/2025:01:13:04 +0300] "GET /zddg6h/index/index.php HTTP/1.0" 200 166 "-" "Mozilla/5.0 (Windows NT 10.0; Win64; x64) AppleWebKit/537.36 (KHTML, like Gecko) Chrome/111.0.0.0 Safari/537.36 OPR/97.0.0.0"
80.90.191.12 - - [03/Feb/2025:01:13:05 +0300] "GET /zddg6h/index/index.php HTTP/1.0" 200 166 "-" "Mozilla/5.0 (Windows NT 10.0; Win64; x64) AppleWebKit/537.36 (KHTML, like Gecko) Chrome/111.0.0.0 Safari/537.36 OPR/97.0.0.0"
216.244.66.200 - - [03/Feb/2025:01:13:17 +0300] "GET /hnavk/sexy-nude-red-bones.html HTTP/1.0" 200 46353 "-" "Mozilla/5.0 (compatible; DotBot/1.2; +https://opensiteexplorer.org/dotbot; help@moz.com)"
80.90.191.12 - - [03/Feb/2025:01:13:06 +0300] "GET /zddg6h/index/index.php HTTP/1.0" 200 166 "-" "Mozilla/5.0 (Windows NT 10.0; Win64; x64) AppleWebKit/537.36 (KHTML, like Gecko) Chrome/111.0.0.0 Safari/537.36 OPR/97.0.0.0"
80.90.191.12 - - [03/Feb/2025:01:13:07 +0300] "GET /zddg6h/index/index.php HTTP/1.0" 200 166 "-" "Mozilla/5.0 (Windows NT 10.0; Win64; x64) AppleWebKit/537.36 (KHTML, like Gecko) Chrome/111.0.0.0 Safari/537.36 OPR/97.0.0.0"
80.90.191.12 - - [03/Feb/2025:01:13:08 +0300] "GET /zddg6h/index/index.php HTTP/1.0" 200 166 "-" "Mozilla/5.0 (Windows NT 10.0; Win64; x64) AppleWebKit/537.36 (KHTML, like Gecko) Chrome/111.0.0.0 Safari/537.36 OPR/97.0.0.0"
216.244.66.200 - - [03/Feb/2025:01:13:20 +0300] "GET /hnavk/sovol-sv06-tuning-manual-pdf.html HTTP/1.0" 200 45185 "-" "Mozilla/5.0 (compatible; DotBot/1.2; +https://opensiteexplorer.org/dotbot; help@moz.com)"
80.90.191.12 - - [03/Feb/2025:01:13:09 +0300] "GET /zddg6h/index/index.php HTTP/1.0" 200 166 "-" "Mozilla/5.0 (Windows NT 10.0; Win64; x64) AppleWebKit/537.36 (KHTML, like Gecko) Chrome/111.0.0.0 Safari/537.36 OPR/97.0.0.0"
80.90.191.12 - - [03/Feb/2025:01:13:10 +0300] "GET /zddg6h/index/index.php HTTP/1.0" 200 166 "-" "Mozilla/5.0 (Windows NT 10.0; Win64; x64) AppleWebKit/537.36 (KHTML, like Gecko) Chrome/111.0.0.0 Safari/537.36 OPR/97.0.0.0"
80.90.191.12 - - [03/Feb/2025:01:13:11 +0300] "GET /zddg6h/index/index.php HTTP/1.0" 200 166 "-" "Mozilla/5.0 (Windows NT 10.0; Win64; x64) AppleWebKit/537.36 (KHTML, like Gecko) Chrome/111.0.0.0 Safari/537.36 OPR/97.0.0.0"
216.244.66.200 - - [03/Feb/2025:01:13:23 +0300] "GET /hnavk/wytheville-news-today.html HTTP/1.0" 200 16705 "-" "Mozilla/5.0 (compatible; DotBot/1.2; +https://opensiteexplorer.org/dotbot; help@moz.com)"
80.90.191.12 - - [03/Feb/2025:01:13:12 +0300] "GET /zddg6h/index/index.php HTTP/1.0" 200 166 "-" "Mozilla/5.0 (Windows NT 10.0; Win64; x64) AppleWebKit/537.36 (KHTML, like Gecko) Chrome/111.0.0.0 Safari/537.36 OPR/97.0.0.0"
80.90.191.12 - - [03/Feb/2025:01:13:14 +0300] "GET /zddg6h/index/index.php HTTP/1.0" 200 166 "-" "Mozilla/5.0 (Windows NT 10.0; Win64; x64) AppleWebKit/537.36 (KHTML, like Gecko) Chrome/111.0.0.0 Safari/537.36 OPR/97.0.0.0"
216.244.66.200 - - [03/Feb/2025:01:13:25 +0300] "GET /j4byy4/2021-vermeer-925-for-sale.html HTTP/1.0" 200 33717 "-" "Mozilla/5.0 (compatible; DotBot/1.2; +https://opensiteexplorer.org/dotbot; help@moz.com)"
80.90.191.12 - - [03/Feb/2025:01:13:15 +0300] "GET /zddg6h/index/index.php HTTP/1.0" 200 166 "-" "Mozilla/5.0 (Windows NT 10.0; Win64; x64) AppleWebKit/537.36 (KHTML, like Gecko) Chrome/111.0.0.0 Safari/537.36 OPR/97.0.0.0"
80.90.191.12 - - [03/Feb/2025:01:13:16 +0300] "GET /zddg6h/index/index.php HTTP/1.0" 200 166 "-" "Mozilla/5.0 (Windows NT 10.0; Win64; x64) AppleWebKit/537.36 (KHTML, like Gecko) Chrome/111.0.0.0 Safari/537.36 OPR/97.0.0.0"
80.90.191.12 - - [03/Feb/2025:01:13:17 +0300] "GET /zddg6h/index/index.php HTTP/1.0" 200 166 "-" "Mozilla/5.0 (Windows NT 10.0; Win64; x64) AppleWebKit/537.36 (KHTML, like Gecko) Chrome/111.0.0.0 Safari/537.36 OPR/97.0.0.0"
216.244.66.200 - - [03/Feb/2025:01:13:28 +0300] "GET /j4byy4/h39-plus-watch-manual.html HTTP/1.0" 200 25800 "-" "Mozilla/5.0 (compatible; DotBot/1.2; +https://opensiteexplorer.org/dotbot; help@moz.com)"
185.191.171.13 - - [03/Feb/2025:01:13:28 +0300] "GET /119024223.htm HTTP/1.0" 200 1171 "-" "Mozilla/5.0 (compatible; SemrushBot/7~bl; +http://www.semrush.com/bot.html)"
80.90.191.12 - - [03/Feb/2025:01:13:18 +0300] "GET /zddg6h/index/index.php HTTP/1.0" 200 166 "-" "Mozilla/5.0 (Windows NT 10.0; Win64; x64) AppleWebKit/537.36 (KHTML, like Gecko) Chrome/111.0.0.0 Safari/537.36 OPR/97.0.0.0"
80.90.191.12 - - [03/Feb/2025:01:13:19 +0300] "GET /zddg6h/index/index.php HTTP/1.0" 200 166 "-" "Mozilla/5.0 (Windows NT 10.0; Win64; x64) AppleWebKit/537.36 (KHTML, like Gecko) Chrome/111.0.0.0 Safari/537.36 OPR/97.0.0.0"
216.244.66.200 - - [03/Feb/2025:01:13:31 +0300] "GET /j4byy4/qatar-helper-salary.html HTTP/1.0" 200 47084 "-" "Mozilla/5.0 (compatible; DotBot/1.2; +https://opensiteexplorer.org/dotbot; help@moz.com)"
80.90.191.12 - - [03/Feb/2025:01:13:20 +0300] "GET /zddg6h/index/index.php HTTP/1.0" 200 166 "-" "Mozilla/5.0 (Windows NT 10.0; Win64; x64) AppleWebKit/537.36 (KHTML, like Gecko) Chrome/111.0.0.0 Safari/537.36 OPR/97.0.0.0"
85.208.96.207 - - [03/Feb/2025:01:13:31 +0300] "GET /225881629.htm HTTP/1.0" 200 1171 "-" "Mozilla/5.0 (compatible; SemrushBot/7~bl; +http://www.semrush.com/bot.html)"
80.90.191.12 - - [03/Feb/2025:01:13:21 +0300] "GET /zddg6h/index/index.php HTTP/1.0" 200 166 "-" "Mozilla/5.0 (Windows NT 10.0; Win64; x64) AppleWebKit/537.36 (KHTML, like Gecko) Chrome/111.0.0.0 Safari/537.36 OPR/97.0.0.0"
80.90.191.12 - - [03/Feb/2025:01:13:22 +0300] "GET /zddg6h/index/index.php HTTP/1.0" 200 166 "-" "Mozilla/5.0 (Windows NT 10.0; Win64; x64) AppleWebKit/537.36 (KHTML, like Gecko) Chrome/111.0.0.0 Safari/537.36 OPR/97.0.0.0"
80.90.191.12 - - [03/Feb/2025:01:13:23 +0300] "GET /zddg6h/index/index.php HTTP/1.0" 200 166 "-" "Mozilla/5.0 (Windows NT 10.0; Win64; x64) AppleWebKit/537.36 (KHTML, like Gecko) Chrome/111.0.0.0 Safari/537.36 OPR/97.0.0.0"
80.90.191.12 - - [03/Feb/2025:01:13:24 +0300] "GET /zddg6h/index/index.php HTTP/1.0" 200 166 "-" "Mozilla/5.0 (Windows NT 10.0; Win64; x64) AppleWebKit/537.36 (KHTML, like Gecko) Chrome/111.0.0.0 Safari/537.36 OPR/97.0.0.0"
216.244.66.200 - - [03/Feb/2025:01:13:35 +0300] "GET /j4byy4/remotasks-requirements-reddit.html HTTP/1.0" 200 39600 "-" "Mozilla/5.0 (compatible; DotBot/1.2; +https://opensiteexplorer.org/dotbot; help@moz.com)"
80.90.191.12 - - [03/Feb/2025:01:13:25 +0300] "GET /zddg6h/index/index.php HTTP/1.0" 200 166 "-" "Mozilla/5.0 (Windows NT 10.0; Win64; x64) AppleWebKit/537.36 (KHTML, like Gecko) Chrome/111.0.0.0 Safari/537.36 OPR/97.0.0.0"
80.90.191.12 - - [03/Feb/2025:01:13:26 +0300] "GET /zddg6h/index/index.php HTTP/1.0" 200 166 "-" "Mozilla/5.0 (Windows NT 10.0; Win64; x64) AppleWebKit/537.36 (KHTML, like Gecko) Chrome/111.0.0.0 Safari/537.36 OPR/97.0.0.0"
80.90.191.12 - - [03/Feb/2025:01:13:27 +0300] "GET /zddg6h/index/index.php HTTP/1.0" 200 166 "-" "Mozilla/5.0 (Windows NT 10.0; Win64; x64) AppleWebKit/537.36 (KHTML, like Gecko) Chrome/111.0.0.0 Safari/537.36 OPR/97.0.0.0"
80.90.191.12 - - [03/Feb/2025:01:13:28 +0300] "GET /zddg6h/index/index.php HTTP/1.0" 200 166 "-" "Mozilla/5.0 (Windows NT 10.0; Win64; x64) AppleWebKit/537.36 (KHTML, like Gecko) Chrome/111.0.0.0 Safari/537.36 OPR/97.0.0.0"
216.244.66.200 - - [03/Feb/2025:01:13:39 +0300] "GET /j4byy4/rocket-money-vs-mint-reddit.html HTTP/1.0" 200 46360 "-" "Mozilla/5.0 (compatible; DotBot/1.2; +https://opensiteexplorer.org/dotbot; help@moz.com)"
80.90.191.12 - - [03/Feb/2025:01:13:29 +0300] "GET /zddg6h/index/index.php HTTP/1.0" 200 166 "-" "Mozilla/5.0 (Windows NT 10.0; Win64; x64) AppleWebKit/537.36 (KHTML, like Gecko) Chrome/111.0.0.0 Safari/537.36 OPR/97.0.0.0"
80.90.191.12 - - [03/Feb/2025:01:13:30 +0300] "GET /zddg6h/index/index.php HTTP/1.0" 200 166 "-" "Mozilla/5.0 (Windows NT 10.0; Win64; x64) AppleWebKit/537.36 (KHTML, like Gecko) Chrome/111.0.0.0 Safari/537.36 OPR/97.0.0.0"
80.90.191.12 - - [03/Feb/2025:01:13:31 +0300] "GET /zddg6h/index/index.php HTTP/1.0" 200 166 "-" "Mozilla/5.0 (Windows NT 10.0; Win64; x64) AppleWebKit/537.36 (KHTML, like Gecko) Chrome/111.0.0.0 Safari/537.36 OPR/97.0.0.0"
80.90.191.12 - - [03/Feb/2025:01:13:32 +0300] "GET /zddg6h/index/index.php HTTP/1.0" 200 166 "-" "Mozilla/5.0 (Windows NT 10.0; Win64; x64) AppleWebKit/537.36 (KHTML, like Gecko) Chrome/111.0.0.0 Safari/537.36 OPR/97.0.0.0"
216.244.66.200 - - [03/Feb/2025:01:13:43 +0300] "GET /j4byy4/unimac-washer-reset-codes.html HTTP/1.0" 200 38003 "-" "Mozilla/5.0 (compatible; DotBot/1.2; +https://opensiteexplorer.org/dotbot; help@moz.com)"
80.90.191.12 - - [03/Feb/2025:01:13:33 +0300] "GET /zddg6h/index/index.php HTTP/1.0" 200 166 "-" "Mozilla/5.0 (Windows NT 10.0; Win64; x64) AppleWebKit/537.36 (KHTML, like Gecko) Chrome/111.0.0.0 Safari/537.36 OPR/97.0.0.0"
80.90.191.12 - - [03/Feb/2025:01:13:34 +0300] "GET /zddg6h/index/index.php HTTP/1.0" 200 166 "-" "Mozilla/5.0 (Windows NT 10.0; Win64; x64) AppleWebKit/537.36 (KHTML, like Gecko) Chrome/111.0.0.0 Safari/537.36 OPR/97.0.0.0"
80.90.191.12 - - [03/Feb/2025:01:13:35 +0300] "GET /zddg6h/index/index.php HTTP/1.0" 200 166 "-" "Mozilla/5.0 (Windows NT 10.0; Win64; x64) AppleWebKit/537.36 (KHTML, like Gecko) Chrome/111.0.0.0 Safari/537.36 OPR/97.0.0.0"
80.90.191.12 - - [03/Feb/2025:01:13:36 +0300] "GET /zddg6h/index/index.php HTTP/1.0" 200 166 "-" "Mozilla/5.0 (Windows NT 10.0; Win64; x64) AppleWebKit/537.36 (KHTML, like Gecko) Chrome/111.0.0.0 Safari/537.36 OPR/97.0.0.0"
80.90.191.12 - - [03/Feb/2025:01:13:37 +0300] "GET /zddg6h/index/index.php HTTP/1.0" 200 166 "-" "Mozilla/5.0 (Windows NT 10.0; Win64; x64) AppleWebKit/537.36 (KHTML, like Gecko) Chrome/111.0.0.0 Safari/537.36 OPR/97.0.0.0"
216.244.66.200 - - [03/Feb/2025:01:13:48 +0300] "GET /jtxvlr/best-pc-apex-settings-2024.html HTTP/1.0" 200 44834 "-" "Mozilla/5.0 (compatible; DotBot/1.2; +https://opensiteexplorer.org/dotbot; help@moz.com)"
80.90.191.12 - - [03/Feb/2025:01:13:38 +0300] "GET /zddg6h/index/index.php HTTP/1.0" 200 166 "-" "Mozilla/5.0 (Windows NT 10.0; Win64; x64) AppleWebKit/537.36 (KHTML, like Gecko) Chrome/111.0.0.0 Safari/537.36 OPR/97.0.0.0"
80.90.191.12 - - [03/Feb/2025:01:13:39 +0300] "GET /zddg6h/index/index.php HTTP/1.0" 200 166 "-" "Mozilla/5.0 (Windows NT 10.0; Win64; x64) AppleWebKit/537.36 (KHTML, like Gecko) Chrome/111.0.0.0 Safari/537.36 OPR/97.0.0.0"
47.128.112.140 - - [03/Feb/2025:01:13:50 +0300] "GET /jtxvlr/creality-print-v4.html HTTP/1.0" 200 14779 "-" "Mozilla/5.0 (compatible; Bytespider; spider-feedback@bytedance.com) AppleWebKit/537.36 (KHTML, like Gecko) Chrome/70.0.0.0 Safari/537.36"
85.208.96.199 - - [03/Feb/2025:01:13:50 +0300] "GET /217220891.htm HTTP/1.0" 200 1171 "-" "Mozilla/5.0 (compatible; SemrushBot/7~bl; +http://www.semrush.com/bot.html)"
80.90.191.12 - - [03/Feb/2025:01:13:40 +0300] "GET /zddg6h/index/index.php HTTP/1.0" 200 166 "-" "Mozilla/5.0 (Windows NT 10.0; Win64; x64) AppleWebKit/537.36 (KHTML, like Gecko) Chrome/111.0.0.0 Safari/537.36 OPR/97.0.0.0"
216.244.66.200 - - [03/Feb/2025:01:13:52 +0300] "GET /jtxvlr/hls-downloader-chrome.html HTTP/1.0" 200 33832 "-" "Mozilla/5.0 (compatible; DotBot/1.2; +https://opensiteexplorer.org/dotbot; help@moz.com)"
80.90.191.12 - - [03/Feb/2025:01:13:41 +0300] "GET /zddg6h/index/index.php HTTP/1.0" 200 166 "-" "Mozilla/5.0 (Windows NT 10.0; Win64; x64) AppleWebKit/537.36 (KHTML, like Gecko) Chrome/111.0.0.0 Safari/537.36 OPR/97.0.0.0"
80.90.191.12 - - [03/Feb/2025:01:13:42 +0300] "GET /zddg6h/index/index.php HTTP/1.0" 200 166 "-" "Mozilla/5.0 (Windows NT 10.0; Win64; x64) AppleWebKit/537.36 (KHTML, like Gecko) Chrome/111.0.0.0 Safari/537.36 OPR/97.0.0.0"
80.90.191.12 - - [03/Feb/2025:01:13:43 +0300] "GET /zddg6h/index/index.php HTTP/1.0" 200 166 "-" "Mozilla/5.0 (Windows NT 10.0; Win64; x64) AppleWebKit/537.36 (KHTML, like Gecko) Chrome/111.0.0.0 Safari/537.36 OPR/97.0.0.0"
216.244.66.200 - - [03/Feb/2025:01:13:55 +0300] "GET /jtxvlr/html-background-image.html HTTP/1.0" 200 47614 "-" "Mozilla/5.0 (compatible; DotBot/1.2; +https://opensiteexplorer.org/dotbot; help@moz.com)"
80.90.191.12 - - [03/Feb/2025:01:13:44 +0300] "GET /zddg6h/index/index.php HTTP/1.0" 200 166 "-" "Mozilla/5.0 (Windows NT 10.0; Win64; x64) AppleWebKit/537.36 (KHTML, like Gecko) Chrome/111.0.0.0 Safari/537.36 OPR/97.0.0.0"
80.90.191.12 - - [03/Feb/2025:01:13:45 +0300] "GET /zddg6h/index/index.php HTTP/1.0" 200 166 "-" "Mozilla/5.0 (Windows NT 10.0; Win64; x64) AppleWebKit/537.36 (KHTML, like Gecko) Chrome/111.0.0.0 Safari/537.36 OPR/97.0.0.0"
185.191.171.11 - - [03/Feb/2025:01:13:56 +0300] "GET /188266171.htm HTTP/1.0" 200 1171 "-" "Mozilla/5.0 (compatible; SemrushBot/7~bl; +http://www.semrush.com/bot.html)"
80.90.191.12 - - [03/Feb/2025:01:13:46 +0300] "GET /zddg6h/index/index.php HTTP/1.0" 200 166 "-" "Mozilla/5.0 (Windows NT 10.0; Win64; x64) AppleWebKit/537.36 (KHTML, like Gecko) Chrome/111.0.0.0 Safari/537.36 OPR/97.0.0.0"
216.244.66.200 - - [03/Feb/2025:01:13:58 +0300] "GET /jtxvlr/narrative-essay-topics.html HTTP/1.0" 200 57594 "-" "Mozilla/5.0 (compatible; DotBot/1.2; +https://opensiteexplorer.org/dotbot; help@moz.com)"
80.90.191.12 - - [03/Feb/2025:01:13:49 +0300] "GET /zddg6h/index/index.php HTTP/1.0" 200 166 "-" "Mozilla/5.0 (Windows NT 10.0; Win64; x64) AppleWebKit/537.36 (KHTML, like Gecko) Chrome/111.0.0.0 Safari/537.36 OPR/97.0.0.0"
85.208.96.199 - - [03/Feb/2025:01:14:00 +0300] "GET /j4byy4/cydown-rootless-reddit.html HTTP/1.0" 200 15135 "-" "Mozilla/5.0 (compatible; SemrushBot/7~bl; +http://www.semrush.com/bot.html)"
80.90.191.12 - - [03/Feb/2025:01:13:50 +0300] "GET /zddg6h/index/index.php HTTP/1.0" 200 166 "-" "Mozilla/5.0 (Windows NT 10.0; Win64; x64) AppleWebKit/537.36 (KHTML, like Gecko) Chrome/111.0.0.0 Safari/537.36 OPR/97.0.0.0"
216.244.66.200 - - [03/Feb/2025:01:14:01 +0300] "GET /jtxvlr/sms-app-download-apk.html HTTP/1.0" 200 29559 "-" "Mozilla/5.0 (compatible; DotBot/1.2; +https://opensiteexplorer.org/dotbot; help@moz.com)"
80.90.191.12 - - [03/Feb/2025:01:13:51 +0300] "GET /zddg6h/index/index.php HTTP/1.0" 200 166 "-" "Mozilla/5.0 (Windows NT 10.0; Win64; x64) AppleWebKit/537.36 (KHTML, like Gecko) Chrome/111.0.0.0 Safari/537.36 OPR/97.0.0.0"
185.191.171.18 - - [03/Feb/2025:01:14:02 +0300] "GET /188617893.htm HTTP/1.0" 200 1171 "-" "Mozilla/5.0 (compatible; SemrushBot/7~bl; +http://www.semrush.com/bot.html)"
80.90.191.12 - - [03/Feb/2025:01:13:52 +0300] "GET /zddg6h/index/index.php HTTP/1.0" 200 166 "-" "Mozilla/5.0 (Windows NT 10.0; Win64; x64) AppleWebKit/537.36 (KHTML, like Gecko) Chrome/111.0.0.0 Safari/537.36 OPR/97.0.0.0"
80.90.191.12 - - [03/Feb/2025:01:13:53 +0300] "GET /zddg6h/index/index.php HTTP/1.0" 200 166 "-" "Mozilla/5.0 (Windows NT 10.0; Win64; x64) AppleWebKit/537.36 (KHTML, like Gecko) Chrome/111.0.0.0 Safari/537.36 OPR/97.0.0.0"
216.244.66.200 - - [03/Feb/2025:01:14:04 +0300] "GET /nl6bdggpp/cena-jaja-na-pijaci.html HTTP/1.0" 200 6677 "-" "Mozilla/5.0 (compatible; DotBot/1.2; +https://opensiteexplorer.org/dotbot; help@moz.com)"
85.208.96.199 - - [03/Feb/2025:01:14:04 +0300] "GET /28299631.htm HTTP/1.0" 200 1171 "-" "Mozilla/5.0 (compatible; SemrushBot/7~bl; +http://www.semrush.com/bot.html)"
80.90.191.12 - - [03/Feb/2025:01:13:54 +0300] "GET /zddg6h/index/index.php HTTP/1.0" 200 166 "-" "Mozilla/5.0 (Windows NT 10.0; Win64; x64) AppleWebKit/537.36 (KHTML, like Gecko) Chrome/111.0.0.0 Safari/537.36 OPR/97.0.0.0"
216.244.66.200 - - [03/Feb/2025:01:14:06 +0300] "GET /nl6bdggpp/lilypad-pcsx2-keyboard.html HTTP/1.0" 200 41839 "-" "Mozilla/5.0 (compatible; DotBot/1.2; +https://opensiteexplorer.org/dotbot; help@moz.com)"
80.90.191.12 - - [03/Feb/2025:01:13:55 +0300] "GET /zddg6h/index/index.php HTTP/1.0" 200 166 "-" "Mozilla/5.0 (Windows NT 10.0; Win64; x64) AppleWebKit/537.36 (KHTML, like Gecko) Chrome/111.0.0.0 Safari/537.36 OPR/97.0.0.0"
80.90.191.12 - - [03/Feb/2025:01:13:56 +0300] "GET /zddg6h/index/index.php HTTP/1.0" 200 166 "-" "Mozilla/5.0 (Windows NT 10.0; Win64; x64) AppleWebKit/537.36 (KHTML, like Gecko) Chrome/111.0.0.0 Safari/537.36 OPR/97.0.0.0"
185.191.171.12 - - [03/Feb/2025:01:14:06 +0300] "GET /195012899.htm HTTP/1.0" 200 1171 "-" "Mozilla/5.0 (compatible; SemrushBot/7~bl; +http://www.semrush.com/bot.html)"
80.90.191.12 - - [03/Feb/2025:01:13:57 +0300] "GET /zddg6h/index/index.php HTTP/1.0" 200 166 "-" "Mozilla/5.0 (Windows NT 10.0; Win64; x64) AppleWebKit/537.36 (KHTML, like Gecko) Chrome/111.0.0.0 Safari/537.36 OPR/97.0.0.0"
216.244.66.200 - - [03/Feb/2025:01:14:08 +0300] "GET /nl6bdggpp/science-olympiad-2023-rules.html HTTP/1.0" 200 41157 "-" "Mozilla/5.0 (compatible; DotBot/1.2; +https://opensiteexplorer.org/dotbot; help@moz.com)"
80.90.191.12 - - [03/Feb/2025:01:13:58 +0300] "GET /zddg6h/index/index.php HTTP/1.0" 200 166 "-" "Mozilla/5.0 (Windows NT 10.0; Win64; x64) AppleWebKit/537.36 (KHTML, like Gecko) Chrome/111.0.0.0 Safari/537.36 OPR/97.0.0.0"
185.191.171.10 - - [03/Feb/2025:01:14:09 +0300] "GET /160015931.htm HTTP/1.0" 200 1171 "-" "Mozilla/5.0 (compatible; SemrushBot/7~bl; +http://www.semrush.com/bot.html)"
80.90.191.12 - - [03/Feb/2025:01:13:59 +0300] "GET /zddg6h/index/index.php HTTP/1.0" 200 166 "-" "Mozilla/5.0 (Windows NT 10.0; Win64; x64) AppleWebKit/537.36 (KHTML, like Gecko) Chrome/111.0.0.0 Safari/537.36 OPR/97.0.0.0"
80.90.191.12 - - [03/Feb/2025:01:14:00 +0300] "GET /zddg6h/index/index.php HTTP/1.0" 200 166 "-" "Mozilla/5.0 (Windows NT 10.0; Win64; x64) AppleWebKit/537.36 (KHTML, like Gecko) Chrome/111.0.0.0 Safari/537.36 OPR/97.0.0.0"
216.244.66.200 - - [03/Feb/2025:01:14:11 +0300] "GET /nl6bdggpp/skyrex-drone-instructions-video-youtube.html HTTP/1.0" 200 16925 "-" "Mozilla/5.0 (compatible; DotBot/1.2; +https://opensiteexplorer.org/dotbot; help@moz.com)"
85.208.96.199 - - [03/Feb/2025:01:14:12 +0300] "GET /39790721.htm HTTP/1.0" 200 1171 "-" "Mozilla/5.0 (compatible; SemrushBot/7~bl; +http://www.semrush.com/bot.html)"
80.90.191.12 - - [03/Feb/2025:01:14:01 +0300] "GET /zddg6h/index/index.php HTTP/1.0" 200 166 "-" "Mozilla/5.0 (Windows NT 10.0; Win64; x64) AppleWebKit/537.36 (KHTML, like Gecko) Chrome/111.0.0.0 Safari/537.36 OPR/97.0.0.0"
80.90.191.12 - - [03/Feb/2025:01:14:02 +0300] "GET /zddg6h/index/index.php HTTP/1.0" 200 166 "-" "Mozilla/5.0 (Windows NT 10.0; Win64; x64) AppleWebKit/537.36 (KHTML, like Gecko) Chrome/111.0.0.0 Safari/537.36 OPR/97.0.0.0"
216.244.66.200 - - [03/Feb/2025:01:14:13 +0300] "GET /nl6bdggpp/stazionamento-taxi-roma-eur.html HTTP/1.0" 200 43953 "-" "Mozilla/5.0 (compatible; DotBot/1.2; +https://opensiteexplorer.org/dotbot; help@moz.com)"
80.90.191.12 - - [03/Feb/2025:01:14:03 +0300] "GET /zddg6h/index/index.php HTTP/1.0" 200 166 "-" "Mozilla/5.0 (Windows NT 10.0; Win64; x64) AppleWebKit/537.36 (KHTML, like Gecko) Chrome/111.0.0.0 Safari/537.36 OPR/97.0.0.0"
80.90.191.12 - - [03/Feb/2025:01:14:04 +0300] "GET /zddg6h/index/index.php HTTP/1.0" 200 166 "-" "Mozilla/5.0 (Windows NT 10.0; Win64; x64) AppleWebKit/537.36 (KHTML, like Gecko) Chrome/111.0.0.0 Safari/537.36 OPR/97.0.0.0"
216.244.66.200 - - [03/Feb/2025:01:14:16 +0300] "GET /shtrm/usenix-2025-dates-usa.html HTTP/1.0" 200 42208 "-" "Mozilla/5.0 (compatible; DotBot/1.2; +https://opensiteexplorer.org/dotbot; help@moz.com)"
80.90.191.12 - - [03/Feb/2025:01:14:05 +0300] "GET /zddg6h/index/index.php HTTP/1.0" 200 166 "-" "Mozilla/5.0 (Windows NT 10.0; Win64; x64) AppleWebKit/537.36 (KHTML, like Gecko) Chrome/111.0.0.0 Safari/537.36 OPR/97.0.0.0"
80.90.191.12 - - [03/Feb/2025:01:14:06 +0300] "GET /zddg6h/index/index.php HTTP/1.0" 200 166 "-" "Mozilla/5.0 (Windows NT 10.0; Win64; x64) AppleWebKit/537.36 (KHTML, like Gecko) Chrome/111.0.0.0 Safari/537.36 OPR/97.0.0.0"
185.191.171.16 - - [03/Feb/2025:01:14:18 +0300] "GET /jtxvlr/troubled-teens-series.html HTTP/1.0" 200 13046 "-" "Mozilla/5.0 (compatible; SemrushBot/7~bl; +http://www.semrush.com/bot.html)"
80.90.191.12 - - [03/Feb/2025:01:14:07 +0300] "GET /zddg6h/index/index.php HTTP/1.0" 200 166 "-" "Mozilla/5.0 (Windows NT 10.0; Win64; x64) AppleWebKit/537.36 (KHTML, like Gecko) Chrome/111.0.0.0 Safari/537.36 OPR/97.0.0.0"
216.244.66.200 - - [03/Feb/2025:01:14:18 +0300] "GET /j4byy4/found-a-popover-attribute-with-an-invalid-value-react.html HTTP/1.0" 200 49659 "-" "Mozilla/5.0 (compatible; DotBot/1.2; +https://opensiteexplorer.org/dotbot; help@moz.com)"
80.90.191.12 - - [03/Feb/2025:01:14:08 +0300] "GET /zddg6h/index/index.php HTTP/1.0" 200 166 "-" "Mozilla/5.0 (Windows NT 10.0; Win64; x64) AppleWebKit/537.36 (KHTML, like Gecko) Chrome/111.0.0.0 Safari/537.36 OPR/97.0.0.0"
80.90.191.12 - - [03/Feb/2025:01:14:09 +0300] "GET /zddg6h/index/index.php HTTP/1.0" 200 166 "-" "Mozilla/5.0 (Windows NT 10.0; Win64; x64) AppleWebKit/537.36 (KHTML, like Gecko) Chrome/111.0.0.0 Safari/537.36 OPR/97.0.0.0"
216.244.66.200 - - [03/Feb/2025:01:14:21 +0300] "GET /j4byy4/owned-by-her-triplet-bullies-wattpad-read-online-free-download-full.html HTTP/1.0" 200 32703 "-" "Mozilla/5.0 (compatible; DotBot/1.2; +https://opensiteexplorer.org/dotbot; help@moz.com)"
80.90.191.12 - - [03/Feb/2025:01:14:10 +0300] "GET /zddg6h/index/index.php HTTP/1.0" 200 166 "-" "Mozilla/5.0 (Windows NT 10.0; Win64; x64) AppleWebKit/537.36 (KHTML, like Gecko) Chrome/111.0.0.0 Safari/537.36 OPR/97.0.0.0"
80.90.191.12 - - [03/Feb/2025:01:14:11 +0300] "GET /zddg6h/index/index.php HTTP/1.0" 200 166 "-" "Mozilla/5.0 (Windows NT 10.0; Win64; x64) AppleWebKit/537.36 (KHTML, like Gecko) Chrome/111.0.0.0 Safari/537.36 OPR/97.0.0.0"
80.90.191.12 - - [03/Feb/2025:01:14:12 +0300] "GET /zddg6h/index/index.php HTTP/1.0" 200 166 "-" "Mozilla/5.0 (Windows NT 10.0; Win64; x64) AppleWebKit/537.36 (KHTML, like Gecko) Chrome/111.0.0.0 Safari/537.36 OPR/97.0.0.0"
216.244.66.200 - - [03/Feb/2025:01:14:23 +0300] "GET /hnavk/billingsley-funeral-home-obituaries.html HTTP/1.0" 200 52753 "-" "Mozilla/5.0 (compatible; DotBot/1.2; +https://opensiteexplorer.org/dotbot; help@moz.com)"
80.90.191.12 - - [03/Feb/2025:01:14:13 +0300] "GET /zddg6h/index/index.php HTTP/1.0" 200 166 "-" "Mozilla/5.0 (Windows NT 10.0; Win64; x64) AppleWebKit/537.36 (KHTML, like Gecko) Chrome/111.0.0.0 Safari/537.36 OPR/97.0.0.0"
80.90.191.12 - - [03/Feb/2025:01:14:14 +0300] "GET /zddg6h/index/index.php HTTP/1.0" 200 166 "-" "Mozilla/5.0 (Windows NT 10.0; Win64; x64) AppleWebKit/537.36 (KHTML, like Gecko) Chrome/111.0.0.0 Safari/537.36 OPR/97.0.0.0"
80.90.191.12 - - [03/Feb/2025:01:14:15 +0300] "GET /zddg6h/index/index.php HTTP/1.0" 200 166 "-" "Mozilla/5.0 (Windows NT 10.0; Win64; x64) AppleWebKit/537.36 (KHTML, like Gecko) Chrome/111.0.0.0 Safari/537.36 OPR/97.0.0.0"
216.244.66.200 - - [03/Feb/2025:01:14:26 +0300] "GET /hnavk/creencias-del-neopaganismo.html HTTP/1.0" 200 43034 "-" "Mozilla/5.0 (compatible; DotBot/1.2; +https://opensiteexplorer.org/dotbot; help@moz.com)"
80.90.191.12 - - [03/Feb/2025:01:14:16 +0300] "GET /zddg6h/index/index.php HTTP/1.0" 200 166 "-" "Mozilla/5.0 (Windows NT 10.0; Win64; x64) AppleWebKit/537.36 (KHTML, like Gecko) Chrome/111.0.0.0 Safari/537.36 OPR/97.0.0.0"
80.90.191.12 - - [03/Feb/2025:01:14:17 +0300] "GET /zddg6h/index/index.php HTTP/1.0" 200 166 "-" "Mozilla/5.0 (Windows NT 10.0; Win64; x64) AppleWebKit/537.36 (KHTML, like Gecko) Chrome/111.0.0.0 Safari/537.36 OPR/97.0.0.0"
216.244.66.200 - - [03/Feb/2025:01:14:29 +0300] "GET /hnavk/fortiswitch-compatibility-matrix.html HTTP/1.0" 200 32842 "-" "Mozilla/5.0 (compatible; DotBot/1.2; +https://opensiteexplorer.org/dotbot; help@moz.com)"
80.90.191.12 - - [03/Feb/2025:01:14:18 +0300] "GET /zddg6h/index/index.php HTTP/1.0" 200 166 "-" "Mozilla/5.0 (Windows NT 10.0; Win64; x64) AppleWebKit/537.36 (KHTML, like Gecko) Chrome/111.0.0.0 Safari/537.36 OPR/97.0.0.0"
80.90.191.12 - - [03/Feb/2025:01:14:19 +0300] "GET /zddg6h/index/index.php HTTP/1.0" 200 166 "-" "Mozilla/5.0 (Windows NT 10.0; Win64; x64) AppleWebKit/537.36 (KHTML, like Gecko) Chrome/111.0.0.0 Safari/537.36 OPR/97.0.0.0"
216.244.66.200 - - [03/Feb/2025:01:14:31 +0300] "GET /hnavk/free-xxx-gambling-for-wife.html HTTP/1.0" 200 25248 "-" "Mozilla/5.0 (compatible; DotBot/1.2; +https://opensiteexplorer.org/dotbot; help@moz.com)"
80.90.191.12 - - [03/Feb/2025:01:14:20 +0300] "GET /zddg6h/index/index.php HTTP/1.0" 200 166 "-" "Mozilla/5.0 (Windows NT 10.0; Win64; x64) AppleWebKit/537.36 (KHTML, like Gecko) Chrome/111.0.0.0 Safari/537.36 OPR/97.0.0.0"
80.90.191.12 - - [03/Feb/2025:01:14:21 +0300] "GET /zddg6h/index/index.php HTTP/1.0" 200 166 "-" "Mozilla/5.0 (Windows NT 10.0; Win64; x64) AppleWebKit/537.36 (KHTML, like Gecko) Chrome/111.0.0.0 Safari/537.36 OPR/97.0.0.0"
216.244.66.200 - - [03/Feb/2025:01:14:33 +0300] "GET /hnavk/milfs-and-daughters-in-porn.html HTTP/1.0" 200 36683 "-" "Mozilla/5.0 (compatible; DotBot/1.2; +https://opensiteexplorer.org/dotbot; help@moz.com)"
80.90.191.12 - - [03/Feb/2025:01:14:22 +0300] "GET /zddg6h/index/index.php HTTP/1.0" 200 166 "-" "Mozilla/5.0 (Windows NT 10.0; Win64; x64) AppleWebKit/537.36 (KHTML, like Gecko) Chrome/111.0.0.0 Safari/537.36 OPR/97.0.0.0"
80.90.191.12 - - [03/Feb/2025:01:14:23 +0300] "GET /zddg6h/index/index.php HTTP/1.0" 200 166 "-" "Mozilla/5.0 (Windows NT 10.0; Win64; x64) AppleWebKit/537.36 (KHTML, like Gecko) Chrome/111.0.0.0 Safari/537.36 OPR/97.0.0.0"
80.90.191.12 - - [03/Feb/2025:01:14:24 +0300] "GET /zddg6h/index/index.php HTTP/1.0" 200 166 "-" "Mozilla/5.0 (Windows NT 10.0; Win64; x64) AppleWebKit/537.36 (KHTML, like Gecko) Chrome/111.0.0.0 Safari/537.36 OPR/97.0.0.0"
216.244.66.200 - - [03/Feb/2025:01:14:35 +0300] "GET /hnavk/printable-rainforest-animals-diorama-pdf.html HTTP/1.0" 200 52294 "-" "Mozilla/5.0 (compatible; DotBot/1.2; +https://opensiteexplorer.org/dotbot; help@moz.com)"
85.208.96.203 - - [03/Feb/2025:01:14:36 +0300] "GET /216070487.htm HTTP/1.0" 200 1171 "-" "Mozilla/5.0 (compatible; SemrushBot/7~bl; +http://www.semrush.com/bot.html)"
80.90.191.12 - - [03/Feb/2025:01:14:25 +0300] "GET /zddg6h/index/index.php HTTP/1.0" 200 166 "-" "Mozilla/5.0 (Windows NT 10.0; Win64; x64) AppleWebKit/537.36 (KHTML, like Gecko) Chrome/111.0.0.0 Safari/537.36 OPR/97.0.0.0"
80.90.191.12 - - [03/Feb/2025:01:14:26 +0300] "GET /zddg6h/index/index.php HTTP/1.0" 200 166 "-" "Mozilla/5.0 (Windows NT 10.0; Win64; x64) AppleWebKit/537.36 (KHTML, like Gecko) Chrome/111.0.0.0 Safari/537.36 OPR/97.0.0.0"
216.244.66.200 - - [03/Feb/2025:01:14:38 +0300] "GET /j4byy4/llama-2-aws-cost-per-hour.html HTTP/1.0" 200 42535 "-" "Mozilla/5.0 (compatible; DotBot/1.2; +https://opensiteexplorer.org/dotbot; help@moz.com)"
80.90.191.12 - - [03/Feb/2025:01:14:27 +0300] "GET /zddg6h/index/index.php HTTP/1.0" 200 166 "-" "Mozilla/5.0 (Windows NT 10.0; Win64; x64) AppleWebKit/537.36 (KHTML, like Gecko) Chrome/111.0.0.0 Safari/537.36 OPR/97.0.0.0"
80.90.191.12 - - [03/Feb/2025:01:14:28 +0300] "GET /zddg6h/index/index.php HTTP/1.0" 200 166 "-" "Mozilla/5.0 (Windows NT 10.0; Win64; x64) AppleWebKit/537.36 (KHTML, like Gecko) Chrome/111.0.0.0 Safari/537.36 OPR/97.0.0.0"
80.90.191.12 - - [03/Feb/2025:01:14:29 +0300] "GET /zddg6h/index/index.php HTTP/1.0" 200 166 "-" "Mozilla/5.0 (Windows NT 10.0; Win64; x64) AppleWebKit/537.36 (KHTML, like Gecko) Chrome/111.0.0.0 Safari/537.36 OPR/97.0.0.0"
216.244.66.200 - - [03/Feb/2025:01:14:41 +0300] "GET /jtxvlr/persona-4-the-animation-ost.html HTTP/1.0" 200 31510 "-" "Mozilla/5.0 (compatible; DotBot/1.2; +https://opensiteexplorer.org/dotbot; help@moz.com)"
80.90.191.12 - - [03/Feb/2025:01:14:30 +0300] "GET /zddg6h/index/index.php HTTP/1.0" 200 166 "-" "Mozilla/5.0 (Windows NT 10.0; Win64; x64) AppleWebKit/537.36 (KHTML, like Gecko) Chrome/111.0.0.0 Safari/537.36 OPR/97.0.0.0"
80.90.191.12 - - [03/Feb/2025:01:14:31 +0300] "GET /zddg6h/index/index.php HTTP/1.0" 200 166 "-" "Mozilla/5.0 (Windows NT 10.0; Win64; x64) AppleWebKit/537.36 (KHTML, like Gecko) Chrome/111.0.0.0 Safari/537.36 OPR/97.0.0.0"
216.244.66.200 - - [03/Feb/2025:01:14:43 +0300] "GET /shtrm/international-remote-jobs-hiring-immediately.html HTTP/1.0" 200 37381 "-" "Mozilla/5.0 (compatible; DotBot/1.2; +https://opensiteexplorer.org/dotbot; help@moz.com)"
80.90.191.12 - - [03/Feb/2025:01:14:32 +0300] "GET /zddg6h/index/index.php HTTP/1.0" 200 166 "-" "Mozilla/5.0 (Windows NT 10.0; Win64; x64) AppleWebKit/537.36 (KHTML, like Gecko) Chrome/111.0.0.0 Safari/537.36 OPR/97.0.0.0"
80.90.191.12 - - [03/Feb/2025:01:14:33 +0300] "GET /zddg6h/index/index.php HTTP/1.0" 200 166 "-" "Mozilla/5.0 (Windows NT 10.0; Win64; x64) AppleWebKit/537.36 (KHTML, like Gecko) Chrome/111.0.0.0 Safari/537.36 OPR/97.0.0.0"
80.90.191.12 - - [03/Feb/2025:01:14:34 +0300] "GET /zddg6h/index/index.php HTTP/1.0" 200 166 "-" "Mozilla/5.0 (Windows NT 10.0; Win64; x64) AppleWebKit/537.36 (KHTML, like Gecko) Chrome/111.0.0.0 Safari/537.36 OPR/97.0.0.0"
216.244.66.200 - - [03/Feb/2025:01:14:46 +0300] "GET /j4byy4/dekalb-county-jail-release.html HTTP/1.0" 200 56500 "-" "Mozilla/5.0 (compatible; DotBot/1.2; +https://opensiteexplorer.org/dotbot; help@moz.com)"
80.90.191.12 - - [03/Feb/2025:01:14:35 +0300] "GET /zddg6h/index/index.php HTTP/1.0" 200 166 "-" "Mozilla/5.0 (Windows NT 10.0; Win64; x64) AppleWebKit/537.36 (KHTML, like Gecko) Chrome/111.0.0.0 Safari/537.36 OPR/97.0.0.0"
80.90.191.12 - - [03/Feb/2025:01:14:36 +0300] "GET /zddg6h/index/index.php HTTP/1.0" 200 166 "-" "Mozilla/5.0 (Windows NT 10.0; Win64; x64) AppleWebKit/537.36 (KHTML, like Gecko) Chrome/111.0.0.0 Safari/537.36 OPR/97.0.0.0"
80.90.191.12 - - [03/Feb/2025:01:14:38 +0300] "GET /zddg6h/index/index.php HTTP/1.0" 200 166 "-" "Mozilla/5.0 (Windows NT 10.0; Win64; x64) AppleWebKit/537.36 (KHTML, like Gecko) Chrome/111.0.0.0 Safari/537.36 OPR/97.0.0.0"
216.244.66.200 - - [03/Feb/2025:01:14:49 +0300] "GET /j4byy4/flutter-web-camera-permission.html HTTP/1.0" 200 40787 "-" "Mozilla/5.0 (compatible; DotBot/1.2; +https://opensiteexplorer.org/dotbot; help@moz.com)"
80.90.191.12 - - [03/Feb/2025:01:14:39 +0300] "GET /zddg6h/index/index.php HTTP/1.0" 200 166 "-" "Mozilla/5.0 (Windows NT 10.0; Win64; x64) AppleWebKit/537.36 (KHTML, like Gecko) Chrome/111.0.0.0 Safari/537.36 OPR/97.0.0.0"
80.90.191.12 - - [03/Feb/2025:01:14:40 +0300] "GET /zddg6h/index/index.php HTTP/1.0" 200 166 "-" "Mozilla/5.0 (Windows NT 10.0; Win64; x64) AppleWebKit/537.36 (KHTML, like Gecko) Chrome/111.0.0.0 Safari/537.36 OPR/97.0.0.0"
216.244.66.200 - - [03/Feb/2025:01:14:51 +0300] "GET /j4byy4/greatest-love-stories-in-literature.html HTTP/1.0" 200 42469 "-" "Mozilla/5.0 (compatible; DotBot/1.2; +https://opensiteexplorer.org/dotbot; help@moz.com)"
80.90.191.12 - - [03/Feb/2025:01:14:41 +0300] "GET /zddg6h/index/index.php HTTP/1.0" 200 166 "-" "Mozilla/5.0 (Windows NT 10.0; Win64; x64) AppleWebKit/537.36 (KHTML, like Gecko) Chrome/111.0.0.0 Safari/537.36 OPR/97.0.0.0"
80.90.191.12 - - [03/Feb/2025:01:14:42 +0300] "GET /zddg6h/index/index.php HTTP/1.0" 200 166 "-" "Mozilla/5.0 (Windows NT 10.0; Win64; x64) AppleWebKit/537.36 (KHTML, like Gecko) Chrome/111.0.0.0 Safari/537.36 OPR/97.0.0.0"
80.90.191.12 - - [03/Feb/2025:01:14:43 +0300] "GET /zddg6h/index/index.php HTTP/1.0" 200 166 "-" "Mozilla/5.0 (Windows NT 10.0; Win64; x64) AppleWebKit/537.36 (KHTML, like Gecko) Chrome/111.0.0.0 Safari/537.36 OPR/97.0.0.0"
216.244.66.200 - - [03/Feb/2025:01:14:54 +0300] "GET /jtxvlr/greek-alphabet-personality-types-female.html HTTP/1.0" 200 41549 "-" "Mozilla/5.0 (compatible; DotBot/1.2; +https://opensiteexplorer.org/dotbot; help@moz.com)"
80.90.191.12 - - [03/Feb/2025:01:14:44 +0300] "GET /zddg6h/index/index.php HTTP/1.0" 200 166 "-" "Mozilla/5.0 (Windows NT 10.0; Win64; x64) AppleWebKit/537.36 (KHTML, like Gecko) Chrome/111.0.0.0 Safari/537.36 OPR/97.0.0.0"
80.90.191.12 - - [03/Feb/2025:01:14:45 +0300] "GET /zddg6h/index/index.php HTTP/1.0" 200 166 "-" "Mozilla/5.0 (Windows NT 10.0; Win64; x64) AppleWebKit/537.36 (KHTML, like Gecko) Chrome/111.0.0.0 Safari/537.36 OPR/97.0.0.0"
216.244.66.200 - - [03/Feb/2025:01:14:56 +0300] "GET /jtxvlr/happy-planner-dashboard-layout-2024.html HTTP/1.0" 200 28641 "-" "Mozilla/5.0 (compatible; DotBot/1.2; +https://opensiteexplorer.org/dotbot; help@moz.com)"
80.90.191.12 - - [03/Feb/2025:01:14:46 +0300] "GET /zddg6h/index/index.php HTTP/1.0" 200 166 "-" "Mozilla/5.0 (Windows NT 10.0; Win64; x64) AppleWebKit/537.36 (KHTML, like Gecko) Chrome/111.0.0.0 Safari/537.36 OPR/97.0.0.0"
80.90.191.12 - - [03/Feb/2025:01:14:47 +0300] "GET /zddg6h/index/index.php HTTP/1.0" 200 166 "-" "Mozilla/5.0 (Windows NT 10.0; Win64; x64) AppleWebKit/537.36 (KHTML, like Gecko) Chrome/111.0.0.0 Safari/537.36 OPR/97.0.0.0"
216.244.66.200 - - [03/Feb/2025:01:14:58 +0300] "GET /j4byy4/modern-day-rebirth-novel-wattpad.html HTTP/1.0" 200 43294 "-" "Mozilla/5.0 (compatible; DotBot/1.2; +https://opensiteexplorer.org/dotbot; help@moz.com)"
80.90.191.12 - - [03/Feb/2025:01:14:48 +0300] "GET /zddg6h/index/index.php HTTP/1.0" 200 166 "-" "Mozilla/5.0 (Windows NT 10.0; Win64; x64) AppleWebKit/537.36 (KHTML, like Gecko) Chrome/111.0.0.0 Safari/537.36 OPR/97.0.0.0"
80.90.191.12 - - [03/Feb/2025:01:14:49 +0300] "GET /zddg6h/index/index.php HTTP/1.0" 200 166 "-" "Mozilla/5.0 (Windows NT 10.0; Win64; x64) AppleWebKit/537.36 (KHTML, like Gecko) Chrome/111.0.0.0 Safari/537.36 OPR/97.0.0.0"
80.90.191.12 - - [03/Feb/2025:01:14:50 +0300] "GET /zddg6h/index/index.php HTTP/1.0" 200 166 "-" "Mozilla/5.0 (Windows NT 10.0; Win64; x64) AppleWebKit/537.36 (KHTML, like Gecko) Chrome/111.0.0.0 Safari/537.36 OPR/97.0.0.0"
80.90.191.12 - - [03/Feb/2025:01:14:51 +0300] "GET /zddg6h/index/index.php HTTP/1.0" 200 166 "-" "Mozilla/5.0 (Windows NT 10.0; Win64; x64) AppleWebKit/537.36 (KHTML, like Gecko) Chrome/111.0.0.0 Safari/537.36 OPR/97.0.0.0"
80.90.191.12 - - [03/Feb/2025:01:14:52 +0300] "GET /zddg6h/index/index.php HTTP/1.0" 200 166 "-" "Mozilla/5.0 (Windows NT 10.0; Win64; x64) AppleWebKit/537.36 (KHTML, like Gecko) Chrome/111.0.0.0 Safari/537.36 OPR/97.0.0.0"
80.90.191.12 - - [03/Feb/2025:01:14:53 +0300] "GET /zddg6h/index/index.php HTTP/1.0" 200 166 "-" "Mozilla/5.0 (Windows NT 10.0; Win64; x64) AppleWebKit/537.36 (KHTML, like Gecko) Chrome/111.0.0.0 Safari/537.36 OPR/97.0.0.0"
80.90.191.12 - - [03/Feb/2025:01:14:54 +0300] "GET /zddg6h/index/index.php HTTP/1.0" 200 166 "-" "Mozilla/5.0 (Windows NT 10.0; Win64; x64) AppleWebKit/537.36 (KHTML, like Gecko) Chrome/111.0.0.0 Safari/537.36 OPR/97.0.0.0"
80.90.191.12 - - [03/Feb/2025:01:14:55 +0300] "GET /zddg6h/index/index.php HTTP/1.0" 200 166 "-" "Mozilla/5.0 (Windows NT 10.0; Win64; x64) AppleWebKit/537.36 (KHTML, like Gecko) Chrome/111.0.0.0 Safari/537.36 OPR/97.0.0.0"
80.90.191.12 - - [03/Feb/2025:01:14:56 +0300] "GET /zddg6h/index/index.php HTTP/1.0" 200 166 "-" "Mozilla/5.0 (Windows NT 10.0; Win64; x64) AppleWebKit/537.36 (KHTML, like Gecko) Chrome/111.0.0.0 Safari/537.36 OPR/97.0.0.0"
80.90.191.12 - - [03/Feb/2025:01:14:57 +0300] "GET /zddg6h/index/index.php HTTP/1.0" 200 166 "-" "Mozilla/5.0 (Windows NT 10.0; Win64; x64) AppleWebKit/537.36 (KHTML, like Gecko) Chrome/111.0.0.0 Safari/537.36 OPR/97.0.0.0"
80.90.191.12 - - [03/Feb/2025:01:14:58 +0300] "GET /zddg6h/index/index.php HTTP/1.0" 200 166 "-" "Mozilla/5.0 (Windows NT 10.0; Win64; x64) AppleWebKit/537.36 (KHTML, like Gecko) Chrome/111.0.0.0 Safari/537.36 OPR/97.0.0.0"
80.90.191.12 - - [03/Feb/2025:01:14:59 +0300] "GET /zddg6h/index/index.php HTTP/1.0" 200 166 "-" "Mozilla/5.0 (Windows NT 10.0; Win64; x64) AppleWebKit/537.36 (KHTML, like Gecko) Chrome/111.0.0.0 Safari/537.36 OPR/97.0.0.0"
80.90.191.12 - - [03/Feb/2025:01:15:00 +0300] "GET /zddg6h/index/index.php HTTP/1.0" 200 166 "-" "Mozilla/5.0 (Windows NT 10.0; Win64; x64) AppleWebKit/537.36 (KHTML, like Gecko) Chrome/111.0.0.0 Safari/537.36 OPR/97.0.0.0"
80.90.191.12 - - [03/Feb/2025:01:15:01 +0300] "GET /zddg6h/index/index.php HTTP/1.0" 200 166 "-" "Mozilla/5.0 (Windows NT 10.0; Win64; x64) AppleWebKit/537.36 (KHTML, like Gecko) Chrome/111.0.0.0 Safari/537.36 OPR/97.0.0.0"
80.90.191.12 - - [03/Feb/2025:01:15:02 +0300] "GET /zddg6h/index/index.php HTTP/1.0" 200 166 "-" "Mozilla/5.0 (Windows NT 10.0; Win64; x64) AppleWebKit/537.36 (KHTML, like Gecko) Chrome/111.0.0.0 Safari/537.36 OPR/97.0.0.0"
80.90.191.12 - - [03/Feb/2025:01:15:03 +0300] "GET /zddg6h/index/index.php HTTP/1.0" 200 166 "-" "Mozilla/5.0 (Windows NT 10.0; Win64; x64) AppleWebKit/537.36 (KHTML, like Gecko) Chrome/111.0.0.0 Safari/537.36 OPR/97.0.0.0"
80.90.191.12 - - [03/Feb/2025:01:15:04 +0300] "GET /zddg6h/index/index.php HTTP/1.0" 200 166 "-" "Mozilla/5.0 (Windows NT 10.0; Win64; x64) AppleWebKit/537.36 (KHTML, like Gecko) Chrome/111.0.0.0 Safari/537.36 OPR/97.0.0.0"
80.90.191.12 - - [03/Feb/2025:01:15:05 +0300] "GET /zddg6h/index/index.php HTTP/1.0" 200 166 "-" "Mozilla/5.0 (Windows NT 10.0; Win64; x64) AppleWebKit/537.36 (KHTML, like Gecko) Chrome/111.0.0.0 Safari/537.36 OPR/97.0.0.0"
80.90.191.12 - - [03/Feb/2025:01:15:06 +0300] "GET /zddg6h/index/index.php HTTP/1.0" 200 166 "-" "Mozilla/5.0 (Windows NT 10.0; Win64; x64) AppleWebKit/537.36 (KHTML, like Gecko) Chrome/111.0.0.0 Safari/537.36 OPR/97.0.0.0"
80.90.191.12 - - [03/Feb/2025:01:15:07 +0300] "GET /zddg6h/index/index.php HTTP/1.0" 200 166 "-" "Mozilla/5.0 (Windows NT 10.0; Win64; x64) AppleWebKit/537.36 (KHTML, like Gecko) Chrome/111.0.0.0 Safari/537.36 OPR/97.0.0.0"
80.90.191.12 - - [03/Feb/2025:01:15:08 +0300] "GET /zddg6h/index/index.php HTTP/1.0" 200 166 "-" "Mozilla/5.0 (Windows NT 10.0; Win64; x64) AppleWebKit/537.36 (KHTML, like Gecko) Chrome/111.0.0.0 Safari/537.36 OPR/97.0.0.0"
80.90.191.12 - - [03/Feb/2025:01:15:09 +0300] "GET /zddg6h/index/index.php HTTP/1.0" 200 166 "-" "Mozilla/5.0 (Windows NT 10.0; Win64; x64) AppleWebKit/537.36 (KHTML, like Gecko) Chrome/111.0.0.0 Safari/537.36 OPR/97.0.0.0"
80.90.191.12 - - [03/Feb/2025:01:15:10 +0300] "GET /zddg6h/index/index.php HTTP/1.0" 200 166 "-" "Mozilla/5.0 (Windows NT 10.0; Win64; x64) AppleWebKit/537.36 (KHTML, like Gecko) Chrome/111.0.0.0 Safari/537.36 OPR/97.0.0.0"
80.90.191.12 - - [03/Feb/2025:01:15:11 +0300] "GET /zddg6h/index/index.php HTTP/1.0" 200 166 "-" "Mozilla/5.0 (Windows NT 10.0; Win64; x64) AppleWebKit/537.36 (KHTML, like Gecko) Chrome/111.0.0.0 Safari/537.36 OPR/97.0.0.0"
80.90.191.12 - - [03/Feb/2025:01:15:12 +0300] "GET /zddg6h/index/index.php HTTP/1.0" 200 166 "-" "Mozilla/5.0 (Windows NT 10.0; Win64; x64) AppleWebKit/537.36 (KHTML, like Gecko) Chrome/111.0.0.0 Safari/537.36 OPR/97.0.0.0"
80.90.191.12 - - [03/Feb/2025:01:15:13 +0300] "GET /zddg6h/index/index.php HTTP/1.0" 200 166 "-" "Mozilla/5.0 (Windows NT 10.0; Win64; x64) AppleWebKit/537.36 (KHTML, like Gecko) Chrome/111.0.0.0 Safari/537.36 OPR/97.0.0.0"
80.90.191.12 - - [03/Feb/2025:01:15:14 +0300] "GET /zddg6h/index/index.php HTTP/1.0" 200 166 "-" "Mozilla/5.0 (Windows NT 10.0; Win64; x64) AppleWebKit/537.36 (KHTML, like Gecko) Chrome/111.0.0.0 Safari/537.36 OPR/97.0.0.0"
80.90.191.12 - - [03/Feb/2025:01:15:15 +0300] "GET /zddg6h/index/index.php HTTP/1.0" 200 166 "-" "Mozilla/5.0 (Windows NT 10.0; Win64; x64) AppleWebKit/537.36 (KHTML, like Gecko) Chrome/111.0.0.0 Safari/537.36 OPR/97.0.0.0"
185.191.171.18 - - [03/Feb/2025:01:15:26 +0300] "GET /105289527.htm HTTP/1.0" 200 1171 "-" "Mozilla/5.0 (compatible; SemrushBot/7~bl; +http://www.semrush.com/bot.html)"
80.90.191.12 - - [03/Feb/2025:01:15:16 +0300] "GET /zddg6h/index/index.php HTTP/1.0" 200 166 "-" "Mozilla/5.0 (Windows NT 10.0; Win64; x64) AppleWebKit/537.36 (KHTML, like Gecko) Chrome/111.0.0.0 Safari/537.36 OPR/97.0.0.0"
80.90.191.12 - - [03/Feb/2025:01:15:17 +0300] "GET /zddg6h/index/index.php HTTP/1.0" 200 166 "-" "Mozilla/5.0 (Windows NT 10.0; Win64; x64) AppleWebKit/537.36 (KHTML, like Gecko) Chrome/111.0.0.0 Safari/537.36 OPR/97.0.0.0"
185.191.171.4 - - [03/Feb/2025:01:15:28 +0300] "GET /88975117.htm HTTP/1.0" 200 1171 "-" "Mozilla/5.0 (compatible; SemrushBot/7~bl; +http://www.semrush.com/bot.html)"
80.90.191.12 - - [03/Feb/2025:01:15:18 +0300] "GET /zddg6h/index/index.php HTTP/1.0" 200 166 "-" "Mozilla/5.0 (Windows NT 10.0; Win64; x64) AppleWebKit/537.36 (KHTML, like Gecko) Chrome/111.0.0.0 Safari/537.36 OPR/97.0.0.0"
80.90.191.12 - - [03/Feb/2025:01:15:19 +0300] "GET /zddg6h/index/index.php HTTP/1.0" 200 166 "-" "Mozilla/5.0 (Windows NT 10.0; Win64; x64) AppleWebKit/537.36 (KHTML, like Gecko) Chrome/111.0.0.0 Safari/537.36 OPR/97.0.0.0"
80.90.191.12 - - [03/Feb/2025:01:15:20 +0300] "GET /zddg6h/index/index.php HTTP/1.0" 200 166 "-" "Mozilla/5.0 (Windows NT 10.0; Win64; x64) AppleWebKit/537.36 (KHTML, like Gecko) Chrome/111.0.0.0 Safari/537.36 OPR/97.0.0.0"
80.90.191.12 - - [03/Feb/2025:01:15:21 +0300] "GET /zddg6h/index/index.php HTTP/1.0" 200 166 "-" "Mozilla/5.0 (Windows NT 10.0; Win64; x64) AppleWebKit/537.36 (KHTML, like Gecko) Chrome/111.0.0.0 Safari/537.36 OPR/97.0.0.0"
80.90.191.12 - - [03/Feb/2025:01:15:22 +0300] "GET /zddg6h/index/index.php HTTP/1.0" 200 166 "-" "Mozilla/5.0 (Windows NT 10.0; Win64; x64) AppleWebKit/537.36 (KHTML, like Gecko) Chrome/111.0.0.0 Safari/537.36 OPR/97.0.0.0"
80.90.191.12 - - [03/Feb/2025:01:15:23 +0300] "GET /zddg6h/index/index.php HTTP/1.0" 200 166 "-" "Mozilla/5.0 (Windows NT 10.0; Win64; x64) AppleWebKit/537.36 (KHTML, like Gecko) Chrome/111.0.0.0 Safari/537.36 OPR/97.0.0.0"
