80.90.191.12 - - [03/Feb/2025:01:15:24 +0300] "GET /zddg6h/index/index.php HTTP/1.0" 200 166 "-" "Mozilla/5.0 (Windows NT 10.0; Win64; x64) AppleWebKit/537.36 (KHTML, like Gecko) Chrome/111.0.0.0 Safari/537.36 OPR/97.0.0.0"
80.90.191.12 - - [03/Feb/2025:01:15:25 +0300] "GET /zddg6h/index/index.php HTTP/1.0" 200 166 "-" "Mozilla/5.0 (Windows NT 10.0; Win64; x64) AppleWebKit/537.36 (KHTML, like Gecko) Chrome/111.0.0.0 Safari/537.36 OPR/97.0.0.0"
80.90.191.12 - - [03/Feb/2025:01:15:26 +0300] "GET /zddg6h/index/index.php HTTP/1.0" 200 166 "-" "Mozilla/5.0 (Windows NT 10.0; Win64; x64) AppleWebKit/537.36 (KHTML, like Gecko) Chrome/111.0.0.0 Safari/537.36 OPR/97.0.0.0"
80.90.191.12 - - [03/Feb/2025:01:15:27 +0300] "GET /zddg6h/index/index.php HTTP/1.0" 200 166 "-" "Mozilla/5.0 (Windows NT 10.0; Win64; x64) AppleWebKit/537.36 (KHTML, like Gecko) Chrome/111.0.0.0 Safari/537.36 OPR/97.0.0.0"
80.90.191.12 - - [03/Feb/2025:01:15:28 +0300] "GET /zddg6h/index/index.php HTTP/1.0" 200 166 "-" "Mozilla/5.0 (Windows NT 10.0; Win64; x64) AppleWebKit/537.36 (KHTML, like Gecko) Chrome/111.0.0.0 Safari/537.36 OPR/97.0.0.0"
80.90.191.12 - - [03/Feb/2025:01:15:29 +0300] "GET /zddg6h/index/index.php HTTP/1.0" 200 166 "-" "Mozilla/5.0 (Windows NT 10.0; Win64; x64) AppleWebKit/537.36 (KHTML, like Gecko) Chrome/111.0.0.0 Safari/537.36 OPR/97.0.0.0"
80.90.191.12 - - [03/Feb/2025:01:15:30 +0300] "GET /zddg6h/index/index.php HTTP/1.0" 200 166 "-" "Mozilla/5.0 (Windows NT 10.0; Win64; x64) AppleWebKit/537.36 (KHTML, like Gecko) Chrome/111.0.0.0 Safari/537.36 OPR/97.0.0.0"
80.90.191.12 - - [03/Feb/2025:01:15:32 +0300] "GET /zddg6h/index/index.php HTTP/1.0" 200 166 "-" "Mozilla/5.0 (Windows NT 10.0; Win64; x64) AppleWebKit/537.36 (KHTML, like Gecko) Chrome/111.0.0.0 Safari/537.36 OPR/97.0.0.0"
80.90.191.12 - - [03/Feb/2025:01:15:33 +0300] "GET /zddg6h/index/index.php HTTP/1.0" 200 166 "-" "Mozilla/5.0 (Windows NT 10.0; Win64; x64) AppleWebKit/537.36 (KHTML, like Gecko) Chrome/111.0.0.0 Safari/537.36 OPR/97.0.0.0"
80.90.191.12 - - [03/Feb/2025:01:15:34 +0300] "GET /zddg6h/index/index.php HTTP/1.0" 200 166 "-" "Mozilla/5.0 (Windows NT 10.0; Win64; x64) AppleWebKit/537.36 (KHTML, like Gecko) Chrome/111.0.0.0 Safari/537.36 OPR/97.0.0.0"
80.90.191.12 - - [03/Feb/2025:01:15:35 +0300] "GET /zddg6h/index/index.php HTTP/1.0" 200 166 "-" "Mozilla/5.0 (Windows NT 10.0; Win64; x64) AppleWebKit/537.36 (KHTML, like Gecko) Chrome/111.0.0.0 Safari/537.36 OPR/97.0.0.0"
80.90.191.12 - - [03/Feb/2025:01:15:36 +0300] "GET /zddg6h/index/index.php HTTP/1.0" 200 166 "-" "Mozilla/5.0 (Windows NT 10.0; Win64; x64) AppleWebKit/537.36 (KHTML, like Gecko) Chrome/111.0.0.0 Safari/537.36 OPR/97.0.0.0"
80.90.191.12 - - [03/Feb/2025:01:15:37 +0300] "GET /zddg6h/index/index.php HTTP/1.0" 200 166 "-" "Mozilla/5.0 (Windows NT 10.0; Win64; x64) AppleWebKit/537.36 (KHTML, like Gecko) Chrome/111.0.0.0 Safari/537.36 OPR/97.0.0.0"
80.90.191.12 - - [03/Feb/2025:01:15:38 +0300] "GET /zddg6h/index/index.php HTTP/1.0" 200 166 "-" "Mozilla/5.0 (Windows NT 10.0; Win64; x64) AppleWebKit/537.36 (KHTML, like Gecko) Chrome/111.0.0.0 Safari/537.36 OPR/97.0.0.0"
80.90.191.12 - - [03/Feb/2025:01:15:39 +0300] "GET /zddg6h/index/index.php HTTP/1.0" 200 166 "-" "Mozilla/5.0 (Windows NT 10.0; Win64; x64) AppleWebKit/537.36 (KHTML, like Gecko) Chrome/111.0.0.0 Safari/537.36 OPR/97.0.0.0"
80.90.191.12 - - [03/Feb/2025:01:15:40 +0300] "GET /zddg6h/index/index.php HTTP/1.0" 200 166 "-" "Mozilla/5.0 (Windows NT 10.0; Win64; x64) AppleWebKit/537.36 (KHTML, like Gecko) Chrome/111.0.0.0 Safari/537.36 OPR/97.0.0.0"
80.90.191.12 - - [03/Feb/2025:01:15:41 +0300] "GET /zddg6h/index/index.php HTTP/1.0" 200 166 "-" "Mozilla/5.0 (Windows NT 10.0; Win64; x64) AppleWebKit/537.36 (KHTML, like Gecko) Chrome/111.0.0.0 Safari/537.36 OPR/97.0.0.0"
80.90.191.12 - - [03/Feb/2025:01:15:42 +0300] "GET /zddg6h/index/index.php HTTP/1.0" 200 166 "-" "Mozilla/5.0 (Windows NT 10.0; Win64; x64) AppleWebKit/537.36 (KHTML, like Gecko) Chrome/111.0.0.0 Safari/537.36 OPR/97.0.0.0"
80.90.191.12 - - [03/Feb/2025:01:15:43 +0300] "GET /zddg6h/index/index.php HTTP/1.0" 200 166 "-" "Mozilla/5.0 (Windows NT 10.0; Win64; x64) AppleWebKit/537.36 (KHTML, like Gecko) Chrome/111.0.0.0 Safari/537.36 OPR/97.0.0.0"
80.90.191.12 - - [03/Feb/2025:01:15:44 +0300] "GET /zddg6h/index/index.php HTTP/1.0" 200 166 "-" "Mozilla/5.0 (Windows NT 10.0; Win64; x64) AppleWebKit/537.36 (KHTML, like Gecko) Chrome/111.0.0.0 Safari/537.36 OPR/97.0.0.0"
80.90.191.12 - - [03/Feb/2025:01:15:45 +0300] "GET /zddg6h/index/index.php HTTP/1.0" 200 166 "-" "Mozilla/5.0 (Windows NT 10.0; Win64; x64) AppleWebKit/537.36 (KHTML, like Gecko) Chrome/111.0.0.0 Safari/537.36 OPR/97.0.0.0"
80.90.191.12 - - [03/Feb/2025:01:15:46 +0300] "GET /zddg6h/index/index.php HTTP/1.0" 200 166 "-" "Mozilla/5.0 (Windows NT 10.0; Win64; x64) AppleWebKit/537.36 (KHTML, like Gecko) Chrome/111.0.0.0 Safari/537.36 OPR/97.0.0.0"
80.90.191.12 - - [03/Feb/2025:01:15:47 +0300] "GET /zddg6h/index/index.php HTTP/1.0" 200 166 "-" "Mozilla/5.0 (Windows NT 10.0; Win64; x64) AppleWebKit/537.36 (KHTML, like Gecko) Chrome/111.0.0.0 Safari/537.36 OPR/97.0.0.0"
80.90.191.12 - - [03/Feb/2025:01:15:48 +0300] "GET /zddg6h/index/index.php HTTP/1.0" 200 166 "-" "Mozilla/5.0 (Windows NT 10.0; Win64; x64) AppleWebKit/537.36 (KHTML, like Gecko) Chrome/111.0.0.0 Safari/537.36 OPR/97.0.0.0"
80.90.191.12 - - [03/Feb/2025:01:15:49 +0300] "GET /zddg6h/index/index.php HTTP/1.0" 200 166 "-" "Mozilla/5.0 (Windows NT 10.0; Win64; x64) AppleWebKit/537.36 (KHTML, like Gecko) Chrome/111.0.0.0 Safari/537.36 OPR/97.0.0.0"
80.90.191.12 - - [03/Feb/2025:01:15:50 +0300] "GET /zddg6h/index/index.php HTTP/1.0" 200 166 "-" "Mozilla/5.0 (Windows NT 10.0; Win64; x64) AppleWebKit/537.36 (KHTML, like Gecko) Chrome/111.0.0.0 Safari/537.36 OPR/97.0.0.0"
80.90.191.12 - - [03/Feb/2025:01:15:51 +0300] "GET /zddg6h/index/index.php HTTP/1.0" 200 166 "-" "Mozilla/5.0 (Windows NT 10.0; Win64; x64) AppleWebKit/537.36 (KHTML, like Gecko) Chrome/111.0.0.0 Safari/537.36 OPR/97.0.0.0"
80.90.191.12 - - [03/Feb/2025:01:15:52 +0300] "GET /zddg6h/index/index.php HTTP/1.0" 200 166 "-" "Mozilla/5.0 (Windows NT 10.0; Win64; x64) AppleWebKit/537.36 (KHTML, like Gecko) Chrome/111.0.0.0 Safari/537.36 OPR/97.0.0.0"
80.90.191.12 - - [03/Feb/2025:01:15:53 +0300] "GET /zddg6h/index/index.php HTTP/1.0" 200 166 "-" "Mozilla/5.0 (Windows NT 10.0; Win64; x64) AppleWebKit/537.36 (KHTML, like Gecko) Chrome/111.0.0.0 Safari/537.36 OPR/97.0.0.0"
80.90.191.12 - - [03/Feb/2025:01:15:54 +0300] "GET /zddg6h/index/index.php HTTP/1.0" 200 166 "-" "Mozilla/5.0 (Windows NT 10.0; Win64; x64) AppleWebKit/537.36 (KHTML, like Gecko) Chrome/111.0.0.0 Safari/537.36 OPR/97.0.0.0"
80.90.191.12 - - [03/Feb/2025:01:15:55 +0300] "GET /zddg6h/index/index.php HTTP/1.0" 200 166 "-" "Mozilla/5.0 (Windows NT 10.0; Win64; x64) AppleWebKit/537.36 (KHTML, like Gecko) Chrome/111.0.0.0 Safari/537.36 OPR/97.0.0.0"
80.90.191.12 - - [03/Feb/2025:01:15:56 +0300] "GET /zddg6h/index/index.php HTTP/1.0" 200 166 "-" "Mozilla/5.0 (Windows NT 10.0; Win64; x64) AppleWebKit/537.36 (KHTML, like Gecko) Chrome/111.0.0.0 Safari/537.36 OPR/97.0.0.0"
80.90.191.12 - - [03/Feb/2025:01:15:57 +0300] "GET /zddg6h/index/index.php HTTP/1.0" 200 166 "-" "Mozilla/5.0 (Windows NT 10.0; Win64; x64) AppleWebKit/537.36 (KHTML, like Gecko) Chrome/111.0.0.0 Safari/537.36 OPR/97.0.0.0"
80.90.191.12 - - [03/Feb/2025:01:15:58 +0300] "GET /zddg6h/index/index.php HTTP/1.0" 200 166 "-" "Mozilla/5.0 (Windows NT 10.0; Win64; x64) AppleWebKit/537.36 (KHTML, like Gecko) Chrome/111.0.0.0 Safari/537.36 OPR/97.0.0.0"
80.90.191.12 - - [03/Feb/2025:01:15:59 +0300] "GET /zddg6h/index/index.php HTTP/1.0" 200 166 "-" "Mozilla/5.0 (Windows NT 10.0; Win64; x64) AppleWebKit/537.36 (KHTML, like Gecko) Chrome/111.0.0.0 Safari/537.36 OPR/97.0.0.0"
80.90.191.12 - - [03/Feb/2025:01:16:00 +0300] "GET /zddg6h/index/index.php HTTP/1.0" 200 166 "-" "Mozilla/5.0 (Windows NT 10.0; Win64; x64) AppleWebKit/537.36 (KHTML, like Gecko) Chrome/111.0.0.0 Safari/537.36 OPR/97.0.0.0"
80.90.191.12 - - [03/Feb/2025:01:16:01 +0300] "GET /zddg6h/index/index.php HTTP/1.0" 200 166 "-" "Mozilla/5.0 (Windows NT 10.0; Win64; x64) AppleWebKit/537.36 (KHTML, like Gecko) Chrome/111.0.0.0 Safari/537.36 OPR/97.0.0.0"
80.90.191.12 - - [03/Feb/2025:01:16:02 +0300] "GET /zddg6h/index/index.php HTTP/1.0" 200 166 "-" "Mozilla/5.0 (Windows NT 10.0; Win64; x64) AppleWebKit/537.36 (KHTML, like Gecko) Chrome/111.0.0.0 Safari/537.36 OPR/97.0.0.0"
80.90.191.12 - - [03/Feb/2025:01:16:03 +0300] "GET /zddg6h/index/index.php HTTP/1.0" 200 166 "-" "Mozilla/5.0 (Windows NT 10.0; Win64; x64) AppleWebKit/537.36 (KHTML, like Gecko) Chrome/111.0.0.0 Safari/537.36 OPR/97.0.0.0"
80.90.191.12 - - [03/Feb/2025:01:16:04 +0300] "GET /zddg6h/index/index.php HTTP/1.0" 200 166 "-" "Mozilla/5.0 (Windows NT 10.0; Win64; x64) AppleWebKit/537.36 (KHTML, like Gecko) Chrome/111.0.0.0 Safari/537.36 OPR/97.0.0.0"
80.90.191.12 - - [03/Feb/2025:01:16:05 +0300] "GET /zddg6h/index/index.php HTTP/1.0" 200 166 "-" "Mozilla/5.0 (Windows NT 10.0; Win64; x64) AppleWebKit/537.36 (KHTML, like Gecko) Chrome/111.0.0.0 Safari/537.36 OPR/97.0.0.0"
80.90.191.12 - - [03/Feb/2025:01:16:06 +0300] "GET /zddg6h/index/index.php HTTP/1.0" 200 166 "-" "Mozilla/5.0 (Windows NT 10.0; Win64; x64) AppleWebKit/537.36 (KHTML, like Gecko) Chrome/111.0.0.0 Safari/537.36 OPR/97.0.0.0"
80.90.191.12 - - [03/Feb/2025:01:16:07 +0300] "GET /zddg6h/index/index.php HTTP/1.0" 200 166 "-" "Mozilla/5.0 (Windows NT 10.0; Win64; x64) AppleWebKit/537.36 (KHTML, like Gecko) Chrome/111.0.0.0 Safari/537.36 OPR/97.0.0.0"
80.90.191.12 - - [03/Feb/2025:01:16:08 +0300] "GET /zddg6h/index/index.php HTTP/1.0" 200 166 "-" "Mozilla/5.0 (Windows NT 10.0; Win64; x64) AppleWebKit/537.36 (KHTML, like Gecko) Chrome/111.0.0.0 Safari/537.36 OPR/97.0.0.0"
80.90.191.12 - - [03/Feb/2025:01:16:09 +0300] "GET /zddg6h/index/index.php HTTP/1.0" 200 166 "-" "Mozilla/5.0 (Windows NT 10.0; Win64; x64) AppleWebKit/537.36 (KHTML, like Gecko) Chrome/111.0.0.0 Safari/537.36 OPR/97.0.0.0"
80.90.191.12 - - [03/Feb/2025:01:16:10 +0300] "GET /zddg6h/index/index.php HTTP/1.0" 200 166 "-" "Mozilla/5.0 (Windows NT 10.0; Win64; x64) AppleWebKit/537.36 (KHTML, like Gecko) Chrome/111.0.0.0 Safari/537.36 OPR/97.0.0.0"
80.90.191.12 - - [03/Feb/2025:01:16:11 +0300] "GET /zddg6h/index/index.php HTTP/1.0" 200 166 "-" "Mozilla/5.0 (Windows NT 10.0; Win64; x64) AppleWebKit/537.36 (KHTML, like Gecko) Chrome/111.0.0.0 Safari/537.36 OPR/97.0.0.0"
80.90.191.12 - - [03/Feb/2025:01:16:12 +0300] "GET /zddg6h/index/index.php HTTP/1.0" 200 166 "-" "Mozilla/5.0 (Windows NT 10.0; Win64; x64) AppleWebKit/537.36 (KHTML, like Gecko) Chrome/111.0.0.0 Safari/537.36 OPR/97.0.0.0"
80.90.191.12 - - [03/Feb/2025:01:16:13 +0300] "GET /zddg6h/index/index.php HTTP/1.0" 200 166 "-" "Mozilla/5.0 (Windows NT 10.0; Win64; x64) AppleWebKit/537.36 (KHTML, like Gecko) Chrome/111.0.0.0 Safari/537.36 OPR/97.0.0.0"
80.90.191.12 - - [03/Feb/2025:01:16:14 +0300] "GET /zddg6h/index/index.php HTTP/1.0" 200 166 "-" "Mozilla/5.0 (Windows NT 10.0; Win64; x64) AppleWebKit/537.36 (KHTML, like Gecko) Chrome/111.0.0.0 Safari/537.36 OPR/97.0.0.0"
80.90.191.12 - - [03/Feb/2025:01:16:15 +0300] "GET /zddg6h/index/index.php HTTP/1.0" 200 166 "-" "Mozilla/5.0 (Windows NT 10.0; Win64; x64) AppleWebKit/537.36 (KHTML, like Gecko) Chrome/111.0.0.0 Safari/537.36 OPR/97.0.0.0"
80.90.191.12 - - [03/Feb/2025:01:16:16 +0300] "GET /zddg6h/index/index.php HTTP/1.0" 200 166 "-" "Mozilla/5.0 (Windows NT 10.0; Win64; x64) AppleWebKit/537.36 (KHTML, like Gecko) Chrome/111.0.0.0 Safari/537.36 OPR/97.0.0.0"
80.90.191.12 - - [03/Feb/2025:01:16:17 +0300] "GET /zddg6h/index/index.php HTTP/1.0" 200 166 "-" "Mozilla/5.0 (Windows NT 10.0; Win64; x64) AppleWebKit/537.36 (KHTML, like Gecko) Chrome/111.0.0.0 Safari/537.36 OPR/97.0.0.0"
80.90.191.12 - - [03/Feb/2025:01:16:18 +0300] "GET /zddg6h/index/index.php HTTP/1.0" 200 166 "-" "Mozilla/5.0 (Windows NT 10.0; Win64; x64) AppleWebKit/537.36 (KHTML, like Gecko) Chrome/111.0.0.0 Safari/537.36 OPR/97.0.0.0"
80.90.191.12 - - [03/Feb/2025:01:16:19 +0300] "GET /zddg6h/index/index.php HTTP/1.0" 200 166 "-" "Mozilla/5.0 (Windows NT 10.0; Win64; x64) AppleWebKit/537.36 (KHTML, like Gecko) Chrome/111.0.0.0 Safari/537.36 OPR/97.0.0.0"
80.90.191.12 - - [03/Feb/2025:01:16:20 +0300] "GET /zddg6h/index/index.php HTTP/1.0" 200 166 "-" "Mozilla/5.0 (Windows NT 10.0; Win64; x64) AppleWebKit/537.36 (KHTML, like Gecko) Chrome/111.0.0.0 Safari/537.36 OPR/97.0.0.0"
80.90.191.12 - - [03/Feb/2025:01:16:21 +0300] "GET /zddg6h/index/index.php HTTP/1.0" 200 166 "-" "Mozilla/5.0 (Windows NT 10.0; Win64; x64) AppleWebKit/537.36 (KHTML, like Gecko) Chrome/111.0.0.0 Safari/537.36 OPR/97.0.0.0"
80.90.191.12 - - [03/Feb/2025:01:16:22 +0300] "GET /zddg6h/index/index.php HTTP/1.0" 200 166 "-" "Mozilla/5.0 (Windows NT 10.0; Win64; x64) AppleWebKit/537.36 (KHTML, like Gecko) Chrome/111.0.0.0 Safari/537.36 OPR/97.0.0.0"
80.90.191.12 - - [03/Feb/2025:01:16:23 +0300] "GET /zddg6h/index/index.php HTTP/1.0" 200 166 "-" "Mozilla/5.0 (Windows NT 10.0; Win64; x64) AppleWebKit/537.36 (KHTML, like Gecko) Chrome/111.0.0.0 Safari/537.36 OPR/97.0.0.0"
80.90.191.12 - - [03/Feb/2025:01:16:24 +0300] "GET /zddg6h/index/index.php HTTP/1.0" 200 166 "-" "Mozilla/5.0 (Windows NT 10.0; Win64; x64) AppleWebKit/537.36 (KHTML, like Gecko) Chrome/111.0.0.0 Safari/537.36 OPR/97.0.0.0"
80.90.191.12 - - [03/Feb/2025:01:16:26 +0300] "GET /zddg6h/index/index.php HTTP/1.0" 200 166 "-" "Mozilla/5.0 (Windows NT 10.0; Win64; x64) AppleWebKit/537.36 (KHTML, like Gecko) Chrome/111.0.0.0 Safari/537.36 OPR/97.0.0.0"
80.90.191.12 - - [03/Feb/2025:01:16:27 +0300] "GET /zddg6h/index/index.php HTTP/1.0" 200 166 "-" "Mozilla/5.0 (Windows NT 10.0; Win64; x64) AppleWebKit/537.36 (KHTML, like Gecko) Chrome/111.0.0.0 Safari/537.36 OPR/97.0.0.0"
185.191.171.15 - - [03/Feb/2025:01:16:38 +0300] "GET /140151593.htm HTTP/1.0" 200 1171 "-" "Mozilla/5.0 (compatible; SemrushBot/7~bl; +http://www.semrush.com/bot.html)"
80.90.191.12 - - [03/Feb/2025:01:16:28 +0300] "GET /zddg6h/index/index.php HTTP/1.0" 200 166 "-" "Mozilla/5.0 (Windows NT 10.0; Win64; x64) AppleWebKit/537.36 (KHTML, like Gecko) Chrome/111.0.0.0 Safari/537.36 OPR/97.0.0.0"
80.90.191.12 - - [03/Feb/2025:01:16:29 +0300] "GET /zddg6h/index/index.php HTTP/1.0" 200 166 "-" "Mozilla/5.0 (Windows NT 10.0; Win64; x64) AppleWebKit/537.36 (KHTML, like Gecko) Chrome/111.0.0.0 Safari/537.36 OPR/97.0.0.0"
80.90.191.12 - - [03/Feb/2025:01:16:30 +0300] "GET /zddg6h/index/index.php HTTP/1.0" 200 166 "-" "Mozilla/5.0 (Windows NT 10.0; Win64; x64) AppleWebKit/537.36 (KHTML, like Gecko) Chrome/111.0.0.0 Safari/537.36 OPR/97.0.0.0"
80.90.191.12 - - [03/Feb/2025:01:16:31 +0300] "GET /zddg6h/index/index.php HTTP/1.0" 200 166 "-" "Mozilla/5.0 (Windows NT 10.0; Win64; x64) AppleWebKit/537.36 (KHTML, like Gecko) Chrome/111.0.0.0 Safari/537.36 OPR/97.0.0.0"
80.90.191.12 - - [03/Feb/2025:01:16:32 +0300] "GET /zddg6h/index/index.php HTTP/1.0" 200 166 "-" "Mozilla/5.0 (Windows NT 10.0; Win64; x64) AppleWebKit/537.36 (KHTML, like Gecko) Chrome/111.0.0.0 Safari/537.36 OPR/97.0.0.0"
80.90.191.12 - - [03/Feb/2025:01:16:33 +0300] "GET /zddg6h/index/index.php HTTP/1.0" 200 166 "-" "Mozilla/5.0 (Windows NT 10.0; Win64; x64) AppleWebKit/537.36 (KHTML, like Gecko) Chrome/111.0.0.0 Safari/537.36 OPR/97.0.0.0"
80.90.191.12 - - [03/Feb/2025:01:16:34 +0300] "GET /zddg6h/index/index.php HTTP/1.0" 200 166 "-" "Mozilla/5.0 (Windows NT 10.0; Win64; x64) AppleWebKit/537.36 (KHTML, like Gecko) Chrome/111.0.0.0 Safari/537.36 OPR/97.0.0.0"
80.90.191.12 - - [03/Feb/2025:01:16:35 +0300] "GET /zddg6h/index/index.php HTTP/1.0" 200 166 "-" "Mozilla/5.0 (Windows NT 10.0; Win64; x64) AppleWebKit/537.36 (KHTML, like Gecko) Chrome/111.0.0.0 Safari/537.36 OPR/97.0.0.0"
80.90.191.12 - - [03/Feb/2025:01:16:36 +0300] "GET /zddg6h/index/index.php HTTP/1.0" 200 166 "-" "Mozilla/5.0 (Windows NT 10.0; Win64; x64) AppleWebKit/537.36 (KHTML, like Gecko) Chrome/111.0.0.0 Safari/537.36 OPR/97.0.0.0"
80.90.191.12 - - [03/Feb/2025:01:16:37 +0300] "GET /zddg6h/index/index.php HTTP/1.0" 200 166 "-" "Mozilla/5.0 (Windows NT 10.0; Win64; x64) AppleWebKit/537.36 (KHTML, like Gecko) Chrome/111.0.0.0 Safari/537.36 OPR/97.0.0.0"
80.90.191.12 - - [03/Feb/2025:01:16:38 +0300] "GET /zddg6h/index/index.php HTTP/1.0" 200 166 "-" "Mozilla/5.0 (Windows NT 10.0; Win64; x64) AppleWebKit/537.36 (KHTML, like Gecko) Chrome/111.0.0.0 Safari/537.36 OPR/97.0.0.0"
80.90.191.12 - - [03/Feb/2025:01:16:39 +0300] "GET /zddg6h/index/index.php HTTP/1.0" 200 166 "-" "Mozilla/5.0 (Windows NT 10.0; Win64; x64) AppleWebKit/537.36 (KHTML, like Gecko) Chrome/111.0.0.0 Safari/537.36 OPR/97.0.0.0"
80.90.191.12 - - [03/Feb/2025:01:16:40 +0300] "GET /zddg6h/index/index.php HTTP/1.0" 200 166 "-" "Mozilla/5.0 (Windows NT 10.0; Win64; x64) AppleWebKit/537.36 (KHTML, like Gecko) Chrome/111.0.0.0 Safari/537.36 OPR/97.0.0.0"
80.90.191.12 - - [03/Feb/2025:01:16:41 +0300] "GET /zddg6h/index/index.php HTTP/1.0" 200 166 "-" "Mozilla/5.0 (Windows NT 10.0; Win64; x64) AppleWebKit/537.36 (KHTML, like Gecko) Chrome/111.0.0.0 Safari/537.36 OPR/97.0.0.0"
80.90.191.12 - - [03/Feb/2025:01:16:42 +0300] "GET /zddg6h/index/index.php HTTP/1.0" 200 166 "-" "Mozilla/5.0 (Windows NT 10.0; Win64; x64) AppleWebKit/537.36 (KHTML, like Gecko) Chrome/111.0.0.0 Safari/537.36 OPR/97.0.0.0"
80.90.191.12 - - [03/Feb/2025:01:16:43 +0300] "GET /zddg6h/index/index.php HTTP/1.0" 200 166 "-" "Mozilla/5.0 (Windows NT 10.0; Win64; x64) AppleWebKit/537.36 (KHTML, like Gecko) Chrome/111.0.0.0 Safari/537.36 OPR/97.0.0.0"
80.90.191.12 - - [03/Feb/2025:01:16:44 +0300] "GET /zddg6h/index/index.php HTTP/1.0" 200 166 "-" "Mozilla/5.0 (Windows NT 10.0; Win64; x64) AppleWebKit/537.36 (KHTML, like Gecko) Chrome/111.0.0.0 Safari/537.36 OPR/97.0.0.0"
80.90.191.12 - - [03/Feb/2025:01:16:45 +0300] "GET /zddg6h/index/index.php HTTP/1.0" 200 166 "-" "Mozilla/5.0 (Windows NT 10.0; Win64; x64) AppleWebKit/537.36 (KHTML, like Gecko) Chrome/111.0.0.0 Safari/537.36 OPR/97.0.0.0"
85.208.96.201 - - [03/Feb/2025:01:16:56 +0300] "GET /133355951.htm HTTP/1.0" 200 1171 "-" "Mozilla/5.0 (compatible; SemrushBot/7~bl; +http://www.semrush.com/bot.html)"
80.90.191.12 - - [03/Feb/2025:01:16:46 +0300] "GET /zddg6h/index/index.php HTTP/1.0" 200 166 "-" "Mozilla/5.0 (Windows NT 10.0; Win64; x64) AppleWebKit/537.36 (KHTML, like Gecko) Chrome/111.0.0.0 Safari/537.36 OPR/97.0.0.0"
80.90.191.12 - - [03/Feb/2025:01:16:47 +0300] "GET /zddg6h/index/index.php HTTP/1.0" 200 166 "-" "Mozilla/5.0 (Windows NT 10.0; Win64; x64) AppleWebKit/537.36 (KHTML, like Gecko) Chrome/111.0.0.0 Safari/537.36 OPR/97.0.0.0"
185.191.171.5 - - [03/Feb/2025:01:16:59 +0300] "GET /120960137.htm HTTP/1.0" 200 1171 "-" "Mozilla/5.0 (compatible; SemrushBot/7~bl; +http://www.semrush.com/bot.html)"
80.90.191.12 - - [03/Feb/2025:01:16:48 +0300] "GET /zddg6h/index/index.php HTTP/1.0" 200 166 "-" "Mozilla/5.0 (Windows NT 10.0; Win64; x64) AppleWebKit/537.36 (KHTML, like Gecko) Chrome/111.0.0.0 Safari/537.36 OPR/97.0.0.0"
80.90.191.12 - - [03/Feb/2025:01:16:49 +0300] "GET /zddg6h/index/index.php HTTP/1.0" 200 166 "-" "Mozilla/5.0 (Windows NT 10.0; Win64; x64) AppleWebKit/537.36 (KHTML, like Gecko) Chrome/111.0.0.0 Safari/537.36 OPR/97.0.0.0"
80.90.191.12 - - [03/Feb/2025:01:16:50 +0300] "GET /zddg6h/index/index.php HTTP/1.0" 200 166 "-" "Mozilla/5.0 (Windows NT 10.0; Win64; x64) AppleWebKit/537.36 (KHTML, like Gecko) Chrome/111.0.0.0 Safari/537.36 OPR/97.0.0.0"
80.90.191.12 - - [03/Feb/2025:01:16:51 +0300] "GET /zddg6h/index/index.php HTTP/1.0" 200 166 "-" "Mozilla/5.0 (Windows NT 10.0; Win64; x64) AppleWebKit/537.36 (KHTML, like Gecko) Chrome/111.0.0.0 Safari/537.36 OPR/97.0.0.0"
80.90.191.12 - - [03/Feb/2025:01:16:52 +0300] "GET /zddg6h/index/index.php HTTP/1.0" 200 166 "-" "Mozilla/5.0 (Windows NT 10.0; Win64; x64) AppleWebKit/537.36 (KHTML, like Gecko) Chrome/111.0.0.0 Safari/537.36 OPR/97.0.0.0"
80.90.191.12 - - [03/Feb/2025:01:16:53 +0300] "GET /zddg6h/index/index.php HTTP/1.0" 200 166 "-" "Mozilla/5.0 (Windows NT 10.0; Win64; x64) AppleWebKit/537.36 (KHTML, like Gecko) Chrome/111.0.0.0 Safari/537.36 OPR/97.0.0.0"
80.90.191.12 - - [03/Feb/2025:01:16:54 +0300] "GET /zddg6h/index/index.php HTTP/1.0" 200 166 "-" "Mozilla/5.0 (Windows NT 10.0; Win64; x64) AppleWebKit/537.36 (KHTML, like Gecko) Chrome/111.0.0.0 Safari/537.36 OPR/97.0.0.0"
80.90.191.12 - - [03/Feb/2025:01:16:55 +0300] "GET /zddg6h/index/index.php HTTP/1.0" 200 166 "-" "Mozilla/5.0 (Windows NT 10.0; Win64; x64) AppleWebKit/537.36 (KHTML, like Gecko) Chrome/111.0.0.0 Safari/537.36 OPR/97.0.0.0"
80.90.191.12 - - [03/Feb/2025:01:16:56 +0300] "GET /zddg6h/index/index.php HTTP/1.0" 200 166 "-" "Mozilla/5.0 (Windows NT 10.0; Win64; x64) AppleWebKit/537.36 (KHTML, like Gecko) Chrome/111.0.0.0 Safari/537.36 OPR/97.0.0.0"
80.90.191.12 - - [03/Feb/2025:01:16:57 +0300] "GET /zddg6h/index/index.php HTTP/1.0" 200 166 "-" "Mozilla/5.0 (Windows NT 10.0; Win64; x64) AppleWebKit/537.36 (KHTML, like Gecko) Chrome/111.0.0.0 Safari/537.36 OPR/97.0.0.0"
80.90.191.12 - - [03/Feb/2025:01:16:58 +0300] "GET /zddg6h/index/index.php HTTP/1.0" 200 166 "-" "Mozilla/5.0 (Windows NT 10.0; Win64; x64) AppleWebKit/537.36 (KHTML, like Gecko) Chrome/111.0.0.0 Safari/537.36 OPR/97.0.0.0"
80.90.191.12 - - [03/Feb/2025:01:16:59 +0300] "GET /zddg6h/index/index.php HTTP/1.0" 200 166 "-" "Mozilla/5.0 (Windows NT 10.0; Win64; x64) AppleWebKit/537.36 (KHTML, like Gecko) Chrome/111.0.0.0 Safari/537.36 OPR/97.0.0.0"
80.90.191.12 - - [03/Feb/2025:01:17:00 +0300] "GET /zddg6h/index/index.php HTTP/1.0" 200 166 "-" "Mozilla/5.0 (Windows NT 10.0; Win64; x64) AppleWebKit/537.36 (KHTML, like Gecko) Chrome/111.0.0.0 Safari/537.36 OPR/97.0.0.0"
80.90.191.12 - - [03/Feb/2025:01:17:01 +0300] "GET /zddg6h/index/index.php HTTP/1.0" 200 166 "-" "Mozilla/5.0 (Windows NT 10.0; Win64; x64) AppleWebKit/537.36 (KHTML, like Gecko) Chrome/111.0.0.0 Safari/537.36 OPR/97.0.0.0"
80.90.191.12 - - [03/Feb/2025:01:17:02 +0300] "GET /zddg6h/index/index.php HTTP/1.0" 200 166 "-" "Mozilla/5.0 (Windows NT 10.0; Win64; x64) AppleWebKit/537.36 (KHTML, like Gecko) Chrome/111.0.0.0 Safari/537.36 OPR/97.0.0.0"
85.208.96.201 - - [03/Feb/2025:01:17:14 +0300] "GET /j4byy4/clark-county-jail-roster.html HTTP/1.0" 200 14213 "-" "Mozilla/5.0 (compatible; SemrushBot/7~bl; +http://www.semrush.com/bot.html)"
80.90.191.12 - - [03/Feb/2025:01:17:03 +0300] "GET /zddg6h/index/index.php HTTP/1.0" 200 166 "-" "Mozilla/5.0 (Windows NT 10.0; Win64; x64) AppleWebKit/537.36 (KHTML, like Gecko) Chrome/111.0.0.0 Safari/537.36 OPR/97.0.0.0"
80.90.191.12 - - [03/Feb/2025:01:17:04 +0300] "GET /zddg6h/index/index.php HTTP/1.0" 200 166 "-" "Mozilla/5.0 (Windows NT 10.0; Win64; x64) AppleWebKit/537.36 (KHTML, like Gecko) Chrome/111.0.0.0 Safari/537.36 OPR/97.0.0.0"
80.90.191.12 - - [03/Feb/2025:01:17:05 +0300] "GET /zddg6h/index/index.php HTTP/1.0" 200 166 "-" "Mozilla/5.0 (Windows NT 10.0; Win64; x64) AppleWebKit/537.36 (KHTML, like Gecko) Chrome/111.0.0.0 Safari/537.36 OPR/97.0.0.0"
185.191.171.15 - - [03/Feb/2025:01:17:16 +0300] "GET /127025769.htm HTTP/1.0" 200 1171 "-" "Mozilla/5.0 (compatible; SemrushBot/7~bl; +http://www.semrush.com/bot.html)"
80.90.191.12 - - [03/Feb/2025:01:17:06 +0300] "GET /zddg6h/index/index.php HTTP/1.0" 200 166 "-" "Mozilla/5.0 (Windows NT 10.0; Win64; x64) AppleWebKit/537.36 (KHTML, like Gecko) Chrome/111.0.0.0 Safari/537.36 OPR/97.0.0.0"
80.90.191.12 - - [03/Feb/2025:01:17:07 +0300] "GET /zddg6h/index/index.php HTTP/1.0" 200 166 "-" "Mozilla/5.0 (Windows NT 10.0; Win64; x64) AppleWebKit/537.36 (KHTML, like Gecko) Chrome/111.0.0.0 Safari/537.36 OPR/97.0.0.0"
80.90.191.12 - - [03/Feb/2025:01:17:08 +0300] "GET /zddg6h/index/index.php HTTP/1.0" 200 166 "-" "Mozilla/5.0 (Windows NT 10.0; Win64; x64) AppleWebKit/537.36 (KHTML, like Gecko) Chrome/111.0.0.0 Safari/537.36 OPR/97.0.0.0"
80.90.191.12 - - [03/Feb/2025:01:17:09 +0300] "GET /zddg6h/index/index.php HTTP/1.0" 200 166 "-" "Mozilla/5.0 (Windows NT 10.0; Win64; x64) AppleWebKit/537.36 (KHTML, like Gecko) Chrome/111.0.0.0 Safari/537.36 OPR/97.0.0.0"
80.90.191.12 - - [03/Feb/2025:01:17:10 +0300] "GET /zddg6h/index/index.php HTTP/1.0" 200 166 "-" "Mozilla/5.0 (Windows NT 10.0; Win64; x64) AppleWebKit/537.36 (KHTML, like Gecko) Chrome/111.0.0.0 Safari/537.36 OPR/97.0.0.0"
185.191.171.15 - - [03/Feb/2025:01:17:21 +0300] "GET /124896789.htm HTTP/1.0" 200 1171 "-" "Mozilla/5.0 (compatible; SemrushBot/7~bl; +http://www.semrush.com/bot.html)"
80.90.191.12 - - [03/Feb/2025:01:17:11 +0300] "GET /zddg6h/index/index.php HTTP/1.0" 200 166 "-" "Mozilla/5.0 (Windows NT 10.0; Win64; x64) AppleWebKit/537.36 (KHTML, like Gecko) Chrome/111.0.0.0 Safari/537.36 OPR/97.0.0.0"
80.90.191.12 - - [03/Feb/2025:01:17:12 +0300] "GET /zddg6h/index/index.php HTTP/1.0" 200 166 "-" "Mozilla/5.0 (Windows NT 10.0; Win64; x64) AppleWebKit/537.36 (KHTML, like Gecko) Chrome/111.0.0.0 Safari/537.36 OPR/97.0.0.0"
80.90.191.12 - - [03/Feb/2025:01:17:13 +0300] "GET /zddg6h/index/index.php HTTP/1.0" 200 166 "-" "Mozilla/5.0 (Windows NT 10.0; Win64; x64) AppleWebKit/537.36 (KHTML, like Gecko) Chrome/111.0.0.0 Safari/537.36 OPR/97.0.0.0"
80.90.191.12 - - [03/Feb/2025:01:17:14 +0300] "GET /zddg6h/index/index.php HTTP/1.0" 200 166 "-" "Mozilla/5.0 (Windows NT 10.0; Win64; x64) AppleWebKit/537.36 (KHTML, like Gecko) Chrome/111.0.0.0 Safari/537.36 OPR/97.0.0.0"
80.90.191.12 - - [03/Feb/2025:01:17:15 +0300] "GET /zddg6h/index/index.php HTTP/1.0" 200 166 "-" "Mozilla/5.0 (Windows NT 10.0; Win64; x64) AppleWebKit/537.36 (KHTML, like Gecko) Chrome/111.0.0.0 Safari/537.36 OPR/97.0.0.0"
80.90.191.12 - - [03/Feb/2025:01:17:16 +0300] "GET /zddg6h/index/index.php HTTP/1.0" 200 166 "-" "Mozilla/5.0 (Windows NT 10.0; Win64; x64) AppleWebKit/537.36 (KHTML, like Gecko) Chrome/111.0.0.0 Safari/537.36 OPR/97.0.0.0"
80.90.191.12 - - [03/Feb/2025:01:17:17 +0300] "GET /zddg6h/index/index.php HTTP/1.0" 200 166 "-" "Mozilla/5.0 (Windows NT 10.0; Win64; x64) AppleWebKit/537.36 (KHTML, like Gecko) Chrome/111.0.0.0 Safari/537.36 OPR/97.0.0.0"
85.208.96.197 - - [03/Feb/2025:01:17:29 +0300] "GET /robots.txt HTTP/1.0" 200 454 "-" "Mozilla/5.0 (compatible; SemrushBot/7~bl; +http://www.semrush.com/bot.html)"
80.90.191.12 - - [03/Feb/2025:01:17:18 +0300] "GET /zddg6h/index/index.php HTTP/1.0" 200 166 "-" "Mozilla/5.0 (Windows NT 10.0; Win64; x64) AppleWebKit/537.36 (KHTML, like Gecko) Chrome/111.0.0.0 Safari/537.36 OPR/97.0.0.0"
85.208.96.193 - - [03/Feb/2025:01:17:30 +0300] "GET /hnavk/jennifer-connelly-ass-to-ass.html HTTP/1.0" 200 12522 "-" "Mozilla/5.0 (compatible; SemrushBot/7~bl; +http://www.semrush.com/bot.html)"
80.90.191.12 - - [03/Feb/2025:01:17:19 +0300] "GET /zddg6h/index/index.php HTTP/1.0" 200 166 "-" "Mozilla/5.0 (Windows NT 10.0; Win64; x64) AppleWebKit/537.36 (KHTML, like Gecko) Chrome/111.0.0.0 Safari/537.36 OPR/97.0.0.0"
80.90.191.12 - - [03/Feb/2025:01:17:21 +0300] "GET /zddg6h/index/index.php HTTP/1.0" 200 166 "-" "Mozilla/5.0 (Windows NT 10.0; Win64; x64) AppleWebKit/537.36 (KHTML, like Gecko) Chrome/111.0.0.0 Safari/537.36 OPR/97.0.0.0"
80.90.191.12 - - [03/Feb/2025:01:17:22 +0300] "GET /zddg6h/index/index.php HTTP/1.0" 200 166 "-" "Mozilla/5.0 (Windows NT 10.0; Win64; x64) AppleWebKit/537.36 (KHTML, like Gecko) Chrome/111.0.0.0 Safari/537.36 OPR/97.0.0.0"
80.90.191.12 - - [03/Feb/2025:01:17:23 +0300] "GET /zddg6h/index/index.php HTTP/1.0" 200 166 "-" "Mozilla/5.0 (Windows NT 10.0; Win64; x64) AppleWebKit/537.36 (KHTML, like Gecko) Chrome/111.0.0.0 Safari/537.36 OPR/97.0.0.0"
80.90.191.12 - - [03/Feb/2025:01:17:24 +0300] "GET /zddg6h/index/index.php HTTP/1.0" 200 166 "-" "Mozilla/5.0 (Windows NT 10.0; Win64; x64) AppleWebKit/537.36 (KHTML, like Gecko) Chrome/111.0.0.0 Safari/537.36 OPR/97.0.0.0"
80.90.191.12 - - [03/Feb/2025:01:17:25 +0300] "GET /zddg6h/index/index.php HTTP/1.0" 200 166 "-" "Mozilla/5.0 (Windows NT 10.0; Win64; x64) AppleWebKit/537.36 (KHTML, like Gecko) Chrome/111.0.0.0 Safari/537.36 OPR/97.0.0.0"
80.90.191.12 - - [03/Feb/2025:01:17:26 +0300] "GET /zddg6h/index/index.php HTTP/1.0" 200 166 "-" "Mozilla/5.0 (Windows NT 10.0; Win64; x64) AppleWebKit/537.36 (KHTML, like Gecko) Chrome/111.0.0.0 Safari/537.36 OPR/97.0.0.0"
80.90.191.12 - - [03/Feb/2025:01:17:27 +0300] "GET /zddg6h/index/index.php HTTP/1.0" 200 166 "-" "Mozilla/5.0 (Windows NT 10.0; Win64; x64) AppleWebKit/537.36 (KHTML, like Gecko) Chrome/111.0.0.0 Safari/537.36 OPR/97.0.0.0"
80.90.191.12 - - [03/Feb/2025:01:17:28 +0300] "GET /zddg6h/index/index.php HTTP/1.0" 200 166 "-" "Mozilla/5.0 (Windows NT 10.0; Win64; x64) AppleWebKit/537.36 (KHTML, like Gecko) Chrome/111.0.0.0 Safari/537.36 OPR/97.0.0.0"
80.90.191.12 - - [03/Feb/2025:01:17:29 +0300] "GET /zddg6h/index/index.php HTTP/1.0" 200 166 "-" "Mozilla/5.0 (Windows NT 10.0; Win64; x64) AppleWebKit/537.36 (KHTML, like Gecko) Chrome/111.0.0.0 Safari/537.36 OPR/97.0.0.0"
80.90.191.12 - - [03/Feb/2025:01:17:30 +0300] "GET /zddg6h/index/index.php HTTP/1.0" 200 166 "-" "Mozilla/5.0 (Windows NT 10.0; Win64; x64) AppleWebKit/537.36 (KHTML, like Gecko) Chrome/111.0.0.0 Safari/537.36 OPR/97.0.0.0"
80.90.191.12 - - [03/Feb/2025:01:17:31 +0300] "GET /zddg6h/index/index.php HTTP/1.0" 200 166 "-" "Mozilla/5.0 (Windows NT 10.0; Win64; x64) AppleWebKit/537.36 (KHTML, like Gecko) Chrome/111.0.0.0 Safari/537.36 OPR/97.0.0.0"
80.90.191.12 - - [03/Feb/2025:01:17:32 +0300] "GET /zddg6h/index/index.php HTTP/1.0" 200 166 "-" "Mozilla/5.0 (Windows NT 10.0; Win64; x64) AppleWebKit/537.36 (KHTML, like Gecko) Chrome/111.0.0.0 Safari/537.36 OPR/97.0.0.0"
85.208.96.193 - - [03/Feb/2025:01:17:43 +0300] "GET /j4byy4/doc-inmate-search-near-amravati-maharashtra.html HTTP/1.0" 200 15359 "-" "Mozilla/5.0 (compatible; SemrushBot/7~bl; +http://www.semrush.com/bot.html)"
80.90.191.12 - - [03/Feb/2025:01:17:33 +0300] "GET /zddg6h/index/index.php HTTP/1.0" 200 166 "-" "Mozilla/5.0 (Windows NT 10.0; Win64; x64) AppleWebKit/537.36 (KHTML, like Gecko) Chrome/111.0.0.0 Safari/537.36 OPR/97.0.0.0"
80.90.191.12 - - [03/Feb/2025:01:17:34 +0300] "GET /zddg6h/index/index.php HTTP/1.0" 200 166 "-" "Mozilla/5.0 (Windows NT 10.0; Win64; x64) AppleWebKit/537.36 (KHTML, like Gecko) Chrome/111.0.0.0 Safari/537.36 OPR/97.0.0.0"
80.90.191.12 - - [03/Feb/2025:01:17:35 +0300] "GET /zddg6h/index/index.php HTTP/1.0" 200 166 "-" "Mozilla/5.0 (Windows NT 10.0; Win64; x64) AppleWebKit/537.36 (KHTML, like Gecko) Chrome/111.0.0.0 Safari/537.36 OPR/97.0.0.0"
80.90.191.12 - - [03/Feb/2025:01:17:36 +0300] "GET /zddg6h/index/index.php HTTP/1.0" 200 166 "-" "Mozilla/5.0 (Windows NT 10.0; Win64; x64) AppleWebKit/537.36 (KHTML, like Gecko) Chrome/111.0.0.0 Safari/537.36 OPR/97.0.0.0"
80.90.191.12 - - [03/Feb/2025:01:17:37 +0300] "GET /zddg6h/index/index.php HTTP/1.0" 200 166 "-" "Mozilla/5.0 (Windows NT 10.0; Win64; x64) AppleWebKit/537.36 (KHTML, like Gecko) Chrome/111.0.0.0 Safari/537.36 OPR/97.0.0.0"
47.128.59.148 - - [03/Feb/2025:01:17:48 +0300] "GET /j4byy4/gmail-api-decode-body-example.html HTTP/1.0" 200 15446 "-" "Mozilla/5.0 (compatible; Bytespider; spider-feedback@bytedance.com) AppleWebKit/537.36 (KHTML, like Gecko) Chrome/70.0.0.0 Safari/537.36"
80.90.191.12 - - [03/Feb/2025:01:17:38 +0300] "GET /zddg6h/index/index.php HTTP/1.0" 200 166 "-" "Mozilla/5.0 (Windows NT 10.0; Win64; x64) AppleWebKit/537.36 (KHTML, like Gecko) Chrome/111.0.0.0 Safari/537.36 OPR/97.0.0.0"
80.90.191.12 - - [03/Feb/2025:01:17:39 +0300] "GET /zddg6h/index/index.php HTTP/1.0" 200 166 "-" "Mozilla/5.0 (Windows NT 10.0; Win64; x64) AppleWebKit/537.36 (KHTML, like Gecko) Chrome/111.0.0.0 Safari/537.36 OPR/97.0.0.0"
80.90.191.12 - - [03/Feb/2025:01:17:40 +0300] "GET /zddg6h/index/index.php HTTP/1.0" 200 166 "-" "Mozilla/5.0 (Windows NT 10.0; Win64; x64) AppleWebKit/537.36 (KHTML, like Gecko) Chrome/111.0.0.0 Safari/537.36 OPR/97.0.0.0"
80.90.191.12 - - [03/Feb/2025:01:17:41 +0300] "GET /zddg6h/index/index.php HTTP/1.0" 200 166 "-" "Mozilla/5.0 (Windows NT 10.0; Win64; x64) AppleWebKit/537.36 (KHTML, like Gecko) Chrome/111.0.0.0 Safari/537.36 OPR/97.0.0.0"
80.90.191.12 - - [03/Feb/2025:01:17:42 +0300] "GET /zddg6h/index/index.php HTTP/1.0" 200 166 "-" "Mozilla/5.0 (Windows NT 10.0; Win64; x64) AppleWebKit/537.36 (KHTML, like Gecko) Chrome/111.0.0.0 Safari/537.36 OPR/97.0.0.0"
85.208.96.211 - - [03/Feb/2025:01:17:53 +0300] "GET /179883673.htm HTTP/1.0" 200 1171 "-" "Mozilla/5.0 (compatible; SemrushBot/7~bl; +http://www.semrush.com/bot.html)"
80.90.191.12 - - [03/Feb/2025:01:17:43 +0300] "GET /zddg6h/index/index.php HTTP/1.0" 200 166 "-" "Mozilla/5.0 (Windows NT 10.0; Win64; x64) AppleWebKit/537.36 (KHTML, like Gecko) Chrome/111.0.0.0 Safari/537.36 OPR/97.0.0.0"
80.90.191.12 - - [03/Feb/2025:01:17:44 +0300] "GET /zddg6h/index/index.php HTTP/1.0" 200 166 "-" "Mozilla/5.0 (Windows NT 10.0; Win64; x64) AppleWebKit/537.36 (KHTML, like Gecko) Chrome/111.0.0.0 Safari/537.36 OPR/97.0.0.0"
80.90.191.12 - - [03/Feb/2025:01:17:45 +0300] "GET /zddg6h/index/index.php HTTP/1.0" 200 166 "-" "Mozilla/5.0 (Windows NT 10.0; Win64; x64) AppleWebKit/537.36 (KHTML, like Gecko) Chrome/111.0.0.0 Safari/537.36 OPR/97.0.0.0"
80.90.191.12 - - [03/Feb/2025:01:17:46 +0300] "GET /zddg6h/index/index.php HTTP/1.0" 200 166 "-" "Mozilla/5.0 (Windows NT 10.0; Win64; x64) AppleWebKit/537.36 (KHTML, like Gecko) Chrome/111.0.0.0 Safari/537.36 OPR/97.0.0.0"
80.90.191.12 - - [03/Feb/2025:01:17:47 +0300] "GET /zddg6h/index/index.php HTTP/1.0" 200 166 "-" "Mozilla/5.0 (Windows NT 10.0; Win64; x64) AppleWebKit/537.36 (KHTML, like Gecko) Chrome/111.0.0.0 Safari/537.36 OPR/97.0.0.0"
185.191.171.4 - - [03/Feb/2025:01:17:58 +0300] "GET /jtxvlr/miyota-9015-accuracy.html HTTP/1.0" 200 17689 "-" "Mozilla/5.0 (compatible; SemrushBot/7~bl; +http://www.semrush.com/bot.html)"
80.90.191.12 - - [03/Feb/2025:01:17:48 +0300] "GET /zddg6h/index/index.php HTTP/1.0" 200 166 "-" "Mozilla/5.0 (Windows NT 10.0; Win64; x64) AppleWebKit/537.36 (KHTML, like Gecko) Chrome/111.0.0.0 Safari/537.36 OPR/97.0.0.0"
80.90.191.12 - - [03/Feb/2025:01:17:49 +0300] "GET /zddg6h/index/index.php HTTP/1.0" 200 166 "-" "Mozilla/5.0 (Windows NT 10.0; Win64; x64) AppleWebKit/537.36 (KHTML, like Gecko) Chrome/111.0.0.0 Safari/537.36 OPR/97.0.0.0"
85.208.96.200 - - [03/Feb/2025:01:18:00 +0300] "GET /100750145.htm HTTP/1.0" 200 1171 "-" "Mozilla/5.0 (compatible; SemrushBot/7~bl; +http://www.semrush.com/bot.html)"
80.90.191.12 - - [03/Feb/2025:01:17:50 +0300] "GET /zddg6h/index/index.php HTTP/1.0" 200 166 "-" "Mozilla/5.0 (Windows NT 10.0; Win64; x64) AppleWebKit/537.36 (KHTML, like Gecko) Chrome/111.0.0.0 Safari/537.36 OPR/97.0.0.0"
80.90.191.12 - - [03/Feb/2025:01:17:51 +0300] "GET /zddg6h/index/index.php HTTP/1.0" 200 166 "-" "Mozilla/5.0 (Windows NT 10.0; Win64; x64) AppleWebKit/537.36 (KHTML, like Gecko) Chrome/111.0.0.0 Safari/537.36 OPR/97.0.0.0"
185.191.171.19 - - [03/Feb/2025:01:18:02 +0300] "GET /j4byy4/oral-sex-stomach-infection.html HTTP/1.0" 200 16877 "-" "Mozilla/5.0 (compatible; SemrushBot/7~bl; +http://www.semrush.com/bot.html)"
80.90.191.12 - - [03/Feb/2025:01:17:52 +0300] "GET /zddg6h/index/index.php HTTP/1.0" 200 166 "-" "Mozilla/5.0 (Windows NT 10.0; Win64; x64) AppleWebKit/537.36 (KHTML, like Gecko) Chrome/111.0.0.0 Safari/537.36 OPR/97.0.0.0"
80.90.191.12 - - [03/Feb/2025:01:17:53 +0300] "GET /zddg6h/index/index.php HTTP/1.0" 200 166 "-" "Mozilla/5.0 (Windows NT 10.0; Win64; x64) AppleWebKit/537.36 (KHTML, like Gecko) Chrome/111.0.0.0 Safari/537.36 OPR/97.0.0.0"
80.90.191.12 - - [03/Feb/2025:01:17:54 +0300] "GET /zddg6h/index/index.php HTTP/1.0" 200 166 "-" "Mozilla/5.0 (Windows NT 10.0; Win64; x64) AppleWebKit/537.36 (KHTML, like Gecko) Chrome/111.0.0.0 Safari/537.36 OPR/97.0.0.0"
80.90.191.12 - - [03/Feb/2025:01:17:55 +0300] "GET /zddg6h/index/index.php HTTP/1.0" 200 166 "-" "Mozilla/5.0 (Windows NT 10.0; Win64; x64) AppleWebKit/537.36 (KHTML, like Gecko) Chrome/111.0.0.0 Safari/537.36 OPR/97.0.0.0"
80.90.191.12 - - [03/Feb/2025:01:17:56 +0300] "GET /zddg6h/index/index.php HTTP/1.0" 200 166 "-" "Mozilla/5.0 (Windows NT 10.0; Win64; x64) AppleWebKit/537.36 (KHTML, like Gecko) Chrome/111.0.0.0 Safari/537.36 OPR/97.0.0.0"
185.191.171.15 - - [03/Feb/2025:01:18:08 +0300] "GET /123033247.htm HTTP/1.0" 200 1171 "-" "Mozilla/5.0 (compatible; SemrushBot/7~bl; +http://www.semrush.com/bot.html)"
80.90.191.12 - - [03/Feb/2025:01:17:57 +0300] "GET /zddg6h/index/index.php HTTP/1.0" 200 166 "-" "Mozilla/5.0 (Windows NT 10.0; Win64; x64) AppleWebKit/537.36 (KHTML, like Gecko) Chrome/111.0.0.0 Safari/537.36 OPR/97.0.0.0"
80.90.191.12 - - [03/Feb/2025:01:17:58 +0300] "GET /zddg6h/index/index.php HTTP/1.0" 200 166 "-" "Mozilla/5.0 (Windows NT 10.0; Win64; x64) AppleWebKit/537.36 (KHTML, like Gecko) Chrome/111.0.0.0 Safari/537.36 OPR/97.0.0.0"
80.90.191.12 - - [03/Feb/2025:01:17:59 +0300] "GET /zddg6h/index/index.php HTTP/1.0" 200 166 "-" "Mozilla/5.0 (Windows NT 10.0; Win64; x64) AppleWebKit/537.36 (KHTML, like Gecko) Chrome/111.0.0.0 Safari/537.36 OPR/97.0.0.0"
80.90.191.12 - - [03/Feb/2025:01:18:00 +0300] "GET /zddg6h/index/index.php HTTP/1.0" 200 166 "-" "Mozilla/5.0 (Windows NT 10.0; Win64; x64) AppleWebKit/537.36 (KHTML, like Gecko) Chrome/111.0.0.0 Safari/537.36 OPR/97.0.0.0"
85.208.96.193 - - [03/Feb/2025:01:18:11 +0300] "GET /224783173.htm HTTP/1.0" 200 1171 "-" "Mozilla/5.0 (compatible; SemrushBot/7~bl; +http://www.semrush.com/bot.html)"
80.90.191.12 - - [03/Feb/2025:01:18:01 +0300] "GET /zddg6h/index/index.php HTTP/1.0" 200 166 "-" "Mozilla/5.0 (Windows NT 10.0; Win64; x64) AppleWebKit/537.36 (KHTML, like Gecko) Chrome/111.0.0.0 Safari/537.36 OPR/97.0.0.0"
80.90.191.12 - - [03/Feb/2025:01:18:02 +0300] "GET /zddg6h/index/index.php HTTP/1.0" 200 166 "-" "Mozilla/5.0 (Windows NT 10.0; Win64; x64) AppleWebKit/537.36 (KHTML, like Gecko) Chrome/111.0.0.0 Safari/537.36 OPR/97.0.0.0"
185.191.171.16 - - [03/Feb/2025:01:18:14 +0300] "GET /11667465.htm HTTP/1.0" 200 1171 "-" "Mozilla/5.0 (compatible; SemrushBot/7~bl; +http://www.semrush.com/bot.html)"
80.90.191.12 - - [03/Feb/2025:01:18:03 +0300] "GET /zddg6h/index/index.php HTTP/1.0" 200 166 "-" "Mozilla/5.0 (Windows NT 10.0; Win64; x64) AppleWebKit/537.36 (KHTML, like Gecko) Chrome/111.0.0.0 Safari/537.36 OPR/97.0.0.0"
80.90.191.12 - - [03/Feb/2025:01:18:04 +0300] "GET /zddg6h/index/index.php HTTP/1.0" 200 166 "-" "Mozilla/5.0 (Windows NT 10.0; Win64; x64) AppleWebKit/537.36 (KHTML, like Gecko) Chrome/111.0.0.0 Safari/537.36 OPR/97.0.0.0"
80.90.191.12 - - [03/Feb/2025:01:18:05 +0300] "GET /zddg6h/index/index.php HTTP/1.0" 200 166 "-" "Mozilla/5.0 (Windows NT 10.0; Win64; x64) AppleWebKit/537.36 (KHTML, like Gecko) Chrome/111.0.0.0 Safari/537.36 OPR/97.0.0.0"
80.90.191.12 - - [03/Feb/2025:01:18:06 +0300] "GET /zddg6h/index/index.php HTTP/1.0" 200 166 "-" "Mozilla/5.0 (Windows NT 10.0; Win64; x64) AppleWebKit/537.36 (KHTML, like Gecko) Chrome/111.0.0.0 Safari/537.36 OPR/97.0.0.0"
80.90.191.12 - - [03/Feb/2025:01:18:07 +0300] "GET /zddg6h/index/index.php HTTP/1.0" 200 166 "-" "Mozilla/5.0 (Windows NT 10.0; Win64; x64) AppleWebKit/537.36 (KHTML, like Gecko) Chrome/111.0.0.0 Safari/537.36 OPR/97.0.0.0"
85.208.96.206 - - [03/Feb/2025:01:18:19 +0300] "GET /178046179.htm HTTP/1.0" 200 1171 "-" "Mozilla/5.0 (compatible; SemrushBot/7~bl; +http://www.semrush.com/bot.html)"
80.90.191.12 - - [03/Feb/2025:01:18:08 +0300] "GET /zddg6h/index/index.php HTTP/1.0" 200 166 "-" "Mozilla/5.0 (Windows NT 10.0; Win64; x64) AppleWebKit/537.36 (KHTML, like Gecko) Chrome/111.0.0.0 Safari/537.36 OPR/97.0.0.0"
80.90.191.12 - - [03/Feb/2025:01:18:09 +0300] "GET /zddg6h/index/index.php HTTP/1.0" 200 166 "-" "Mozilla/5.0 (Windows NT 10.0; Win64; x64) AppleWebKit/537.36 (KHTML, like Gecko) Chrome/111.0.0.0 Safari/537.36 OPR/97.0.0.0"
80.90.191.12 - - [03/Feb/2025:01:18:10 +0300] "GET /zddg6h/index/index.php HTTP/1.0" 200 166 "-" "Mozilla/5.0 (Windows NT 10.0; Win64; x64) AppleWebKit/537.36 (KHTML, like Gecko) Chrome/111.0.0.0 Safari/537.36 OPR/97.0.0.0"
80.90.191.12 - - [03/Feb/2025:01:18:11 +0300] "GET /zddg6h/index/index.php HTTP/1.0" 200 166 "-" "Mozilla/5.0 (Windows NT 10.0; Win64; x64) AppleWebKit/537.36 (KHTML, like Gecko) Chrome/111.0.0.0 Safari/537.36 OPR/97.0.0.0"
185.191.171.10 - - [03/Feb/2025:01:18:23 +0300] "GET /j4byy4/bloomington-indiana-funeral-homes.html HTTP/1.0" 200 12828 "-" "Mozilla/5.0 (compatible; SemrushBot/7~bl; +http://www.semrush.com/bot.html)"
80.90.191.12 - - [03/Feb/2025:01:18:12 +0300] "GET /zddg6h/index/index.php HTTP/1.0" 200 166 "-" "Mozilla/5.0 (Windows NT 10.0; Win64; x64) AppleWebKit/537.36 (KHTML, like Gecko) Chrome/111.0.0.0 Safari/537.36 OPR/97.0.0.0"
80.90.191.12 - - [03/Feb/2025:01:18:13 +0300] "GET /zddg6h/index/index.php HTTP/1.0" 200 166 "-" "Mozilla/5.0 (Windows NT 10.0; Win64; x64) AppleWebKit/537.36 (KHTML, like Gecko) Chrome/111.0.0.0 Safari/537.36 OPR/97.0.0.0"
80.90.191.12 - - [03/Feb/2025:01:18:15 +0300] "GET /zddg6h/index/index.php HTTP/1.0" 200 166 "-" "Mozilla/5.0 (Windows NT 10.0; Win64; x64) AppleWebKit/537.36 (KHTML, like Gecko) Chrome/111.0.0.0 Safari/537.36 OPR/97.0.0.0"
80.90.191.12 - - [03/Feb/2025:01:18:16 +0300] "GET /zddg6h/index/index.php HTTP/1.0" 200 166 "-" "Mozilla/5.0 (Windows NT 10.0; Win64; x64) AppleWebKit/537.36 (KHTML, like Gecko) Chrome/111.0.0.0 Safari/537.36 OPR/97.0.0.0"
80.90.191.12 - - [03/Feb/2025:01:18:17 +0300] "GET /zddg6h/index/index.php HTTP/1.0" 200 166 "-" "Mozilla/5.0 (Windows NT 10.0; Win64; x64) AppleWebKit/537.36 (KHTML, like Gecko) Chrome/111.0.0.0 Safari/537.36 OPR/97.0.0.0"
80.90.191.12 - - [03/Feb/2025:01:18:18 +0300] "GET /zddg6h/index/index.php HTTP/1.0" 200 166 "-" "Mozilla/5.0 (Windows NT 10.0; Win64; x64) AppleWebKit/537.36 (KHTML, like Gecko) Chrome/111.0.0.0 Safari/537.36 OPR/97.0.0.0"
80.90.191.12 - - [03/Feb/2025:01:18:19 +0300] "GET /zddg6h/index/index.php HTTP/1.0" 200 166 "-" "Mozilla/5.0 (Windows NT 10.0; Win64; x64) AppleWebKit/537.36 (KHTML, like Gecko) Chrome/111.0.0.0 Safari/537.36 OPR/97.0.0.0"
80.90.191.12 - - [03/Feb/2025:01:18:20 +0300] "GET /zddg6h/index/index.php HTTP/1.0" 200 166 "-" "Mozilla/5.0 (Windows NT 10.0; Win64; x64) AppleWebKit/537.36 (KHTML, like Gecko) Chrome/111.0.0.0 Safari/537.36 OPR/97.0.0.0"
80.90.191.12 - - [03/Feb/2025:01:18:21 +0300] "GET /zddg6h/index/index.php HTTP/1.0" 200 166 "-" "Mozilla/5.0 (Windows NT 10.0; Win64; x64) AppleWebKit/537.36 (KHTML, like Gecko) Chrome/111.0.0.0 Safari/537.36 OPR/97.0.0.0"
80.90.191.12 - - [03/Feb/2025:01:18:22 +0300] "GET /zddg6h/index/index.php HTTP/1.0" 200 166 "-" "Mozilla/5.0 (Windows NT 10.0; Win64; x64) AppleWebKit/537.36 (KHTML, like Gecko) Chrome/111.0.0.0 Safari/537.36 OPR/97.0.0.0"
80.90.191.12 - - [03/Feb/2025:01:18:23 +0300] "GET /zddg6h/index/index.php HTTP/1.0" 200 166 "-" "Mozilla/5.0 (Windows NT 10.0; Win64; x64) AppleWebKit/537.36 (KHTML, like Gecko) Chrome/111.0.0.0 Safari/537.36 OPR/97.0.0.0"
80.90.191.12 - - [03/Feb/2025:01:18:24 +0300] "GET /zddg6h/index/index.php HTTP/1.0" 200 166 "-" "Mozilla/5.0 (Windows NT 10.0; Win64; x64) AppleWebKit/537.36 (KHTML, like Gecko) Chrome/111.0.0.0 Safari/537.36 OPR/97.0.0.0"
80.90.191.12 - - [03/Feb/2025:01:18:25 +0300] "GET /zddg6h/index/index.php HTTP/1.0" 200 166 "-" "Mozilla/5.0 (Windows NT 10.0; Win64; x64) AppleWebKit/537.36 (KHTML, like Gecko) Chrome/111.0.0.0 Safari/537.36 OPR/97.0.0.0"
85.208.96.198 - - [03/Feb/2025:01:18:36 +0300] "GET /jtxvlr/chaosium-free-pdf.html HTTP/1.0" 200 14410 "-" "Mozilla/5.0 (compatible; SemrushBot/7~bl; +http://www.semrush.com/bot.html)"
80.90.191.12 - - [03/Feb/2025:01:18:26 +0300] "GET /zddg6h/index/index.php HTTP/1.0" 200 166 "-" "Mozilla/5.0 (Windows NT 10.0; Win64; x64) AppleWebKit/537.36 (KHTML, like Gecko) Chrome/111.0.0.0 Safari/537.36 OPR/97.0.0.0"
80.90.191.12 - - [03/Feb/2025:01:18:27 +0300] "GET /zddg6h/index/index.php HTTP/1.0" 200 166 "-" "Mozilla/5.0 (Windows NT 10.0; Win64; x64) AppleWebKit/537.36 (KHTML, like Gecko) Chrome/111.0.0.0 Safari/537.36 OPR/97.0.0.0"
80.90.191.12 - - [03/Feb/2025:01:18:28 +0300] "GET /zddg6h/index/index.php HTTP/1.0" 200 166 "-" "Mozilla/5.0 (Windows NT 10.0; Win64; x64) AppleWebKit/537.36 (KHTML, like Gecko) Chrome/111.0.0.0 Safari/537.36 OPR/97.0.0.0"
80.90.191.12 - - [03/Feb/2025:01:18:29 +0300] "GET /zddg6h/index/index.php HTTP/1.0" 200 166 "-" "Mozilla/5.0 (Windows NT 10.0; Win64; x64) AppleWebKit/537.36 (KHTML, like Gecko) Chrome/111.0.0.0 Safari/537.36 OPR/97.0.0.0"
80.90.191.12 - - [03/Feb/2025:01:18:30 +0300] "GET /zddg6h/index/index.php HTTP/1.0" 200 166 "-" "Mozilla/5.0 (Windows NT 10.0; Win64; x64) AppleWebKit/537.36 (KHTML, like Gecko) Chrome/111.0.0.0 Safari/537.36 OPR/97.0.0.0"
80.90.191.12 - - [03/Feb/2025:01:18:31 +0300] "GET /zddg6h/index/index.php HTTP/1.0" 200 166 "-" "Mozilla/5.0 (Windows NT 10.0; Win64; x64) AppleWebKit/537.36 (KHTML, like Gecko) Chrome/111.0.0.0 Safari/537.36 OPR/97.0.0.0"
80.90.191.12 - - [03/Feb/2025:01:18:32 +0300] "GET /zddg6h/index/index.php HTTP/1.0" 200 166 "-" "Mozilla/5.0 (Windows NT 10.0; Win64; x64) AppleWebKit/537.36 (KHTML, like Gecko) Chrome/111.0.0.0 Safari/537.36 OPR/97.0.0.0"
80.90.191.12 - - [03/Feb/2025:01:18:33 +0300] "GET /zddg6h/index/index.php HTTP/1.0" 200 166 "-" "Mozilla/5.0 (Windows NT 10.0; Win64; x64) AppleWebKit/537.36 (KHTML, like Gecko) Chrome/111.0.0.0 Safari/537.36 OPR/97.0.0.0"
80.90.191.12 - - [03/Feb/2025:01:18:34 +0300] "GET /zddg6h/index/index.php HTTP/1.0" 200 166 "-" "Mozilla/5.0 (Windows NT 10.0; Win64; x64) AppleWebKit/537.36 (KHTML, like Gecko) Chrome/111.0.0.0 Safari/537.36 OPR/97.0.0.0"
80.90.191.12 - - [03/Feb/2025:01:18:35 +0300] "GET /zddg6h/index/index.php HTTP/1.0" 200 166 "-" "Mozilla/5.0 (Windows NT 10.0; Win64; x64) AppleWebKit/537.36 (KHTML, like Gecko) Chrome/111.0.0.0 Safari/537.36 OPR/97.0.0.0"
80.90.191.12 - - [03/Feb/2025:01:18:36 +0300] "GET /zddg6h/index/index.php HTTP/1.0" 200 166 "-" "Mozilla/5.0 (Windows NT 10.0; Win64; x64) AppleWebKit/537.36 (KHTML, like Gecko) Chrome/111.0.0.0 Safari/537.36 OPR/97.0.0.0"
80.90.191.12 - - [03/Feb/2025:01:18:37 +0300] "GET /zddg6h/index/index.php HTTP/1.0" 200 166 "-" "Mozilla/5.0 (Windows NT 10.0; Win64; x64) AppleWebKit/537.36 (KHTML, like Gecko) Chrome/111.0.0.0 Safari/537.36 OPR/97.0.0.0"
80.90.191.12 - - [03/Feb/2025:01:18:38 +0300] "GET /zddg6h/index/index.php HTTP/1.0" 200 166 "-" "Mozilla/5.0 (Windows NT 10.0; Win64; x64) AppleWebKit/537.36 (KHTML, like Gecko) Chrome/111.0.0.0 Safari/537.36 OPR/97.0.0.0"
80.90.191.12 - - [03/Feb/2025:01:18:39 +0300] "GET /zddg6h/index/index.php HTTP/1.0" 200 166 "-" "Mozilla/5.0 (Windows NT 10.0; Win64; x64) AppleWebKit/537.36 (KHTML, like Gecko) Chrome/111.0.0.0 Safari/537.36 OPR/97.0.0.0"
80.90.191.12 - - [03/Feb/2025:01:18:40 +0300] "GET /zddg6h/index/index.php HTTP/1.0" 200 166 "-" "Mozilla/5.0 (Windows NT 10.0; Win64; x64) AppleWebKit/537.36 (KHTML, like Gecko) Chrome/111.0.0.0 Safari/537.36 OPR/97.0.0.0"
80.90.191.12 - - [03/Feb/2025:01:18:41 +0300] "GET /zddg6h/index/index.php HTTP/1.0" 200 166 "-" "Mozilla/5.0 (Windows NT 10.0; Win64; x64) AppleWebKit/537.36 (KHTML, like Gecko) Chrome/111.0.0.0 Safari/537.36 OPR/97.0.0.0"
80.90.191.12 - - [03/Feb/2025:01:18:42 +0300] "GET /zddg6h/index/index.php HTTP/1.0" 200 166 "-" "Mozilla/5.0 (Windows NT 10.0; Win64; x64) AppleWebKit/537.36 (KHTML, like Gecko) Chrome/111.0.0.0 Safari/537.36 OPR/97.0.0.0"
80.90.191.12 - - [03/Feb/2025:01:18:43 +0300] "GET /zddg6h/index/index.php HTTP/1.0" 200 166 "-" "Mozilla/5.0 (Windows NT 10.0; Win64; x64) AppleWebKit/537.36 (KHTML, like Gecko) Chrome/111.0.0.0 Safari/537.36 OPR/97.0.0.0"
80.90.191.12 - - [03/Feb/2025:01:18:44 +0300] "GET /zddg6h/index/index.php HTTP/1.0" 200 166 "-" "Mozilla/5.0 (Windows NT 10.0; Win64; x64) AppleWebKit/537.36 (KHTML, like Gecko) Chrome/111.0.0.0 Safari/537.36 OPR/97.0.0.0"
80.90.191.12 - - [03/Feb/2025:01:18:45 +0300] "GET /zddg6h/index/index.php HTTP/1.0" 200 166 "-" "Mozilla/5.0 (Windows NT 10.0; Win64; x64) AppleWebKit/537.36 (KHTML, like Gecko) Chrome/111.0.0.0 Safari/537.36 OPR/97.0.0.0"
80.90.191.12 - - [03/Feb/2025:01:18:46 +0300] "GET /zddg6h/index/index.php HTTP/1.0" 200 166 "-" "Mozilla/5.0 (Windows NT 10.0; Win64; x64) AppleWebKit/537.36 (KHTML, like Gecko) Chrome/111.0.0.0 Safari/537.36 OPR/97.0.0.0"
80.90.191.12 - - [03/Feb/2025:01:18:47 +0300] "GET /zddg6h/index/index.php HTTP/1.0" 200 166 "-" "Mozilla/5.0 (Windows NT 10.0; Win64; x64) AppleWebKit/537.36 (KHTML, like Gecko) Chrome/111.0.0.0 Safari/537.36 OPR/97.0.0.0"
80.90.191.12 - - [03/Feb/2025:01:18:48 +0300] "GET /zddg6h/index/index.php HTTP/1.0" 200 166 "-" "Mozilla/5.0 (Windows NT 10.0; Win64; x64) AppleWebKit/537.36 (KHTML, like Gecko) Chrome/111.0.0.0 Safari/537.36 OPR/97.0.0.0"
80.90.191.12 - - [03/Feb/2025:01:18:49 +0300] "GET /zddg6h/index/index.php HTTP/1.0" 200 166 "-" "Mozilla/5.0 (Windows NT 10.0; Win64; x64) AppleWebKit/537.36 (KHTML, like Gecko) Chrome/111.0.0.0 Safari/537.36 OPR/97.0.0.0"
80.90.191.12 - - [03/Feb/2025:01:18:50 +0300] "GET /zddg6h/index/index.php HTTP/1.0" 200 166 "-" "Mozilla/5.0 (Windows NT 10.0; Win64; x64) AppleWebKit/537.36 (KHTML, like Gecko) Chrome/111.0.0.0 Safari/537.36 OPR/97.0.0.0"
80.90.191.12 - - [03/Feb/2025:01:18:51 +0300] "GET /zddg6h/index/index.php HTTP/1.0" 200 166 "-" "Mozilla/5.0 (Windows NT 10.0; Win64; x64) AppleWebKit/537.36 (KHTML, like Gecko) Chrome/111.0.0.0 Safari/537.36 OPR/97.0.0.0"
80.90.191.12 - - [03/Feb/2025:01:18:52 +0300] "GET /zddg6h/index/index.php HTTP/1.0" 200 166 "-" "Mozilla/5.0 (Windows NT 10.0; Win64; x64) AppleWebKit/537.36 (KHTML, like Gecko) Chrome/111.0.0.0 Safari/537.36 OPR/97.0.0.0"
80.90.191.12 - - [03/Feb/2025:01:18:53 +0300] "GET /zddg6h/index/index.php HTTP/1.0" 200 166 "-" "Mozilla/5.0 (Windows NT 10.0; Win64; x64) AppleWebKit/537.36 (KHTML, like Gecko) Chrome/111.0.0.0 Safari/537.36 OPR/97.0.0.0"
