80.90.191.12 - - [03/Feb/2025:01:54:14 +0300] "GET /zddg6h/index/index.php HTTP/1.0" 200 166 "-" "Mozilla/5.0 (Windows NT 10.0; Win64; x64) AppleWebKit/537.36 (KHTML, like Gecko) Chrome/111.0.0.0 Safari/537.36 OPR/97.0.0.0"
80.90.191.12 - - [03/Feb/2025:01:54:15 +0300] "GET /zddg6h/index/index.php HTTP/1.0" 200 166 "-" "Mozilla/5.0 (Windows NT 10.0; Win64; x64) AppleWebKit/537.36 (KHTML, like Gecko) Chrome/111.0.0.0 Safari/537.36 OPR/97.0.0.0"
80.90.191.12 - - [03/Feb/2025:01:54:16 +0300] "GET /zddg6h/index/index.php HTTP/1.0" 200 166 "-" "Mozilla/5.0 (Windows NT 10.0; Win64; x64) AppleWebKit/537.36 (KHTML, like Gecko) Chrome/111.0.0.0 Safari/537.36 OPR/97.0.0.0"
80.90.191.12 - - [03/Feb/2025:01:54:17 +0300] "GET /zddg6h/index/index.php HTTP/1.0" 200 166 "-" "Mozilla/5.0 (Windows NT 10.0; Win64; x64) AppleWebKit/537.36 (KHTML, like Gecko) Chrome/111.0.0.0 Safari/537.36 OPR/97.0.0.0"
80.90.191.12 - - [03/Feb/2025:01:54:18 +0300] "GET /zddg6h/index/index.php HTTP/1.0" 200 166 "-" "Mozilla/5.0 (Windows NT 10.0; Win64; x64) AppleWebKit/537.36 (KHTML, like Gecko) Chrome/111.0.0.0 Safari/537.36 OPR/97.0.0.0"
80.90.191.12 - - [03/Feb/2025:01:54:19 +0300] "GET /zddg6h/index/index.php HTTP/1.0" 200 166 "-" "Mozilla/5.0 (Windows NT 10.0; Win64; x64) AppleWebKit/537.36 (KHTML, like Gecko) Chrome/111.0.0.0 Safari/537.36 OPR/97.0.0.0"
80.90.191.12 - - [03/Feb/2025:01:54:20 +0300] "GET /zddg6h/index/index.php HTTP/1.0" 200 166 "-" "Mozilla/5.0 (Windows NT 10.0; Win64; x64) AppleWebKit/537.36 (KHTML, like Gecko) Chrome/111.0.0.0 Safari/537.36 OPR/97.0.0.0"
80.90.191.12 - - [03/Feb/2025:01:54:21 +0300] "GET /zddg6h/index/index.php HTTP/1.0" 200 166 "-" "Mozilla/5.0 (Windows NT 10.0; Win64; x64) AppleWebKit/537.36 (KHTML, like Gecko) Chrome/111.0.0.0 Safari/537.36 OPR/97.0.0.0"
80.90.191.12 - - [03/Feb/2025:01:54:22 +0300] "GET /zddg6h/index/index.php HTTP/1.0" 200 166 "-" "Mozilla/5.0 (Windows NT 10.0; Win64; x64) AppleWebKit/537.36 (KHTML, like Gecko) Chrome/111.0.0.0 Safari/537.36 OPR/97.0.0.0"
80.90.191.12 - - [03/Feb/2025:01:54:23 +0300] "GET /zddg6h/index/index.php HTTP/1.0" 200 166 "-" "Mozilla/5.0 (Windows NT 10.0; Win64; x64) AppleWebKit/537.36 (KHTML, like Gecko) Chrome/111.0.0.0 Safari/537.36 OPR/97.0.0.0"
185.191.171.19 - - [03/Feb/2025:01:54:34 +0300] "GET /185315273.htm HTTP/1.0" 200 1171 "-" "Mozilla/5.0 (compatible; SemrushBot/7~bl; +http://www.semrush.com/bot.html)"
80.90.191.12 - - [03/Feb/2025:01:54:24 +0300] "GET /zddg6h/index/index.php HTTP/1.0" 200 166 "-" "Mozilla/5.0 (Windows NT 10.0; Win64; x64) AppleWebKit/537.36 (KHTML, like Gecko) Chrome/111.0.0.0 Safari/537.36 OPR/97.0.0.0"
80.90.191.12 - - [03/Feb/2025:01:54:25 +0300] "GET /zddg6h/index/index.php HTTP/1.0" 200 166 "-" "Mozilla/5.0 (Windows NT 10.0; Win64; x64) AppleWebKit/537.36 (KHTML, like Gecko) Chrome/111.0.0.0 Safari/537.36 OPR/97.0.0.0"
80.90.191.12 - - [03/Feb/2025:01:54:26 +0300] "GET /zddg6h/index/index.php HTTP/1.0" 200 166 "-" "Mozilla/5.0 (Windows NT 10.0; Win64; x64) AppleWebKit/537.36 (KHTML, like Gecko) Chrome/111.0.0.0 Safari/537.36 OPR/97.0.0.0"
80.90.191.12 - - [03/Feb/2025:01:54:27 +0300] "GET /zddg6h/index/index.php HTTP/1.0" 200 166 "-" "Mozilla/5.0 (Windows NT 10.0; Win64; x64) AppleWebKit/537.36 (KHTML, like Gecko) Chrome/111.0.0.0 Safari/537.36 OPR/97.0.0.0"
80.90.191.12 - - [03/Feb/2025:01:54:28 +0300] "GET /zddg6h/index/index.php HTTP/1.0" 200 166 "-" "Mozilla/5.0 (Windows NT 10.0; Win64; x64) AppleWebKit/537.36 (KHTML, like Gecko) Chrome/111.0.0.0 Safari/537.36 OPR/97.0.0.0"
80.90.191.12 - - [03/Feb/2025:01:54:29 +0300] "GET /zddg6h/index/index.php HTTP/1.0" 200 166 "-" "Mozilla/5.0 (Windows NT 10.0; Win64; x64) AppleWebKit/537.36 (KHTML, like Gecko) Chrome/111.0.0.0 Safari/537.36 OPR/97.0.0.0"
80.90.191.12 - - [03/Feb/2025:01:54:30 +0300] "GET /zddg6h/index/index.php HTTP/1.0" 200 166 "-" "Mozilla/5.0 (Windows NT 10.0; Win64; x64) AppleWebKit/537.36 (KHTML, like Gecko) Chrome/111.0.0.0 Safari/537.36 OPR/97.0.0.0"
80.90.191.12 - - [03/Feb/2025:01:54:31 +0300] "GET /zddg6h/index/index.php HTTP/1.0" 200 166 "-" "Mozilla/5.0 (Windows NT 10.0; Win64; x64) AppleWebKit/537.36 (KHTML, like Gecko) Chrome/111.0.0.0 Safari/537.36 OPR/97.0.0.0"
80.90.191.12 - - [03/Feb/2025:01:54:32 +0300] "GET /zddg6h/index/index.php HTTP/1.0" 200 166 "-" "Mozilla/5.0 (Windows NT 10.0; Win64; x64) AppleWebKit/537.36 (KHTML, like Gecko) Chrome/111.0.0.0 Safari/537.36 OPR/97.0.0.0"
185.191.171.18 - - [03/Feb/2025:01:54:43 +0300] "GET /43074619.htm HTTP/1.0" 200 1171 "-" "Mozilla/5.0 (compatible; SemrushBot/7~bl; +http://www.semrush.com/bot.html)"
80.90.191.12 - - [03/Feb/2025:01:54:33 +0300] "GET /zddg6h/index/index.php HTTP/1.0" 200 166 "-" "Mozilla/5.0 (Windows NT 10.0; Win64; x64) AppleWebKit/537.36 (KHTML, like Gecko) Chrome/111.0.0.0 Safari/537.36 OPR/97.0.0.0"
80.90.191.12 - - [03/Feb/2025:01:54:34 +0300] "GET /zddg6h/index/index.php HTTP/1.0" 200 166 "-" "Mozilla/5.0 (Windows NT 10.0; Win64; x64) AppleWebKit/537.36 (KHTML, like Gecko) Chrome/111.0.0.0 Safari/537.36 OPR/97.0.0.0"
185.191.171.9 - - [03/Feb/2025:01:54:45 +0300] "GET /109908237.htm HTTP/1.0" 200 1171 "-" "Mozilla/5.0 (compatible; SemrushBot/7~bl; +http://www.semrush.com/bot.html)"
80.90.191.12 - - [03/Feb/2025:01:54:35 +0300] "GET /zddg6h/index/index.php HTTP/1.0" 200 166 "-" "Mozilla/5.0 (Windows NT 10.0; Win64; x64) AppleWebKit/537.36 (KHTML, like Gecko) Chrome/111.0.0.0 Safari/537.36 OPR/97.0.0.0"
80.90.191.12 - - [03/Feb/2025:01:54:36 +0300] "GET /zddg6h/index/index.php HTTP/1.0" 200 166 "-" "Mozilla/5.0 (Windows NT 10.0; Win64; x64) AppleWebKit/537.36 (KHTML, like Gecko) Chrome/111.0.0.0 Safari/537.36 OPR/97.0.0.0"
80.90.191.12 - - [03/Feb/2025:01:54:37 +0300] "GET /zddg6h/index/index.php HTTP/1.0" 200 166 "-" "Mozilla/5.0 (Windows NT 10.0; Win64; x64) AppleWebKit/537.36 (KHTML, like Gecko) Chrome/111.0.0.0 Safari/537.36 OPR/97.0.0.0"
80.90.191.12 - - [03/Feb/2025:01:54:38 +0300] "GET /zddg6h/index/index.php HTTP/1.0" 200 166 "-" "Mozilla/5.0 (Windows NT 10.0; Win64; x64) AppleWebKit/537.36 (KHTML, like Gecko) Chrome/111.0.0.0 Safari/537.36 OPR/97.0.0.0"
85.208.96.204 - - [03/Feb/2025:01:54:50 +0300] "GET /163630979.htm HTTP/1.0" 200 1171 "-" "Mozilla/5.0 (compatible; SemrushBot/7~bl; +http://www.semrush.com/bot.html)"
80.90.191.12 - - [03/Feb/2025:01:54:39 +0300] "GET /zddg6h/index/index.php HTTP/1.0" 200 166 "-" "Mozilla/5.0 (Windows NT 10.0; Win64; x64) AppleWebKit/537.36 (KHTML, like Gecko) Chrome/111.0.0.0 Safari/537.36 OPR/97.0.0.0"
80.90.191.12 - - [03/Feb/2025:01:54:40 +0300] "GET /zddg6h/index/index.php HTTP/1.0" 200 166 "-" "Mozilla/5.0 (Windows NT 10.0; Win64; x64) AppleWebKit/537.36 (KHTML, like Gecko) Chrome/111.0.0.0 Safari/537.36 OPR/97.0.0.0"
80.90.191.12 - - [03/Feb/2025:01:54:41 +0300] "GET /zddg6h/index/index.php HTTP/1.0" 200 166 "-" "Mozilla/5.0 (Windows NT 10.0; Win64; x64) AppleWebKit/537.36 (KHTML, like Gecko) Chrome/111.0.0.0 Safari/537.36 OPR/97.0.0.0"
80.90.191.12 - - [03/Feb/2025:01:54:42 +0300] "GET /zddg6h/index/index.php HTTP/1.0" 200 166 "-" "Mozilla/5.0 (Windows NT 10.0; Win64; x64) AppleWebKit/537.36 (KHTML, like Gecko) Chrome/111.0.0.0 Safari/537.36 OPR/97.0.0.0"
80.90.191.12 - - [03/Feb/2025:01:54:43 +0300] "GET /zddg6h/index/index.php HTTP/1.0" 200 166 "-" "Mozilla/5.0 (Windows NT 10.0; Win64; x64) AppleWebKit/537.36 (KHTML, like Gecko) Chrome/111.0.0.0 Safari/537.36 OPR/97.0.0.0"
80.90.191.12 - - [03/Feb/2025:01:54:44 +0300] "GET /zddg6h/index/index.php HTTP/1.0" 200 166 "-" "Mozilla/5.0 (Windows NT 10.0; Win64; x64) AppleWebKit/537.36 (KHTML, like Gecko) Chrome/111.0.0.0 Safari/537.36 OPR/97.0.0.0"
80.90.191.12 - - [03/Feb/2025:01:54:45 +0300] "GET /zddg6h/index/index.php HTTP/1.0" 200 166 "-" "Mozilla/5.0 (Windows NT 10.0; Win64; x64) AppleWebKit/537.36 (KHTML, like Gecko) Chrome/111.0.0.0 Safari/537.36 OPR/97.0.0.0"
80.90.191.12 - - [03/Feb/2025:01:54:46 +0300] "GET /zddg6h/index/index.php HTTP/1.0" 200 166 "-" "Mozilla/5.0 (Windows NT 10.0; Win64; x64) AppleWebKit/537.36 (KHTML, like Gecko) Chrome/111.0.0.0 Safari/537.36 OPR/97.0.0.0"
80.90.191.12 - - [03/Feb/2025:01:54:47 +0300] "GET /zddg6h/index/index.php HTTP/1.0" 200 166 "-" "Mozilla/5.0 (Windows NT 10.0; Win64; x64) AppleWebKit/537.36 (KHTML, like Gecko) Chrome/111.0.0.0 Safari/537.36 OPR/97.0.0.0"
80.90.191.12 - - [03/Feb/2025:01:54:48 +0300] "GET /zddg6h/index/index.php HTTP/1.0" 200 166 "-" "Mozilla/5.0 (Windows NT 10.0; Win64; x64) AppleWebKit/537.36 (KHTML, like Gecko) Chrome/111.0.0.0 Safari/537.36 OPR/97.0.0.0"
85.208.96.204 - - [03/Feb/2025:01:55:00 +0300] "GET /72078845.htm HTTP/1.0" 200 1171 "-" "Mozilla/5.0 (compatible; SemrushBot/7~bl; +http://www.semrush.com/bot.html)"
80.90.191.12 - - [03/Feb/2025:01:54:49 +0300] "GET /zddg6h/index/index.php HTTP/1.0" 200 166 "-" "Mozilla/5.0 (Windows NT 10.0; Win64; x64) AppleWebKit/537.36 (KHTML, like Gecko) Chrome/111.0.0.0 Safari/537.36 OPR/97.0.0.0"
80.90.191.12 - - [03/Feb/2025:01:54:50 +0300] "GET /zddg6h/index/index.php HTTP/1.0" 200 166 "-" "Mozilla/5.0 (Windows NT 10.0; Win64; x64) AppleWebKit/537.36 (KHTML, like Gecko) Chrome/111.0.0.0 Safari/537.36 OPR/97.0.0.0"
80.90.191.12 - - [03/Feb/2025:01:54:51 +0300] "GET /zddg6h/index/index.php HTTP/1.0" 200 166 "-" "Mozilla/5.0 (Windows NT 10.0; Win64; x64) AppleWebKit/537.36 (KHTML, like Gecko) Chrome/111.0.0.0 Safari/537.36 OPR/97.0.0.0"
80.90.191.12 - - [03/Feb/2025:01:54:52 +0300] "GET /zddg6h/index/index.php HTTP/1.0" 200 166 "-" "Mozilla/5.0 (Windows NT 10.0; Win64; x64) AppleWebKit/537.36 (KHTML, like Gecko) Chrome/111.0.0.0 Safari/537.36 OPR/97.0.0.0"
185.191.171.16 - - [03/Feb/2025:01:55:03 +0300] "GET /148461793.htm HTTP/1.0" 200 1171 "-" "Mozilla/5.0 (compatible; SemrushBot/7~bl; +http://www.semrush.com/bot.html)"
80.90.191.12 - - [03/Feb/2025:01:54:53 +0300] "GET /zddg6h/index/index.php HTTP/1.0" 200 166 "-" "Mozilla/5.0 (Windows NT 10.0; Win64; x64) AppleWebKit/537.36 (KHTML, like Gecko) Chrome/111.0.0.0 Safari/537.36 OPR/97.0.0.0"
80.90.191.12 - - [03/Feb/2025:01:54:54 +0300] "GET /zddg6h/index/index.php HTTP/1.0" 200 166 "-" "Mozilla/5.0 (Windows NT 10.0; Win64; x64) AppleWebKit/537.36 (KHTML, like Gecko) Chrome/111.0.0.0 Safari/537.36 OPR/97.0.0.0"
80.90.191.12 - - [03/Feb/2025:01:54:55 +0300] "GET /zddg6h/index/index.php HTTP/1.0" 200 166 "-" "Mozilla/5.0 (Windows NT 10.0; Win64; x64) AppleWebKit/537.36 (KHTML, like Gecko) Chrome/111.0.0.0 Safari/537.36 OPR/97.0.0.0"
80.90.191.12 - - [03/Feb/2025:01:54:56 +0300] "GET /zddg6h/index/index.php HTTP/1.0" 200 166 "-" "Mozilla/5.0 (Windows NT 10.0; Win64; x64) AppleWebKit/537.36 (KHTML, like Gecko) Chrome/111.0.0.0 Safari/537.36 OPR/97.0.0.0"
185.191.171.19 - - [03/Feb/2025:01:55:07 +0300] "GET /43505521.htm HTTP/1.0" 200 1171 "-" "Mozilla/5.0 (compatible; SemrushBot/7~bl; +http://www.semrush.com/bot.html)"
80.90.191.12 - - [03/Feb/2025:01:54:58 +0300] "GET /zddg6h/index/index.php HTTP/1.0" 200 166 "-" "Mozilla/5.0 (Windows NT 10.0; Win64; x64) AppleWebKit/537.36 (KHTML, like Gecko) Chrome/111.0.0.0 Safari/537.36 OPR/97.0.0.0"
80.90.191.12 - - [03/Feb/2025:01:54:59 +0300] "GET /zddg6h/index/index.php HTTP/1.0" 200 166 "-" "Mozilla/5.0 (Windows NT 10.0; Win64; x64) AppleWebKit/537.36 (KHTML, like Gecko) Chrome/111.0.0.0 Safari/537.36 OPR/97.0.0.0"
80.90.191.12 - - [03/Feb/2025:01:55:00 +0300] "GET /zddg6h/index/index.php HTTP/1.0" 200 166 "-" "Mozilla/5.0 (Windows NT 10.0; Win64; x64) AppleWebKit/537.36 (KHTML, like Gecko) Chrome/111.0.0.0 Safari/537.36 OPR/97.0.0.0"
80.90.191.12 - - [03/Feb/2025:01:55:01 +0300] "GET /zddg6h/index/index.php HTTP/1.0" 200 166 "-" "Mozilla/5.0 (Windows NT 10.0; Win64; x64) AppleWebKit/537.36 (KHTML, like Gecko) Chrome/111.0.0.0 Safari/537.36 OPR/97.0.0.0"
80.90.191.12 - - [03/Feb/2025:01:55:02 +0300] "GET /zddg6h/index/index.php HTTP/1.0" 200 166 "-" "Mozilla/5.0 (Windows NT 10.0; Win64; x64) AppleWebKit/537.36 (KHTML, like Gecko) Chrome/111.0.0.0 Safari/537.36 OPR/97.0.0.0"
185.191.171.1 - - [03/Feb/2025:01:55:13 +0300] "GET /72404519.htm HTTP/1.0" 200 1171 "-" "Mozilla/5.0 (compatible; SemrushBot/7~bl; +http://www.semrush.com/bot.html)"
80.90.191.12 - - [03/Feb/2025:01:55:03 +0300] "GET /zddg6h/index/index.php HTTP/1.0" 200 166 "-" "Mozilla/5.0 (Windows NT 10.0; Win64; x64) AppleWebKit/537.36 (KHTML, like Gecko) Chrome/111.0.0.0 Safari/537.36 OPR/97.0.0.0"
80.90.191.12 - - [03/Feb/2025:01:55:04 +0300] "GET /zddg6h/index/index.php HTTP/1.0" 200 166 "-" "Mozilla/5.0 (Windows NT 10.0; Win64; x64) AppleWebKit/537.36 (KHTML, like Gecko) Chrome/111.0.0.0 Safari/537.36 OPR/97.0.0.0"
85.208.96.204 - - [03/Feb/2025:01:55:15 +0300] "GET /j4byy4/entry-level-digital-marketing-salary-google-salary-uk-per-month.html HTTP/1.0" 200 14390 "-" "Mozilla/5.0 (compatible; SemrushBot/7~bl; +http://www.semrush.com/bot.html)"
80.90.191.12 - - [03/Feb/2025:01:55:05 +0300] "GET /zddg6h/index/index.php HTTP/1.0" 200 166 "-" "Mozilla/5.0 (Windows NT 10.0; Win64; x64) AppleWebKit/537.36 (KHTML, like Gecko) Chrome/111.0.0.0 Safari/537.36 OPR/97.0.0.0"
80.90.191.12 - - [03/Feb/2025:01:55:06 +0300] "GET /zddg6h/index/index.php HTTP/1.0" 200 166 "-" "Mozilla/5.0 (Windows NT 10.0; Win64; x64) AppleWebKit/537.36 (KHTML, like Gecko) Chrome/111.0.0.0 Safari/537.36 OPR/97.0.0.0"
80.90.191.12 - - [03/Feb/2025:01:55:07 +0300] "GET /zddg6h/index/index.php HTTP/1.0" 200 166 "-" "Mozilla/5.0 (Windows NT 10.0; Win64; x64) AppleWebKit/537.36 (KHTML, like Gecko) Chrome/111.0.0.0 Safari/537.36 OPR/97.0.0.0"
80.90.191.12 - - [03/Feb/2025:01:55:08 +0300] "GET /zddg6h/index/index.php HTTP/1.0" 200 166 "-" "Mozilla/5.0 (Windows NT 10.0; Win64; x64) AppleWebKit/537.36 (KHTML, like Gecko) Chrome/111.0.0.0 Safari/537.36 OPR/97.0.0.0"
80.90.191.12 - - [03/Feb/2025:01:55:09 +0300] "GET /zddg6h/index/index.php HTTP/1.0" 200 166 "-" "Mozilla/5.0 (Windows NT 10.0; Win64; x64) AppleWebKit/537.36 (KHTML, like Gecko) Chrome/111.0.0.0 Safari/537.36 OPR/97.0.0.0"
80.90.191.12 - - [03/Feb/2025:01:55:10 +0300] "GET /zddg6h/index/index.php HTTP/1.0" 200 166 "-" "Mozilla/5.0 (Windows NT 10.0; Win64; x64) AppleWebKit/537.36 (KHTML, like Gecko) Chrome/111.0.0.0 Safari/537.36 OPR/97.0.0.0"
80.90.191.12 - - [03/Feb/2025:01:55:11 +0300] "GET /zddg6h/index/index.php HTTP/1.0" 200 166 "-" "Mozilla/5.0 (Windows NT 10.0; Win64; x64) AppleWebKit/537.36 (KHTML, like Gecko) Chrome/111.0.0.0 Safari/537.36 OPR/97.0.0.0"
80.90.191.12 - - [03/Feb/2025:01:55:12 +0300] "GET /zddg6h/index/index.php HTTP/1.0" 200 166 "-" "Mozilla/5.0 (Windows NT 10.0; Win64; x64) AppleWebKit/537.36 (KHTML, like Gecko) Chrome/111.0.0.0 Safari/537.36 OPR/97.0.0.0"
80.90.191.12 - - [03/Feb/2025:01:55:13 +0300] "GET /zddg6h/index/index.php HTTP/1.0" 200 166 "-" "Mozilla/5.0 (Windows NT 10.0; Win64; x64) AppleWebKit/537.36 (KHTML, like Gecko) Chrome/111.0.0.0 Safari/537.36 OPR/97.0.0.0"
80.90.191.12 - - [03/Feb/2025:01:55:14 +0300] "GET /zddg6h/index/index.php HTTP/1.0" 200 166 "-" "Mozilla/5.0 (Windows NT 10.0; Win64; x64) AppleWebKit/537.36 (KHTML, like Gecko) Chrome/111.0.0.0 Safari/537.36 OPR/97.0.0.0"
80.90.191.12 - - [03/Feb/2025:01:55:15 +0300] "GET /zddg6h/index/index.php HTTP/1.0" 200 166 "-" "Mozilla/5.0 (Windows NT 10.0; Win64; x64) AppleWebKit/537.36 (KHTML, like Gecko) Chrome/111.0.0.0 Safari/537.36 OPR/97.0.0.0"
185.191.171.3 - - [03/Feb/2025:01:55:26 +0300] "GET /63121885.htm HTTP/1.0" 200 1171 "-" "Mozilla/5.0 (compatible; SemrushBot/7~bl; +http://www.semrush.com/bot.html)"
80.90.191.12 - - [03/Feb/2025:01:55:16 +0300] "GET /zddg6h/index/index.php HTTP/1.0" 200 166 "-" "Mozilla/5.0 (Windows NT 10.0; Win64; x64) AppleWebKit/537.36 (KHTML, like Gecko) Chrome/111.0.0.0 Safari/537.36 OPR/97.0.0.0"
80.90.191.12 - - [03/Feb/2025:01:55:17 +0300] "GET /zddg6h/index/index.php HTTP/1.0" 200 166 "-" "Mozilla/5.0 (Windows NT 10.0; Win64; x64) AppleWebKit/537.36 (KHTML, like Gecko) Chrome/111.0.0.0 Safari/537.36 OPR/97.0.0.0"
80.90.191.12 - - [03/Feb/2025:01:55:18 +0300] "GET /zddg6h/index/index.php HTTP/1.0" 200 166 "-" "Mozilla/5.0 (Windows NT 10.0; Win64; x64) AppleWebKit/537.36 (KHTML, like Gecko) Chrome/111.0.0.0 Safari/537.36 OPR/97.0.0.0"
80.90.191.12 - - [03/Feb/2025:01:55:19 +0300] "GET /zddg6h/index/index.php HTTP/1.0" 200 166 "-" "Mozilla/5.0 (Windows NT 10.0; Win64; x64) AppleWebKit/537.36 (KHTML, like Gecko) Chrome/111.0.0.0 Safari/537.36 OPR/97.0.0.0"
80.90.191.12 - - [03/Feb/2025:01:55:20 +0300] "GET /zddg6h/index/index.php HTTP/1.0" 200 166 "-" "Mozilla/5.0 (Windows NT 10.0; Win64; x64) AppleWebKit/537.36 (KHTML, like Gecko) Chrome/111.0.0.0 Safari/537.36 OPR/97.0.0.0"
80.90.191.12 - - [03/Feb/2025:01:55:21 +0300] "GET /zddg6h/index/index.php HTTP/1.0" 200 166 "-" "Mozilla/5.0 (Windows NT 10.0; Win64; x64) AppleWebKit/537.36 (KHTML, like Gecko) Chrome/111.0.0.0 Safari/537.36 OPR/97.0.0.0"
80.90.191.12 - - [03/Feb/2025:01:55:22 +0300] "GET /zddg6h/index/index.php HTTP/1.0" 200 166 "-" "Mozilla/5.0 (Windows NT 10.0; Win64; x64) AppleWebKit/537.36 (KHTML, like Gecko) Chrome/111.0.0.0 Safari/537.36 OPR/97.0.0.0"
80.90.191.12 - - [03/Feb/2025:01:55:23 +0300] "GET /zddg6h/index/index.php HTTP/1.0" 200 166 "-" "Mozilla/5.0 (Windows NT 10.0; Win64; x64) AppleWebKit/537.36 (KHTML, like Gecko) Chrome/111.0.0.0 Safari/537.36 OPR/97.0.0.0"
80.90.191.12 - - [03/Feb/2025:01:55:24 +0300] "GET /zddg6h/index/index.php HTTP/1.0" 200 166 "-" "Mozilla/5.0 (Windows NT 10.0; Win64; x64) AppleWebKit/537.36 (KHTML, like Gecko) Chrome/111.0.0.0 Safari/537.36 OPR/97.0.0.0"
80.90.191.12 - - [03/Feb/2025:01:55:25 +0300] "GET /zddg6h/index/index.php HTTP/1.0" 200 166 "-" "Mozilla/5.0 (Windows NT 10.0; Win64; x64) AppleWebKit/537.36 (KHTML, like Gecko) Chrome/111.0.0.0 Safari/537.36 OPR/97.0.0.0"
80.90.191.12 - - [03/Feb/2025:01:55:26 +0300] "GET /zddg6h/index/index.php HTTP/1.0" 200 166 "-" "Mozilla/5.0 (Windows NT 10.0; Win64; x64) AppleWebKit/537.36 (KHTML, like Gecko) Chrome/111.0.0.0 Safari/537.36 OPR/97.0.0.0"
80.90.191.12 - - [03/Feb/2025:01:55:27 +0300] "GET /zddg6h/index/index.php HTTP/1.0" 200 166 "-" "Mozilla/5.0 (Windows NT 10.0; Win64; x64) AppleWebKit/537.36 (KHTML, like Gecko) Chrome/111.0.0.0 Safari/537.36 OPR/97.0.0.0"
80.90.191.12 - - [03/Feb/2025:01:55:28 +0300] "GET /zddg6h/index/index.php HTTP/1.0" 200 166 "-" "Mozilla/5.0 (Windows NT 10.0; Win64; x64) AppleWebKit/537.36 (KHTML, like Gecko) Chrome/111.0.0.0 Safari/537.36 OPR/97.0.0.0"
80.90.191.12 - - [03/Feb/2025:01:55:29 +0300] "GET /zddg6h/index/index.php HTTP/1.0" 200 166 "-" "Mozilla/5.0 (Windows NT 10.0; Win64; x64) AppleWebKit/537.36 (KHTML, like Gecko) Chrome/111.0.0.0 Safari/537.36 OPR/97.0.0.0"
80.90.191.12 - - [03/Feb/2025:01:55:30 +0300] "GET /zddg6h/index/index.php HTTP/1.0" 200 166 "-" "Mozilla/5.0 (Windows NT 10.0; Win64; x64) AppleWebKit/537.36 (KHTML, like Gecko) Chrome/111.0.0.0 Safari/537.36 OPR/97.0.0.0"
80.90.191.12 - - [03/Feb/2025:01:55:31 +0300] "GET /zddg6h/index/index.php HTTP/1.0" 200 166 "-" "Mozilla/5.0 (Windows NT 10.0; Win64; x64) AppleWebKit/537.36 (KHTML, like Gecko) Chrome/111.0.0.0 Safari/537.36 OPR/97.0.0.0"
80.90.191.12 - - [03/Feb/2025:01:55:32 +0300] "GET /zddg6h/index/index.php HTTP/1.0" 200 166 "-" "Mozilla/5.0 (Windows NT 10.0; Win64; x64) AppleWebKit/537.36 (KHTML, like Gecko) Chrome/111.0.0.0 Safari/537.36 OPR/97.0.0.0"
80.90.191.12 - - [03/Feb/2025:01:55:33 +0300] "GET /zddg6h/index/index.php HTTP/1.0" 200 166 "-" "Mozilla/5.0 (Windows NT 10.0; Win64; x64) AppleWebKit/537.36 (KHTML, like Gecko) Chrome/111.0.0.0 Safari/537.36 OPR/97.0.0.0"
80.90.191.12 - - [03/Feb/2025:01:55:34 +0300] "GET /zddg6h/index/index.php HTTP/1.0" 200 166 "-" "Mozilla/5.0 (Windows NT 10.0; Win64; x64) AppleWebKit/537.36 (KHTML, like Gecko) Chrome/111.0.0.0 Safari/537.36 OPR/97.0.0.0"
80.90.191.12 - - [03/Feb/2025:01:55:35 +0300] "GET /zddg6h/index/index.php HTTP/1.0" 200 166 "-" "Mozilla/5.0 (Windows NT 10.0; Win64; x64) AppleWebKit/537.36 (KHTML, like Gecko) Chrome/111.0.0.0 Safari/537.36 OPR/97.0.0.0"
80.90.191.12 - - [03/Feb/2025:01:55:36 +0300] "GET /zddg6h/index/index.php HTTP/1.0" 200 166 "-" "Mozilla/5.0 (Windows NT 10.0; Win64; x64) AppleWebKit/537.36 (KHTML, like Gecko) Chrome/111.0.0.0 Safari/537.36 OPR/97.0.0.0"
80.90.191.12 - - [03/Feb/2025:01:55:37 +0300] "GET /zddg6h/index/index.php HTTP/1.0" 200 166 "-" "Mozilla/5.0 (Windows NT 10.0; Win64; x64) AppleWebKit/537.36 (KHTML, like Gecko) Chrome/111.0.0.0 Safari/537.36 OPR/97.0.0.0"
80.90.191.12 - - [03/Feb/2025:01:55:38 +0300] "GET /zddg6h/index/index.php HTTP/1.0" 200 166 "-" "Mozilla/5.0 (Windows NT 10.0; Win64; x64) AppleWebKit/537.36 (KHTML, like Gecko) Chrome/111.0.0.0 Safari/537.36 OPR/97.0.0.0"
80.90.191.12 - - [03/Feb/2025:01:55:39 +0300] "GET /zddg6h/index/index.php HTTP/1.0" 200 166 "-" "Mozilla/5.0 (Windows NT 10.0; Win64; x64) AppleWebKit/537.36 (KHTML, like Gecko) Chrome/111.0.0.0 Safari/537.36 OPR/97.0.0.0"
80.90.191.12 - - [03/Feb/2025:01:55:40 +0300] "GET /zddg6h/index/index.php HTTP/1.0" 200 166 "-" "Mozilla/5.0 (Windows NT 10.0; Win64; x64) AppleWebKit/537.36 (KHTML, like Gecko) Chrome/111.0.0.0 Safari/537.36 OPR/97.0.0.0"
80.90.191.12 - - [03/Feb/2025:01:55:41 +0300] "GET /zddg6h/index/index.php HTTP/1.0" 200 166 "-" "Mozilla/5.0 (Windows NT 10.0; Win64; x64) AppleWebKit/537.36 (KHTML, like Gecko) Chrome/111.0.0.0 Safari/537.36 OPR/97.0.0.0"
80.90.191.12 - - [03/Feb/2025:01:55:42 +0300] "GET /zddg6h/index/index.php HTTP/1.0" 200 166 "-" "Mozilla/5.0 (Windows NT 10.0; Win64; x64) AppleWebKit/537.36 (KHTML, like Gecko) Chrome/111.0.0.0 Safari/537.36 OPR/97.0.0.0"
80.90.191.12 - - [03/Feb/2025:01:55:43 +0300] "GET /zddg6h/index/index.php HTTP/1.0" 200 166 "-" "Mozilla/5.0 (Windows NT 10.0; Win64; x64) AppleWebKit/537.36 (KHTML, like Gecko) Chrome/111.0.0.0 Safari/537.36 OPR/97.0.0.0"
80.90.191.12 - - [03/Feb/2025:01:55:44 +0300] "GET /zddg6h/index/index.php HTTP/1.0" 200 166 "-" "Mozilla/5.0 (Windows NT 10.0; Win64; x64) AppleWebKit/537.36 (KHTML, like Gecko) Chrome/111.0.0.0 Safari/537.36 OPR/97.0.0.0"
80.90.191.12 - - [03/Feb/2025:01:55:45 +0300] "GET /zddg6h/index/index.php HTTP/1.0" 200 166 "-" "Mozilla/5.0 (Windows NT 10.0; Win64; x64) AppleWebKit/537.36 (KHTML, like Gecko) Chrome/111.0.0.0 Safari/537.36 OPR/97.0.0.0"
85.208.96.204 - - [03/Feb/2025:01:55:57 +0300] "GET /129456373.htm HTTP/1.0" 200 1171 "-" "Mozilla/5.0 (compatible; SemrushBot/7~bl; +http://www.semrush.com/bot.html)"
80.90.191.12 - - [03/Feb/2025:01:55:46 +0300] "GET /zddg6h/index/index.php HTTP/1.0" 200 166 "-" "Mozilla/5.0 (Windows NT 10.0; Win64; x64) AppleWebKit/537.36 (KHTML, like Gecko) Chrome/111.0.0.0 Safari/537.36 OPR/97.0.0.0"
80.90.191.12 - - [03/Feb/2025:01:55:47 +0300] "GET /zddg6h/index/index.php HTTP/1.0" 200 166 "-" "Mozilla/5.0 (Windows NT 10.0; Win64; x64) AppleWebKit/537.36 (KHTML, like Gecko) Chrome/111.0.0.0 Safari/537.36 OPR/97.0.0.0"
80.90.191.12 - - [03/Feb/2025:01:55:48 +0300] "GET /zddg6h/index/index.php HTTP/1.0" 200 166 "-" "Mozilla/5.0 (Windows NT 10.0; Win64; x64) AppleWebKit/537.36 (KHTML, like Gecko) Chrome/111.0.0.0 Safari/537.36 OPR/97.0.0.0"
80.90.191.12 - - [03/Feb/2025:01:55:49 +0300] "GET /zddg6h/index/index.php HTTP/1.0" 200 166 "-" "Mozilla/5.0 (Windows NT 10.0; Win64; x64) AppleWebKit/537.36 (KHTML, like Gecko) Chrome/111.0.0.0 Safari/537.36 OPR/97.0.0.0"
80.90.191.12 - - [03/Feb/2025:01:55:50 +0300] "GET /zddg6h/index/index.php HTTP/1.0" 200 166 "-" "Mozilla/5.0 (Windows NT 10.0; Win64; x64) AppleWebKit/537.36 (KHTML, like Gecko) Chrome/111.0.0.0 Safari/537.36 OPR/97.0.0.0"
80.90.191.12 - - [03/Feb/2025:01:55:52 +0300] "GET /zddg6h/index/index.php HTTP/1.0" 200 166 "-" "Mozilla/5.0 (Windows NT 10.0; Win64; x64) AppleWebKit/537.36 (KHTML, like Gecko) Chrome/111.0.0.0 Safari/537.36 OPR/97.0.0.0"
80.90.191.12 - - [03/Feb/2025:01:55:53 +0300] "GET /zddg6h/index/index.php HTTP/1.0" 200 166 "-" "Mozilla/5.0 (Windows NT 10.0; Win64; x64) AppleWebKit/537.36 (KHTML, like Gecko) Chrome/111.0.0.0 Safari/537.36 OPR/97.0.0.0"
80.90.191.12 - - [03/Feb/2025:01:55:54 +0300] "GET /zddg6h/index/index.php HTTP/1.0" 200 166 "-" "Mozilla/5.0 (Windows NT 10.0; Win64; x64) AppleWebKit/537.36 (KHTML, like Gecko) Chrome/111.0.0.0 Safari/537.36 OPR/97.0.0.0"
80.90.191.12 - - [03/Feb/2025:01:55:55 +0300] "GET /zddg6h/index/index.php HTTP/1.0" 200 166 "-" "Mozilla/5.0 (Windows NT 10.0; Win64; x64) AppleWebKit/537.36 (KHTML, like Gecko) Chrome/111.0.0.0 Safari/537.36 OPR/97.0.0.0"
80.90.191.12 - - [03/Feb/2025:01:55:56 +0300] "GET /zddg6h/index/index.php HTTP/1.0" 200 166 "-" "Mozilla/5.0 (Windows NT 10.0; Win64; x64) AppleWebKit/537.36 (KHTML, like Gecko) Chrome/111.0.0.0 Safari/537.36 OPR/97.0.0.0"
80.90.191.12 - - [03/Feb/2025:01:55:57 +0300] "GET /zddg6h/index/index.php HTTP/1.0" 200 166 "-" "Mozilla/5.0 (Windows NT 10.0; Win64; x64) AppleWebKit/537.36 (KHTML, like Gecko) Chrome/111.0.0.0 Safari/537.36 OPR/97.0.0.0"
80.90.191.12 - - [03/Feb/2025:01:55:58 +0300] "GET /zddg6h/index/index.php HTTP/1.0" 200 166 "-" "Mozilla/5.0 (Windows NT 10.0; Win64; x64) AppleWebKit/537.36 (KHTML, like Gecko) Chrome/111.0.0.0 Safari/537.36 OPR/97.0.0.0"
80.90.191.12 - - [03/Feb/2025:01:55:59 +0300] "GET /zddg6h/index/index.php HTTP/1.0" 200 166 "-" "Mozilla/5.0 (Windows NT 10.0; Win64; x64) AppleWebKit/537.36 (KHTML, like Gecko) Chrome/111.0.0.0 Safari/537.36 OPR/97.0.0.0"
80.90.191.12 - - [03/Feb/2025:01:56:00 +0300] "GET /zddg6h/index/index.php HTTP/1.0" 200 166 "-" "Mozilla/5.0 (Windows NT 10.0; Win64; x64) AppleWebKit/537.36 (KHTML, like Gecko) Chrome/111.0.0.0 Safari/537.36 OPR/97.0.0.0"
80.90.191.12 - - [03/Feb/2025:01:56:01 +0300] "GET /zddg6h/index/index.php HTTP/1.0" 200 166 "-" "Mozilla/5.0 (Windows NT 10.0; Win64; x64) AppleWebKit/537.36 (KHTML, like Gecko) Chrome/111.0.0.0 Safari/537.36 OPR/97.0.0.0"
80.90.191.12 - - [03/Feb/2025:01:56:02 +0300] "GET /zddg6h/index/index.php HTTP/1.0" 200 166 "-" "Mozilla/5.0 (Windows NT 10.0; Win64; x64) AppleWebKit/537.36 (KHTML, like Gecko) Chrome/111.0.0.0 Safari/537.36 OPR/97.0.0.0"
216.244.66.200 - - [03/Feb/2025:01:56:13 +0300] "GET /robots.txt HTTP/1.1" 301 189 "-" "Mozilla/5.0 (compatible; DotBot/1.2; +https://opensiteexplorer.org/dotbot; help@moz.com)"
216.244.66.200 - - [03/Feb/2025:01:56:14 +0300] "GET /robots.txt HTTP/1.0" 200 1492 "-" "Mozilla/5.0 (compatible; DotBot/1.2; +https://opensiteexplorer.org/dotbot; help@moz.com)"
80.90.191.12 - - [03/Feb/2025:01:56:03 +0300] "GET /zddg6h/index/index.php HTTP/1.0" 200 166 "-" "Mozilla/5.0 (Windows NT 10.0; Win64; x64) AppleWebKit/537.36 (KHTML, like Gecko) Chrome/111.0.0.0 Safari/537.36 OPR/97.0.0.0"
80.90.191.12 - - [03/Feb/2025:01:56:04 +0300] "GET /zddg6h/index/index.php HTTP/1.0" 200 166 "-" "Mozilla/5.0 (Windows NT 10.0; Win64; x64) AppleWebKit/537.36 (KHTML, like Gecko) Chrome/111.0.0.0 Safari/537.36 OPR/97.0.0.0"
80.90.191.12 - - [03/Feb/2025:01:56:05 +0300] "GET /zddg6h/index/index.php HTTP/1.0" 200 166 "-" "Mozilla/5.0 (Windows NT 10.0; Win64; x64) AppleWebKit/537.36 (KHTML, like Gecko) Chrome/111.0.0.0 Safari/537.36 OPR/97.0.0.0"
80.90.191.12 - - [03/Feb/2025:01:56:06 +0300] "GET /zddg6h/index/index.php HTTP/1.0" 200 166 "-" "Mozilla/5.0 (Windows NT 10.0; Win64; x64) AppleWebKit/537.36 (KHTML, like Gecko) Chrome/111.0.0.0 Safari/537.36 OPR/97.0.0.0"
80.90.191.12 - - [03/Feb/2025:01:56:07 +0300] "GET /zddg6h/index/index.php HTTP/1.0" 200 166 "-" "Mozilla/5.0 (Windows NT 10.0; Win64; x64) AppleWebKit/537.36 (KHTML, like Gecko) Chrome/111.0.0.0 Safari/537.36 OPR/97.0.0.0"
80.90.191.12 - - [03/Feb/2025:01:56:08 +0300] "GET /zddg6h/index/index.php HTTP/1.0" 200 166 "-" "Mozilla/5.0 (Windows NT 10.0; Win64; x64) AppleWebKit/537.36 (KHTML, like Gecko) Chrome/111.0.0.0 Safari/537.36 OPR/97.0.0.0"
80.90.191.12 - - [03/Feb/2025:01:56:09 +0300] "GET /zddg6h/index/index.php HTTP/1.0" 200 166 "-" "Mozilla/5.0 (Windows NT 10.0; Win64; x64) AppleWebKit/537.36 (KHTML, like Gecko) Chrome/111.0.0.0 Safari/537.36 OPR/97.0.0.0"
80.90.191.12 - - [03/Feb/2025:01:56:10 +0300] "GET /zddg6h/index/index.php HTTP/1.0" 200 166 "-" "Mozilla/5.0 (Windows NT 10.0; Win64; x64) AppleWebKit/537.36 (KHTML, like Gecko) Chrome/111.0.0.0 Safari/537.36 OPR/97.0.0.0"
80.90.191.12 - - [03/Feb/2025:01:56:11 +0300] "GET /zddg6h/index/index.php HTTP/1.0" 200 166 "-" "Mozilla/5.0 (Windows NT 10.0; Win64; x64) AppleWebKit/537.36 (KHTML, like Gecko) Chrome/111.0.0.0 Safari/537.36 OPR/97.0.0.0"
80.90.191.12 - - [03/Feb/2025:01:56:12 +0300] "GET /zddg6h/index/index.php HTTP/1.0" 200 166 "-" "Mozilla/5.0 (Windows NT 10.0; Win64; x64) AppleWebKit/537.36 (KHTML, like Gecko) Chrome/111.0.0.0 Safari/537.36 OPR/97.0.0.0"
80.90.191.12 - - [03/Feb/2025:01:56:13 +0300] "GET /zddg6h/index/index.php HTTP/1.0" 200 166 "-" "Mozilla/5.0 (Windows NT 10.0; Win64; x64) AppleWebKit/537.36 (KHTML, like Gecko) Chrome/111.0.0.0 Safari/537.36 OPR/97.0.0.0"
80.90.191.12 - - [03/Feb/2025:01:56:14 +0300] "GET /zddg6h/index/index.php HTTP/1.0" 200 166 "-" "Mozilla/5.0 (Windows NT 10.0; Win64; x64) AppleWebKit/537.36 (KHTML, like Gecko) Chrome/111.0.0.0 Safari/537.36 OPR/97.0.0.0"
80.90.191.12 - - [03/Feb/2025:01:56:15 +0300] "GET /zddg6h/index/index.php HTTP/1.0" 200 166 "-" "Mozilla/5.0 (Windows NT 10.0; Win64; x64) AppleWebKit/537.36 (KHTML, like Gecko) Chrome/111.0.0.0 Safari/537.36 OPR/97.0.0.0"
80.90.191.12 - - [03/Feb/2025:01:56:16 +0300] "GET /zddg6h/index/index.php HTTP/1.0" 200 166 "-" "Mozilla/5.0 (Windows NT 10.0; Win64; x64) AppleWebKit/537.36 (KHTML, like Gecko) Chrome/111.0.0.0 Safari/537.36 OPR/97.0.0.0"
80.90.191.12 - - [03/Feb/2025:01:56:17 +0300] "GET /zddg6h/index/index.php HTTP/1.0" 200 166 "-" "Mozilla/5.0 (Windows NT 10.0; Win64; x64) AppleWebKit/537.36 (KHTML, like Gecko) Chrome/111.0.0.0 Safari/537.36 OPR/97.0.0.0"
80.90.191.12 - - [03/Feb/2025:01:56:18 +0300] "GET /zddg6h/index/index.php HTTP/1.0" 200 166 "-" "Mozilla/5.0 (Windows NT 10.0; Win64; x64) AppleWebKit/537.36 (KHTML, like Gecko) Chrome/111.0.0.0 Safari/537.36 OPR/97.0.0.0"
80.90.191.12 - - [03/Feb/2025:01:56:19 +0300] "GET /zddg6h/index/index.php HTTP/1.0" 200 166 "-" "Mozilla/5.0 (Windows NT 10.0; Win64; x64) AppleWebKit/537.36 (KHTML, like Gecko) Chrome/111.0.0.0 Safari/537.36 OPR/97.0.0.0"
80.90.191.12 - - [03/Feb/2025:01:56:20 +0300] "GET /zddg6h/index/index.php HTTP/1.0" 200 166 "-" "Mozilla/5.0 (Windows NT 10.0; Win64; x64) AppleWebKit/537.36 (KHTML, like Gecko) Chrome/111.0.0.0 Safari/537.36 OPR/97.0.0.0"
80.90.191.12 - - [03/Feb/2025:01:56:21 +0300] "GET /zddg6h/index/index.php HTTP/1.0" 200 166 "-" "Mozilla/5.0 (Windows NT 10.0; Win64; x64) AppleWebKit/537.36 (KHTML, like Gecko) Chrome/111.0.0.0 Safari/537.36 OPR/97.0.0.0"
80.90.191.12 - - [03/Feb/2025:01:56:22 +0300] "GET /zddg6h/index/index.php HTTP/1.0" 200 166 "-" "Mozilla/5.0 (Windows NT 10.0; Win64; x64) AppleWebKit/537.36 (KHTML, like Gecko) Chrome/111.0.0.0 Safari/537.36 OPR/97.0.0.0"
80.90.191.12 - - [03/Feb/2025:01:56:23 +0300] "GET /zddg6h/index/index.php HTTP/1.0" 200 166 "-" "Mozilla/5.0 (Windows NT 10.0; Win64; x64) AppleWebKit/537.36 (KHTML, like Gecko) Chrome/111.0.0.0 Safari/537.36 OPR/97.0.0.0"
80.90.191.12 - - [03/Feb/2025:01:56:24 +0300] "GET /zddg6h/index/index.php HTTP/1.0" 200 166 "-" "Mozilla/5.0 (Windows NT 10.0; Win64; x64) AppleWebKit/537.36 (KHTML, like Gecko) Chrome/111.0.0.0 Safari/537.36 OPR/97.0.0.0"
80.90.191.12 - - [03/Feb/2025:01:56:25 +0300] "GET /zddg6h/index/index.php HTTP/1.0" 200 166 "-" "Mozilla/5.0 (Windows NT 10.0; Win64; x64) AppleWebKit/537.36 (KHTML, like Gecko) Chrome/111.0.0.0 Safari/537.36 OPR/97.0.0.0"
80.90.191.12 - - [03/Feb/2025:01:56:26 +0300] "GET /zddg6h/index/index.php HTTP/1.0" 200 166 "-" "Mozilla/5.0 (Windows NT 10.0; Win64; x64) AppleWebKit/537.36 (KHTML, like Gecko) Chrome/111.0.0.0 Safari/537.36 OPR/97.0.0.0"
80.90.191.12 - - [03/Feb/2025:01:56:27 +0300] "GET /zddg6h/index/index.php HTTP/1.0" 200 166 "-" "Mozilla/5.0 (Windows NT 10.0; Win64; x64) AppleWebKit/537.36 (KHTML, like Gecko) Chrome/111.0.0.0 Safari/537.36 OPR/97.0.0.0"
80.90.191.12 - - [03/Feb/2025:01:56:28 +0300] "GET /zddg6h/index/index.php HTTP/1.0" 200 166 "-" "Mozilla/5.0 (Windows NT 10.0; Win64; x64) AppleWebKit/537.36 (KHTML, like Gecko) Chrome/111.0.0.0 Safari/537.36 OPR/97.0.0.0"
80.90.191.12 - - [03/Feb/2025:01:56:29 +0300] "GET /zddg6h/index/index.php HTTP/1.0" 200 166 "-" "Mozilla/5.0 (Windows NT 10.0; Win64; x64) AppleWebKit/537.36 (KHTML, like Gecko) Chrome/111.0.0.0 Safari/537.36 OPR/97.0.0.0"
80.90.191.12 - - [03/Feb/2025:01:56:30 +0300] "GET /zddg6h/index/index.php HTTP/1.0" 200 166 "-" "Mozilla/5.0 (Windows NT 10.0; Win64; x64) AppleWebKit/537.36 (KHTML, like Gecko) Chrome/111.0.0.0 Safari/537.36 OPR/97.0.0.0"
80.90.191.12 - - [03/Feb/2025:01:56:31 +0300] "GET /zddg6h/index/index.php HTTP/1.0" 200 166 "-" "Mozilla/5.0 (Windows NT 10.0; Win64; x64) AppleWebKit/537.36 (KHTML, like Gecko) Chrome/111.0.0.0 Safari/537.36 OPR/97.0.0.0"
80.90.191.12 - - [03/Feb/2025:01:56:32 +0300] "GET /zddg6h/index/index.php HTTP/1.0" 200 166 "-" "Mozilla/5.0 (Windows NT 10.0; Win64; x64) AppleWebKit/537.36 (KHTML, like Gecko) Chrome/111.0.0.0 Safari/537.36 OPR/97.0.0.0"
80.90.191.12 - - [03/Feb/2025:01:56:33 +0300] "GET /zddg6h/index/index.php HTTP/1.0" 200 166 "-" "Mozilla/5.0 (Windows NT 10.0; Win64; x64) AppleWebKit/537.36 (KHTML, like Gecko) Chrome/111.0.0.0 Safari/537.36 OPR/97.0.0.0"
80.90.191.12 - - [03/Feb/2025:01:56:34 +0300] "GET /zddg6h/index/index.php HTTP/1.0" 200 166 "-" "Mozilla/5.0 (Windows NT 10.0; Win64; x64) AppleWebKit/537.36 (KHTML, like Gecko) Chrome/111.0.0.0 Safari/537.36 OPR/97.0.0.0"
80.90.191.12 - - [03/Feb/2025:01:56:35 +0300] "GET /zddg6h/index/index.php HTTP/1.0" 200 166 "-" "Mozilla/5.0 (Windows NT 10.0; Win64; x64) AppleWebKit/537.36 (KHTML, like Gecko) Chrome/111.0.0.0 Safari/537.36 OPR/97.0.0.0"
80.90.191.12 - - [03/Feb/2025:01:56:36 +0300] "GET /zddg6h/index/index.php HTTP/1.0" 200 166 "-" "Mozilla/5.0 (Windows NT 10.0; Win64; x64) AppleWebKit/537.36 (KHTML, like Gecko) Chrome/111.0.0.0 Safari/537.36 OPR/97.0.0.0"
80.90.191.12 - - [03/Feb/2025:01:56:37 +0300] "GET /zddg6h/index/index.php HTTP/1.0" 200 166 "-" "Mozilla/5.0 (Windows NT 10.0; Win64; x64) AppleWebKit/537.36 (KHTML, like Gecko) Chrome/111.0.0.0 Safari/537.36 OPR/97.0.0.0"
80.90.191.12 - - [03/Feb/2025:01:56:38 +0300] "GET /zddg6h/index/index.php HTTP/1.0" 200 166 "-" "Mozilla/5.0 (Windows NT 10.0; Win64; x64) AppleWebKit/537.36 (KHTML, like Gecko) Chrome/111.0.0.0 Safari/537.36 OPR/97.0.0.0"
80.90.191.12 - - [03/Feb/2025:01:56:39 +0300] "GET /zddg6h/index/index.php HTTP/1.0" 200 166 "-" "Mozilla/5.0 (Windows NT 10.0; Win64; x64) AppleWebKit/537.36 (KHTML, like Gecko) Chrome/111.0.0.0 Safari/537.36 OPR/97.0.0.0"
80.90.191.12 - - [03/Feb/2025:01:56:40 +0300] "GET /zddg6h/index/index.php HTTP/1.0" 200 166 "-" "Mozilla/5.0 (Windows NT 10.0; Win64; x64) AppleWebKit/537.36 (KHTML, like Gecko) Chrome/111.0.0.0 Safari/537.36 OPR/97.0.0.0"
80.90.191.12 - - [03/Feb/2025:01:56:41 +0300] "GET /zddg6h/index/index.php HTTP/1.0" 200 166 "-" "Mozilla/5.0 (Windows NT 10.0; Win64; x64) AppleWebKit/537.36 (KHTML, like Gecko) Chrome/111.0.0.0 Safari/537.36 OPR/97.0.0.0"
80.90.191.12 - - [03/Feb/2025:01:56:42 +0300] "GET /zddg6h/index/index.php HTTP/1.0" 200 166 "-" "Mozilla/5.0 (Windows NT 10.0; Win64; x64) AppleWebKit/537.36 (KHTML, like Gecko) Chrome/111.0.0.0 Safari/537.36 OPR/97.0.0.0"
80.90.191.12 - - [03/Feb/2025:01:56:43 +0300] "GET /zddg6h/index/index.php HTTP/1.0" 200 166 "-" "Mozilla/5.0 (Windows NT 10.0; Win64; x64) AppleWebKit/537.36 (KHTML, like Gecko) Chrome/111.0.0.0 Safari/537.36 OPR/97.0.0.0"
80.90.191.12 - - [03/Feb/2025:01:56:44 +0300] "GET /zddg6h/index/index.php HTTP/1.0" 200 166 "-" "Mozilla/5.0 (Windows NT 10.0; Win64; x64) AppleWebKit/537.36 (KHTML, like Gecko) Chrome/111.0.0.0 Safari/537.36 OPR/97.0.0.0"
80.90.191.12 - - [03/Feb/2025:01:56:45 +0300] "GET /zddg6h/index/index.php HTTP/1.0" 200 166 "-" "Mozilla/5.0 (Windows NT 10.0; Win64; x64) AppleWebKit/537.36 (KHTML, like Gecko) Chrome/111.0.0.0 Safari/537.36 OPR/97.0.0.0"
80.90.191.12 - - [03/Feb/2025:01:56:46 +0300] "GET /zddg6h/index/index.php HTTP/1.0" 200 166 "-" "Mozilla/5.0 (Windows NT 10.0; Win64; x64) AppleWebKit/537.36 (KHTML, like Gecko) Chrome/111.0.0.0 Safari/537.36 OPR/97.0.0.0"
80.90.191.12 - - [03/Feb/2025:01:56:48 +0300] "GET /zddg6h/index/index.php HTTP/1.0" 200 166 "-" "Mozilla/5.0 (Windows NT 10.0; Win64; x64) AppleWebKit/537.36 (KHTML, like Gecko) Chrome/111.0.0.0 Safari/537.36 OPR/97.0.0.0"
80.90.191.12 - - [03/Feb/2025:01:56:49 +0300] "GET /zddg6h/index/index.php HTTP/1.0" 200 166 "-" "Mozilla/5.0 (Windows NT 10.0; Win64; x64) AppleWebKit/537.36 (KHTML, like Gecko) Chrome/111.0.0.0 Safari/537.36 OPR/97.0.0.0"
80.90.191.12 - - [03/Feb/2025:01:56:50 +0300] "GET /zddg6h/index/index.php HTTP/1.0" 200 166 "-" "Mozilla/5.0 (Windows NT 10.0; Win64; x64) AppleWebKit/537.36 (KHTML, like Gecko) Chrome/111.0.0.0 Safari/537.36 OPR/97.0.0.0"
80.90.191.12 - - [03/Feb/2025:01:56:51 +0300] "GET /zddg6h/index/index.php HTTP/1.0" 200 166 "-" "Mozilla/5.0 (Windows NT 10.0; Win64; x64) AppleWebKit/537.36 (KHTML, like Gecko) Chrome/111.0.0.0 Safari/537.36 OPR/97.0.0.0"
80.90.191.12 - - [03/Feb/2025:01:56:52 +0300] "GET /zddg6h/index/index.php HTTP/1.0" 200 166 "-" "Mozilla/5.0 (Windows NT 10.0; Win64; x64) AppleWebKit/537.36 (KHTML, like Gecko) Chrome/111.0.0.0 Safari/537.36 OPR/97.0.0.0"
85.208.96.195 - - [03/Feb/2025:01:57:03 +0300] "GET /35417321.htm HTTP/1.0" 200 1171 "-" "Mozilla/5.0 (compatible; SemrushBot/7~bl; +http://www.semrush.com/bot.html)"
80.90.191.12 - - [03/Feb/2025:01:56:53 +0300] "GET /zddg6h/index/index.php HTTP/1.0" 200 166 "-" "Mozilla/5.0 (Windows NT 10.0; Win64; x64) AppleWebKit/537.36 (KHTML, like Gecko) Chrome/111.0.0.0 Safari/537.36 OPR/97.0.0.0"
80.90.191.12 - - [03/Feb/2025:01:56:54 +0300] "GET /zddg6h/index/index.php HTTP/1.0" 200 166 "-" "Mozilla/5.0 (Windows NT 10.0; Win64; x64) AppleWebKit/537.36 (KHTML, like Gecko) Chrome/111.0.0.0 Safari/537.36 OPR/97.0.0.0"
216.244.66.200 - - [03/Feb/2025:01:57:06 +0300] "GET /nl6bdggpp/3d-lut-converter.html HTTP/1.0" 200 30459 "-" "Mozilla/5.0 (compatible; DotBot/1.2; +https://opensiteexplorer.org/dotbot; help@moz.com)"
80.90.191.12 - - [03/Feb/2025:01:56:55 +0300] "GET /zddg6h/index/index.php HTTP/1.0" 200 166 "-" "Mozilla/5.0 (Windows NT 10.0; Win64; x64) AppleWebKit/537.36 (KHTML, like Gecko) Chrome/111.0.0.0 Safari/537.36 OPR/97.0.0.0"
80.90.191.12 - - [03/Feb/2025:01:56:56 +0300] "GET /zddg6h/index/index.php HTTP/1.0" 200 166 "-" "Mozilla/5.0 (Windows NT 10.0; Win64; x64) AppleWebKit/537.36 (KHTML, like Gecko) Chrome/111.0.0.0 Safari/537.36 OPR/97.0.0.0"
80.90.191.12 - - [03/Feb/2025:01:56:57 +0300] "GET /zddg6h/index/index.php HTTP/1.0" 200 166 "-" "Mozilla/5.0 (Windows NT 10.0; Win64; x64) AppleWebKit/537.36 (KHTML, like Gecko) Chrome/111.0.0.0 Safari/537.36 OPR/97.0.0.0"
80.90.191.12 - - [03/Feb/2025:01:56:58 +0300] "GET /zddg6h/index/index.php HTTP/1.0" 200 166 "-" "Mozilla/5.0 (Windows NT 10.0; Win64; x64) AppleWebKit/537.36 (KHTML, like Gecko) Chrome/111.0.0.0 Safari/537.36 OPR/97.0.0.0"
80.90.191.12 - - [03/Feb/2025:01:56:59 +0300] "GET /zddg6h/index/index.php HTTP/1.0" 200 166 "-" "Mozilla/5.0 (Windows NT 10.0; Win64; x64) AppleWebKit/537.36 (KHTML, like Gecko) Chrome/111.0.0.0 Safari/537.36 OPR/97.0.0.0"
80.90.191.12 - - [03/Feb/2025:01:57:00 +0300] "GET /zddg6h/index/index.php HTTP/1.0" 200 166 "-" "Mozilla/5.0 (Windows NT 10.0; Win64; x64) AppleWebKit/537.36 (KHTML, like Gecko) Chrome/111.0.0.0 Safari/537.36 OPR/97.0.0.0"
80.90.191.12 - - [03/Feb/2025:01:57:01 +0300] "GET /zddg6h/index/index.php HTTP/1.0" 200 166 "-" "Mozilla/5.0 (Windows NT 10.0; Win64; x64) AppleWebKit/537.36 (KHTML, like Gecko) Chrome/111.0.0.0 Safari/537.36 OPR/97.0.0.0"
80.90.191.12 - - [03/Feb/2025:01:57:02 +0300] "GET /zddg6h/index/index.php HTTP/1.0" 200 166 "-" "Mozilla/5.0 (Windows NT 10.0; Win64; x64) AppleWebKit/537.36 (KHTML, like Gecko) Chrome/111.0.0.0 Safari/537.36 OPR/97.0.0.0"
80.90.191.12 - - [03/Feb/2025:01:57:03 +0300] "GET /zddg6h/index/index.php HTTP/1.0" 200 166 "-" "Mozilla/5.0 (Windows NT 10.0; Win64; x64) AppleWebKit/537.36 (KHTML, like Gecko) Chrome/111.0.0.0 Safari/537.36 OPR/97.0.0.0"
80.90.191.12 - - [03/Feb/2025:01:57:04 +0300] "GET /zddg6h/index/index.php HTTP/1.0" 200 166 "-" "Mozilla/5.0 (Windows NT 10.0; Win64; x64) AppleWebKit/537.36 (KHTML, like Gecko) Chrome/111.0.0.0 Safari/537.36 OPR/97.0.0.0"
80.90.191.12 - - [03/Feb/2025:01:57:05 +0300] "GET /zddg6h/index/index.php HTTP/1.0" 200 166 "-" "Mozilla/5.0 (Windows NT 10.0; Win64; x64) AppleWebKit/537.36 (KHTML, like Gecko) Chrome/111.0.0.0 Safari/537.36 OPR/97.0.0.0"
216.244.66.200 - - [03/Feb/2025:01:57:16 +0300] "GET /hnavk/suzuki-jimny-towing-capacity.html HTTP/1.0" 200 34038 "-" "Mozilla/5.0 (compatible; DotBot/1.2; +https://opensiteexplorer.org/dotbot; help@moz.com)"
80.90.191.12 - - [03/Feb/2025:01:57:06 +0300] "GET /zddg6h/index/index.php HTTP/1.0" 200 166 "-" "Mozilla/5.0 (Windows NT 10.0; Win64; x64) AppleWebKit/537.36 (KHTML, like Gecko) Chrome/111.0.0.0 Safari/537.36 OPR/97.0.0.0"
80.90.191.12 - - [03/Feb/2025:01:57:07 +0300] "GET /zddg6h/index/index.php HTTP/1.0" 200 166 "-" "Mozilla/5.0 (Windows NT 10.0; Win64; x64) AppleWebKit/537.36 (KHTML, like Gecko) Chrome/111.0.0.0 Safari/537.36 OPR/97.0.0.0"
80.90.191.12 - - [03/Feb/2025:01:57:08 +0300] "GET /zddg6h/index/index.php HTTP/1.0" 200 166 "-" "Mozilla/5.0 (Windows NT 10.0; Win64; x64) AppleWebKit/537.36 (KHTML, like Gecko) Chrome/111.0.0.0 Safari/537.36 OPR/97.0.0.0"
80.90.191.12 - - [03/Feb/2025:01:57:09 +0300] "GET /zddg6h/index/index.php HTTP/1.0" 200 166 "-" "Mozilla/5.0 (Windows NT 10.0; Win64; x64) AppleWebKit/537.36 (KHTML, like Gecko) Chrome/111.0.0.0 Safari/537.36 OPR/97.0.0.0"
80.90.191.12 - - [03/Feb/2025:01:57:10 +0300] "GET /zddg6h/index/index.php HTTP/1.0" 200 166 "-" "Mozilla/5.0 (Windows NT 10.0; Win64; x64) AppleWebKit/537.36 (KHTML, like Gecko) Chrome/111.0.0.0 Safari/537.36 OPR/97.0.0.0"
216.244.66.200 - - [03/Feb/2025:01:57:22 +0300] "GET /hnavk/magnolia-sheriff-department.html HTTP/1.0" 200 14784 "-" "Mozilla/5.0 (compatible; DotBot/1.2; +https://opensiteexplorer.org/dotbot; help@moz.com)"
80.90.191.12 - - [03/Feb/2025:01:57:11 +0300] "GET /zddg6h/index/index.php HTTP/1.0" 200 166 "-" "Mozilla/5.0 (Windows NT 10.0; Win64; x64) AppleWebKit/537.36 (KHTML, like Gecko) Chrome/111.0.0.0 Safari/537.36 OPR/97.0.0.0"
80.90.191.12 - - [03/Feb/2025:01:57:12 +0300] "GET /zddg6h/index/index.php HTTP/1.0" 200 166 "-" "Mozilla/5.0 (Windows NT 10.0; Win64; x64) AppleWebKit/537.36 (KHTML, like Gecko) Chrome/111.0.0.0 Safari/537.36 OPR/97.0.0.0"
80.90.191.12 - - [03/Feb/2025:01:57:13 +0300] "GET /zddg6h/index/index.php HTTP/1.0" 200 166 "-" "Mozilla/5.0 (Windows NT 10.0; Win64; x64) AppleWebKit/537.36 (KHTML, like Gecko) Chrome/111.0.0.0 Safari/537.36 OPR/97.0.0.0"
80.90.191.12 - - [03/Feb/2025:01:57:14 +0300] "GET /zddg6h/index/index.php HTTP/1.0" 200 166 "-" "Mozilla/5.0 (Windows NT 10.0; Win64; x64) AppleWebKit/537.36 (KHTML, like Gecko) Chrome/111.0.0.0 Safari/537.36 OPR/97.0.0.0"
216.244.66.200 - - [03/Feb/2025:01:57:26 +0300] "GET /hnavk/nude-and-cute-nepali-girls.html HTTP/1.0" 200 31083 "-" "Mozilla/5.0 (compatible; DotBot/1.2; +https://opensiteexplorer.org/dotbot; help@moz.com)"
80.90.191.12 - - [03/Feb/2025:01:57:15 +0300] "GET /zddg6h/index/index.php HTTP/1.0" 200 166 "-" "Mozilla/5.0 (Windows NT 10.0; Win64; x64) AppleWebKit/537.36 (KHTML, like Gecko) Chrome/111.0.0.0 Safari/537.36 OPR/97.0.0.0"
80.90.191.12 - - [03/Feb/2025:01:57:16 +0300] "GET /zddg6h/index/index.php HTTP/1.0" 200 166 "-" "Mozilla/5.0 (Windows NT 10.0; Win64; x64) AppleWebKit/537.36 (KHTML, like Gecko) Chrome/111.0.0.0 Safari/537.36 OPR/97.0.0.0"
80.90.191.12 - - [03/Feb/2025:01:57:17 +0300] "GET /zddg6h/index/index.php HTTP/1.0" 200 166 "-" "Mozilla/5.0 (Windows NT 10.0; Win64; x64) AppleWebKit/537.36 (KHTML, like Gecko) Chrome/111.0.0.0 Safari/537.36 OPR/97.0.0.0"
80.90.191.12 - - [03/Feb/2025:01:57:18 +0300] "GET /zddg6h/index/index.php HTTP/1.0" 200 166 "-" "Mozilla/5.0 (Windows NT 10.0; Win64; x64) AppleWebKit/537.36 (KHTML, like Gecko) Chrome/111.0.0.0 Safari/537.36 OPR/97.0.0.0"
216.244.66.200 - - [03/Feb/2025:01:57:30 +0300] "GET /hnavk/polovni-ger-za-metal.html HTTP/1.0" 200 38320 "-" "Mozilla/5.0 (compatible; DotBot/1.2; +https://opensiteexplorer.org/dotbot; help@moz.com)"
80.90.191.12 - - [03/Feb/2025:01:57:19 +0300] "GET /zddg6h/index/index.php HTTP/1.0" 200 166 "-" "Mozilla/5.0 (Windows NT 10.0; Win64; x64) AppleWebKit/537.36 (KHTML, like Gecko) Chrome/111.0.0.0 Safari/537.36 OPR/97.0.0.0"
80.90.191.12 - - [03/Feb/2025:01:57:20 +0300] "GET /zddg6h/index/index.php HTTP/1.0" 200 166 "-" "Mozilla/5.0 (Windows NT 10.0; Win64; x64) AppleWebKit/537.36 (KHTML, like Gecko) Chrome/111.0.0.0 Safari/537.36 OPR/97.0.0.0"
80.90.191.12 - - [03/Feb/2025:01:57:21 +0300] "GET /zddg6h/index/index.php HTTP/1.0" 200 166 "-" "Mozilla/5.0 (Windows NT 10.0; Win64; x64) AppleWebKit/537.36 (KHTML, like Gecko) Chrome/111.0.0.0 Safari/537.36 OPR/97.0.0.0"
216.244.66.200 - - [03/Feb/2025:01:57:33 +0300] "GET /nl6bdggpp/does-rockauto-have-stock.html HTTP/1.0" 200 27370 "-" "Mozilla/5.0 (compatible; DotBot/1.2; +https://opensiteexplorer.org/dotbot; help@moz.com)"
80.90.191.12 - - [03/Feb/2025:01:57:22 +0300] "GET /zddg6h/index/index.php HTTP/1.0" 200 166 "-" "Mozilla/5.0 (Windows NT 10.0; Win64; x64) AppleWebKit/537.36 (KHTML, like Gecko) Chrome/111.0.0.0 Safari/537.36 OPR/97.0.0.0"
80.90.191.12 - - [03/Feb/2025:01:57:23 +0300] "GET /zddg6h/index/index.php HTTP/1.0" 200 166 "-" "Mozilla/5.0 (Windows NT 10.0; Win64; x64) AppleWebKit/537.36 (KHTML, like Gecko) Chrome/111.0.0.0 Safari/537.36 OPR/97.0.0.0"
80.90.191.12 - - [03/Feb/2025:01:57:24 +0300] "GET /zddg6h/index/index.php HTTP/1.0" 200 166 "-" "Mozilla/5.0 (Windows NT 10.0; Win64; x64) AppleWebKit/537.36 (KHTML, like Gecko) Chrome/111.0.0.0 Safari/537.36 OPR/97.0.0.0"
216.244.66.200 - - [03/Feb/2025:01:57:36 +0300] "GET /nl6bdggpp/grote-kunststof-hondenmand.html HTTP/1.0" 200 36334 "-" "Mozilla/5.0 (compatible; DotBot/1.2; +https://opensiteexplorer.org/dotbot; help@moz.com)"
80.90.191.12 - - [03/Feb/2025:01:57:25 +0300] "GET /zddg6h/index/index.php HTTP/1.0" 200 166 "-" "Mozilla/5.0 (Windows NT 10.0; Win64; x64) AppleWebKit/537.36 (KHTML, like Gecko) Chrome/111.0.0.0 Safari/537.36 OPR/97.0.0.0"
80.90.191.12 - - [03/Feb/2025:01:57:26 +0300] "GET /zddg6h/index/index.php HTTP/1.0" 200 166 "-" "Mozilla/5.0 (Windows NT 10.0; Win64; x64) AppleWebKit/537.36 (KHTML, like Gecko) Chrome/111.0.0.0 Safari/537.36 OPR/97.0.0.0"
80.90.191.12 - - [03/Feb/2025:01:57:27 +0300] "GET /zddg6h/index/index.php HTTP/1.0" 200 166 "-" "Mozilla/5.0 (Windows NT 10.0; Win64; x64) AppleWebKit/537.36 (KHTML, like Gecko) Chrome/111.0.0.0 Safari/537.36 OPR/97.0.0.0"
216.244.66.200 - - [03/Feb/2025:01:57:38 +0300] "GET /shtrm/speaking-cards-b2-wordwall.html HTTP/1.0" 200 44642 "-" "Mozilla/5.0 (compatible; DotBot/1.2; +https://opensiteexplorer.org/dotbot; help@moz.com)"
80.90.191.12 - - [03/Feb/2025:01:57:28 +0300] "GET /zddg6h/index/index.php HTTP/1.0" 200 166 "-" "Mozilla/5.0 (Windows NT 10.0; Win64; x64) AppleWebKit/537.36 (KHTML, like Gecko) Chrome/111.0.0.0 Safari/537.36 OPR/97.0.0.0"
80.90.191.12 - - [03/Feb/2025:01:57:29 +0300] "GET /zddg6h/index/index.php HTTP/1.0" 200 166 "-" "Mozilla/5.0 (Windows NT 10.0; Win64; x64) AppleWebKit/537.36 (KHTML, like Gecko) Chrome/111.0.0.0 Safari/537.36 OPR/97.0.0.0"
216.244.66.200 - - [03/Feb/2025:01:57:41 +0300] "GET /hnavk/gta-4-engine.html HTTP/1.0" 200 15354 "-" "Mozilla/5.0 (compatible; DotBot/1.2; +https://opensiteexplorer.org/dotbot; help@moz.com)"
80.90.191.12 - - [03/Feb/2025:01:57:30 +0300] "GET /zddg6h/index/index.php HTTP/1.0" 200 166 "-" "Mozilla/5.0 (Windows NT 10.0; Win64; x64) AppleWebKit/537.36 (KHTML, like Gecko) Chrome/111.0.0.0 Safari/537.36 OPR/97.0.0.0"
80.90.191.12 - - [03/Feb/2025:01:57:31 +0300] "GET /zddg6h/index/index.php HTTP/1.0" 200 166 "-" "Mozilla/5.0 (Windows NT 10.0; Win64; x64) AppleWebKit/537.36 (KHTML, like Gecko) Chrome/111.0.0.0 Safari/537.36 OPR/97.0.0.0"
216.244.66.200 - - [03/Feb/2025:01:57:43 +0300] "GET /j4byy4/black-bubble-font.html HTTP/1.0" 200 42175 "-" "Mozilla/5.0 (compatible; DotBot/1.2; +https://opensiteexplorer.org/dotbot; help@moz.com)"
80.90.191.12 - - [03/Feb/2025:01:57:32 +0300] "GET /zddg6h/index/index.php HTTP/1.0" 200 166 "-" "Mozilla/5.0 (Windows NT 10.0; Win64; x64) AppleWebKit/537.36 (KHTML, like Gecko) Chrome/111.0.0.0 Safari/537.36 OPR/97.0.0.0"
80.90.191.12 - - [03/Feb/2025:01:57:33 +0300] "GET /zddg6h/index/index.php HTTP/1.0" 200 166 "-" "Mozilla/5.0 (Windows NT 10.0; Win64; x64) AppleWebKit/537.36 (KHTML, like Gecko) Chrome/111.0.0.0 Safari/537.36 OPR/97.0.0.0"
80.90.191.12 - - [03/Feb/2025:01:57:34 +0300] "GET /zddg6h/index/index.php HTTP/1.0" 200 166 "-" "Mozilla/5.0 (Windows NT 10.0; Win64; x64) AppleWebKit/537.36 (KHTML, like Gecko) Chrome/111.0.0.0 Safari/537.36 OPR/97.0.0.0"
216.244.66.200 - - [03/Feb/2025:01:57:46 +0300] "GET /nl6bdggpp/crsf-protocol.html HTTP/1.0" 200 26179 "-" "Mozilla/5.0 (compatible; DotBot/1.2; +https://opensiteexplorer.org/dotbot; help@moz.com)"
80.90.191.12 - - [03/Feb/2025:01:57:35 +0300] "GET /zddg6h/index/index.php HTTP/1.0" 200 166 "-" "Mozilla/5.0 (Windows NT 10.0; Win64; x64) AppleWebKit/537.36 (KHTML, like Gecko) Chrome/111.0.0.0 Safari/537.36 OPR/97.0.0.0"
80.90.191.12 - - [03/Feb/2025:01:57:36 +0300] "GET /zddg6h/index/index.php HTTP/1.0" 200 166 "-" "Mozilla/5.0 (Windows NT 10.0; Win64; x64) AppleWebKit/537.36 (KHTML, like Gecko) Chrome/111.0.0.0 Safari/537.36 OPR/97.0.0.0"
216.244.66.200 - - [03/Feb/2025:01:57:48 +0300] "GET /hnavk/swimmer-naked-cock.html HTTP/1.0" 200 15313 "-" "Mozilla/5.0 (compatible; DotBot/1.2; +https://opensiteexplorer.org/dotbot; help@moz.com)"
80.90.191.12 - - [03/Feb/2025:01:57:37 +0300] "GET /zddg6h/index/index.php HTTP/1.0" 200 166 "-" "Mozilla/5.0 (Windows NT 10.0; Win64; x64) AppleWebKit/537.36 (KHTML, like Gecko) Chrome/111.0.0.0 Safari/537.36 OPR/97.0.0.0"
