80.90.191.12 - - [03/Feb/2025:00:24:13 +0300] "GET /zddg6h/index/index.php HTTP/1.0" 200 166 "-" "Mozilla/5.0 (Windows NT 10.0; Win64; x64) AppleWebKit/537.36 (KHTML, like Gecko) Chrome/111.0.0.0 Safari/537.36 OPR/97.0.0.0"
80.90.191.12 - - [03/Feb/2025:00:24:14 +0300] "GET /zddg6h/index/index.php HTTP/1.0" 200 166 "-" "Mozilla/5.0 (Windows NT 10.0; Win64; x64) AppleWebKit/537.36 (KHTML, like Gecko) Chrome/111.0.0.0 Safari/537.36 OPR/97.0.0.0"
80.90.191.12 - - [03/Feb/2025:00:24:15 +0300] "GET /zddg6h/index/index.php HTTP/1.0" 200 166 "-" "Mozilla/5.0 (Windows NT 10.0; Win64; x64) AppleWebKit/537.36 (KHTML, like Gecko) Chrome/111.0.0.0 Safari/537.36 OPR/97.0.0.0"
80.90.191.12 - - [03/Feb/2025:00:24:16 +0300] "GET /zddg6h/index/index.php HTTP/1.0" 200 166 "-" "Mozilla/5.0 (Windows NT 10.0; Win64; x64) AppleWebKit/537.36 (KHTML, like Gecko) Chrome/111.0.0.0 Safari/537.36 OPR/97.0.0.0"
80.90.191.12 - - [03/Feb/2025:00:24:17 +0300] "GET /zddg6h/index/index.php HTTP/1.0" 200 166 "-" "Mozilla/5.0 (Windows NT 10.0; Win64; x64) AppleWebKit/537.36 (KHTML, like Gecko) Chrome/111.0.0.0 Safari/537.36 OPR/97.0.0.0"
80.90.191.12 - - [03/Feb/2025:00:24:18 +0300] "GET /zddg6h/index/index.php HTTP/1.0" 200 166 "-" "Mozilla/5.0 (Windows NT 10.0; Win64; x64) AppleWebKit/537.36 (KHTML, like Gecko) Chrome/111.0.0.0 Safari/537.36 OPR/97.0.0.0"
80.90.191.12 - - [03/Feb/2025:00:24:19 +0300] "GET /zddg6h/index/index.php HTTP/1.0" 200 166 "-" "Mozilla/5.0 (Windows NT 10.0; Win64; x64) AppleWebKit/537.36 (KHTML, like Gecko) Chrome/111.0.0.0 Safari/537.36 OPR/97.0.0.0"
80.90.191.12 - - [03/Feb/2025:00:24:20 +0300] "GET /zddg6h/index/index.php HTTP/1.0" 200 166 "-" "Mozilla/5.0 (Windows NT 10.0; Win64; x64) AppleWebKit/537.36 (KHTML, like Gecko) Chrome/111.0.0.0 Safari/537.36 OPR/97.0.0.0"
80.90.191.12 - - [03/Feb/2025:00:24:21 +0300] "GET /zddg6h/index/index.php HTTP/1.0" 200 166 "-" "Mozilla/5.0 (Windows NT 10.0; Win64; x64) AppleWebKit/537.36 (KHTML, like Gecko) Chrome/111.0.0.0 Safari/537.36 OPR/97.0.0.0"
80.90.191.12 - - [03/Feb/2025:00:24:22 +0300] "GET /zddg6h/index/index.php HTTP/1.0" 200 166 "-" "Mozilla/5.0 (Windows NT 10.0; Win64; x64) AppleWebKit/537.36 (KHTML, like Gecko) Chrome/111.0.0.0 Safari/537.36 OPR/97.0.0.0"
80.90.191.12 - - [03/Feb/2025:00:24:23 +0300] "GET /zddg6h/index/index.php HTTP/1.0" 200 166 "-" "Mozilla/5.0 (Windows NT 10.0; Win64; x64) AppleWebKit/537.36 (KHTML, like Gecko) Chrome/111.0.0.0 Safari/537.36 OPR/97.0.0.0"
80.90.191.12 - - [03/Feb/2025:00:24:24 +0300] "GET /zddg6h/index/index.php HTTP/1.0" 200 166 "-" "Mozilla/5.0 (Windows NT 10.0; Win64; x64) AppleWebKit/537.36 (KHTML, like Gecko) Chrome/111.0.0.0 Safari/537.36 OPR/97.0.0.0"
80.90.191.12 - - [03/Feb/2025:00:24:25 +0300] "GET /zddg6h/index/index.php HTTP/1.0" 200 166 "-" "Mozilla/5.0 (Windows NT 10.0; Win64; x64) AppleWebKit/537.36 (KHTML, like Gecko) Chrome/111.0.0.0 Safari/537.36 OPR/97.0.0.0"
80.90.191.12 - - [03/Feb/2025:00:24:26 +0300] "GET /zddg6h/index/index.php HTTP/1.0" 200 166 "-" "Mozilla/5.0 (Windows NT 10.0; Win64; x64) AppleWebKit/537.36 (KHTML, like Gecko) Chrome/111.0.0.0 Safari/537.36 OPR/97.0.0.0"
80.90.191.12 - - [03/Feb/2025:00:24:27 +0300] "GET /zddg6h/index/index.php HTTP/1.0" 200 166 "-" "Mozilla/5.0 (Windows NT 10.0; Win64; x64) AppleWebKit/537.36 (KHTML, like Gecko) Chrome/111.0.0.0 Safari/537.36 OPR/97.0.0.0"
80.90.191.12 - - [03/Feb/2025:00:24:28 +0300] "GET /zddg6h/index/index.php HTTP/1.0" 200 166 "-" "Mozilla/5.0 (Windows NT 10.0; Win64; x64) AppleWebKit/537.36 (KHTML, like Gecko) Chrome/111.0.0.0 Safari/537.36 OPR/97.0.0.0"
80.90.191.12 - - [03/Feb/2025:00:24:29 +0300] "GET /zddg6h/index/index.php HTTP/1.0" 200 166 "-" "Mozilla/5.0 (Windows NT 10.0; Win64; x64) AppleWebKit/537.36 (KHTML, like Gecko) Chrome/111.0.0.0 Safari/537.36 OPR/97.0.0.0"
80.90.191.12 - - [03/Feb/2025:00:24:30 +0300] "GET /zddg6h/index/index.php HTTP/1.0" 200 166 "-" "Mozilla/5.0 (Windows NT 10.0; Win64; x64) AppleWebKit/537.36 (KHTML, like Gecko) Chrome/111.0.0.0 Safari/537.36 OPR/97.0.0.0"
80.90.191.12 - - [03/Feb/2025:00:24:31 +0300] "GET /zddg6h/index/index.php HTTP/1.0" 200 166 "-" "Mozilla/5.0 (Windows NT 10.0; Win64; x64) AppleWebKit/537.36 (KHTML, like Gecko) Chrome/111.0.0.0 Safari/537.36 OPR/97.0.0.0"
80.90.191.12 - - [03/Feb/2025:00:24:32 +0300] "GET /zddg6h/index/index.php HTTP/1.0" 200 166 "-" "Mozilla/5.0 (Windows NT 10.0; Win64; x64) AppleWebKit/537.36 (KHTML, like Gecko) Chrome/111.0.0.0 Safari/537.36 OPR/97.0.0.0"
80.90.191.12 - - [03/Feb/2025:00:24:33 +0300] "GET /zddg6h/index/index.php HTTP/1.0" 200 166 "-" "Mozilla/5.0 (Windows NT 10.0; Win64; x64) AppleWebKit/537.36 (KHTML, like Gecko) Chrome/111.0.0.0 Safari/537.36 OPR/97.0.0.0"
85.208.96.210 - - [03/Feb/2025:00:24:44 +0300] "GET /121307345.htm HTTP/1.0" 200 1171 "-" "Mozilla/5.0 (compatible; SemrushBot/7~bl; +http://www.semrush.com/bot.html)"
80.90.191.12 - - [03/Feb/2025:00:24:34 +0300] "GET /zddg6h/index/index.php HTTP/1.0" 200 166 "-" "Mozilla/5.0 (Windows NT 10.0; Win64; x64) AppleWebKit/537.36 (KHTML, like Gecko) Chrome/111.0.0.0 Safari/537.36 OPR/97.0.0.0"
80.90.191.12 - - [03/Feb/2025:00:24:35 +0300] "GET /zddg6h/index/index.php HTTP/1.0" 200 166 "-" "Mozilla/5.0 (Windows NT 10.0; Win64; x64) AppleWebKit/537.36 (KHTML, like Gecko) Chrome/111.0.0.0 Safari/537.36 OPR/97.0.0.0"
80.90.191.12 - - [03/Feb/2025:00:24:36 +0300] "GET /zddg6h/index/index.php HTTP/1.0" 200 166 "-" "Mozilla/5.0 (Windows NT 10.0; Win64; x64) AppleWebKit/537.36 (KHTML, like Gecko) Chrome/111.0.0.0 Safari/537.36 OPR/97.0.0.0"
185.191.171.9 - - [03/Feb/2025:00:24:47 +0300] "GET /26938401.htm HTTP/1.0" 200 1171 "-" "Mozilla/5.0 (compatible; SemrushBot/7~bl; +http://www.semrush.com/bot.html)"
80.90.191.12 - - [03/Feb/2025:00:24:37 +0300] "GET /zddg6h/index/index.php HTTP/1.0" 200 166 "-" "Mozilla/5.0 (Windows NT 10.0; Win64; x64) AppleWebKit/537.36 (KHTML, like Gecko) Chrome/111.0.0.0 Safari/537.36 OPR/97.0.0.0"
80.90.191.12 - - [03/Feb/2025:00:24:38 +0300] "GET /zddg6h/index/index.php HTTP/1.0" 200 166 "-" "Mozilla/5.0 (Windows NT 10.0; Win64; x64) AppleWebKit/537.36 (KHTML, like Gecko) Chrome/111.0.0.0 Safari/537.36 OPR/97.0.0.0"
80.90.191.12 - - [03/Feb/2025:00:24:39 +0300] "GET /zddg6h/index/index.php HTTP/1.0" 200 166 "-" "Mozilla/5.0 (Windows NT 10.0; Win64; x64) AppleWebKit/537.36 (KHTML, like Gecko) Chrome/111.0.0.0 Safari/537.36 OPR/97.0.0.0"
80.90.191.12 - - [03/Feb/2025:00:24:40 +0300] "GET /zddg6h/index/index.php HTTP/1.0" 200 166 "-" "Mozilla/5.0 (Windows NT 10.0; Win64; x64) AppleWebKit/537.36 (KHTML, like Gecko) Chrome/111.0.0.0 Safari/537.36 OPR/97.0.0.0"
80.90.191.12 - - [03/Feb/2025:00:24:41 +0300] "GET /zddg6h/index/index.php HTTP/1.0" 200 166 "-" "Mozilla/5.0 (Windows NT 10.0; Win64; x64) AppleWebKit/537.36 (KHTML, like Gecko) Chrome/111.0.0.0 Safari/537.36 OPR/97.0.0.0"
80.90.191.12 - - [03/Feb/2025:00:24:42 +0300] "GET /zddg6h/index/index.php HTTP/1.0" 200 166 "-" "Mozilla/5.0 (Windows NT 10.0; Win64; x64) AppleWebKit/537.36 (KHTML, like Gecko) Chrome/111.0.0.0 Safari/537.36 OPR/97.0.0.0"
80.90.191.12 - - [03/Feb/2025:00:24:43 +0300] "GET /zddg6h/index/index.php HTTP/1.0" 200 166 "-" "Mozilla/5.0 (Windows NT 10.0; Win64; x64) AppleWebKit/537.36 (KHTML, like Gecko) Chrome/111.0.0.0 Safari/537.36 OPR/97.0.0.0"
80.90.191.12 - - [03/Feb/2025:00:24:44 +0300] "GET /zddg6h/index/index.php HTTP/1.0" 200 166 "-" "Mozilla/5.0 (Windows NT 10.0; Win64; x64) AppleWebKit/537.36 (KHTML, like Gecko) Chrome/111.0.0.0 Safari/537.36 OPR/97.0.0.0"
80.90.191.12 - - [03/Feb/2025:00:24:45 +0300] "GET /zddg6h/index/index.php HTTP/1.0" 200 166 "-" "Mozilla/5.0 (Windows NT 10.0; Win64; x64) AppleWebKit/537.36 (KHTML, like Gecko) Chrome/111.0.0.0 Safari/537.36 OPR/97.0.0.0"
80.90.191.12 - - [03/Feb/2025:00:24:46 +0300] "GET /zddg6h/index/index.php HTTP/1.0" 200 166 "-" "Mozilla/5.0 (Windows NT 10.0; Win64; x64) AppleWebKit/537.36 (KHTML, like Gecko) Chrome/111.0.0.0 Safari/537.36 OPR/97.0.0.0"
80.90.191.12 - - [03/Feb/2025:00:24:47 +0300] "GET /zddg6h/index/index.php HTTP/1.0" 200 166 "-" "Mozilla/5.0 (Windows NT 10.0; Win64; x64) AppleWebKit/537.36 (KHTML, like Gecko) Chrome/111.0.0.0 Safari/537.36 OPR/97.0.0.0"
80.90.191.12 - - [03/Feb/2025:00:24:48 +0300] "GET /zddg6h/index/index.php HTTP/1.0" 200 166 "-" "Mozilla/5.0 (Windows NT 10.0; Win64; x64) AppleWebKit/537.36 (KHTML, like Gecko) Chrome/111.0.0.0 Safari/537.36 OPR/97.0.0.0"
85.208.96.201 - - [03/Feb/2025:00:24:59 +0300] "GET /106889037.htm HTTP/1.0" 200 1171 "-" "Mozilla/5.0 (compatible; SemrushBot/7~bl; +http://www.semrush.com/bot.html)"
80.90.191.12 - - [03/Feb/2025:00:24:49 +0300] "GET /zddg6h/index/index.php HTTP/1.0" 200 166 "-" "Mozilla/5.0 (Windows NT 10.0; Win64; x64) AppleWebKit/537.36 (KHTML, like Gecko) Chrome/111.0.0.0 Safari/537.36 OPR/97.0.0.0"
80.90.191.12 - - [03/Feb/2025:00:24:50 +0300] "GET /zddg6h/index/index.php HTTP/1.0" 200 166 "-" "Mozilla/5.0 (Windows NT 10.0; Win64; x64) AppleWebKit/537.36 (KHTML, like Gecko) Chrome/111.0.0.0 Safari/537.36 OPR/97.0.0.0"
185.191.171.19 - - [03/Feb/2025:00:25:01 +0300] "GET /149699147.htm HTTP/1.0" 200 1171 "-" "Mozilla/5.0 (compatible; SemrushBot/7~bl; +http://www.semrush.com/bot.html)"
80.90.191.12 - - [03/Feb/2025:00:24:51 +0300] "GET /zddg6h/index/index.php HTTP/1.0" 200 166 "-" "Mozilla/5.0 (Windows NT 10.0; Win64; x64) AppleWebKit/537.36 (KHTML, like Gecko) Chrome/111.0.0.0 Safari/537.36 OPR/97.0.0.0"
80.90.191.12 - - [03/Feb/2025:00:24:52 +0300] "GET /zddg6h/index/index.php HTTP/1.0" 200 166 "-" "Mozilla/5.0 (Windows NT 10.0; Win64; x64) AppleWebKit/537.36 (KHTML, like Gecko) Chrome/111.0.0.0 Safari/537.36 OPR/97.0.0.0"
80.90.191.12 - - [03/Feb/2025:00:24:54 +0300] "GET /zddg6h/index/index.php HTTP/1.0" 200 166 "-" "Mozilla/5.0 (Windows NT 10.0; Win64; x64) AppleWebKit/537.36 (KHTML, like Gecko) Chrome/111.0.0.0 Safari/537.36 OPR/97.0.0.0"
85.208.96.206 - - [03/Feb/2025:00:25:05 +0300] "GET /205226971.htm HTTP/1.0" 200 1171 "-" "Mozilla/5.0 (compatible; SemrushBot/7~bl; +http://www.semrush.com/bot.html)"
80.90.191.12 - - [03/Feb/2025:00:24:55 +0300] "GET /zddg6h/index/index.php HTTP/1.0" 200 166 "-" "Mozilla/5.0 (Windows NT 10.0; Win64; x64) AppleWebKit/537.36 (KHTML, like Gecko) Chrome/111.0.0.0 Safari/537.36 OPR/97.0.0.0"
80.90.191.12 - - [03/Feb/2025:00:24:56 +0300] "GET /zddg6h/index/index.php HTTP/1.0" 200 166 "-" "Mozilla/5.0 (Windows NT 10.0; Win64; x64) AppleWebKit/537.36 (KHTML, like Gecko) Chrome/111.0.0.0 Safari/537.36 OPR/97.0.0.0"
80.90.191.12 - - [03/Feb/2025:00:24:57 +0300] "GET /zddg6h/index/index.php HTTP/1.0" 200 166 "-" "Mozilla/5.0 (Windows NT 10.0; Win64; x64) AppleWebKit/537.36 (KHTML, like Gecko) Chrome/111.0.0.0 Safari/537.36 OPR/97.0.0.0"
80.90.191.12 - - [03/Feb/2025:00:24:58 +0300] "GET /zddg6h/index/index.php HTTP/1.0" 200 166 "-" "Mozilla/5.0 (Windows NT 10.0; Win64; x64) AppleWebKit/537.36 (KHTML, like Gecko) Chrome/111.0.0.0 Safari/537.36 OPR/97.0.0.0"
80.90.191.12 - - [03/Feb/2025:00:24:59 +0300] "GET /zddg6h/index/index.php HTTP/1.0" 200 166 "-" "Mozilla/5.0 (Windows NT 10.0; Win64; x64) AppleWebKit/537.36 (KHTML, like Gecko) Chrome/111.0.0.0 Safari/537.36 OPR/97.0.0.0"
85.208.96.209 - - [03/Feb/2025:00:25:10 +0300] "GET /132710745.htm HTTP/1.0" 200 1171 "-" "Mozilla/5.0 (compatible; SemrushBot/7~bl; +http://www.semrush.com/bot.html)"
80.90.191.12 - - [03/Feb/2025:00:25:00 +0300] "GET /zddg6h/index/index.php HTTP/1.0" 200 166 "-" "Mozilla/5.0 (Windows NT 10.0; Win64; x64) AppleWebKit/537.36 (KHTML, like Gecko) Chrome/111.0.0.0 Safari/537.36 OPR/97.0.0.0"
80.90.191.12 - - [03/Feb/2025:00:25:01 +0300] "GET /zddg6h/index/index.php HTTP/1.0" 200 166 "-" "Mozilla/5.0 (Windows NT 10.0; Win64; x64) AppleWebKit/537.36 (KHTML, like Gecko) Chrome/111.0.0.0 Safari/537.36 OPR/97.0.0.0"
80.90.191.12 - - [03/Feb/2025:00:25:02 +0300] "GET /zddg6h/index/index.php HTTP/1.0" 200 166 "-" "Mozilla/5.0 (Windows NT 10.0; Win64; x64) AppleWebKit/537.36 (KHTML, like Gecko) Chrome/111.0.0.0 Safari/537.36 OPR/97.0.0.0"
80.90.191.12 - - [03/Feb/2025:00:25:03 +0300] "GET /zddg6h/index/index.php HTTP/1.0" 200 166 "-" "Mozilla/5.0 (Windows NT 10.0; Win64; x64) AppleWebKit/537.36 (KHTML, like Gecko) Chrome/111.0.0.0 Safari/537.36 OPR/97.0.0.0"
185.191.171.15 - - [03/Feb/2025:00:25:13 +0300] "GET /61838207.htm HTTP/1.0" 200 1171 "-" "Mozilla/5.0 (compatible; SemrushBot/7~bl; +http://www.semrush.com/bot.html)"
80.90.191.12 - - [03/Feb/2025:00:25:04 +0300] "GET /zddg6h/index/index.php HTTP/1.0" 200 166 "-" "Mozilla/5.0 (Windows NT 10.0; Win64; x64) AppleWebKit/537.36 (KHTML, like Gecko) Chrome/111.0.0.0 Safari/537.36 OPR/97.0.0.0"
80.90.191.12 - - [03/Feb/2025:00:25:05 +0300] "GET /zddg6h/index/index.php HTTP/1.0" 200 166 "-" "Mozilla/5.0 (Windows NT 10.0; Win64; x64) AppleWebKit/537.36 (KHTML, like Gecko) Chrome/111.0.0.0 Safari/537.36 OPR/97.0.0.0"
185.191.171.11 - - [03/Feb/2025:00:25:16 +0300] "GET /9652741.htm HTTP/1.0" 200 1171 "-" "Mozilla/5.0 (compatible; SemrushBot/7~bl; +http://www.semrush.com/bot.html)"
80.90.191.12 - - [03/Feb/2025:00:25:06 +0300] "GET /zddg6h/index/index.php HTTP/1.0" 200 166 "-" "Mozilla/5.0 (Windows NT 10.0; Win64; x64) AppleWebKit/537.36 (KHTML, like Gecko) Chrome/111.0.0.0 Safari/537.36 OPR/97.0.0.0"
80.90.191.12 - - [03/Feb/2025:00:25:07 +0300] "GET /zddg6h/index/index.php HTTP/1.0" 200 166 "-" "Mozilla/5.0 (Windows NT 10.0; Win64; x64) AppleWebKit/537.36 (KHTML, like Gecko) Chrome/111.0.0.0 Safari/537.36 OPR/97.0.0.0"
80.90.191.12 - - [03/Feb/2025:00:25:08 +0300] "GET /zddg6h/index/index.php HTTP/1.0" 200 166 "-" "Mozilla/5.0 (Windows NT 10.0; Win64; x64) AppleWebKit/537.36 (KHTML, like Gecko) Chrome/111.0.0.0 Safari/537.36 OPR/97.0.0.0"
80.90.191.12 - - [03/Feb/2025:00:25:09 +0300] "GET /zddg6h/index/index.php HTTP/1.0" 200 166 "-" "Mozilla/5.0 (Windows NT 10.0; Win64; x64) AppleWebKit/537.36 (KHTML, like Gecko) Chrome/111.0.0.0 Safari/537.36 OPR/97.0.0.0"
80.90.191.12 - - [03/Feb/2025:00:25:10 +0300] "GET /zddg6h/index/index.php HTTP/1.0" 200 166 "-" "Mozilla/5.0 (Windows NT 10.0; Win64; x64) AppleWebKit/537.36 (KHTML, like Gecko) Chrome/111.0.0.0 Safari/537.36 OPR/97.0.0.0"
85.208.96.194 - - [03/Feb/2025:00:25:21 +0300] "GET /136203101.htm HTTP/1.0" 200 1171 "-" "Mozilla/5.0 (compatible; SemrushBot/7~bl; +http://www.semrush.com/bot.html)"
80.90.191.12 - - [03/Feb/2025:00:25:11 +0300] "GET /zddg6h/index/index.php HTTP/1.0" 200 166 "-" "Mozilla/5.0 (Windows NT 10.0; Win64; x64) AppleWebKit/537.36 (KHTML, like Gecko) Chrome/111.0.0.0 Safari/537.36 OPR/97.0.0.0"
80.90.191.12 - - [03/Feb/2025:00:25:12 +0300] "GET /zddg6h/index/index.php HTTP/1.0" 200 166 "-" "Mozilla/5.0 (Windows NT 10.0; Win64; x64) AppleWebKit/537.36 (KHTML, like Gecko) Chrome/111.0.0.0 Safari/537.36 OPR/97.0.0.0"
80.90.191.12 - - [03/Feb/2025:00:25:13 +0300] "GET /zddg6h/index/index.php HTTP/1.0" 200 166 "-" "Mozilla/5.0 (Windows NT 10.0; Win64; x64) AppleWebKit/537.36 (KHTML, like Gecko) Chrome/111.0.0.0 Safari/537.36 OPR/97.0.0.0"
80.90.191.12 - - [03/Feb/2025:00:25:14 +0300] "GET /zddg6h/index/index.php HTTP/1.0" 200 166 "-" "Mozilla/5.0 (Windows NT 10.0; Win64; x64) AppleWebKit/537.36 (KHTML, like Gecko) Chrome/111.0.0.0 Safari/537.36 OPR/97.0.0.0"
80.90.191.12 - - [03/Feb/2025:00:25:15 +0300] "GET /zddg6h/index/index.php HTTP/1.0" 200 166 "-" "Mozilla/5.0 (Windows NT 10.0; Win64; x64) AppleWebKit/537.36 (KHTML, like Gecko) Chrome/111.0.0.0 Safari/537.36 OPR/97.0.0.0"
80.90.191.12 - - [03/Feb/2025:00:25:16 +0300] "GET /zddg6h/index/index.php HTTP/1.0" 200 166 "-" "Mozilla/5.0 (Windows NT 10.0; Win64; x64) AppleWebKit/537.36 (KHTML, like Gecko) Chrome/111.0.0.0 Safari/537.36 OPR/97.0.0.0"
80.90.191.12 - - [03/Feb/2025:00:25:17 +0300] "GET /zddg6h/index/index.php HTTP/1.0" 200 166 "-" "Mozilla/5.0 (Windows NT 10.0; Win64; x64) AppleWebKit/537.36 (KHTML, like Gecko) Chrome/111.0.0.0 Safari/537.36 OPR/97.0.0.0"
80.90.191.12 - - [03/Feb/2025:00:25:18 +0300] "GET /zddg6h/index/index.php HTTP/1.0" 200 166 "-" "Mozilla/5.0 (Windows NT 10.0; Win64; x64) AppleWebKit/537.36 (KHTML, like Gecko) Chrome/111.0.0.0 Safari/537.36 OPR/97.0.0.0"
80.90.191.12 - - [03/Feb/2025:00:25:19 +0300] "GET /zddg6h/index/index.php HTTP/1.0" 200 166 "-" "Mozilla/5.0 (Windows NT 10.0; Win64; x64) AppleWebKit/537.36 (KHTML, like Gecko) Chrome/111.0.0.0 Safari/537.36 OPR/97.0.0.0"
80.90.191.12 - - [03/Feb/2025:00:25:20 +0300] "GET /zddg6h/index/index.php HTTP/1.0" 200 166 "-" "Mozilla/5.0 (Windows NT 10.0; Win64; x64) AppleWebKit/537.36 (KHTML, like Gecko) Chrome/111.0.0.0 Safari/537.36 OPR/97.0.0.0"
80.90.191.12 - - [03/Feb/2025:00:25:21 +0300] "GET /zddg6h/index/index.php HTTP/1.0" 200 166 "-" "Mozilla/5.0 (Windows NT 10.0; Win64; x64) AppleWebKit/537.36 (KHTML, like Gecko) Chrome/111.0.0.0 Safari/537.36 OPR/97.0.0.0"
80.90.191.12 - - [03/Feb/2025:00:25:22 +0300] "GET /zddg6h/index/index.php HTTP/1.0" 200 166 "-" "Mozilla/5.0 (Windows NT 10.0; Win64; x64) AppleWebKit/537.36 (KHTML, like Gecko) Chrome/111.0.0.0 Safari/537.36 OPR/97.0.0.0"
80.90.191.12 - - [03/Feb/2025:00:25:23 +0300] "GET /zddg6h/index/index.php HTTP/1.0" 200 166 "-" "Mozilla/5.0 (Windows NT 10.0; Win64; x64) AppleWebKit/537.36 (KHTML, like Gecko) Chrome/111.0.0.0 Safari/537.36 OPR/97.0.0.0"
85.208.96.207 - - [03/Feb/2025:00:25:34 +0300] "GET /82200047.htm HTTP/1.0" 200 1171 "-" "Mozilla/5.0 (compatible; SemrushBot/7~bl; +http://www.semrush.com/bot.html)"
80.90.191.12 - - [03/Feb/2025:00:25:24 +0300] "GET /zddg6h/index/index.php HTTP/1.0" 200 166 "-" "Mozilla/5.0 (Windows NT 10.0; Win64; x64) AppleWebKit/537.36 (KHTML, like Gecko) Chrome/111.0.0.0 Safari/537.36 OPR/97.0.0.0"
80.90.191.12 - - [03/Feb/2025:00:25:25 +0300] "GET /zddg6h/index/index.php HTTP/1.0" 200 166 "-" "Mozilla/5.0 (Windows NT 10.0; Win64; x64) AppleWebKit/537.36 (KHTML, like Gecko) Chrome/111.0.0.0 Safari/537.36 OPR/97.0.0.0"
80.90.191.12 - - [03/Feb/2025:00:25:26 +0300] "GET /zddg6h/index/index.php HTTP/1.0" 200 166 "-" "Mozilla/5.0 (Windows NT 10.0; Win64; x64) AppleWebKit/537.36 (KHTML, like Gecko) Chrome/111.0.0.0 Safari/537.36 OPR/97.0.0.0"
80.90.191.12 - - [03/Feb/2025:00:25:27 +0300] "GET /zddg6h/index/index.php HTTP/1.0" 200 166 "-" "Mozilla/5.0 (Windows NT 10.0; Win64; x64) AppleWebKit/537.36 (KHTML, like Gecko) Chrome/111.0.0.0 Safari/537.36 OPR/97.0.0.0"
80.90.191.12 - - [03/Feb/2025:00:25:28 +0300] "GET /zddg6h/index/index.php HTTP/1.0" 200 166 "-" "Mozilla/5.0 (Windows NT 10.0; Win64; x64) AppleWebKit/537.36 (KHTML, like Gecko) Chrome/111.0.0.0 Safari/537.36 OPR/97.0.0.0"
80.90.191.12 - - [03/Feb/2025:00:25:29 +0300] "GET /zddg6h/index/index.php HTTP/1.0" 200 166 "-" "Mozilla/5.0 (Windows NT 10.0; Win64; x64) AppleWebKit/537.36 (KHTML, like Gecko) Chrome/111.0.0.0 Safari/537.36 OPR/97.0.0.0"
80.90.191.12 - - [03/Feb/2025:00:25:30 +0300] "GET /zddg6h/index/index.php HTTP/1.0" 200 166 "-" "Mozilla/5.0 (Windows NT 10.0; Win64; x64) AppleWebKit/537.36 (KHTML, like Gecko) Chrome/111.0.0.0 Safari/537.36 OPR/97.0.0.0"
80.90.191.12 - - [03/Feb/2025:00:25:31 +0300] "GET /zddg6h/index/index.php HTTP/1.0" 200 166 "-" "Mozilla/5.0 (Windows NT 10.0; Win64; x64) AppleWebKit/537.36 (KHTML, like Gecko) Chrome/111.0.0.0 Safari/537.36 OPR/97.0.0.0"
80.90.191.12 - - [03/Feb/2025:00:25:32 +0300] "GET /zddg6h/index/index.php HTTP/1.0" 200 166 "-" "Mozilla/5.0 (Windows NT 10.0; Win64; x64) AppleWebKit/537.36 (KHTML, like Gecko) Chrome/111.0.0.0 Safari/537.36 OPR/97.0.0.0"
80.90.191.12 - - [03/Feb/2025:00:25:33 +0300] "GET /zddg6h/index/index.php HTTP/1.0" 200 166 "-" "Mozilla/5.0 (Windows NT 10.0; Win64; x64) AppleWebKit/537.36 (KHTML, like Gecko) Chrome/111.0.0.0 Safari/537.36 OPR/97.0.0.0"
80.90.191.12 - - [03/Feb/2025:00:25:34 +0300] "GET /zddg6h/index/index.php HTTP/1.0" 200 166 "-" "Mozilla/5.0 (Windows NT 10.0; Win64; x64) AppleWebKit/537.36 (KHTML, like Gecko) Chrome/111.0.0.0 Safari/537.36 OPR/97.0.0.0"
80.90.191.12 - - [03/Feb/2025:00:25:35 +0300] "GET /zddg6h/index/index.php HTTP/1.0" 200 166 "-" "Mozilla/5.0 (Windows NT 10.0; Win64; x64) AppleWebKit/537.36 (KHTML, like Gecko) Chrome/111.0.0.0 Safari/537.36 OPR/97.0.0.0"
80.90.191.12 - - [03/Feb/2025:00:25:36 +0300] "GET /zddg6h/index/index.php HTTP/1.0" 200 166 "-" "Mozilla/5.0 (Windows NT 10.0; Win64; x64) AppleWebKit/537.36 (KHTML, like Gecko) Chrome/111.0.0.0 Safari/537.36 OPR/97.0.0.0"
47.128.115.166 - - [03/Feb/2025:00:25:47 +0300] "GET /j4byy4/witcher-3-debug-console.html HTTP/1.0" 200 10521 "-" "Mozilla/5.0 (compatible; Bytespider; spider-feedback@bytedance.com) AppleWebKit/537.36 (KHTML, like Gecko) Chrome/70.0.0.0 Safari/537.36"
80.90.191.12 - - [03/Feb/2025:00:25:37 +0300] "GET /zddg6h/index/index.php HTTP/1.0" 200 166 "-" "Mozilla/5.0 (Windows NT 10.0; Win64; x64) AppleWebKit/537.36 (KHTML, like Gecko) Chrome/111.0.0.0 Safari/537.36 OPR/97.0.0.0"
80.90.191.12 - - [03/Feb/2025:00:25:38 +0300] "GET /zddg6h/index/index.php HTTP/1.0" 200 166 "-" "Mozilla/5.0 (Windows NT 10.0; Win64; x64) AppleWebKit/537.36 (KHTML, like Gecko) Chrome/111.0.0.0 Safari/537.36 OPR/97.0.0.0"
80.90.191.12 - - [03/Feb/2025:00:25:39 +0300] "GET /zddg6h/index/index.php HTTP/1.0" 200 166 "-" "Mozilla/5.0 (Windows NT 10.0; Win64; x64) AppleWebKit/537.36 (KHTML, like Gecko) Chrome/111.0.0.0 Safari/537.36 OPR/97.0.0.0"
80.90.191.12 - - [03/Feb/2025:00:25:40 +0300] "GET /zddg6h/index/index.php HTTP/1.0" 200 166 "-" "Mozilla/5.0 (Windows NT 10.0; Win64; x64) AppleWebKit/537.36 (KHTML, like Gecko) Chrome/111.0.0.0 Safari/537.36 OPR/97.0.0.0"
80.90.191.12 - - [03/Feb/2025:00:25:41 +0300] "GET /zddg6h/index/index.php HTTP/1.0" 200 166 "-" "Mozilla/5.0 (Windows NT 10.0; Win64; x64) AppleWebKit/537.36 (KHTML, like Gecko) Chrome/111.0.0.0 Safari/537.36 OPR/97.0.0.0"
80.90.191.12 - - [03/Feb/2025:00:25:42 +0300] "GET /zddg6h/index/index.php HTTP/1.0" 200 166 "-" "Mozilla/5.0 (Windows NT 10.0; Win64; x64) AppleWebKit/537.36 (KHTML, like Gecko) Chrome/111.0.0.0 Safari/537.36 OPR/97.0.0.0"
80.90.191.12 - - [03/Feb/2025:00:25:43 +0300] "GET /zddg6h/index/index.php HTTP/1.0" 200 166 "-" "Mozilla/5.0 (Windows NT 10.0; Win64; x64) AppleWebKit/537.36 (KHTML, like Gecko) Chrome/111.0.0.0 Safari/537.36 OPR/97.0.0.0"
80.90.191.12 - - [03/Feb/2025:00:25:44 +0300] "GET /zddg6h/index/index.php HTTP/1.0" 200 166 "-" "Mozilla/5.0 (Windows NT 10.0; Win64; x64) AppleWebKit/537.36 (KHTML, like Gecko) Chrome/111.0.0.0 Safari/537.36 OPR/97.0.0.0"
80.90.191.12 - - [03/Feb/2025:00:25:45 +0300] "GET /zddg6h/index/index.php HTTP/1.0" 200 166 "-" "Mozilla/5.0 (Windows NT 10.0; Win64; x64) AppleWebKit/537.36 (KHTML, like Gecko) Chrome/111.0.0.0 Safari/537.36 OPR/97.0.0.0"
80.90.191.12 - - [03/Feb/2025:00:25:46 +0300] "GET /zddg6h/index/index.php HTTP/1.0" 200 166 "-" "Mozilla/5.0 (Windows NT 10.0; Win64; x64) AppleWebKit/537.36 (KHTML, like Gecko) Chrome/111.0.0.0 Safari/537.36 OPR/97.0.0.0"
80.90.191.12 - - [03/Feb/2025:00:25:47 +0300] "GET /zddg6h/index/index.php HTTP/1.0" 200 166 "-" "Mozilla/5.0 (Windows NT 10.0; Win64; x64) AppleWebKit/537.36 (KHTML, like Gecko) Chrome/111.0.0.0 Safari/537.36 OPR/97.0.0.0"
80.90.191.12 - - [03/Feb/2025:00:25:48 +0300] "GET /zddg6h/index/index.php HTTP/1.0" 200 166 "-" "Mozilla/5.0 (Windows NT 10.0; Win64; x64) AppleWebKit/537.36 (KHTML, like Gecko) Chrome/111.0.0.0 Safari/537.36 OPR/97.0.0.0"
80.90.191.12 - - [03/Feb/2025:00:25:50 +0300] "GET /zddg6h/index/index.php HTTP/1.0" 200 166 "-" "Mozilla/5.0 (Windows NT 10.0; Win64; x64) AppleWebKit/537.36 (KHTML, like Gecko) Chrome/111.0.0.0 Safari/537.36 OPR/97.0.0.0"
80.90.191.12 - - [03/Feb/2025:00:25:51 +0300] "GET /zddg6h/index/index.php HTTP/1.0" 200 166 "-" "Mozilla/5.0 (Windows NT 10.0; Win64; x64) AppleWebKit/537.36 (KHTML, like Gecko) Chrome/111.0.0.0 Safari/537.36 OPR/97.0.0.0"
216.244.66.200 - - [03/Feb/2025:00:26:02 +0300] "GET /robots.txt HTTP/1.1" 301 189 "-" "Mozilla/5.0 (compatible; DotBot/1.2; +https://opensiteexplorer.org/dotbot; help@moz.com)"
80.90.191.12 - - [03/Feb/2025:00:25:52 +0300] "GET /zddg6h/index/index.php HTTP/1.0" 200 166 "-" "Mozilla/5.0 (Windows NT 10.0; Win64; x64) AppleWebKit/537.36 (KHTML, like Gecko) Chrome/111.0.0.0 Safari/537.36 OPR/97.0.0.0"
216.244.66.200 - - [03/Feb/2025:00:26:03 +0300] "GET /robots.txt HTTP/1.0" 200 1492 "-" "Mozilla/5.0 (compatible; DotBot/1.2; +https://opensiteexplorer.org/dotbot; help@moz.com)"
80.90.191.12 - - [03/Feb/2025:00:25:53 +0300] "GET /zddg6h/index/index.php HTTP/1.0" 200 166 "-" "Mozilla/5.0 (Windows NT 10.0; Win64; x64) AppleWebKit/537.36 (KHTML, like Gecko) Chrome/111.0.0.0 Safari/537.36 OPR/97.0.0.0"
80.90.191.12 - - [03/Feb/2025:00:25:54 +0300] "GET /zddg6h/index/index.php HTTP/1.0" 200 166 "-" "Mozilla/5.0 (Windows NT 10.0; Win64; x64) AppleWebKit/537.36 (KHTML, like Gecko) Chrome/111.0.0.0 Safari/537.36 OPR/97.0.0.0"
80.90.191.12 - - [03/Feb/2025:00:25:55 +0300] "GET /zddg6h/index/index.php HTTP/1.0" 200 166 "-" "Mozilla/5.0 (Windows NT 10.0; Win64; x64) AppleWebKit/537.36 (KHTML, like Gecko) Chrome/111.0.0.0 Safari/537.36 OPR/97.0.0.0"
80.90.191.12 - - [03/Feb/2025:00:25:56 +0300] "GET /zddg6h/index/index.php HTTP/1.0" 200 166 "-" "Mozilla/5.0 (Windows NT 10.0; Win64; x64) AppleWebKit/537.36 (KHTML, like Gecko) Chrome/111.0.0.0 Safari/537.36 OPR/97.0.0.0"
80.90.191.12 - - [03/Feb/2025:00:25:57 +0300] "GET /zddg6h/index/index.php HTTP/1.0" 200 166 "-" "Mozilla/5.0 (Windows NT 10.0; Win64; x64) AppleWebKit/537.36 (KHTML, like Gecko) Chrome/111.0.0.0 Safari/537.36 OPR/97.0.0.0"
80.90.191.12 - - [03/Feb/2025:00:25:58 +0300] "GET /zddg6h/index/index.php HTTP/1.0" 200 166 "-" "Mozilla/5.0 (Windows NT 10.0; Win64; x64) AppleWebKit/537.36 (KHTML, like Gecko) Chrome/111.0.0.0 Safari/537.36 OPR/97.0.0.0"
80.90.191.12 - - [03/Feb/2025:00:25:59 +0300] "GET /zddg6h/index/index.php HTTP/1.0" 200 166 "-" "Mozilla/5.0 (Windows NT 10.0; Win64; x64) AppleWebKit/537.36 (KHTML, like Gecko) Chrome/111.0.0.0 Safari/537.36 OPR/97.0.0.0"
80.90.191.12 - - [03/Feb/2025:00:26:00 +0300] "GET /zddg6h/index/index.php HTTP/1.0" 200 166 "-" "Mozilla/5.0 (Windows NT 10.0; Win64; x64) AppleWebKit/537.36 (KHTML, like Gecko) Chrome/111.0.0.0 Safari/537.36 OPR/97.0.0.0"
80.90.191.12 - - [03/Feb/2025:00:26:01 +0300] "GET /zddg6h/index/index.php HTTP/1.0" 200 166 "-" "Mozilla/5.0 (Windows NT 10.0; Win64; x64) AppleWebKit/537.36 (KHTML, like Gecko) Chrome/111.0.0.0 Safari/537.36 OPR/97.0.0.0"
80.90.191.12 - - [03/Feb/2025:00:26:02 +0300] "GET /zddg6h/index/index.php HTTP/1.0" 200 166 "-" "Mozilla/5.0 (Windows NT 10.0; Win64; x64) AppleWebKit/537.36 (KHTML, like Gecko) Chrome/111.0.0.0 Safari/537.36 OPR/97.0.0.0"
80.90.191.12 - - [03/Feb/2025:00:26:03 +0300] "GET /zddg6h/index/index.php HTTP/1.0" 200 166 "-" "Mozilla/5.0 (Windows NT 10.0; Win64; x64) AppleWebKit/537.36 (KHTML, like Gecko) Chrome/111.0.0.0 Safari/537.36 OPR/97.0.0.0"
80.90.191.12 - - [03/Feb/2025:00:26:04 +0300] "GET /zddg6h/index/index.php HTTP/1.0" 200 166 "-" "Mozilla/5.0 (Windows NT 10.0; Win64; x64) AppleWebKit/537.36 (KHTML, like Gecko) Chrome/111.0.0.0 Safari/537.36 OPR/97.0.0.0"
80.90.191.12 - - [03/Feb/2025:00:26:05 +0300] "GET /zddg6h/index/index.php HTTP/1.0" 200 166 "-" "Mozilla/5.0 (Windows NT 10.0; Win64; x64) AppleWebKit/537.36 (KHTML, like Gecko) Chrome/111.0.0.0 Safari/537.36 OPR/97.0.0.0"
80.90.191.12 - - [03/Feb/2025:00:26:06 +0300] "GET /zddg6h/index/index.php HTTP/1.0" 200 166 "-" "Mozilla/5.0 (Windows NT 10.0; Win64; x64) AppleWebKit/537.36 (KHTML, like Gecko) Chrome/111.0.0.0 Safari/537.36 OPR/97.0.0.0"
80.90.191.12 - - [03/Feb/2025:00:26:07 +0300] "GET /zddg6h/index/index.php HTTP/1.0" 200 166 "-" "Mozilla/5.0 (Windows NT 10.0; Win64; x64) AppleWebKit/537.36 (KHTML, like Gecko) Chrome/111.0.0.0 Safari/537.36 OPR/97.0.0.0"
80.90.191.12 - - [03/Feb/2025:00:26:08 +0300] "GET /zddg6h/index/index.php HTTP/1.0" 200 166 "-" "Mozilla/5.0 (Windows NT 10.0; Win64; x64) AppleWebKit/537.36 (KHTML, like Gecko) Chrome/111.0.0.0 Safari/537.36 OPR/97.0.0.0"
80.90.191.12 - - [03/Feb/2025:00:26:09 +0300] "GET /zddg6h/index/index.php HTTP/1.0" 200 166 "-" "Mozilla/5.0 (Windows NT 10.0; Win64; x64) AppleWebKit/537.36 (KHTML, like Gecko) Chrome/111.0.0.0 Safari/537.36 OPR/97.0.0.0"
80.90.191.12 - - [03/Feb/2025:00:26:10 +0300] "GET /zddg6h/index/index.php HTTP/1.0" 200 166 "-" "Mozilla/5.0 (Windows NT 10.0; Win64; x64) AppleWebKit/537.36 (KHTML, like Gecko) Chrome/111.0.0.0 Safari/537.36 OPR/97.0.0.0"
80.90.191.12 - - [03/Feb/2025:00:26:11 +0300] "GET /zddg6h/index/index.php HTTP/1.0" 200 166 "-" "Mozilla/5.0 (Windows NT 10.0; Win64; x64) AppleWebKit/537.36 (KHTML, like Gecko) Chrome/111.0.0.0 Safari/537.36 OPR/97.0.0.0"
80.90.191.12 - - [03/Feb/2025:00:26:12 +0300] "GET /zddg6h/index/index.php HTTP/1.0" 200 166 "-" "Mozilla/5.0 (Windows NT 10.0; Win64; x64) AppleWebKit/537.36 (KHTML, like Gecko) Chrome/111.0.0.0 Safari/537.36 OPR/97.0.0.0"
80.90.191.12 - - [03/Feb/2025:00:26:13 +0300] "GET /zddg6h/index/index.php HTTP/1.0" 200 166 "-" "Mozilla/5.0 (Windows NT 10.0; Win64; x64) AppleWebKit/537.36 (KHTML, like Gecko) Chrome/111.0.0.0 Safari/537.36 OPR/97.0.0.0"
80.90.191.12 - - [03/Feb/2025:00:26:14 +0300] "GET /zddg6h/index/index.php HTTP/1.0" 200 166 "-" "Mozilla/5.0 (Windows NT 10.0; Win64; x64) AppleWebKit/537.36 (KHTML, like Gecko) Chrome/111.0.0.0 Safari/537.36 OPR/97.0.0.0"
80.90.191.12 - - [03/Feb/2025:00:26:15 +0300] "GET /zddg6h/index/index.php HTTP/1.0" 200 166 "-" "Mozilla/5.0 (Windows NT 10.0; Win64; x64) AppleWebKit/537.36 (KHTML, like Gecko) Chrome/111.0.0.0 Safari/537.36 OPR/97.0.0.0"
80.90.191.12 - - [03/Feb/2025:00:26:16 +0300] "GET /zddg6h/index/index.php HTTP/1.0" 200 166 "-" "Mozilla/5.0 (Windows NT 10.0; Win64; x64) AppleWebKit/537.36 (KHTML, like Gecko) Chrome/111.0.0.0 Safari/537.36 OPR/97.0.0.0"
80.90.191.12 - - [03/Feb/2025:00:26:17 +0300] "GET /zddg6h/index/index.php HTTP/1.0" 200 166 "-" "Mozilla/5.0 (Windows NT 10.0; Win64; x64) AppleWebKit/537.36 (KHTML, like Gecko) Chrome/111.0.0.0 Safari/537.36 OPR/97.0.0.0"
80.90.191.12 - - [03/Feb/2025:00:26:18 +0300] "GET /zddg6h/index/index.php HTTP/1.0" 200 166 "-" "Mozilla/5.0 (Windows NT 10.0; Win64; x64) AppleWebKit/537.36 (KHTML, like Gecko) Chrome/111.0.0.0 Safari/537.36 OPR/97.0.0.0"
80.90.191.12 - - [03/Feb/2025:00:26:19 +0300] "GET /zddg6h/index/index.php HTTP/1.0" 200 166 "-" "Mozilla/5.0 (Windows NT 10.0; Win64; x64) AppleWebKit/537.36 (KHTML, like Gecko) Chrome/111.0.0.0 Safari/537.36 OPR/97.0.0.0"
80.90.191.12 - - [03/Feb/2025:00:26:20 +0300] "GET /zddg6h/index/index.php HTTP/1.0" 200 166 "-" "Mozilla/5.0 (Windows NT 10.0; Win64; x64) AppleWebKit/537.36 (KHTML, like Gecko) Chrome/111.0.0.0 Safari/537.36 OPR/97.0.0.0"
80.90.191.12 - - [03/Feb/2025:00:26:21 +0300] "GET /zddg6h/index/index.php HTTP/1.0" 200 166 "-" "Mozilla/5.0 (Windows NT 10.0; Win64; x64) AppleWebKit/537.36 (KHTML, like Gecko) Chrome/111.0.0.0 Safari/537.36 OPR/97.0.0.0"
80.90.191.12 - - [03/Feb/2025:00:26:22 +0300] "GET /zddg6h/index/index.php HTTP/1.0" 200 166 "-" "Mozilla/5.0 (Windows NT 10.0; Win64; x64) AppleWebKit/537.36 (KHTML, like Gecko) Chrome/111.0.0.0 Safari/537.36 OPR/97.0.0.0"
80.90.191.12 - - [03/Feb/2025:00:26:23 +0300] "GET /zddg6h/index/index.php HTTP/1.0" 200 166 "-" "Mozilla/5.0 (Windows NT 10.0; Win64; x64) AppleWebKit/537.36 (KHTML, like Gecko) Chrome/111.0.0.0 Safari/537.36 OPR/97.0.0.0"
80.90.191.12 - - [03/Feb/2025:00:26:24 +0300] "GET /zddg6h/index/index.php HTTP/1.0" 200 166 "-" "Mozilla/5.0 (Windows NT 10.0; Win64; x64) AppleWebKit/537.36 (KHTML, like Gecko) Chrome/111.0.0.0 Safari/537.36 OPR/97.0.0.0"
80.90.191.12 - - [03/Feb/2025:00:26:25 +0300] "GET /zddg6h/index/index.php HTTP/1.0" 200 166 "-" "Mozilla/5.0 (Windows NT 10.0; Win64; x64) AppleWebKit/537.36 (KHTML, like Gecko) Chrome/111.0.0.0 Safari/537.36 OPR/97.0.0.0"
80.90.191.12 - - [03/Feb/2025:00:26:26 +0300] "GET /zddg6h/index/index.php HTTP/1.0" 200 166 "-" "Mozilla/5.0 (Windows NT 10.0; Win64; x64) AppleWebKit/537.36 (KHTML, like Gecko) Chrome/111.0.0.0 Safari/537.36 OPR/97.0.0.0"
80.90.191.12 - - [03/Feb/2025:00:26:27 +0300] "GET /zddg6h/index/index.php HTTP/1.0" 200 166 "-" "Mozilla/5.0 (Windows NT 10.0; Win64; x64) AppleWebKit/537.36 (KHTML, like Gecko) Chrome/111.0.0.0 Safari/537.36 OPR/97.0.0.0"
80.90.191.12 - - [03/Feb/2025:00:26:28 +0300] "GET /zddg6h/index/index.php HTTP/1.0" 200 166 "-" "Mozilla/5.0 (Windows NT 10.0; Win64; x64) AppleWebKit/537.36 (KHTML, like Gecko) Chrome/111.0.0.0 Safari/537.36 OPR/97.0.0.0"
185.191.171.7 - - [03/Feb/2025:00:26:40 +0300] "GET /jtxvlr/convert-vpk-to-nonpdrm.html HTTP/1.0" 200 16488 "-" "Mozilla/5.0 (compatible; SemrushBot/7~bl; +http://www.semrush.com/bot.html)"
80.90.191.12 - - [03/Feb/2025:00:26:29 +0300] "GET /zddg6h/index/index.php HTTP/1.0" 200 166 "-" "Mozilla/5.0 (Windows NT 10.0; Win64; x64) AppleWebKit/537.36 (KHTML, like Gecko) Chrome/111.0.0.0 Safari/537.36 OPR/97.0.0.0"
80.90.191.12 - - [03/Feb/2025:00:26:30 +0300] "GET /zddg6h/index/index.php HTTP/1.0" 200 166 "-" "Mozilla/5.0 (Windows NT 10.0; Win64; x64) AppleWebKit/537.36 (KHTML, like Gecko) Chrome/111.0.0.0 Safari/537.36 OPR/97.0.0.0"
80.90.191.12 - - [03/Feb/2025:00:26:31 +0300] "GET /zddg6h/index/index.php HTTP/1.0" 200 166 "-" "Mozilla/5.0 (Windows NT 10.0; Win64; x64) AppleWebKit/537.36 (KHTML, like Gecko) Chrome/111.0.0.0 Safari/537.36 OPR/97.0.0.0"
80.90.191.12 - - [03/Feb/2025:00:26:32 +0300] "GET /zddg6h/index/index.php HTTP/1.0" 200 166 "-" "Mozilla/5.0 (Windows NT 10.0; Win64; x64) AppleWebKit/537.36 (KHTML, like Gecko) Chrome/111.0.0.0 Safari/537.36 OPR/97.0.0.0"
80.90.191.12 - - [03/Feb/2025:00:26:33 +0300] "GET /zddg6h/index/index.php HTTP/1.0" 200 166 "-" "Mozilla/5.0 (Windows NT 10.0; Win64; x64) AppleWebKit/537.36 (KHTML, like Gecko) Chrome/111.0.0.0 Safari/537.36 OPR/97.0.0.0"
80.90.191.12 - - [03/Feb/2025:00:26:34 +0300] "GET /zddg6h/index/index.php HTTP/1.0" 200 166 "-" "Mozilla/5.0 (Windows NT 10.0; Win64; x64) AppleWebKit/537.36 (KHTML, like Gecko) Chrome/111.0.0.0 Safari/537.36 OPR/97.0.0.0"
80.90.191.12 - - [03/Feb/2025:00:26:35 +0300] "GET /zddg6h/index/index.php HTTP/1.0" 200 166 "-" "Mozilla/5.0 (Windows NT 10.0; Win64; x64) AppleWebKit/537.36 (KHTML, like Gecko) Chrome/111.0.0.0 Safari/537.36 OPR/97.0.0.0"
80.90.191.12 - - [03/Feb/2025:00:26:36 +0300] "GET /zddg6h/index/index.php HTTP/1.0" 200 166 "-" "Mozilla/5.0 (Windows NT 10.0; Win64; x64) AppleWebKit/537.36 (KHTML, like Gecko) Chrome/111.0.0.0 Safari/537.36 OPR/97.0.0.0"
80.90.191.12 - - [03/Feb/2025:00:26:37 +0300] "GET /zddg6h/index/index.php HTTP/1.0" 200 166 "-" "Mozilla/5.0 (Windows NT 10.0; Win64; x64) AppleWebKit/537.36 (KHTML, like Gecko) Chrome/111.0.0.0 Safari/537.36 OPR/97.0.0.0"
80.90.191.12 - - [03/Feb/2025:00:26:38 +0300] "GET /zddg6h/index/index.php HTTP/1.0" 200 166 "-" "Mozilla/5.0 (Windows NT 10.0; Win64; x64) AppleWebKit/537.36 (KHTML, like Gecko) Chrome/111.0.0.0 Safari/537.36 OPR/97.0.0.0"
80.90.191.12 - - [03/Feb/2025:00:26:39 +0300] "GET /zddg6h/index/index.php HTTP/1.0" 200 166 "-" "Mozilla/5.0 (Windows NT 10.0; Win64; x64) AppleWebKit/537.36 (KHTML, like Gecko) Chrome/111.0.0.0 Safari/537.36 OPR/97.0.0.0"
80.90.191.12 - - [03/Feb/2025:00:26:40 +0300] "GET /zddg6h/index/index.php HTTP/1.0" 200 166 "-" "Mozilla/5.0 (Windows NT 10.0; Win64; x64) AppleWebKit/537.36 (KHTML, like Gecko) Chrome/111.0.0.0 Safari/537.36 OPR/97.0.0.0"
80.90.191.12 - - [03/Feb/2025:00:26:41 +0300] "GET /zddg6h/index/index.php HTTP/1.0" 200 166 "-" "Mozilla/5.0 (Windows NT 10.0; Win64; x64) AppleWebKit/537.36 (KHTML, like Gecko) Chrome/111.0.0.0 Safari/537.36 OPR/97.0.0.0"
80.90.191.12 - - [03/Feb/2025:00:26:42 +0300] "GET /zddg6h/index/index.php HTTP/1.0" 200 166 "-" "Mozilla/5.0 (Windows NT 10.0; Win64; x64) AppleWebKit/537.36 (KHTML, like Gecko) Chrome/111.0.0.0 Safari/537.36 OPR/97.0.0.0"
80.90.191.12 - - [03/Feb/2025:00:26:43 +0300] "GET /zddg6h/index/index.php HTTP/1.0" 200 166 "-" "Mozilla/5.0 (Windows NT 10.0; Win64; x64) AppleWebKit/537.36 (KHTML, like Gecko) Chrome/111.0.0.0 Safari/537.36 OPR/97.0.0.0"
80.90.191.12 - - [03/Feb/2025:00:26:44 +0300] "GET /zddg6h/index/index.php HTTP/1.0" 200 166 "-" "Mozilla/5.0 (Windows NT 10.0; Win64; x64) AppleWebKit/537.36 (KHTML, like Gecko) Chrome/111.0.0.0 Safari/537.36 OPR/97.0.0.0"
80.90.191.12 - - [03/Feb/2025:00:26:45 +0300] "GET /zddg6h/index/index.php HTTP/1.0" 200 166 "-" "Mozilla/5.0 (Windows NT 10.0; Win64; x64) AppleWebKit/537.36 (KHTML, like Gecko) Chrome/111.0.0.0 Safari/537.36 OPR/97.0.0.0"
80.90.191.12 - - [03/Feb/2025:00:26:46 +0300] "GET /zddg6h/index/index.php HTTP/1.0" 200 166 "-" "Mozilla/5.0 (Windows NT 10.0; Win64; x64) AppleWebKit/537.36 (KHTML, like Gecko) Chrome/111.0.0.0 Safari/537.36 OPR/97.0.0.0"
216.244.66.200 - - [03/Feb/2025:00:26:58 +0300] "GET /jtxvlr/football-practice-plan-template-pdf.html HTTP/1.0" 200 40858 "-" "Mozilla/5.0 (compatible; DotBot/1.2; +https://opensiteexplorer.org/dotbot; help@moz.com)"
85.208.96.201 - - [03/Feb/2025:00:26:58 +0300] "GET /16744679.htm HTTP/1.0" 200 1171 "-" "Mozilla/5.0 (compatible; SemrushBot/7~bl; +http://www.semrush.com/bot.html)"
80.90.191.12 - - [03/Feb/2025:00:26:48 +0300] "GET /zddg6h/index/index.php HTTP/1.0" 200 166 "-" "Mozilla/5.0 (Windows NT 10.0; Win64; x64) AppleWebKit/537.36 (KHTML, like Gecko) Chrome/111.0.0.0 Safari/537.36 OPR/97.0.0.0"
80.90.191.12 - - [03/Feb/2025:00:26:49 +0300] "GET /zddg6h/index/index.php HTTP/1.0" 200 166 "-" "Mozilla/5.0 (Windows NT 10.0; Win64; x64) AppleWebKit/537.36 (KHTML, like Gecko) Chrome/111.0.0.0 Safari/537.36 OPR/97.0.0.0"
80.90.191.12 - - [03/Feb/2025:00:26:50 +0300] "GET /zddg6h/index/index.php HTTP/1.0" 200 166 "-" "Mozilla/5.0 (Windows NT 10.0; Win64; x64) AppleWebKit/537.36 (KHTML, like Gecko) Chrome/111.0.0.0 Safari/537.36 OPR/97.0.0.0"
80.90.191.12 - - [03/Feb/2025:00:26:51 +0300] "GET /zddg6h/index/index.php HTTP/1.0" 200 166 "-" "Mozilla/5.0 (Windows NT 10.0; Win64; x64) AppleWebKit/537.36 (KHTML, like Gecko) Chrome/111.0.0.0 Safari/537.36 OPR/97.0.0.0"
80.90.191.12 - - [03/Feb/2025:00:26:52 +0300] "GET /zddg6h/index/index.php HTTP/1.0" 200 166 "-" "Mozilla/5.0 (Windows NT 10.0; Win64; x64) AppleWebKit/537.36 (KHTML, like Gecko) Chrome/111.0.0.0 Safari/537.36 OPR/97.0.0.0"
216.244.66.200 - - [03/Feb/2025:00:27:03 +0300] "GET /hnavk/langchain-prompt-serialization-github.html HTTP/1.0" 200 31656 "-" "Mozilla/5.0 (compatible; DotBot/1.2; +https://opensiteexplorer.org/dotbot; help@moz.com)"
80.90.191.12 - - [03/Feb/2025:00:26:53 +0300] "GET /zddg6h/index/index.php HTTP/1.0" 200 166 "-" "Mozilla/5.0 (Windows NT 10.0; Win64; x64) AppleWebKit/537.36 (KHTML, like Gecko) Chrome/111.0.0.0 Safari/537.36 OPR/97.0.0.0"
80.90.191.12 - - [03/Feb/2025:00:26:54 +0300] "GET /zddg6h/index/index.php HTTP/1.0" 200 166 "-" "Mozilla/5.0 (Windows NT 10.0; Win64; x64) AppleWebKit/537.36 (KHTML, like Gecko) Chrome/111.0.0.0 Safari/537.36 OPR/97.0.0.0"
80.90.191.12 - - [03/Feb/2025:00:26:55 +0300] "GET /zddg6h/index/index.php HTTP/1.0" 200 166 "-" "Mozilla/5.0 (Windows NT 10.0; Win64; x64) AppleWebKit/537.36 (KHTML, like Gecko) Chrome/111.0.0.0 Safari/537.36 OPR/97.0.0.0"
80.90.191.12 - - [03/Feb/2025:00:26:56 +0300] "GET /zddg6h/index/index.php HTTP/1.0" 200 166 "-" "Mozilla/5.0 (Windows NT 10.0; Win64; x64) AppleWebKit/537.36 (KHTML, like Gecko) Chrome/111.0.0.0 Safari/537.36 OPR/97.0.0.0"
216.244.66.200 - - [03/Feb/2025:00:27:08 +0300] "GET /hnavk/manual-sliding-gate-mechanism.html HTTP/1.0" 200 19701 "-" "Mozilla/5.0 (compatible; DotBot/1.2; +https://opensiteexplorer.org/dotbot; help@moz.com)"
80.90.191.12 - - [03/Feb/2025:00:26:57 +0300] "GET /zddg6h/index/index.php HTTP/1.0" 200 166 "-" "Mozilla/5.0 (Windows NT 10.0; Win64; x64) AppleWebKit/537.36 (KHTML, like Gecko) Chrome/111.0.0.0 Safari/537.36 OPR/97.0.0.0"
80.90.191.12 - - [03/Feb/2025:00:26:58 +0300] "GET /zddg6h/index/index.php HTTP/1.0" 200 166 "-" "Mozilla/5.0 (Windows NT 10.0; Win64; x64) AppleWebKit/537.36 (KHTML, like Gecko) Chrome/111.0.0.0 Safari/537.36 OPR/97.0.0.0"
80.90.191.12 - - [03/Feb/2025:00:26:59 +0300] "GET /zddg6h/index/index.php HTTP/1.0" 200 166 "-" "Mozilla/5.0 (Windows NT 10.0; Win64; x64) AppleWebKit/537.36 (KHTML, like Gecko) Chrome/111.0.0.0 Safari/537.36 OPR/97.0.0.0"
80.90.191.12 - - [03/Feb/2025:00:27:00 +0300] "GET /zddg6h/index/index.php HTTP/1.0" 200 166 "-" "Mozilla/5.0 (Windows NT 10.0; Win64; x64) AppleWebKit/537.36 (KHTML, like Gecko) Chrome/111.0.0.0 Safari/537.36 OPR/97.0.0.0"
216.244.66.200 - - [03/Feb/2025:00:27:11 +0300] "GET /hnavk/jack-vale-bushman.html HTTP/1.0" 200 21472 "-" "Mozilla/5.0 (compatible; DotBot/1.2; +https://opensiteexplorer.org/dotbot; help@moz.com)"
80.90.191.12 - - [03/Feb/2025:00:27:01 +0300] "GET /zddg6h/index/index.php HTTP/1.0" 200 166 "-" "Mozilla/5.0 (Windows NT 10.0; Win64; x64) AppleWebKit/537.36 (KHTML, like Gecko) Chrome/111.0.0.0 Safari/537.36 OPR/97.0.0.0"
80.90.191.12 - - [03/Feb/2025:00:27:02 +0300] "GET /zddg6h/index/index.php HTTP/1.0" 200 166 "-" "Mozilla/5.0 (Windows NT 10.0; Win64; x64) AppleWebKit/537.36 (KHTML, like Gecko) Chrome/111.0.0.0 Safari/537.36 OPR/97.0.0.0"
80.90.191.12 - - [03/Feb/2025:00:27:03 +0300] "GET /zddg6h/index/index.php HTTP/1.0" 200 166 "-" "Mozilla/5.0 (Windows NT 10.0; Win64; x64) AppleWebKit/537.36 (KHTML, like Gecko) Chrome/111.0.0.0 Safari/537.36 OPR/97.0.0.0"
80.90.191.12 - - [03/Feb/2025:00:27:04 +0300] "GET /zddg6h/index/index.php HTTP/1.0" 200 166 "-" "Mozilla/5.0 (Windows NT 10.0; Win64; x64) AppleWebKit/537.36 (KHTML, like Gecko) Chrome/111.0.0.0 Safari/537.36 OPR/97.0.0.0"
216.244.66.200 - - [03/Feb/2025:00:27:15 +0300] "GET /hnavk/kreveti-za-bebinja-skopje.html HTTP/1.0" 200 19609 "-" "Mozilla/5.0 (compatible; DotBot/1.2; +https://opensiteexplorer.org/dotbot; help@moz.com)"
80.90.191.12 - - [03/Feb/2025:00:27:05 +0300] "GET /zddg6h/index/index.php HTTP/1.0" 200 166 "-" "Mozilla/5.0 (Windows NT 10.0; Win64; x64) AppleWebKit/537.36 (KHTML, like Gecko) Chrome/111.0.0.0 Safari/537.36 OPR/97.0.0.0"
80.90.191.12 - - [03/Feb/2025:00:27:06 +0300] "GET /zddg6h/index/index.php HTTP/1.0" 200 166 "-" "Mozilla/5.0 (Windows NT 10.0; Win64; x64) AppleWebKit/537.36 (KHTML, like Gecko) Chrome/111.0.0.0 Safari/537.36 OPR/97.0.0.0"
80.90.191.12 - - [03/Feb/2025:00:27:07 +0300] "GET /zddg6h/index/index.php HTTP/1.0" 200 166 "-" "Mozilla/5.0 (Windows NT 10.0; Win64; x64) AppleWebKit/537.36 (KHTML, like Gecko) Chrome/111.0.0.0 Safari/537.36 OPR/97.0.0.0"
216.244.66.200 - - [03/Feb/2025:00:27:18 +0300] "GET /shtrm/anthony-henday-traffic-cameras-live.html HTTP/1.0" 200 32760 "-" "Mozilla/5.0 (compatible; DotBot/1.2; +https://opensiteexplorer.org/dotbot; help@moz.com)"
80.90.191.12 - - [03/Feb/2025:00:27:08 +0300] "GET /zddg6h/index/index.php HTTP/1.0" 200 166 "-" "Mozilla/5.0 (Windows NT 10.0; Win64; x64) AppleWebKit/537.36 (KHTML, like Gecko) Chrome/111.0.0.0 Safari/537.36 OPR/97.0.0.0"
80.90.191.12 - - [03/Feb/2025:00:27:09 +0300] "GET /zddg6h/index/index.php HTTP/1.0" 200 166 "-" "Mozilla/5.0 (Windows NT 10.0; Win64; x64) AppleWebKit/537.36 (KHTML, like Gecko) Chrome/111.0.0.0 Safari/537.36 OPR/97.0.0.0"
80.90.191.12 - - [03/Feb/2025:00:27:10 +0300] "GET /zddg6h/index/index.php HTTP/1.0" 200 166 "-" "Mozilla/5.0 (Windows NT 10.0; Win64; x64) AppleWebKit/537.36 (KHTML, like Gecko) Chrome/111.0.0.0 Safari/537.36 OPR/97.0.0.0"
216.244.66.200 - - [03/Feb/2025:00:27:21 +0300] "GET /nl6bdggpp/unreal-pak-file-extractor-windows-10-command-line.html HTTP/1.0" 200 31889 "-" "Mozilla/5.0 (compatible; DotBot/1.2; +https://opensiteexplorer.org/dotbot; help@moz.com)"
80.90.191.12 - - [03/Feb/2025:00:27:11 +0300] "GET /zddg6h/index/index.php HTTP/1.0" 200 166 "-" "Mozilla/5.0 (Windows NT 10.0; Win64; x64) AppleWebKit/537.36 (KHTML, like Gecko) Chrome/111.0.0.0 Safari/537.36 OPR/97.0.0.0"
80.90.191.12 - - [03/Feb/2025:00:27:12 +0300] "GET /zddg6h/index/index.php HTTP/1.0" 200 166 "-" "Mozilla/5.0 (Windows NT 10.0; Win64; x64) AppleWebKit/537.36 (KHTML, like Gecko) Chrome/111.0.0.0 Safari/537.36 OPR/97.0.0.0"
216.244.66.200 - - [03/Feb/2025:00:27:24 +0300] "GET /nl6bdggpp/veeam-merging-oldest-incremental-backup.html HTTP/1.0" 200 33206 "-" "Mozilla/5.0 (compatible; DotBot/1.2; +https://opensiteexplorer.org/dotbot; help@moz.com)"
80.90.191.12 - - [03/Feb/2025:00:27:13 +0300] "GET /zddg6h/index/index.php HTTP/1.0" 200 166 "-" "Mozilla/5.0 (Windows NT 10.0; Win64; x64) AppleWebKit/537.36 (KHTML, like Gecko) Chrome/111.0.0.0 Safari/537.36 OPR/97.0.0.0"
80.90.191.12 - - [03/Feb/2025:00:27:14 +0300] "GET /zddg6h/index/index.php HTTP/1.0" 200 166 "-" "Mozilla/5.0 (Windows NT 10.0; Win64; x64) AppleWebKit/537.36 (KHTML, like Gecko) Chrome/111.0.0.0 Safari/537.36 OPR/97.0.0.0"
80.90.191.12 - - [03/Feb/2025:00:27:15 +0300] "GET /zddg6h/index/index.php HTTP/1.0" 200 166 "-" "Mozilla/5.0 (Windows NT 10.0; Win64; x64) AppleWebKit/537.36 (KHTML, like Gecko) Chrome/111.0.0.0 Safari/537.36 OPR/97.0.0.0"
216.244.66.200 - - [03/Feb/2025:00:27:27 +0300] "GET /hnavk/wet-chubby-pussy.html HTTP/1.0" 200 39425 "-" "Mozilla/5.0 (compatible; DotBot/1.2; +https://opensiteexplorer.org/dotbot; help@moz.com)"
80.90.191.12 - - [03/Feb/2025:00:27:16 +0300] "GET /zddg6h/index/index.php HTTP/1.0" 200 166 "-" "Mozilla/5.0 (Windows NT 10.0; Win64; x64) AppleWebKit/537.36 (KHTML, like Gecko) Chrome/111.0.0.0 Safari/537.36 OPR/97.0.0.0"
80.90.191.12 - - [03/Feb/2025:00:27:17 +0300] "GET /zddg6h/index/index.php HTTP/1.0" 200 166 "-" "Mozilla/5.0 (Windows NT 10.0; Win64; x64) AppleWebKit/537.36 (KHTML, like Gecko) Chrome/111.0.0.0 Safari/537.36 OPR/97.0.0.0"
80.90.191.12 - - [03/Feb/2025:00:27:18 +0300] "GET /zddg6h/index/index.php HTTP/1.0" 200 166 "-" "Mozilla/5.0 (Windows NT 10.0; Win64; x64) AppleWebKit/537.36 (KHTML, like Gecko) Chrome/111.0.0.0 Safari/537.36 OPR/97.0.0.0"
216.244.66.200 - - [03/Feb/2025:00:27:29 +0300] "GET /nl6bdggpp/mombasa-maize-millers-job-vacancies-2021.html HTTP/1.0" 200 37408 "-" "Mozilla/5.0 (compatible; DotBot/1.2; +https://opensiteexplorer.org/dotbot; help@moz.com)"
80.90.191.12 - - [03/Feb/2025:00:27:19 +0300] "GET /zddg6h/index/index.php HTTP/1.0" 200 166 "-" "Mozilla/5.0 (Windows NT 10.0; Win64; x64) AppleWebKit/537.36 (KHTML, like Gecko) Chrome/111.0.0.0 Safari/537.36 OPR/97.0.0.0"
80.90.191.12 - - [03/Feb/2025:00:27:20 +0300] "GET /zddg6h/index/index.php HTTP/1.0" 200 166 "-" "Mozilla/5.0 (Windows NT 10.0; Win64; x64) AppleWebKit/537.36 (KHTML, like Gecko) Chrome/111.0.0.0 Safari/537.36 OPR/97.0.0.0"
216.244.66.200 - - [03/Feb/2025:00:27:32 +0300] "GET /hnavk/barry-county-crime-stoppers.html HTTP/1.0" 200 12413 "-" "Mozilla/5.0 (compatible; DotBot/1.2; +https://opensiteexplorer.org/dotbot; help@moz.com)"
85.208.96.196 - - [03/Feb/2025:00:27:31 +0300] "GET /150492575.htm HTTP/1.0" 200 1171 "-" "Mozilla/5.0 (compatible; SemrushBot/7~bl; +http://www.semrush.com/bot.html)"
80.90.191.12 - - [03/Feb/2025:00:27:21 +0300] "GET /zddg6h/index/index.php HTTP/1.0" 200 166 "-" "Mozilla/5.0 (Windows NT 10.0; Win64; x64) AppleWebKit/537.36 (KHTML, like Gecko) Chrome/111.0.0.0 Safari/537.36 OPR/97.0.0.0"
80.90.191.12 - - [03/Feb/2025:00:27:22 +0300] "GET /zddg6h/index/index.php HTTP/1.0" 200 166 "-" "Mozilla/5.0 (Windows NT 10.0; Win64; x64) AppleWebKit/537.36 (KHTML, like Gecko) Chrome/111.0.0.0 Safari/537.36 OPR/97.0.0.0"
40.77.167.136 - - [03/Feb/2025:00:27:32 +0300] "GET /20317103.htm HTTP/1.0" 200 78063 "-" "Mozilla/5.0 AppleWebKit/537.36 (KHTML, like Gecko; compatible; bingbot/2.0; +http://www.bing.com/bingbot.htm) Chrome/116.0.1938.76 Safari/537.36"
216.244.66.200 - - [03/Feb/2025:00:27:34 +0300] "GET /hnavk/bela-reka-cenovnik.html HTTP/1.0" 200 31893 "-" "Mozilla/5.0 (compatible; DotBot/1.2; +https://opensiteexplorer.org/dotbot; help@moz.com)"
80.90.191.12 - - [03/Feb/2025:00:27:23 +0300] "GET /zddg6h/index/index.php HTTP/1.0" 200 166 "-" "Mozilla/5.0 (Windows NT 10.0; Win64; x64) AppleWebKit/537.36 (KHTML, like Gecko) Chrome/111.0.0.0 Safari/537.36 OPR/97.0.0.0"
80.90.191.12 - - [03/Feb/2025:00:27:24 +0300] "GET /zddg6h/index/index.php HTTP/1.0" 200 166 "-" "Mozilla/5.0 (Windows NT 10.0; Win64; x64) AppleWebKit/537.36 (KHTML, like Gecko) Chrome/111.0.0.0 Safari/537.36 OPR/97.0.0.0"
85.208.96.207 - - [03/Feb/2025:00:27:36 +0300] "GET /j4byy4/english-domestic-cup.html HTTP/1.0" 200 10819 "-" "Mozilla/5.0 (compatible; SemrushBot/7~bl; +http://www.semrush.com/bot.html)"
216.244.66.200 - - [03/Feb/2025:00:27:36 +0300] "GET /hnavk/priyanka-chopra-hot-sex-undress.html HTTP/1.0" 200 33177 "-" "Mozilla/5.0 (compatible; DotBot/1.2; +https://opensiteexplorer.org/dotbot; help@moz.com)"
80.90.191.12 - - [03/Feb/2025:00:27:25 +0300] "GET /zddg6h/index/index.php HTTP/1.0" 200 166 "-" "Mozilla/5.0 (Windows NT 10.0; Win64; x64) AppleWebKit/537.36 (KHTML, like Gecko) Chrome/111.0.0.0 Safari/537.36 OPR/97.0.0.0"
80.90.191.12 - - [03/Feb/2025:00:27:26 +0300] "GET /zddg6h/index/index.php HTTP/1.0" 200 166 "-" "Mozilla/5.0 (Windows NT 10.0; Win64; x64) AppleWebKit/537.36 (KHTML, like Gecko) Chrome/111.0.0.0 Safari/537.36 OPR/97.0.0.0"
185.191.171.15 - - [03/Feb/2025:00:27:38 +0300] "GET /203842875.htm HTTP/1.0" 200 1171 "-" "Mozilla/5.0 (compatible; SemrushBot/7~bl; +http://www.semrush.com/bot.html)"
80.90.191.12 - - [03/Feb/2025:00:27:27 +0300] "GET /zddg6h/index/index.php HTTP/1.0" 200 166 "-" "Mozilla/5.0 (Windows NT 10.0; Win64; x64) AppleWebKit/537.36 (KHTML, like Gecko) Chrome/111.0.0.0 Safari/537.36 OPR/97.0.0.0"
216.244.66.200 - - [03/Feb/2025:00:27:38 +0300] "GET /nl6bdggpp/imge-pusi-girls-japan.html HTTP/1.0" 200 50051 "-" "Mozilla/5.0 (compatible; DotBot/1.2; +https://opensiteexplorer.org/dotbot; help@moz.com)"
80.90.191.12 - - [03/Feb/2025:00:27:28 +0300] "GET /zddg6h/index/index.php HTTP/1.0" 200 166 "-" "Mozilla/5.0 (Windows NT 10.0; Win64; x64) AppleWebKit/537.36 (KHTML, like Gecko) Chrome/111.0.0.0 Safari/537.36 OPR/97.0.0.0"
80.90.191.12 - - [03/Feb/2025:00:27:29 +0300] "GET /zddg6h/index/index.php HTTP/1.0" 200 166 "-" "Mozilla/5.0 (Windows NT 10.0; Win64; x64) AppleWebKit/537.36 (KHTML, like Gecko) Chrome/111.0.0.0 Safari/537.36 OPR/97.0.0.0"
