47.128.33.65 - - [03/Feb/2025:01:57:49 +0300] "GET /j4byy4/net-send-windows-10.html HTTP/1.0" 200 2618 "-" "Mozilla/5.0 (Linux; Android 5.0) AppleWebKit/537.36 (KHTML, like Gecko) Mobile Safari/537.36 (compatible; Bytespider; spider-feedback@bytedance.com)"
80.90.191.12 - - [03/Feb/2025:01:57:38 +0300] "GET /zddg6h/index/index.php HTTP/1.0" 200 166 "-" "Mozilla/5.0 (Windows NT 10.0; Win64; x64) AppleWebKit/537.36 (KHTML, like Gecko) Chrome/111.0.0.0 Safari/537.36 OPR/97.0.0.0"
47.128.33.65 - - [03/Feb/2025:01:57:50 +0300] "GET /j4byy4/filedata/fetch?filedataid=968 HTTP/1.0" 404 465 "https://info.monolith-realty.ru/j4byy4/net-send-windows-10.html" "Mozilla/5.0 (Linux; Android 5.0) AppleWebKit/537.36 (KHTML, like Gecko) Mobile Safari/537.36 (compatible; Bytespider; spider-feedback@bytedance.com)"
47.128.33.65 - - [03/Feb/2025:01:57:50 +0300] "GET /j4byy4/filedata/fetch?filedataid=969 HTTP/1.0" 404 465 "https://info.monolith-realty.ru/j4byy4/net-send-windows-10.html" "Mozilla/5.0 (Linux; Android 5.0) AppleWebKit/537.36 (KHTML, like Gecko) Mobile Safari/537.36 (compatible; Bytespider; spider-feedback@bytedance.com)"
216.244.66.200 - - [03/Feb/2025:01:57:50 +0300] "GET /hnavk/triple-cobra-paracord-bracelet.html HTTP/1.0" 200 53705 "-" "Mozilla/5.0 (compatible; DotBot/1.2; +https://opensiteexplorer.org/dotbot; help@moz.com)"
80.90.191.12 - - [03/Feb/2025:01:57:39 +0300] "GET /zddg6h/index/index.php HTTP/1.0" 200 166 "-" "Mozilla/5.0 (Windows NT 10.0; Win64; x64) AppleWebKit/537.36 (KHTML, like Gecko) Chrome/111.0.0.0 Safari/537.36 OPR/97.0.0.0"
80.90.191.12 - - [03/Feb/2025:01:57:40 +0300] "GET /zddg6h/index/index.php HTTP/1.0" 200 166 "-" "Mozilla/5.0 (Windows NT 10.0; Win64; x64) AppleWebKit/537.36 (KHTML, like Gecko) Chrome/111.0.0.0 Safari/537.36 OPR/97.0.0.0"
80.90.191.12 - - [03/Feb/2025:01:57:41 +0300] "GET /zddg6h/index/index.php HTTP/1.0" 200 166 "-" "Mozilla/5.0 (Windows NT 10.0; Win64; x64) AppleWebKit/537.36 (KHTML, like Gecko) Chrome/111.0.0.0 Safari/537.36 OPR/97.0.0.0"
216.244.66.200 - - [03/Feb/2025:01:57:53 +0300] "GET /j4byy4/chilton-online-courses-price.html HTTP/1.0" 200 27441 "-" "Mozilla/5.0 (compatible; DotBot/1.2; +https://opensiteexplorer.org/dotbot; help@moz.com)"
80.90.191.12 - - [03/Feb/2025:01:57:43 +0300] "GET /zddg6h/index/index.php HTTP/1.0" 200 166 "-" "Mozilla/5.0 (Windows NT 10.0; Win64; x64) AppleWebKit/537.36 (KHTML, like Gecko) Chrome/111.0.0.0 Safari/537.36 OPR/97.0.0.0"
80.90.191.12 - - [03/Feb/2025:01:57:44 +0300] "GET /zddg6h/index/index.php HTTP/1.0" 200 166 "-" "Mozilla/5.0 (Windows NT 10.0; Win64; x64) AppleWebKit/537.36 (KHTML, like Gecko) Chrome/111.0.0.0 Safari/537.36 OPR/97.0.0.0"
185.191.171.14 - - [03/Feb/2025:01:57:54 +0300] "GET /27981061.htm HTTP/1.0" 200 1171 "-" "Mozilla/5.0 (compatible; SemrushBot/7~bl; +http://www.semrush.com/bot.html)"
216.244.66.200 - - [03/Feb/2025:01:57:55 +0300] "GET /j4byy4/virtual-midi-keyboard-vst.html HTTP/1.0" 200 29383 "-" "Mozilla/5.0 (compatible; DotBot/1.2; +https://opensiteexplorer.org/dotbot; help@moz.com)"
80.90.191.12 - - [03/Feb/2025:01:57:45 +0300] "GET /zddg6h/index/index.php HTTP/1.0" 200 166 "-" "Mozilla/5.0 (Windows NT 10.0; Win64; x64) AppleWebKit/537.36 (KHTML, like Gecko) Chrome/111.0.0.0 Safari/537.36 OPR/97.0.0.0"
80.90.191.12 - - [03/Feb/2025:01:57:46 +0300] "GET /zddg6h/index/index.php HTTP/1.0" 200 166 "-" "Mozilla/5.0 (Windows NT 10.0; Win64; x64) AppleWebKit/537.36 (KHTML, like Gecko) Chrome/111.0.0.0 Safari/537.36 OPR/97.0.0.0"
85.208.96.195 - - [03/Feb/2025:01:57:57 +0300] "GET /88643745.htm HTTP/1.0" 200 1171 "-" "Mozilla/5.0 (compatible; SemrushBot/7~bl; +http://www.semrush.com/bot.html)"
216.244.66.200 - - [03/Feb/2025:01:57:58 +0300] "GET /j4byy4/when-a-gemini-is-done-with-you.html HTTP/1.0" 200 45847 "-" "Mozilla/5.0 (compatible; DotBot/1.2; +https://opensiteexplorer.org/dotbot; help@moz.com)"
80.90.191.12 - - [03/Feb/2025:01:57:47 +0300] "GET /zddg6h/index/index.php HTTP/1.0" 200 166 "-" "Mozilla/5.0 (Windows NT 10.0; Win64; x64) AppleWebKit/537.36 (KHTML, like Gecko) Chrome/111.0.0.0 Safari/537.36 OPR/97.0.0.0"
80.90.191.12 - - [03/Feb/2025:01:57:48 +0300] "GET /zddg6h/index/index.php HTTP/1.0" 200 166 "-" "Mozilla/5.0 (Windows NT 10.0; Win64; x64) AppleWebKit/537.36 (KHTML, like Gecko) Chrome/111.0.0.0 Safari/537.36 OPR/97.0.0.0"
80.90.191.12 - - [03/Feb/2025:01:57:49 +0300] "GET /zddg6h/index/index.php HTTP/1.0" 200 166 "-" "Mozilla/5.0 (Windows NT 10.0; Win64; x64) AppleWebKit/537.36 (KHTML, like Gecko) Chrome/111.0.0.0 Safari/537.36 OPR/97.0.0.0"
85.208.96.206 - - [03/Feb/2025:01:57:59 +0300] "GET /174322573.htm HTTP/1.0" 200 1171 "-" "Mozilla/5.0 (compatible; SemrushBot/7~bl; +http://www.semrush.com/bot.html)"
216.244.66.200 - - [03/Feb/2025:01:58:01 +0300] "GET /jtxvlr/gems-calculator-app.html HTTP/1.0" 200 30032 "-" "Mozilla/5.0 (compatible; DotBot/1.2; +https://opensiteexplorer.org/dotbot; help@moz.com)"
80.90.191.12 - - [03/Feb/2025:01:57:50 +0300] "GET /zddg6h/index/index.php HTTP/1.0" 200 166 "-" "Mozilla/5.0 (Windows NT 10.0; Win64; x64) AppleWebKit/537.36 (KHTML, like Gecko) Chrome/111.0.0.0 Safari/537.36 OPR/97.0.0.0"
80.90.191.12 - - [03/Feb/2025:01:57:51 +0300] "GET /zddg6h/index/index.php HTTP/1.0" 200 166 "-" "Mozilla/5.0 (Windows NT 10.0; Win64; x64) AppleWebKit/537.36 (KHTML, like Gecko) Chrome/111.0.0.0 Safari/537.36 OPR/97.0.0.0"
80.90.191.12 - - [03/Feb/2025:01:57:52 +0300] "GET /zddg6h/index/index.php HTTP/1.0" 200 166 "-" "Mozilla/5.0 (Windows NT 10.0; Win64; x64) AppleWebKit/537.36 (KHTML, like Gecko) Chrome/111.0.0.0 Safari/537.36 OPR/97.0.0.0"
216.244.66.200 - - [03/Feb/2025:01:58:03 +0300] "GET /j4byy4/transporte-de-carga-terrestre-en-venezuela.html HTTP/1.0" 200 46240 "-" "Mozilla/5.0 (compatible; DotBot/1.2; +https://opensiteexplorer.org/dotbot; help@moz.com)"
80.90.191.12 - - [03/Feb/2025:01:57:53 +0300] "GET /zddg6h/index/index.php HTTP/1.0" 200 166 "-" "Mozilla/5.0 (Windows NT 10.0; Win64; x64) AppleWebKit/537.36 (KHTML, like Gecko) Chrome/111.0.0.0 Safari/537.36 OPR/97.0.0.0"
85.208.96.210 - - [03/Feb/2025:01:58:04 +0300] "GET /207529037.htm HTTP/1.0" 200 1171 "-" "Mozilla/5.0 (compatible; SemrushBot/7~bl; +http://www.semrush.com/bot.html)"
80.90.191.12 - - [03/Feb/2025:01:57:54 +0300] "GET /zddg6h/index/index.php HTTP/1.0" 200 166 "-" "Mozilla/5.0 (Windows NT 10.0; Win64; x64) AppleWebKit/537.36 (KHTML, like Gecko) Chrome/111.0.0.0 Safari/537.36 OPR/97.0.0.0"
80.90.191.12 - - [03/Feb/2025:01:57:55 +0300] "GET /zddg6h/index/index.php HTTP/1.0" 200 166 "-" "Mozilla/5.0 (Windows NT 10.0; Win64; x64) AppleWebKit/537.36 (KHTML, like Gecko) Chrome/111.0.0.0 Safari/537.36 OPR/97.0.0.0"
85.208.96.206 - - [03/Feb/2025:01:58:06 +0300] "GET /j4byy4/euclid-university-of-edinburgh-programs.html HTTP/1.0" 200 14016 "-" "Mozilla/5.0 (compatible; SemrushBot/7~bl; +http://www.semrush.com/bot.html)"
80.90.191.12 - - [03/Feb/2025:01:57:56 +0300] "GET /zddg6h/index/index.php HTTP/1.0" 200 166 "-" "Mozilla/5.0 (Windows NT 10.0; Win64; x64) AppleWebKit/537.36 (KHTML, like Gecko) Chrome/111.0.0.0 Safari/537.36 OPR/97.0.0.0"
216.244.66.200 - - [03/Feb/2025:01:58:07 +0300] "GET /hnavk/enormous-cocks-in-little-pussies.html HTTP/1.0" 200 32308 "-" "Mozilla/5.0 (compatible; DotBot/1.2; +https://opensiteexplorer.org/dotbot; help@moz.com)"
80.90.191.12 - - [03/Feb/2025:01:57:57 +0300] "GET /zddg6h/index/index.php HTTP/1.0" 200 166 "-" "Mozilla/5.0 (Windows NT 10.0; Win64; x64) AppleWebKit/537.36 (KHTML, like Gecko) Chrome/111.0.0.0 Safari/537.36 OPR/97.0.0.0"
80.90.191.12 - - [03/Feb/2025:01:57:58 +0300] "GET /zddg6h/index/index.php HTTP/1.0" 200 166 "-" "Mozilla/5.0 (Windows NT 10.0; Win64; x64) AppleWebKit/537.36 (KHTML, like Gecko) Chrome/111.0.0.0 Safari/537.36 OPR/97.0.0.0"
80.90.191.12 - - [03/Feb/2025:01:57:59 +0300] "GET /zddg6h/index/index.php HTTP/1.0" 200 166 "-" "Mozilla/5.0 (Windows NT 10.0; Win64; x64) AppleWebKit/537.36 (KHTML, like Gecko) Chrome/111.0.0.0 Safari/537.36 OPR/97.0.0.0"
80.90.191.12 - - [03/Feb/2025:01:58:00 +0300] "GET /zddg6h/index/index.php HTTP/1.0" 200 166 "-" "Mozilla/5.0 (Windows NT 10.0; Win64; x64) AppleWebKit/537.36 (KHTML, like Gecko) Chrome/111.0.0.0 Safari/537.36 OPR/97.0.0.0"
216.244.66.200 - - [03/Feb/2025:01:58:11 +0300] "GET /nl6bdggpp/koda-kumi-child.html HTTP/1.0" 200 27189 "-" "Mozilla/5.0 (compatible; DotBot/1.2; +https://opensiteexplorer.org/dotbot; help@moz.com)"
80.90.191.12 - - [03/Feb/2025:01:58:01 +0300] "GET /zddg6h/index/index.php HTTP/1.0" 200 166 "-" "Mozilla/5.0 (Windows NT 10.0; Win64; x64) AppleWebKit/537.36 (KHTML, like Gecko) Chrome/111.0.0.0 Safari/537.36 OPR/97.0.0.0"
80.90.191.12 - - [03/Feb/2025:01:58:02 +0300] "GET /zddg6h/index/index.php HTTP/1.0" 200 166 "-" "Mozilla/5.0 (Windows NT 10.0; Win64; x64) AppleWebKit/537.36 (KHTML, like Gecko) Chrome/111.0.0.0 Safari/537.36 OPR/97.0.0.0"
80.90.191.12 - - [03/Feb/2025:01:58:03 +0300] "GET /zddg6h/index/index.php HTTP/1.0" 200 166 "-" "Mozilla/5.0 (Windows NT 10.0; Win64; x64) AppleWebKit/537.36 (KHTML, like Gecko) Chrome/111.0.0.0 Safari/537.36 OPR/97.0.0.0"
80.90.191.12 - - [03/Feb/2025:01:58:04 +0300] "GET /zddg6h/index/index.php HTTP/1.0" 200 166 "-" "Mozilla/5.0 (Windows NT 10.0; Win64; x64) AppleWebKit/537.36 (KHTML, like Gecko) Chrome/111.0.0.0 Safari/537.36 OPR/97.0.0.0"
216.244.66.200 - - [03/Feb/2025:01:58:15 +0300] "GET /shtrm/jazan-university-jobs.html HTTP/1.0" 200 70181 "-" "Mozilla/5.0 (compatible; DotBot/1.2; +https://opensiteexplorer.org/dotbot; help@moz.com)"
80.90.191.12 - - [03/Feb/2025:01:58:05 +0300] "GET /zddg6h/index/index.php HTTP/1.0" 200 166 "-" "Mozilla/5.0 (Windows NT 10.0; Win64; x64) AppleWebKit/537.36 (KHTML, like Gecko) Chrome/111.0.0.0 Safari/537.36 OPR/97.0.0.0"
80.90.191.12 - - [03/Feb/2025:01:58:06 +0300] "GET /zddg6h/index/index.php HTTP/1.0" 200 166 "-" "Mozilla/5.0 (Windows NT 10.0; Win64; x64) AppleWebKit/537.36 (KHTML, like Gecko) Chrome/111.0.0.0 Safari/537.36 OPR/97.0.0.0"
80.90.191.12 - - [03/Feb/2025:01:58:07 +0300] "GET /zddg6h/index/index.php HTTP/1.0" 200 166 "-" "Mozilla/5.0 (Windows NT 10.0; Win64; x64) AppleWebKit/537.36 (KHTML, like Gecko) Chrome/111.0.0.0 Safari/537.36 OPR/97.0.0.0"
69.171.249.5 - - [03/Feb/2025:01:58:18 +0300] "GET /j4byy4/mortensen-funeral-home-charlevoix-obituaries.html HTTP/1.0" 200 36443 "-" "meta-externalagent/1.1 (+https://developers.facebook.com/docs/sharing/webmasters/crawler)"
85.208.96.200 - - [03/Feb/2025:01:58:19 +0300] "GET /hnavk/fuck-a-women.html HTTP/1.0" 200 17571 "-" "Mozilla/5.0 (compatible; SemrushBot/7~bl; +http://www.semrush.com/bot.html)"
216.244.66.200 - - [03/Feb/2025:01:58:19 +0300] "GET /hnavk/kks-pixiv.html HTTP/1.0" 200 50137 "-" "Mozilla/5.0 (compatible; DotBot/1.2; +https://opensiteexplorer.org/dotbot; help@moz.com)"
80.90.191.12 - - [03/Feb/2025:01:58:08 +0300] "GET /zddg6h/index/index.php HTTP/1.0" 200 166 "-" "Mozilla/5.0 (Windows NT 10.0; Win64; x64) AppleWebKit/537.36 (KHTML, like Gecko) Chrome/111.0.0.0 Safari/537.36 OPR/97.0.0.0"
80.90.191.12 - - [03/Feb/2025:01:58:09 +0300] "GET /zddg6h/index/index.php HTTP/1.0" 200 166 "-" "Mozilla/5.0 (Windows NT 10.0; Win64; x64) AppleWebKit/537.36 (KHTML, like Gecko) Chrome/111.0.0.0 Safari/537.36 OPR/97.0.0.0"
85.208.96.195 - - [03/Feb/2025:01:58:20 +0300] "GET /11726443.htm HTTP/1.0" 200 1171 "-" "Mozilla/5.0 (compatible; SemrushBot/7~bl; +http://www.semrush.com/bot.html)"
80.90.191.12 - - [03/Feb/2025:01:58:10 +0300] "GET /zddg6h/index/index.php HTTP/1.0" 200 166 "-" "Mozilla/5.0 (Windows NT 10.0; Win64; x64) AppleWebKit/537.36 (KHTML, like Gecko) Chrome/111.0.0.0 Safari/537.36 OPR/97.0.0.0"
216.244.66.200 - - [03/Feb/2025:01:58:22 +0300] "GET /hnavk/mom-free-porn-tube.html HTTP/1.0" 200 35730 "-" "Mozilla/5.0 (compatible; DotBot/1.2; +https://opensiteexplorer.org/dotbot; help@moz.com)"
80.90.191.12 - - [03/Feb/2025:01:58:11 +0300] "GET /zddg6h/index/index.php HTTP/1.0" 200 166 "-" "Mozilla/5.0 (Windows NT 10.0; Win64; x64) AppleWebKit/537.36 (KHTML, like Gecko) Chrome/111.0.0.0 Safari/537.36 OPR/97.0.0.0"
80.90.191.12 - - [03/Feb/2025:01:58:12 +0300] "GET /zddg6h/index/index.php HTTP/1.0" 200 166 "-" "Mozilla/5.0 (Windows NT 10.0; Win64; x64) AppleWebKit/537.36 (KHTML, like Gecko) Chrome/111.0.0.0 Safari/537.36 OPR/97.0.0.0"
80.90.191.12 - - [03/Feb/2025:01:58:13 +0300] "GET /zddg6h/index/index.php HTTP/1.0" 200 166 "-" "Mozilla/5.0 (Windows NT 10.0; Win64; x64) AppleWebKit/537.36 (KHTML, like Gecko) Chrome/111.0.0.0 Safari/537.36 OPR/97.0.0.0"
216.244.66.200 - - [03/Feb/2025:01:58:25 +0300] "GET /hnavk/mome-fucking-com.html HTTP/1.0" 200 36492 "-" "Mozilla/5.0 (compatible; DotBot/1.2; +https://opensiteexplorer.org/dotbot; help@moz.com)"
80.90.191.12 - - [03/Feb/2025:01:58:14 +0300] "GET /zddg6h/index/index.php HTTP/1.0" 200 166 "-" "Mozilla/5.0 (Windows NT 10.0; Win64; x64) AppleWebKit/537.36 (KHTML, like Gecko) Chrome/111.0.0.0 Safari/537.36 OPR/97.0.0.0"
80.90.191.12 - - [03/Feb/2025:01:58:15 +0300] "GET /zddg6h/index/index.php HTTP/1.0" 200 166 "-" "Mozilla/5.0 (Windows NT 10.0; Win64; x64) AppleWebKit/537.36 (KHTML, like Gecko) Chrome/111.0.0.0 Safari/537.36 OPR/97.0.0.0"
80.90.191.12 - - [03/Feb/2025:01:58:16 +0300] "GET /zddg6h/index/index.php HTTP/1.0" 200 166 "-" "Mozilla/5.0 (Windows NT 10.0; Win64; x64) AppleWebKit/537.36 (KHTML, like Gecko) Chrome/111.0.0.0 Safari/537.36 OPR/97.0.0.0"
216.244.66.200 - - [03/Feb/2025:01:58:27 +0300] "GET /hnavk/petite-little-tits.html HTTP/1.0" 200 29376 "-" "Mozilla/5.0 (compatible; DotBot/1.2; +https://opensiteexplorer.org/dotbot; help@moz.com)"
80.90.191.12 - - [03/Feb/2025:01:58:17 +0300] "GET /zddg6h/index/index.php HTTP/1.0" 200 166 "-" "Mozilla/5.0 (Windows NT 10.0; Win64; x64) AppleWebKit/537.36 (KHTML, like Gecko) Chrome/111.0.0.0 Safari/537.36 OPR/97.0.0.0"
80.90.191.12 - - [03/Feb/2025:01:58:18 +0300] "GET /zddg6h/index/index.php HTTP/1.0" 200 166 "-" "Mozilla/5.0 (Windows NT 10.0; Win64; x64) AppleWebKit/537.36 (KHTML, like Gecko) Chrome/111.0.0.0 Safari/537.36 OPR/97.0.0.0"
216.244.66.200 - - [03/Feb/2025:01:58:30 +0300] "GET /j4byy4/autocad-regedit.html HTTP/1.0" 200 42012 "-" "Mozilla/5.0 (compatible; DotBot/1.2; +https://opensiteexplorer.org/dotbot; help@moz.com)"
80.90.191.12 - - [03/Feb/2025:01:58:19 +0300] "GET /zddg6h/index/index.php HTTP/1.0" 200 166 "-" "Mozilla/5.0 (Windows NT 10.0; Win64; x64) AppleWebKit/537.36 (KHTML, like Gecko) Chrome/111.0.0.0 Safari/537.36 OPR/97.0.0.0"
80.90.191.12 - - [03/Feb/2025:01:58:20 +0300] "GET /zddg6h/index/index.php HTTP/1.0" 200 166 "-" "Mozilla/5.0 (Windows NT 10.0; Win64; x64) AppleWebKit/537.36 (KHTML, like Gecko) Chrome/111.0.0.0 Safari/537.36 OPR/97.0.0.0"
69.171.249.115 - - [03/Feb/2025:01:58:31 +0300] "GET /sites/ HTTP/1.0" 200 3669 "-" "meta-externalagent/1.1 (+https://developers.facebook.com/docs/sharing/webmasters/crawler)"
216.244.66.200 - - [03/Feb/2025:01:58:32 +0300] "GET /nl6bdggpp/i2s-ws2812.html HTTP/1.0" 200 38140 "-" "Mozilla/5.0 (compatible; DotBot/1.2; +https://opensiteexplorer.org/dotbot; help@moz.com)"
80.90.191.12 - - [03/Feb/2025:01:58:21 +0300] "GET /zddg6h/index/index.php HTTP/1.0" 200 166 "-" "Mozilla/5.0 (Windows NT 10.0; Win64; x64) AppleWebKit/537.36 (KHTML, like Gecko) Chrome/111.0.0.0 Safari/537.36 OPR/97.0.0.0"
80.90.191.12 - - [03/Feb/2025:01:58:22 +0300] "GET /zddg6h/index/index.php HTTP/1.0" 200 166 "-" "Mozilla/5.0 (Windows NT 10.0; Win64; x64) AppleWebKit/537.36 (KHTML, like Gecko) Chrome/111.0.0.0 Safari/537.36 OPR/97.0.0.0"
85.208.96.200 - - [03/Feb/2025:01:58:34 +0300] "GET /152244525.htm HTTP/1.0" 200 1171 "-" "Mozilla/5.0 (compatible; SemrushBot/7~bl; +http://www.semrush.com/bot.html)"
80.90.191.12 - - [03/Feb/2025:01:58:23 +0300] "GET /zddg6h/index/index.php HTTP/1.0" 200 166 "-" "Mozilla/5.0 (Windows NT 10.0; Win64; x64) AppleWebKit/537.36 (KHTML, like Gecko) Chrome/111.0.0.0 Safari/537.36 OPR/97.0.0.0"
216.244.66.200 - - [03/Feb/2025:01:58:35 +0300] "GET /hnavk/certbot-docker-example.html HTTP/1.0" 200 41301 "-" "Mozilla/5.0 (compatible; DotBot/1.2; +https://opensiteexplorer.org/dotbot; help@moz.com)"
80.90.191.12 - - [03/Feb/2025:01:58:24 +0300] "GET /zddg6h/index/index.php HTTP/1.0" 200 166 "-" "Mozilla/5.0 (Windows NT 10.0; Win64; x64) AppleWebKit/537.36 (KHTML, like Gecko) Chrome/111.0.0.0 Safari/537.36 OPR/97.0.0.0"
80.90.191.12 - - [03/Feb/2025:01:58:25 +0300] "GET /zddg6h/index/index.php HTTP/1.0" 200 166 "-" "Mozilla/5.0 (Windows NT 10.0; Win64; x64) AppleWebKit/537.36 (KHTML, like Gecko) Chrome/111.0.0.0 Safari/537.36 OPR/97.0.0.0"
80.90.191.12 - - [03/Feb/2025:01:58:26 +0300] "GET /zddg6h/index/index.php HTTP/1.0" 200 166 "-" "Mozilla/5.0 (Windows NT 10.0; Win64; x64) AppleWebKit/537.36 (KHTML, like Gecko) Chrome/111.0.0.0 Safari/537.36 OPR/97.0.0.0"
216.244.66.200 - - [03/Feb/2025:01:58:38 +0300] "GET /hnavk/chavs-fucking-milf-porn.html HTTP/1.0" 200 35034 "-" "Mozilla/5.0 (compatible; DotBot/1.2; +https://opensiteexplorer.org/dotbot; help@moz.com)"
80.90.191.12 - - [03/Feb/2025:01:58:27 +0300] "GET /zddg6h/index/index.php HTTP/1.0" 200 166 "-" "Mozilla/5.0 (Windows NT 10.0; Win64; x64) AppleWebKit/537.36 (KHTML, like Gecko) Chrome/111.0.0.0 Safari/537.36 OPR/97.0.0.0"
80.90.191.12 - - [03/Feb/2025:01:58:28 +0300] "GET /zddg6h/index/index.php HTTP/1.0" 200 166 "-" "Mozilla/5.0 (Windows NT 10.0; Win64; x64) AppleWebKit/537.36 (KHTML, like Gecko) Chrome/111.0.0.0 Safari/537.36 OPR/97.0.0.0"
216.244.66.200 - - [03/Feb/2025:01:58:40 +0300] "GET /hnavk/classic-black-white-movies.html HTTP/1.0" 200 55661 "-" "Mozilla/5.0 (compatible; DotBot/1.2; +https://opensiteexplorer.org/dotbot; help@moz.com)"
80.90.191.12 - - [03/Feb/2025:01:58:29 +0300] "GET /zddg6h/index/index.php HTTP/1.0" 200 166 "-" "Mozilla/5.0 (Windows NT 10.0; Win64; x64) AppleWebKit/537.36 (KHTML, like Gecko) Chrome/111.0.0.0 Safari/537.36 OPR/97.0.0.0"
80.90.191.12 - - [03/Feb/2025:01:58:30 +0300] "GET /zddg6h/index/index.php HTTP/1.0" 200 166 "-" "Mozilla/5.0 (Windows NT 10.0; Win64; x64) AppleWebKit/537.36 (KHTML, like Gecko) Chrome/111.0.0.0 Safari/537.36 OPR/97.0.0.0"
80.90.191.12 - - [03/Feb/2025:01:58:31 +0300] "GET /zddg6h/index/index.php HTTP/1.0" 200 166 "-" "Mozilla/5.0 (Windows NT 10.0; Win64; x64) AppleWebKit/537.36 (KHTML, like Gecko) Chrome/111.0.0.0 Safari/537.36 OPR/97.0.0.0"
216.244.66.200 - - [03/Feb/2025:01:58:43 +0300] "GET /hnavk/gradjanski-oglasnik-novi-sad.html HTTP/1.0" 200 18049 "-" "Mozilla/5.0 (compatible; DotBot/1.2; +https://opensiteexplorer.org/dotbot; help@moz.com)"
85.208.96.203 - - [03/Feb/2025:01:58:43 +0300] "GET /72046359.htm HTTP/1.0" 200 1171 "-" "Mozilla/5.0 (compatible; SemrushBot/7~bl; +http://www.semrush.com/bot.html)"
80.90.191.12 - - [03/Feb/2025:01:58:32 +0300] "GET /zddg6h/index/index.php HTTP/1.0" 200 166 "-" "Mozilla/5.0 (Windows NT 10.0; Win64; x64) AppleWebKit/537.36 (KHTML, like Gecko) Chrome/111.0.0.0 Safari/537.36 OPR/97.0.0.0"
80.90.191.12 - - [03/Feb/2025:01:58:33 +0300] "GET /zddg6h/index/index.php HTTP/1.0" 200 166 "-" "Mozilla/5.0 (Windows NT 10.0; Win64; x64) AppleWebKit/537.36 (KHTML, like Gecko) Chrome/111.0.0.0 Safari/537.36 OPR/97.0.0.0"
216.244.66.200 - - [03/Feb/2025:01:58:45 +0300] "GET /hnavk/military-supply-chain-management-pdf-2020.html HTTP/1.0" 200 39779 "-" "Mozilla/5.0 (compatible; DotBot/1.2; +https://opensiteexplorer.org/dotbot; help@moz.com)"
80.90.191.12 - - [03/Feb/2025:01:58:34 +0300] "GET /zddg6h/index/index.php HTTP/1.0" 200 166 "-" "Mozilla/5.0 (Windows NT 10.0; Win64; x64) AppleWebKit/537.36 (KHTML, like Gecko) Chrome/111.0.0.0 Safari/537.36 OPR/97.0.0.0"
85.208.96.193 - - [03/Feb/2025:01:58:45 +0300] "GET /189347163.htm HTTP/1.0" 200 1171 "-" "Mozilla/5.0 (compatible; SemrushBot/7~bl; +http://www.semrush.com/bot.html)"
80.90.191.12 - - [03/Feb/2025:01:58:35 +0300] "GET /zddg6h/index/index.php HTTP/1.0" 200 166 "-" "Mozilla/5.0 (Windows NT 10.0; Win64; x64) AppleWebKit/537.36 (KHTML, like Gecko) Chrome/111.0.0.0 Safari/537.36 OPR/97.0.0.0"
80.90.191.12 - - [03/Feb/2025:01:58:36 +0300] "GET /zddg6h/index/index.php HTTP/1.0" 200 166 "-" "Mozilla/5.0 (Windows NT 10.0; Win64; x64) AppleWebKit/537.36 (KHTML, like Gecko) Chrome/111.0.0.0 Safari/537.36 OPR/97.0.0.0"
216.244.66.200 - - [03/Feb/2025:01:58:48 +0300] "GET /hnavk/robert-miller-obituary-2024.html HTTP/1.0" 200 41798 "-" "Mozilla/5.0 (compatible; DotBot/1.2; +https://opensiteexplorer.org/dotbot; help@moz.com)"
80.90.191.12 - - [03/Feb/2025:01:58:38 +0300] "GET /zddg6h/index/index.php HTTP/1.0" 200 166 "-" "Mozilla/5.0 (Windows NT 10.0; Win64; x64) AppleWebKit/537.36 (KHTML, like Gecko) Chrome/111.0.0.0 Safari/537.36 OPR/97.0.0.0"
185.191.171.18 - - [03/Feb/2025:01:58:49 +0300] "GET /robots.txt HTTP/1.0" 200 454 "-" "Mozilla/5.0 (compatible; SemrushBot/7~bl; +http://www.semrush.com/bot.html)"
80.90.191.12 - - [03/Feb/2025:01:58:39 +0300] "GET /zddg6h/index/index.php HTTP/1.0" 200 166 "-" "Mozilla/5.0 (Windows NT 10.0; Win64; x64) AppleWebKit/537.36 (KHTML, like Gecko) Chrome/111.0.0.0 Safari/537.36 OPR/97.0.0.0"
85.208.96.196 - - [03/Feb/2025:01:58:49 +0300] "GET /121160899.htm HTTP/1.0" 200 1171 "-" "Mozilla/5.0 (compatible; SemrushBot/7~bl; +http://www.semrush.com/bot.html)"
216.244.66.200 - - [03/Feb/2025:01:58:50 +0300] "GET /hnavk/smallest-c-compiler.html HTTP/1.0" 200 16390 "-" "Mozilla/5.0 (compatible; DotBot/1.2; +https://opensiteexplorer.org/dotbot; help@moz.com)"
80.90.191.12 - - [03/Feb/2025:01:58:40 +0300] "GET /zddg6h/index/index.php HTTP/1.0" 200 166 "-" "Mozilla/5.0 (Windows NT 10.0; Win64; x64) AppleWebKit/537.36 (KHTML, like Gecko) Chrome/111.0.0.0 Safari/537.36 OPR/97.0.0.0"
80.90.191.12 - - [03/Feb/2025:01:58:41 +0300] "GET /zddg6h/index/index.php HTTP/1.0" 200 166 "-" "Mozilla/5.0 (Windows NT 10.0; Win64; x64) AppleWebKit/537.36 (KHTML, like Gecko) Chrome/111.0.0.0 Safari/537.36 OPR/97.0.0.0"
185.191.171.12 - - [03/Feb/2025:01:58:52 +0300] "GET /40251519.htm HTTP/1.0" 200 1171 "-" "Mozilla/5.0 (compatible; SemrushBot/7~bl; +http://www.semrush.com/bot.html)"
216.244.66.200 - - [03/Feb/2025:01:58:52 +0300] "GET /j4byy4/8-kingdom-classification-pdf-free-download.html HTTP/1.0" 200 39881 "-" "Mozilla/5.0 (compatible; DotBot/1.2; +https://opensiteexplorer.org/dotbot; help@moz.com)"
80.90.191.12 - - [03/Feb/2025:01:58:42 +0300] "GET /zddg6h/index/index.php HTTP/1.0" 200 166 "-" "Mozilla/5.0 (Windows NT 10.0; Win64; x64) AppleWebKit/537.36 (KHTML, like Gecko) Chrome/111.0.0.0 Safari/537.36 OPR/97.0.0.0"
80.90.191.12 - - [03/Feb/2025:01:58:43 +0300] "GET /zddg6h/index/index.php HTTP/1.0" 200 166 "-" "Mozilla/5.0 (Windows NT 10.0; Win64; x64) AppleWebKit/537.36 (KHTML, like Gecko) Chrome/111.0.0.0 Safari/537.36 OPR/97.0.0.0"
80.90.191.12 - - [03/Feb/2025:01:58:44 +0300] "GET /zddg6h/index/index.php HTTP/1.0" 200 166 "-" "Mozilla/5.0 (Windows NT 10.0; Win64; x64) AppleWebKit/537.36 (KHTML, like Gecko) Chrome/111.0.0.0 Safari/537.36 OPR/97.0.0.0"
216.244.66.200 - - [03/Feb/2025:01:58:55 +0300] "GET /j4byy4/adventure-time-episodes-free.html HTTP/1.0" 200 29366 "-" "Mozilla/5.0 (compatible; DotBot/1.2; +https://opensiteexplorer.org/dotbot; help@moz.com)"
80.90.191.12 - - [03/Feb/2025:01:58:45 +0300] "GET /zddg6h/index/index.php HTTP/1.0" 200 166 "-" "Mozilla/5.0 (Windows NT 10.0; Win64; x64) AppleWebKit/537.36 (KHTML, like Gecko) Chrome/111.0.0.0 Safari/537.36 OPR/97.0.0.0"
80.90.191.12 - - [03/Feb/2025:01:58:46 +0300] "GET /zddg6h/index/index.php HTTP/1.0" 200 166 "-" "Mozilla/5.0 (Windows NT 10.0; Win64; x64) AppleWebKit/537.36 (KHTML, like Gecko) Chrome/111.0.0.0 Safari/537.36 OPR/97.0.0.0"
216.244.66.200 - - [03/Feb/2025:01:58:57 +0300] "GET /j4byy4/dj-erycom-eddy-kenzo-music.html HTTP/1.0" 200 20967 "-" "Mozilla/5.0 (compatible; DotBot/1.2; +https://opensiteexplorer.org/dotbot; help@moz.com)"
80.90.191.12 - - [03/Feb/2025:01:58:47 +0300] "GET /zddg6h/index/index.php HTTP/1.0" 200 166 "-" "Mozilla/5.0 (Windows NT 10.0; Win64; x64) AppleWebKit/537.36 (KHTML, like Gecko) Chrome/111.0.0.0 Safari/537.36 OPR/97.0.0.0"
80.90.191.12 - - [03/Feb/2025:01:58:48 +0300] "GET /zddg6h/index/index.php HTTP/1.0" 200 166 "-" "Mozilla/5.0 (Windows NT 10.0; Win64; x64) AppleWebKit/537.36 (KHTML, like Gecko) Chrome/111.0.0.0 Safari/537.36 OPR/97.0.0.0"
216.244.66.200 - - [03/Feb/2025:01:58:59 +0300] "GET /j4byy4/dvosobno-stanovanje-ljubljana.html HTTP/1.0" 200 54557 "-" "Mozilla/5.0 (compatible; DotBot/1.2; +https://opensiteexplorer.org/dotbot; help@moz.com)"
80.90.191.12 - - [03/Feb/2025:01:58:49 +0300] "GET /zddg6h/index/index.php HTTP/1.0" 200 166 "-" "Mozilla/5.0 (Windows NT 10.0; Win64; x64) AppleWebKit/537.36 (KHTML, like Gecko) Chrome/111.0.0.0 Safari/537.36 OPR/97.0.0.0"
80.90.191.12 - - [03/Feb/2025:01:58:50 +0300] "GET /zddg6h/index/index.php HTTP/1.0" 200 166 "-" "Mozilla/5.0 (Windows NT 10.0; Win64; x64) AppleWebKit/537.36 (KHTML, like Gecko) Chrome/111.0.0.0 Safari/537.36 OPR/97.0.0.0"
80.90.191.12 - - [03/Feb/2025:01:58:51 +0300] "GET /zddg6h/index/index.php HTTP/1.0" 200 166 "-" "Mozilla/5.0 (Windows NT 10.0; Win64; x64) AppleWebKit/537.36 (KHTML, like Gecko) Chrome/111.0.0.0 Safari/537.36 OPR/97.0.0.0"
216.244.66.200 - - [03/Feb/2025:01:59:02 +0300] "GET /j4byy4/entry-level-coding-jobs-no-experience.html HTTP/1.0" 200 58782 "-" "Mozilla/5.0 (compatible; DotBot/1.2; +https://opensiteexplorer.org/dotbot; help@moz.com)"
80.90.191.12 - - [03/Feb/2025:01:58:52 +0300] "GET /zddg6h/index/index.php HTTP/1.0" 200 166 "-" "Mozilla/5.0 (Windows NT 10.0; Win64; x64) AppleWebKit/537.36 (KHTML, like Gecko) Chrome/111.0.0.0 Safari/537.36 OPR/97.0.0.0"
80.90.191.12 - - [03/Feb/2025:01:58:53 +0300] "GET /zddg6h/index/index.php HTTP/1.0" 200 166 "-" "Mozilla/5.0 (Windows NT 10.0; Win64; x64) AppleWebKit/537.36 (KHTML, like Gecko) Chrome/111.0.0.0 Safari/537.36 OPR/97.0.0.0"
80.90.191.12 - - [03/Feb/2025:01:58:54 +0300] "GET /zddg6h/index/index.php HTTP/1.0" 200 166 "-" "Mozilla/5.0 (Windows NT 10.0; Win64; x64) AppleWebKit/537.36 (KHTML, like Gecko) Chrome/111.0.0.0 Safari/537.36 OPR/97.0.0.0"
216.244.66.200 - - [03/Feb/2025:01:59:05 +0300] "GET /j4byy4/federal-prisons-inmate-search-near-dubai.html HTTP/1.0" 200 34043 "-" "Mozilla/5.0 (compatible; DotBot/1.2; +https://opensiteexplorer.org/dotbot; help@moz.com)"
85.208.96.194 - - [03/Feb/2025:01:59:05 +0300] "GET /120179363.htm HTTP/1.0" 200 1171 "-" "Mozilla/5.0 (compatible; SemrushBot/7~bl; +http://www.semrush.com/bot.html)"
80.90.191.12 - - [03/Feb/2025:01:58:55 +0300] "GET /zddg6h/index/index.php HTTP/1.0" 200 166 "-" "Mozilla/5.0 (Windows NT 10.0; Win64; x64) AppleWebKit/537.36 (KHTML, like Gecko) Chrome/111.0.0.0 Safari/537.36 OPR/97.0.0.0"
80.90.191.12 - - [03/Feb/2025:01:58:56 +0300] "GET /zddg6h/index/index.php HTTP/1.0" 200 166 "-" "Mozilla/5.0 (Windows NT 10.0; Win64; x64) AppleWebKit/537.36 (KHTML, like Gecko) Chrome/111.0.0.0 Safari/537.36 OPR/97.0.0.0"
216.244.66.200 - - [03/Feb/2025:01:59:08 +0300] "GET /j4byy4/home-assistant-mount-network-drive.html HTTP/1.0" 200 44984 "-" "Mozilla/5.0 (compatible; DotBot/1.2; +https://opensiteexplorer.org/dotbot; help@moz.com)"
80.90.191.12 - - [03/Feb/2025:01:58:57 +0300] "GET /zddg6h/index/index.php HTTP/1.0" 200 166 "-" "Mozilla/5.0 (Windows NT 10.0; Win64; x64) AppleWebKit/537.36 (KHTML, like Gecko) Chrome/111.0.0.0 Safari/537.36 OPR/97.0.0.0"
80.90.191.12 - - [03/Feb/2025:01:58:58 +0300] "GET /zddg6h/index/index.php HTTP/1.0" 200 166 "-" "Mozilla/5.0 (Windows NT 10.0; Win64; x64) AppleWebKit/537.36 (KHTML, like Gecko) Chrome/111.0.0.0 Safari/537.36 OPR/97.0.0.0"
80.90.191.12 - - [03/Feb/2025:01:58:59 +0300] "GET /zddg6h/index/index.php HTTP/1.0" 200 166 "-" "Mozilla/5.0 (Windows NT 10.0; Win64; x64) AppleWebKit/537.36 (KHTML, like Gecko) Chrome/111.0.0.0 Safari/537.36 OPR/97.0.0.0"
85.208.96.210 - - [03/Feb/2025:01:59:10 +0300] "GET /137849527.htm HTTP/1.0" 200 1171 "-" "Mozilla/5.0 (compatible; SemrushBot/7~bl; +http://www.semrush.com/bot.html)"
216.244.66.200 - - [03/Feb/2025:01:59:11 +0300] "GET /j4byy4/propolis-kapi-30-posto.html HTTP/1.0" 200 22274 "-" "Mozilla/5.0 (compatible; DotBot/1.2; +https://opensiteexplorer.org/dotbot; help@moz.com)"
80.90.191.12 - - [03/Feb/2025:01:59:00 +0300] "GET /zddg6h/index/index.php HTTP/1.0" 200 166 "-" "Mozilla/5.0 (Windows NT 10.0; Win64; x64) AppleWebKit/537.36 (KHTML, like Gecko) Chrome/111.0.0.0 Safari/537.36 OPR/97.0.0.0"
80.90.191.12 - - [03/Feb/2025:01:59:01 +0300] "GET /zddg6h/index/index.php HTTP/1.0" 200 166 "-" "Mozilla/5.0 (Windows NT 10.0; Win64; x64) AppleWebKit/537.36 (KHTML, like Gecko) Chrome/111.0.0.0 Safari/537.36 OPR/97.0.0.0"
80.90.191.12 - - [03/Feb/2025:01:59:02 +0300] "GET /zddg6h/index/index.php HTTP/1.0" 200 166 "-" "Mozilla/5.0 (Windows NT 10.0; Win64; x64) AppleWebKit/537.36 (KHTML, like Gecko) Chrome/111.0.0.0 Safari/537.36 OPR/97.0.0.0"
216.244.66.200 - - [03/Feb/2025:01:59:13 +0300] "GET /j4byy4/swiftui-list-sticky-header.html HTTP/1.0" 200 41627 "-" "Mozilla/5.0 (compatible; DotBot/1.2; +https://opensiteexplorer.org/dotbot; help@moz.com)"
80.90.191.12 - - [03/Feb/2025:01:59:03 +0300] "GET /zddg6h/index/index.php HTTP/1.0" 200 166 "-" "Mozilla/5.0 (Windows NT 10.0; Win64; x64) AppleWebKit/537.36 (KHTML, like Gecko) Chrome/111.0.0.0 Safari/537.36 OPR/97.0.0.0"
80.90.191.12 - - [03/Feb/2025:01:59:04 +0300] "GET /zddg6h/index/index.php HTTP/1.0" 200 166 "-" "Mozilla/5.0 (Windows NT 10.0; Win64; x64) AppleWebKit/537.36 (KHTML, like Gecko) Chrome/111.0.0.0 Safari/537.36 OPR/97.0.0.0"
216.244.66.200 - - [03/Feb/2025:01:59:15 +0300] "GET /j4byy4/synthetic-indices-lot-sizes-chart-pdf.html HTTP/1.0" 200 48666 "-" "Mozilla/5.0 (compatible; DotBot/1.2; +https://opensiteexplorer.org/dotbot; help@moz.com)"
80.90.191.12 - - [03/Feb/2025:01:59:05 +0300] "GET /zddg6h/index/index.php HTTP/1.0" 200 166 "-" "Mozilla/5.0 (Windows NT 10.0; Win64; x64) AppleWebKit/537.36 (KHTML, like Gecko) Chrome/111.0.0.0 Safari/537.36 OPR/97.0.0.0"
80.90.191.12 - - [03/Feb/2025:01:59:06 +0300] "GET /zddg6h/index/index.php HTTP/1.0" 200 166 "-" "Mozilla/5.0 (Windows NT 10.0; Win64; x64) AppleWebKit/537.36 (KHTML, like Gecko) Chrome/111.0.0.0 Safari/537.36 OPR/97.0.0.0"
80.90.191.12 - - [03/Feb/2025:01:59:07 +0300] "GET /zddg6h/index/index.php HTTP/1.0" 200 166 "-" "Mozilla/5.0 (Windows NT 10.0; Win64; x64) AppleWebKit/537.36 (KHTML, like Gecko) Chrome/111.0.0.0 Safari/537.36 OPR/97.0.0.0"
216.244.66.200 - - [03/Feb/2025:01:59:18 +0300] "GET /jtxvlr/amlogic-firmware-s905.html HTTP/1.0" 200 40524 "-" "Mozilla/5.0 (compatible; DotBot/1.2; +https://opensiteexplorer.org/dotbot; help@moz.com)"
80.90.191.12 - - [03/Feb/2025:01:59:08 +0300] "GET /zddg6h/index/index.php HTTP/1.0" 200 166 "-" "Mozilla/5.0 (Windows NT 10.0; Win64; x64) AppleWebKit/537.36 (KHTML, like Gecko) Chrome/111.0.0.0 Safari/537.36 OPR/97.0.0.0"
80.90.191.12 - - [03/Feb/2025:01:59:09 +0300] "GET /zddg6h/index/index.php HTTP/1.0" 200 166 "-" "Mozilla/5.0 (Windows NT 10.0; Win64; x64) AppleWebKit/537.36 (KHTML, like Gecko) Chrome/111.0.0.0 Safari/537.36 OPR/97.0.0.0"
216.244.66.200 - - [03/Feb/2025:01:59:21 +0300] "GET /jtxvlr/panchatantra-stories-pdf-telugu.html HTTP/1.0" 200 36992 "-" "Mozilla/5.0 (compatible; DotBot/1.2; +https://opensiteexplorer.org/dotbot; help@moz.com)"
80.90.191.12 - - [03/Feb/2025:01:59:10 +0300] "GET /zddg6h/index/index.php HTTP/1.0" 200 166 "-" "Mozilla/5.0 (Windows NT 10.0; Win64; x64) AppleWebKit/537.36 (KHTML, like Gecko) Chrome/111.0.0.0 Safari/537.36 OPR/97.0.0.0"
185.191.171.19 - - [03/Feb/2025:01:59:21 +0300] "GET /41689931.htm HTTP/1.0" 200 1171 "-" "Mozilla/5.0 (compatible; SemrushBot/7~bl; +http://www.semrush.com/bot.html)"
80.90.191.12 - - [03/Feb/2025:01:59:11 +0300] "GET /zddg6h/index/index.php HTTP/1.0" 200 166 "-" "Mozilla/5.0 (Windows NT 10.0; Win64; x64) AppleWebKit/537.36 (KHTML, like Gecko) Chrome/111.0.0.0 Safari/537.36 OPR/97.0.0.0"
216.244.66.200 - - [03/Feb/2025:01:59:23 +0300] "GET /jtxvlr/self-propelled-trencher-for-sale.html HTTP/1.0" 200 42855 "-" "Mozilla/5.0 (compatible; DotBot/1.2; +https://opensiteexplorer.org/dotbot; help@moz.com)"
80.90.191.12 - - [03/Feb/2025:01:59:12 +0300] "GET /zddg6h/index/index.php HTTP/1.0" 200 166 "-" "Mozilla/5.0 (Windows NT 10.0; Win64; x64) AppleWebKit/537.36 (KHTML, like Gecko) Chrome/111.0.0.0 Safari/537.36 OPR/97.0.0.0"
80.90.191.12 - - [03/Feb/2025:01:59:13 +0300] "GET /zddg6h/index/index.php HTTP/1.0" 200 166 "-" "Mozilla/5.0 (Windows NT 10.0; Win64; x64) AppleWebKit/537.36 (KHTML, like Gecko) Chrome/111.0.0.0 Safari/537.36 OPR/97.0.0.0"
80.90.191.12 - - [03/Feb/2025:01:59:14 +0300] "GET /zddg6h/index/index.php HTTP/1.0" 200 166 "-" "Mozilla/5.0 (Windows NT 10.0; Win64; x64) AppleWebKit/537.36 (KHTML, like Gecko) Chrome/111.0.0.0 Safari/537.36 OPR/97.0.0.0"
216.244.66.200 - - [03/Feb/2025:01:59:25 +0300] "GET /nl6bdggpp/sawikain-at-salawikain-examples.html HTTP/1.0" 200 28062 "-" "Mozilla/5.0 (compatible; DotBot/1.2; +https://opensiteexplorer.org/dotbot; help@moz.com)"
185.191.171.19 - - [03/Feb/2025:01:59:26 +0300] "GET /57276107.htm HTTP/1.0" 200 1171 "-" "Mozilla/5.0 (compatible; SemrushBot/7~bl; +http://www.semrush.com/bot.html)"
80.90.191.12 - - [03/Feb/2025:01:59:15 +0300] "GET /zddg6h/index/index.php HTTP/1.0" 200 166 "-" "Mozilla/5.0 (Windows NT 10.0; Win64; x64) AppleWebKit/537.36 (KHTML, like Gecko) Chrome/111.0.0.0 Safari/537.36 OPR/97.0.0.0"
80.90.191.12 - - [03/Feb/2025:01:59:16 +0300] "GET /zddg6h/index/index.php HTTP/1.0" 200 166 "-" "Mozilla/5.0 (Windows NT 10.0; Win64; x64) AppleWebKit/537.36 (KHTML, like Gecko) Chrome/111.0.0.0 Safari/537.36 OPR/97.0.0.0"
216.244.66.200 - - [03/Feb/2025:01:59:27 +0300] "GET /nl6bdggpp/yar-yar-etme-yar-yar-kalbim-sizlar.html HTTP/1.0" 200 33346 "-" "Mozilla/5.0 (compatible; DotBot/1.2; +https://opensiteexplorer.org/dotbot; help@moz.com)"
85.208.96.195 - - [03/Feb/2025:01:59:28 +0300] "GET /105835869.htm HTTP/1.0" 200 1171 "-" "Mozilla/5.0 (compatible; SemrushBot/7~bl; +http://www.semrush.com/bot.html)"
80.90.191.12 - - [03/Feb/2025:01:59:17 +0300] "GET /zddg6h/index/index.php HTTP/1.0" 200 166 "-" "Mozilla/5.0 (Windows NT 10.0; Win64; x64) AppleWebKit/537.36 (KHTML, like Gecko) Chrome/111.0.0.0 Safari/537.36 OPR/97.0.0.0"
80.90.191.12 - - [03/Feb/2025:01:59:18 +0300] "GET /zddg6h/index/index.php HTTP/1.0" 200 166 "-" "Mozilla/5.0 (Windows NT 10.0; Win64; x64) AppleWebKit/537.36 (KHTML, like Gecko) Chrome/111.0.0.0 Safari/537.36 OPR/97.0.0.0"
80.90.191.12 - - [03/Feb/2025:01:59:19 +0300] "GET /zddg6h/index/index.php HTTP/1.0" 200 166 "-" "Mozilla/5.0 (Windows NT 10.0; Win64; x64) AppleWebKit/537.36 (KHTML, like Gecko) Chrome/111.0.0.0 Safari/537.36 OPR/97.0.0.0"
80.90.191.12 - - [03/Feb/2025:01:59:20 +0300] "GET /zddg6h/index/index.php HTTP/1.0" 200 166 "-" "Mozilla/5.0 (Windows NT 10.0; Win64; x64) AppleWebKit/537.36 (KHTML, like Gecko) Chrome/111.0.0.0 Safari/537.36 OPR/97.0.0.0"
216.244.66.200 - - [03/Feb/2025:01:59:32 +0300] "GET /shtrm/izuku-secretly-a-girl-fanfiction.html HTTP/1.0" 200 42426 "-" "Mozilla/5.0 (compatible; DotBot/1.2; +https://opensiteexplorer.org/dotbot; help@moz.com)"
80.90.191.12 - - [03/Feb/2025:01:59:21 +0300] "GET /zddg6h/index/index.php HTTP/1.0" 200 166 "-" "Mozilla/5.0 (Windows NT 10.0; Win64; x64) AppleWebKit/537.36 (KHTML, like Gecko) Chrome/111.0.0.0 Safari/537.36 OPR/97.0.0.0"
80.90.191.12 - - [03/Feb/2025:01:59:22 +0300] "GET /zddg6h/index/index.php HTTP/1.0" 200 166 "-" "Mozilla/5.0 (Windows NT 10.0; Win64; x64) AppleWebKit/537.36 (KHTML, like Gecko) Chrome/111.0.0.0 Safari/537.36 OPR/97.0.0.0"
185.191.171.13 - - [03/Feb/2025:01:59:34 +0300] "GET /hnavk/mas-holdings-pallekele-vacancies-contact-number.html HTTP/1.0" 200 6468 "-" "Mozilla/5.0 (compatible; SemrushBot/7~bl; +http://www.semrush.com/bot.html)"
80.90.191.12 - - [03/Feb/2025:01:59:23 +0300] "GET /zddg6h/index/index.php HTTP/1.0" 200 166 "-" "Mozilla/5.0 (Windows NT 10.0; Win64; x64) AppleWebKit/537.36 (KHTML, like Gecko) Chrome/111.0.0.0 Safari/537.36 OPR/97.0.0.0"
216.244.66.200 - - [03/Feb/2025:01:59:35 +0300] "GET /hnavk/douglas-county-jail-website-near-depok-city-west-java.html HTTP/1.0" 200 13776 "-" "Mozilla/5.0 (compatible; DotBot/1.2; +https://opensiteexplorer.org/dotbot; help@moz.com)"
80.90.191.12 - - [03/Feb/2025:01:59:24 +0300] "GET /zddg6h/index/index.php HTTP/1.0" 200 166 "-" "Mozilla/5.0 (Windows NT 10.0; Win64; x64) AppleWebKit/537.36 (KHTML, like Gecko) Chrome/111.0.0.0 Safari/537.36 OPR/97.0.0.0"
80.90.191.12 - - [03/Feb/2025:01:59:25 +0300] "GET /zddg6h/index/index.php HTTP/1.0" 200 166 "-" "Mozilla/5.0 (Windows NT 10.0; Win64; x64) AppleWebKit/537.36 (KHTML, like Gecko) Chrome/111.0.0.0 Safari/537.36 OPR/97.0.0.0"
216.244.66.200 - - [03/Feb/2025:01:59:37 +0300] "GET /j4byy4/mom-binder.html HTTP/1.0" 200 42104 "-" "Mozilla/5.0 (compatible; DotBot/1.2; +https://opensiteexplorer.org/dotbot; help@moz.com)"
80.90.191.12 - - [03/Feb/2025:01:59:26 +0300] "GET /zddg6h/index/index.php HTTP/1.0" 200 166 "-" "Mozilla/5.0 (Windows NT 10.0; Win64; x64) AppleWebKit/537.36 (KHTML, like Gecko) Chrome/111.0.0.0 Safari/537.36 OPR/97.0.0.0"
80.90.191.12 - - [03/Feb/2025:01:59:27 +0300] "GET /zddg6h/index/index.php HTTP/1.0" 200 166 "-" "Mozilla/5.0 (Windows NT 10.0; Win64; x64) AppleWebKit/537.36 (KHTML, like Gecko) Chrome/111.0.0.0 Safari/537.36 OPR/97.0.0.0"
80.90.191.12 - - [03/Feb/2025:01:59:28 +0300] "GET /zddg6h/index/index.php HTTP/1.0" 200 166 "-" "Mozilla/5.0 (Windows NT 10.0; Win64; x64) AppleWebKit/537.36 (KHTML, like Gecko) Chrome/111.0.0.0 Safari/537.36 OPR/97.0.0.0"
216.244.66.200 - - [03/Feb/2025:01:59:40 +0300] "GET /j4byy4/w5500-stm32.html HTTP/1.0" 200 35355 "-" "Mozilla/5.0 (compatible; DotBot/1.2; +https://opensiteexplorer.org/dotbot; help@moz.com)"
80.90.191.12 - - [03/Feb/2025:01:59:29 +0300] "GET /zddg6h/index/index.php HTTP/1.0" 200 166 "-" "Mozilla/5.0 (Windows NT 10.0; Win64; x64) AppleWebKit/537.36 (KHTML, like Gecko) Chrome/111.0.0.0 Safari/537.36 OPR/97.0.0.0"
80.90.191.12 - - [03/Feb/2025:01:59:30 +0300] "GET /zddg6h/index/index.php HTTP/1.0" 200 166 "-" "Mozilla/5.0 (Windows NT 10.0; Win64; x64) AppleWebKit/537.36 (KHTML, like Gecko) Chrome/111.0.0.0 Safari/537.36 OPR/97.0.0.0"
216.244.66.200 - - [03/Feb/2025:01:59:42 +0300] "GET /nl6bdggpp/connecticut-radon-certification.html HTTP/1.0" 200 29318 "-" "Mozilla/5.0 (compatible; DotBot/1.2; +https://opensiteexplorer.org/dotbot; help@moz.com)"
80.90.191.12 - - [03/Feb/2025:01:59:31 +0300] "GET /zddg6h/index/index.php HTTP/1.0" 200 166 "-" "Mozilla/5.0 (Windows NT 10.0; Win64; x64) AppleWebKit/537.36 (KHTML, like Gecko) Chrome/111.0.0.0 Safari/537.36 OPR/97.0.0.0"
80.90.191.12 - - [03/Feb/2025:01:59:33 +0300] "GET /zddg6h/index/index.php HTTP/1.0" 200 166 "-" "Mozilla/5.0 (Windows NT 10.0; Win64; x64) AppleWebKit/537.36 (KHTML, like Gecko) Chrome/111.0.0.0 Safari/537.36 OPR/97.0.0.0"
80.90.191.12 - - [03/Feb/2025:01:59:34 +0300] "GET /zddg6h/index/index.php HTTP/1.0" 200 166 "-" "Mozilla/5.0 (Windows NT 10.0; Win64; x64) AppleWebKit/537.36 (KHTML, like Gecko) Chrome/111.0.0.0 Safari/537.36 OPR/97.0.0.0"
216.244.66.200 - - [03/Feb/2025:01:59:45 +0300] "GET /nl6bdggpp/naruto-chunin-exams-fanfiction-sakura-bashing.html HTTP/1.0" 200 33589 "-" "Mozilla/5.0 (compatible; DotBot/1.2; +https://opensiteexplorer.org/dotbot; help@moz.com)"
80.90.191.12 - - [03/Feb/2025:01:59:35 +0300] "GET /zddg6h/index/index.php HTTP/1.0" 200 166 "-" "Mozilla/5.0 (Windows NT 10.0; Win64; x64) AppleWebKit/537.36 (KHTML, like Gecko) Chrome/111.0.0.0 Safari/537.36 OPR/97.0.0.0"
80.90.191.12 - - [03/Feb/2025:01:59:36 +0300] "GET /zddg6h/index/index.php HTTP/1.0" 200 166 "-" "Mozilla/5.0 (Windows NT 10.0; Win64; x64) AppleWebKit/537.36 (KHTML, like Gecko) Chrome/111.0.0.0 Safari/537.36 OPR/97.0.0.0"
216.244.66.200 - - [03/Feb/2025:01:59:47 +0300] "GET /hnavk/2021-gmc-yukon-power-liftgate-problem-reset.html HTTP/1.0" 200 45522 "-" "Mozilla/5.0 (compatible; DotBot/1.2; +https://opensiteexplorer.org/dotbot; help@moz.com)"
80.90.191.12 - - [03/Feb/2025:01:59:37 +0300] "GET /zddg6h/index/index.php HTTP/1.0" 200 166 "-" "Mozilla/5.0 (Windows NT 10.0; Win64; x64) AppleWebKit/537.36 (KHTML, like Gecko) Chrome/111.0.0.0 Safari/537.36 OPR/97.0.0.0"
80.90.191.12 - - [03/Feb/2025:01:59:38 +0300] "GET /zddg6h/index/index.php HTTP/1.0" 200 166 "-" "Mozilla/5.0 (Windows NT 10.0; Win64; x64) AppleWebKit/537.36 (KHTML, like Gecko) Chrome/111.0.0.0 Safari/537.36 OPR/97.0.0.0"
80.90.191.12 - - [03/Feb/2025:01:59:39 +0300] "GET /zddg6h/index/index.php HTTP/1.0" 200 166 "-" "Mozilla/5.0 (Windows NT 10.0; Win64; x64) AppleWebKit/537.36 (KHTML, like Gecko) Chrome/111.0.0.0 Safari/537.36 OPR/97.0.0.0"
216.244.66.200 - - [03/Feb/2025:01:59:50 +0300] "GET /hnavk/brokencide-fakes.html HTTP/1.0" 200 41641 "-" "Mozilla/5.0 (compatible; DotBot/1.2; +https://opensiteexplorer.org/dotbot; help@moz.com)"
80.90.191.12 - - [03/Feb/2025:01:59:40 +0300] "GET /zddg6h/index/index.php HTTP/1.0" 200 166 "-" "Mozilla/5.0 (Windows NT 10.0; Win64; x64) AppleWebKit/537.36 (KHTML, like Gecko) Chrome/111.0.0.0 Safari/537.36 OPR/97.0.0.0"
80.90.191.12 - - [03/Feb/2025:01:59:41 +0300] "GET /zddg6h/index/index.php HTTP/1.0" 200 166 "-" "Mozilla/5.0 (Windows NT 10.0; Win64; x64) AppleWebKit/537.36 (KHTML, like Gecko) Chrome/111.0.0.0 Safari/537.36 OPR/97.0.0.0"
216.244.66.200 - - [03/Feb/2025:01:59:52 +0300] "GET /hnavk/throat-fucking.html HTTP/1.0" 200 51823 "-" "Mozilla/5.0 (compatible; DotBot/1.2; +https://opensiteexplorer.org/dotbot; help@moz.com)"
80.90.191.12 - - [03/Feb/2025:01:59:42 +0300] "GET /zddg6h/index/index.php HTTP/1.0" 200 166 "-" "Mozilla/5.0 (Windows NT 10.0; Win64; x64) AppleWebKit/537.36 (KHTML, like Gecko) Chrome/111.0.0.0 Safari/537.36 OPR/97.0.0.0"
80.90.191.12 - - [03/Feb/2025:01:59:43 +0300] "GET /zddg6h/index/index.php HTTP/1.0" 200 166 "-" "Mozilla/5.0 (Windows NT 10.0; Win64; x64) AppleWebKit/537.36 (KHTML, like Gecko) Chrome/111.0.0.0 Safari/537.36 OPR/97.0.0.0"
80.90.191.12 - - [03/Feb/2025:01:59:44 +0300] "GET /zddg6h/index/index.php HTTP/1.0" 200 166 "-" "Mozilla/5.0 (Windows NT 10.0; Win64; x64) AppleWebKit/537.36 (KHTML, like Gecko) Chrome/111.0.0.0 Safari/537.36 OPR/97.0.0.0"
216.244.66.200 - - [03/Feb/2025:01:59:55 +0300] "GET /j4byy4/decode-a-message.html HTTP/1.0" 200 63434 "-" "Mozilla/5.0 (compatible; DotBot/1.2; +https://opensiteexplorer.org/dotbot; help@moz.com)"
80.90.191.12 - - [03/Feb/2025:01:59:45 +0300] "GET /zddg6h/index/index.php HTTP/1.0" 200 166 "-" "Mozilla/5.0 (Windows NT 10.0; Win64; x64) AppleWebKit/537.36 (KHTML, like Gecko) Chrome/111.0.0.0 Safari/537.36 OPR/97.0.0.0"
80.90.191.12 - - [03/Feb/2025:01:59:46 +0300] "GET /zddg6h/index/index.php HTTP/1.0" 200 166 "-" "Mozilla/5.0 (Windows NT 10.0; Win64; x64) AppleWebKit/537.36 (KHTML, like Gecko) Chrome/111.0.0.0 Safari/537.36 OPR/97.0.0.0"
80.90.191.12 - - [03/Feb/2025:01:59:47 +0300] "GET /zddg6h/index/index.php HTTP/1.0" 200 166 "-" "Mozilla/5.0 (Windows NT 10.0; Win64; x64) AppleWebKit/537.36 (KHTML, like Gecko) Chrome/111.0.0.0 Safari/537.36 OPR/97.0.0.0"
185.191.171.12 - - [03/Feb/2025:01:59:58 +0300] "GET /73823099.htm HTTP/1.0" 200 1171 "-" "Mozilla/5.0 (compatible; SemrushBot/7~bl; +http://www.semrush.com/bot.html)"
80.90.191.12 - - [03/Feb/2025:01:59:48 +0300] "GET /zddg6h/index/index.php HTTP/1.0" 200 166 "-" "Mozilla/5.0 (Windows NT 10.0; Win64; x64) AppleWebKit/537.36 (KHTML, like Gecko) Chrome/111.0.0.0 Safari/537.36 OPR/97.0.0.0"
216.244.66.200 - - [03/Feb/2025:01:59:59 +0300] "GET /jtxvlr/imperio-romano-historia.html HTTP/1.0" 200 62817 "-" "Mozilla/5.0 (compatible; DotBot/1.2; +https://opensiteexplorer.org/dotbot; help@moz.com)"
80.90.191.12 - - [03/Feb/2025:01:59:49 +0300] "GET /zddg6h/index/index.php HTTP/1.0" 200 166 "-" "Mozilla/5.0 (Windows NT 10.0; Win64; x64) AppleWebKit/537.36 (KHTML, like Gecko) Chrome/111.0.0.0 Safari/537.36 OPR/97.0.0.0"
80.90.191.12 - - [03/Feb/2025:01:59:50 +0300] "GET /zddg6h/index/index.php HTTP/1.0" 200 166 "-" "Mozilla/5.0 (Windows NT 10.0; Win64; x64) AppleWebKit/537.36 (KHTML, like Gecko) Chrome/111.0.0.0 Safari/537.36 OPR/97.0.0.0"
80.90.191.12 - - [03/Feb/2025:01:59:51 +0300] "GET /zddg6h/index/index.php HTTP/1.0" 200 166 "-" "Mozilla/5.0 (Windows NT 10.0; Win64; x64) AppleWebKit/537.36 (KHTML, like Gecko) Chrome/111.0.0.0 Safari/537.36 OPR/97.0.0.0"
216.244.66.200 - - [03/Feb/2025:02:00:03 +0300] "GET /jtxvlr/secure-boot-state-user.html HTTP/1.0" 200 51972 "-" "Mozilla/5.0 (compatible; DotBot/1.2; +https://opensiteexplorer.org/dotbot; help@moz.com)"
80.90.191.12 - - [03/Feb/2025:01:59:52 +0300] "GET /zddg6h/index/index.php HTTP/1.0" 200 166 "-" "Mozilla/5.0 (Windows NT 10.0; Win64; x64) AppleWebKit/537.36 (KHTML, like Gecko) Chrome/111.0.0.0 Safari/537.36 OPR/97.0.0.0"
80.90.191.12 - - [03/Feb/2025:01:59:53 +0300] "GET /zddg6h/index/index.php HTTP/1.0" 200 166 "-" "Mozilla/5.0 (Windows NT 10.0; Win64; x64) AppleWebKit/537.36 (KHTML, like Gecko) Chrome/111.0.0.0 Safari/537.36 OPR/97.0.0.0"
80.90.191.12 - - [03/Feb/2025:01:59:54 +0300] "GET /zddg6h/index/index.php HTTP/1.0" 200 166 "-" "Mozilla/5.0 (Windows NT 10.0; Win64; x64) AppleWebKit/537.36 (KHTML, like Gecko) Chrome/111.0.0.0 Safari/537.36 OPR/97.0.0.0"
216.244.66.200 - - [03/Feb/2025:02:00:05 +0300] "GET /nl6bdggpp/best-fastapi-book.html HTTP/1.0" 200 27103 "-" "Mozilla/5.0 (compatible; DotBot/1.2; +https://opensiteexplorer.org/dotbot; help@moz.com)"
80.90.191.12 - - [03/Feb/2025:01:59:55 +0300] "GET /zddg6h/index/index.php HTTP/1.0" 200 166 "-" "Mozilla/5.0 (Windows NT 10.0; Win64; x64) AppleWebKit/537.36 (KHTML, like Gecko) Chrome/111.0.0.0 Safari/537.36 OPR/97.0.0.0"
80.90.191.12 - - [03/Feb/2025:01:59:56 +0300] "GET /zddg6h/index/index.php HTTP/1.0" 200 166 "-" "Mozilla/5.0 (Windows NT 10.0; Win64; x64) AppleWebKit/537.36 (KHTML, like Gecko) Chrome/111.0.0.0 Safari/537.36 OPR/97.0.0.0"
216.244.66.200 - - [03/Feb/2025:02:00:08 +0300] "GET /nl6bdggpp/mayisaka-plant-in-english.html HTTP/1.0" 200 29437 "-" "Mozilla/5.0 (compatible; DotBot/1.2; +https://opensiteexplorer.org/dotbot; help@moz.com)"
80.90.191.12 - - [03/Feb/2025:01:59:57 +0300] "GET /zddg6h/index/index.php HTTP/1.0" 200 166 "-" "Mozilla/5.0 (Windows NT 10.0; Win64; x64) AppleWebKit/537.36 (KHTML, like Gecko) Chrome/111.0.0.0 Safari/537.36 OPR/97.0.0.0"
80.90.191.12 - - [03/Feb/2025:01:59:58 +0300] "GET /zddg6h/index/index.php HTTP/1.0" 200 166 "-" "Mozilla/5.0 (Windows NT 10.0; Win64; x64) AppleWebKit/537.36 (KHTML, like Gecko) Chrome/111.0.0.0 Safari/537.36 OPR/97.0.0.0"
216.244.66.200 - - [03/Feb/2025:02:00:10 +0300] "GET /j4byy4/android-13-car-stereo-user-manual-pdf.html HTTP/1.0" 200 42849 "-" "Mozilla/5.0 (compatible; DotBot/1.2; +https://opensiteexplorer.org/dotbot; help@moz.com)"
80.90.191.12 - - [03/Feb/2025:01:59:59 +0300] "GET /zddg6h/index/index.php HTTP/1.0" 200 166 "-" "Mozilla/5.0 (Windows NT 10.0; Win64; x64) AppleWebKit/537.36 (KHTML, like Gecko) Chrome/111.0.0.0 Safari/537.36 OPR/97.0.0.0"
80.90.191.12 - - [03/Feb/2025:02:00:00 +0300] "GET /zddg6h/index/index.php HTTP/1.0" 200 166 "-" "Mozilla/5.0 (Windows NT 10.0; Win64; x64) AppleWebKit/537.36 (KHTML, like Gecko) Chrome/111.0.0.0 Safari/537.36 OPR/97.0.0.0"
80.90.191.12 - - [03/Feb/2025:02:00:01 +0300] "GET /zddg6h/index/index.php HTTP/1.0" 200 166 "-" "Mozilla/5.0 (Windows NT 10.0; Win64; x64) AppleWebKit/537.36 (KHTML, like Gecko) Chrome/111.0.0.0 Safari/537.36 OPR/97.0.0.0"
52.167.144.140 - - [03/Feb/2025:02:00:11 +0300] "GET /197675345.htm HTTP/1.0" 200 78774 "-" "Mozilla/5.0 AppleWebKit/537.36 (KHTML, like Gecko; compatible; bingbot/2.0; +http://www.bing.com/bingbot.htm) Chrome/116.0.1938.76 Safari/537.36"
216.244.66.200 - - [03/Feb/2025:02:00:12 +0300] "GET /j4byy4/is-alphanovel-legit-reddit-romance.html HTTP/1.0" 200 47679 "-" "Mozilla/5.0 (compatible; DotBot/1.2; +https://opensiteexplorer.org/dotbot; help@moz.com)"
80.90.191.12 - - [03/Feb/2025:02:00:02 +0300] "GET /zddg6h/index/index.php HTTP/1.0" 200 166 "-" "Mozilla/5.0 (Windows NT 10.0; Win64; x64) AppleWebKit/537.36 (KHTML, like Gecko) Chrome/111.0.0.0 Safari/537.36 OPR/97.0.0.0"
80.90.191.12 - - [03/Feb/2025:02:00:03 +0300] "GET /zddg6h/index/index.php HTTP/1.0" 200 166 "-" "Mozilla/5.0 (Windows NT 10.0; Win64; x64) AppleWebKit/537.36 (KHTML, like Gecko) Chrome/111.0.0.0 Safari/537.36 OPR/97.0.0.0"
80.90.191.12 - - [03/Feb/2025:02:00:04 +0300] "GET /zddg6h/index/index.php HTTP/1.0" 200 166 "-" "Mozilla/5.0 (Windows NT 10.0; Win64; x64) AppleWebKit/537.36 (KHTML, like Gecko) Chrome/111.0.0.0 Safari/537.36 OPR/97.0.0.0"
80.90.191.12 - - [03/Feb/2025:02:00:05 +0300] "GET /zddg6h/index/index.php HTTP/1.0" 200 166 "-" "Mozilla/5.0 (Windows NT 10.0; Win64; x64) AppleWebKit/537.36 (KHTML, like Gecko) Chrome/111.0.0.0 Safari/537.36 OPR/97.0.0.0"
80.90.191.12 - - [03/Feb/2025:02:00:06 +0300] "GET /zddg6h/index/index.php HTTP/1.0" 200 166 "-" "Mozilla/5.0 (Windows NT 10.0; Win64; x64) AppleWebKit/537.36 (KHTML, like Gecko) Chrome/111.0.0.0 Safari/537.36 OPR/97.0.0.0"
80.90.191.12 - - [03/Feb/2025:02:00:07 +0300] "GET /zddg6h/index/index.php HTTP/1.0" 200 166 "-" "Mozilla/5.0 (Windows NT 10.0; Win64; x64) AppleWebKit/537.36 (KHTML, like Gecko) Chrome/111.0.0.0 Safari/537.36 OPR/97.0.0.0"
80.90.191.12 - - [03/Feb/2025:02:00:08 +0300] "GET /zddg6h/index/index.php HTTP/1.0" 200 166 "-" "Mozilla/5.0 (Windows NT 10.0; Win64; x64) AppleWebKit/537.36 (KHTML, like Gecko) Chrome/111.0.0.0 Safari/537.36 OPR/97.0.0.0"
80.90.191.12 - - [03/Feb/2025:02:00:09 +0300] "GET /zddg6h/index/index.php HTTP/1.0" 200 166 "-" "Mozilla/5.0 (Windows NT 10.0; Win64; x64) AppleWebKit/537.36 (KHTML, like Gecko) Chrome/111.0.0.0 Safari/537.36 OPR/97.0.0.0"
80.90.191.12 - - [03/Feb/2025:02:00:10 +0300] "GET /zddg6h/index/index.php HTTP/1.0" 200 166 "-" "Mozilla/5.0 (Windows NT 10.0; Win64; x64) AppleWebKit/537.36 (KHTML, like Gecko) Chrome/111.0.0.0 Safari/537.36 OPR/97.0.0.0"
80.90.191.12 - - [03/Feb/2025:02:00:11 +0300] "GET /zddg6h/index/index.php HTTP/1.0" 200 166 "-" "Mozilla/5.0 (Windows NT 10.0; Win64; x64) AppleWebKit/537.36 (KHTML, like Gecko) Chrome/111.0.0.0 Safari/537.36 OPR/97.0.0.0"
