213.180.203.103 - - [14/Mar/2025:00:38:21 +0300] "GET /local/templates/monolitsochi/js/blocks/selectOffer.js?17123976542932 HTTP/1.1" 200 1114 "https://monolith-realty.ru/blog/flats/anapa-chego-zhdat-investoram-v-nedvizhimost/" "Mozilla/5.0 (compatible; YandexRenderResourcesBot/1.0; +http://yandex.com/bots) AppleWebKit/537.36 (KHTML, like Gecko) Chrome/108.0.0.0"
87.250.224.208 - - [14/Mar/2025:00:38:21 +0300] "GET /local/templates/monolitsochi/vendor/jquery.validate.min.js?171239765322254 HTTP/1.1" 200 7122 "https://monolith-realty.ru/blog/flats/anapa-chego-zhdat-investoram-v-nedvizhimost/" "Mozilla/5.0 (compatible; YandexRenderResourcesBot/1.0; +http://yandex.com/bots) AppleWebKit/537.36 (KHTML, like Gecko) Chrome/108.0.0.0"
95.108.213.119 - - [14/Mar/2025:00:38:22 +0300] "GET /local/templates/monolitsochi/js/jquery-ui.min.js?171239765432162 HTTP/1.1" 200 10052 "https://monolith-realty.ru/blog/flats/anapa-chego-zhdat-investoram-v-nedvizhimost/" "Mozilla/5.0 (compatible; YandexRenderResourcesBot/1.0; +http://yandex.com/bots) AppleWebKit/537.36 (KHTML, like Gecko) Chrome/108.0.0.0"
213.180.203.183 - - [14/Mar/2025:00:38:22 +0300] "GET /local/templates/monolitsochi/js/matchMedia.js?17123976541585 HTTP/1.1" 200 714 "https://monolith-realty.ru/blog/flats/anapa-chego-zhdat-investoram-v-nedvizhimost/" "Mozilla/5.0 (compatible; YandexRenderResourcesBot/1.0; +http://yandex.com/bots) AppleWebKit/537.36 (KHTML, like Gecko) Chrome/108.0.0.0"
5.255.231.48 - - [14/Mar/2025:00:38:23 +0300] "GET /local/templates/monolitsochi/js/jquery.actual.min.js?17123976541239 HTTP/1.1" 200 697 "https://monolith-realty.ru/blog/flats/anapa-chego-zhdat-investoram-v-nedvizhimost/" "Mozilla/5.0 (compatible; YandexRenderResourcesBot/1.0; +http://yandex.com/bots) AppleWebKit/537.36 (KHTML, like Gecko) Chrome/108.0.0.0"
5.255.231.40 - - [14/Mar/2025:00:38:23 +0300] "GET /sitemap.xml HTTP/1.0" 200 563 "-" "Mozilla/5.0 (compatible; YandexBot/3.0; +http://yandex.com/bots)"
54.220.87.80 - - [14/Mar/2025:00:39:30 +0300] "GET / HTTP/1.0" 200 669067 "-" "BitrixCloud Monitoring/1.0"
216.244.66.200 - - [14/Mar/2025:00:39:58 +0300] "GET /robots.txt HTTP/1.1" 301 189 "-" "Mozilla/5.0 (compatible; DotBot/1.2; +https://opensiteexplorer.org/dotbot; help@moz.com)"
216.244.66.200 - - [14/Mar/2025:00:39:58 +0300] "GET /robots.txt HTTP/1.0" 200 3719 "-" "Mozilla/5.0 (compatible; DotBot/1.2; +https://opensiteexplorer.org/dotbot; help@moz.com)"
34.206.204.40 - - [14/Mar/2025:00:40:03 +0300] "GET / HTTP/1.0" 200 669067 "-" "BitrixCloud Monitoring/1.0"
213.180.203.154 - - [14/Mar/2025:00:40:06 +0300] "GET /local/templates/monolitsochi/vendor/js/carousel/owl/owl.carousel.js?171239765492431 HTTP/1.1" 200 21028 "https://monolith-realty.ru/blog/flats/anapa-chego-zhdat-investoram-v-nedvizhimost/" "Mozilla/5.0 (compatible; YandexRenderResourcesBot/1.0; +http://yandex.com/bots) AppleWebKit/537.36 (KHTML, like Gecko) Chrome/108.0.0.0"
87.250.224.56 - - [14/Mar/2025:00:40:09 +0300] "GET /local/templates/monolitsochi/js/jquery.uniform.min.js?17123976548308 HTTP/1.1" 200 3047 "https://monolith-realty.ru/blog/flats/anapa-chego-zhdat-investoram-v-nedvizhimost/" "Mozilla/5.0 (compatible; YandexRenderResourcesBot/1.0; +http://yandex.com/bots) AppleWebKit/537.36 (KHTML, like Gecko) Chrome/108.0.0.0"
51.8.155.65 - - [14/Mar/2025:00:40:18 +0300] "GET /product/dubai/ HTTP/1.0" 200 85345 "-" "Mozilla/5.0 AppleWebKit/537.36 (KHTML, like Gecko); compatible; ChatGPT-User/1.0; +https://openai.com/bot"
83.99.151.69 - - [14/Mar/2025:00:40:23 +0300] "GET /robots.txt HTTP/1.1" 301 189 "-" "Mozilla/5.0 AppleWebKit/537.36 (KHTML, like Gecko; compatible; GeedoProductSearch; +http://www.geedo.com/product-search.html) Chrome/79.0.3945.88 Safari/537.36"
83.99.151.65 - - [14/Mar/2025:00:40:23 +0300] "GET /robots.txt HTTP/1.0" 200 812 "-" "Mozilla/5.0 AppleWebKit/537.36 (KHTML, like Gecko; compatible; GeedoProductSearch; +http://www.geedo.com/product-search.html) Chrome/79.0.3945.88 Safari/537.36"
83.99.151.69 - - [14/Mar/2025:00:40:23 +0300] "GET / HTTP/1.1" 301 189 "-" "Mozilla/5.0 AppleWebKit/537.36 (KHTML, like Gecko; compatible; GeedoProductSearch; +http://www.geedo.com/product-search.html) Chrome/79.0.3945.88 Safari/537.36"
83.99.151.69 - - [14/Mar/2025:00:40:23 +0300] "GET / HTTP/1.0" 200 82902 "-" "Mozilla/5.0 AppleWebKit/537.36 (KHTML, like Gecko; compatible; GeedoProductSearch; +http://www.geedo.com/product-search.html) Chrome/79.0.3945.88 Safari/537.36"
87.250.224.96 - - [14/Mar/2025:00:40:29 +0300] "GET /local/templates/monolitsochi/vendor/lazysizes.min.js HTTP/1.1" 200 3320 "https://monolith-realty.ru/blog/flats/anapa-chego-zhdat-investoram-v-nedvizhimost/" "Mozilla/5.0 (compatible; YandexRenderResourcesBot/1.0; +http://yandex.com/bots) AppleWebKit/537.36 (KHTML, like Gecko) Chrome/108.0.0.0"
95.108.213.79 - - [14/Mar/2025:00:40:30 +0300] "GET /local/templates/monolitsochi/vendor/ls.unveilhooks.min.js HTTP/1.1" 200 702 "https://monolith-realty.ru/blog/flats/anapa-chego-zhdat-investoram-v-nedvizhimost/" "Mozilla/5.0 (compatible; YandexRenderResourcesBot/1.0; +http://yandex.com/bots) AppleWebKit/537.36 (KHTML, like Gecko) Chrome/108.0.0.0"
83.99.151.67 - - [14/Mar/2025:00:40:43 +0300] "GET /sitemap.xml HTTP/1.0" 200 563 "-" "Mozilla/5.0 AppleWebKit/537.36 (KHTML, like Gecko; compatible; GeedoProductSearch; +http://www.geedo.com/product-search.html) Chrome/79.0.3945.88 Safari/537.36"
83.99.151.67 - - [14/Mar/2025:00:40:58 +0300] "GET /sitemap-files.xml HTTP/1.0" 200 802 "-" "Mozilla/5.0 AppleWebKit/537.36 (KHTML, like Gecko; compatible; GeedoProductSearch; +http://www.geedo.com/product-search.html) Chrome/79.0.3945.88 Safari/537.36"
83.99.151.67 - - [14/Mar/2025:00:41:13 +0300] "GET /sitemap-iblock-18.xml HTTP/1.0" 200 559 "-" "Mozilla/5.0 AppleWebKit/537.36 (KHTML, like Gecko; compatible; GeedoProductSearch; +http://www.geedo.com/product-search.html) Chrome/79.0.3945.88 Safari/537.36"
83.99.151.67 - - [14/Mar/2025:00:41:28 +0300] "GET /sitemap-iblock-19.xml HTTP/1.0" 200 512 "-" "Mozilla/5.0 AppleWebKit/537.36 (KHTML, like Gecko; compatible; GeedoProductSearch; +http://www.geedo.com/product-search.html) Chrome/79.0.3945.88 Safari/537.36"
5.255.231.245 - - [14/Mar/2025:00:41:31 +0300] "GET /product/dubai/apartamenty/peninsula/ HTTP/1.0" 200 50785 "-" "Mozilla/5.0 (compatible; YandexBot/3.0; +http://yandex.com/bots) AppleWebKit/537.36 (KHTML, like Gecko) Chrome/108.0.0.0"
87.250.224.133 - - [14/Mar/2025:00:41:36 +0300] "GET /local/templates/monolitsochi/js/jquery.countdown.min.js?171239765420851 HTTP/1.1" 200 5208 "https://monolith-realty.ru/product/dubai/apartamenty/peninsula/" "Mozilla/5.0 (compatible; YandexRenderResourcesBot/1.0; +http://yandex.com/bots) AppleWebKit/537.36 (KHTML, like Gecko) Chrome/108.0.0.0"
213.180.203.242 - - [14/Mar/2025:00:41:36 +0300] "GET /local/templates/monolitsochi/js/jquery.mCustomScrollbar.js?1712397654121783 HTTP/1.1" 200 24787 "https://monolith-realty.ru/product/dubai/apartamenty/peninsula/" "Mozilla/5.0 (compatible; YandexRenderResourcesBot/1.0; +http://yandex.com/bots) AppleWebKit/537.36 (KHTML, like Gecko) Chrome/108.0.0.0"
5.255.231.200 - - [14/Mar/2025:00:41:36 +0300] "GET /bitrix/js/main/core/core.js?1711901402494198 HTTP/1.1" 200 112527 "https://monolith-realty.ru/product/dubai/apartamenty/peninsula/" "Mozilla/5.0 (compatible; YandexRenderResourcesBot/1.0; +http://yandex.com/bots) AppleWebKit/537.36 (KHTML, like Gecko) Chrome/108.0.0.0"
87.250.224.216 - - [14/Mar/2025:00:41:36 +0300] "GET /local/templates/monolitsochi/vendor/jquery.easing.js?17123976538897 HTTP/1.1" 200 2008 "https://monolith-realty.ru/product/dubai/apartamenty/peninsula/" "Mozilla/5.0 (compatible; YandexRenderResourcesBot/1.0; +http://yandex.com/bots) AppleWebKit/537.36 (KHTML, like Gecko) Chrome/108.0.0.0"
213.180.203.103 - - [14/Mar/2025:00:41:36 +0300] "GET /local/templates/monolitsochi/js/jquery.history.js?171239765421571 HTTP/1.1" 200 6438 "https://monolith-realty.ru/product/dubai/apartamenty/peninsula/" "Mozilla/5.0 (compatible; YandexRenderResourcesBot/1.0; +http://yandex.com/bots) AppleWebKit/537.36 (KHTML, like Gecko) Chrome/108.0.0.0"
87.250.224.208 - - [14/Mar/2025:00:41:36 +0300] "GET /bitrix/components/aspro/eyed.allcorp3/templates/.default/script.js?168986522420980 HTTP/1.1" 200 4413 "https://monolith-realty.ru/product/dubai/apartamenty/peninsula/" "Mozilla/5.0 (compatible; YandexRenderResourcesBot/1.0; +http://yandex.com/bots) AppleWebKit/537.36 (KHTML, like Gecko) Chrome/108.0.0.0"
83.99.151.67 - - [14/Mar/2025:00:41:43 +0300] "GET /sitemap-iblock-25.xml HTTP/1.0" 200 485 "-" "Mozilla/5.0 AppleWebKit/537.36 (KHTML, like Gecko; compatible; GeedoProductSearch; +http://www.geedo.com/product-search.html) Chrome/79.0.3945.88 Safari/537.36"
83.99.151.67 - - [14/Mar/2025:00:41:58 +0300] "GET /sitemap-iblock-26.xml HTTP/1.0" 200 973 "-" "Mozilla/5.0 AppleWebKit/537.36 (KHTML, like Gecko; compatible; GeedoProductSearch; +http://www.geedo.com/product-search.html) Chrome/79.0.3945.88 Safari/537.36"
83.99.151.67 - - [14/Mar/2025:00:42:13 +0300] "GET /sitemap-iblock-27.xml HTTP/1.0" 200 818 "-" "Mozilla/5.0 AppleWebKit/537.36 (KHTML, like Gecko; compatible; GeedoProductSearch; +http://www.geedo.com/product-search.html) Chrome/79.0.3945.88 Safari/537.36"
216.244.66.200 - - [14/Mar/2025:00:42:27 +0300] "GET /partners/builders/damac/ HTTP/1.0" 200 228491 "-" "Mozilla/5.0 (compatible; DotBot/1.2; +https://opensiteexplorer.org/dotbot; help@moz.com)"
83.99.151.67 - - [14/Mar/2025:00:42:28 +0300] "GET /sitemap-iblock-28.xml HTTP/1.0" 200 490 "-" "Mozilla/5.0 AppleWebKit/537.36 (KHTML, like Gecko; compatible; GeedoProductSearch; +http://www.geedo.com/product-search.html) Chrome/79.0.3945.88 Safari/537.36"
83.99.151.67 - - [14/Mar/2025:00:42:43 +0300] "GET /sitemap-iblock-29.xml HTTP/1.0" 200 589 "-" "Mozilla/5.0 AppleWebKit/537.36 (KHTML, like Gecko; compatible; GeedoProductSearch; +http://www.geedo.com/product-search.html) Chrome/79.0.3945.88 Safari/537.36"
83.99.151.67 - - [14/Mar/2025:00:42:58 +0300] "GET /sitemap-iblock-33.xml HTTP/1.0" 200 489 "-" "Mozilla/5.0 AppleWebKit/537.36 (KHTML, like Gecko; compatible; GeedoProductSearch; +http://www.geedo.com/product-search.html) Chrome/79.0.3945.88 Safari/537.36"
83.99.151.67 - - [14/Mar/2025:00:43:13 +0300] "GET /sitemap-iblock-37.xml HTTP/1.0" 200 2593 "-" "Mozilla/5.0 AppleWebKit/537.36 (KHTML, like Gecko; compatible; GeedoProductSearch; +http://www.geedo.com/product-search.html) Chrome/79.0.3945.88 Safari/537.36"
83.99.151.67 - - [14/Mar/2025:00:43:28 +0300] "GET /sitemap-iblock-39.xml HTTP/1.0" 200 1391 "-" "Mozilla/5.0 AppleWebKit/537.36 (KHTML, like Gecko; compatible; GeedoProductSearch; +http://www.geedo.com/product-search.html) Chrome/79.0.3945.88 Safari/537.36"
198.235.24.244 - - [14/Mar/2025:00:43:32 +0300] "GET / HTTP/1.1" 301 189 "-" "Expanse, a Palo Alto Networks company, searches across the global IPv4 space multiple times per day to identify customers' presences on the Internet. If you would like to be excluded from our scans, please send IP addresses/domains to: scaninfo@paloaltonetworks.com"
83.99.151.67 - - [14/Mar/2025:00:43:43 +0300] "GET /sitemap-iblock-42.xml HTTP/1.0" 200 4420 "-" "Mozilla/5.0 AppleWebKit/537.36 (KHTML, like Gecko; compatible; GeedoProductSearch; +http://www.geedo.com/product-search.html) Chrome/79.0.3945.88 Safari/537.36"
216.244.66.200 - - [14/Mar/2025:00:43:47 +0300] "GET /company/staff/mikhail-faranosov/ HTTP/1.0" 200 236443 "-" "Mozilla/5.0 (compatible; DotBot/1.2; +https://opensiteexplorer.org/dotbot; help@moz.com)"
83.99.151.67 - - [14/Mar/2025:00:43:58 +0300] "GET /sitemap-iblock-50.xml HTTP/1.0" 200 1085 "-" "Mozilla/5.0 AppleWebKit/537.36 (KHTML, like Gecko; compatible; GeedoProductSearch; +http://www.geedo.com/product-search.html) Chrome/79.0.3945.88 Safari/537.36"
83.99.151.67 - - [14/Mar/2025:00:44:13 +0300] "GET /sitemap-iblock-53.xml HTTP/1.0" 200 1515 "-" "Mozilla/5.0 AppleWebKit/537.36 (KHTML, like Gecko; compatible; GeedoProductSearch; +http://www.geedo.com/product-search.html) Chrome/79.0.3945.88 Safari/537.36"
83.99.151.67 - - [14/Mar/2025:00:44:28 +0300] "GET /sitemap-iblock-55.xml HTTP/1.0" 200 555 "-" "Mozilla/5.0 AppleWebKit/537.36 (KHTML, like Gecko; compatible; GeedoProductSearch; +http://www.geedo.com/product-search.html) Chrome/79.0.3945.88 Safari/537.36"
216.244.66.200 - - [14/Mar/2025:00:44:34 +0300] "GET /upload/iblock/be9/5synea3j5jzd89f5roqi2cjkgqa39th1/IMG_20230605_124757_282.png HTTP/1.1" 200 132793 "-" "Mozilla/5.0 (compatible; DotBot/1.2; +https://opensiteexplorer.org/dotbot; help@moz.com)"
83.99.151.67 - - [14/Mar/2025:00:44:43 +0300] "GET /sitemap-iblock-56.xml HTTP/1.0" 200 489 "-" "Mozilla/5.0 AppleWebKit/537.36 (KHTML, like Gecko; compatible; GeedoProductSearch; +http://www.geedo.com/product-search.html) Chrome/79.0.3945.88 Safari/537.36"
83.99.151.67 - - [14/Mar/2025:00:44:58 +0300] "GET /sitemap-iblock-60.xml HTTP/1.0" 200 489 "-" "Mozilla/5.0 AppleWebKit/537.36 (KHTML, like Gecko; compatible; GeedoProductSearch; +http://www.geedo.com/product-search.html) Chrome/79.0.3945.88 Safari/537.36"
83.99.151.65 - - [14/Mar/2025:00:45:11 +0300] "GET /product/dubai/apartamenty/club-drive/ HTTP/1.0" 200 68623 "-" "Mozilla/5.0 AppleWebKit/537.36 (KHTML, like Gecko; compatible; GeedoProductSearch; +http://www.geedo.com/product-search.html) Chrome/79.0.3945.88 Safari/537.36"
83.99.151.65 - - [14/Mar/2025:00:45:21 +0300] "GET /product/anapa/kottedzhi/kp-chernomorskiy-anapa/ HTTP/1.0" 200 61846 "-" "Mozilla/5.0 AppleWebKit/537.36 (KHTML, like Gecko; compatible; GeedoProductSearch; +http://www.geedo.com/product-search.html) Chrome/79.0.3945.88 Safari/537.36"
54.220.87.80 - - [14/Mar/2025:00:45:30 +0300] "GET / HTTP/1.0" 200 669067 "-" "BitrixCloud Monitoring/1.0"
83.99.151.65 - - [14/Mar/2025:00:45:31 +0300] "GET /product/krasnodar/zhk-nebo/ HTTP/1.0" 200 62136 "-" "Mozilla/5.0 AppleWebKit/537.36 (KHTML, like Gecko; compatible; GeedoProductSearch; +http://www.geedo.com/product-search.html) Chrome/79.0.3945.88 Safari/537.36"
83.99.151.65 - - [14/Mar/2025:00:45:41 +0300] "GET /company/staff/irina-kulpina-/ HTTP/1.0" 200 52349 "-" "Mozilla/5.0 AppleWebKit/537.36 (KHTML, like Gecko; compatible; GeedoProductSearch; +http://www.geedo.com/product-search.html) Chrome/79.0.3945.88 Safari/537.36"
83.99.151.65 - - [14/Mar/2025:00:45:51 +0300] "GET /product/tayland/andaman-riviera/ HTTP/1.0" 200 62984 "-" "Mozilla/5.0 AppleWebKit/537.36 (KHTML, like Gecko; compatible; GeedoProductSearch; +http://www.geedo.com/product-search.html) Chrome/79.0.3945.88 Safari/537.36"
83.99.151.69 - - [14/Mar/2025:00:46:01 +0300] "GET /product/turtsiya/ HTTP/1.0" 200 61694 "-" "Mozilla/5.0 AppleWebKit/537.36 (KHTML, like Gecko; compatible; GeedoProductSearch; +http://www.geedo.com/product-search.html) Chrome/79.0.3945.88 Safari/537.36"
34.206.204.40 - - [14/Mar/2025:00:46:02 +0300] "GET / HTTP/1.0" 200 669067 "-" "BitrixCloud Monitoring/1.0"
83.99.151.71 - - [14/Mar/2025:00:46:12 +0300] "GET /product/Moskva/zhk-seliger-siti-moskva/ HTTP/1.0" 200 50851 "-" "Mozilla/5.0 AppleWebKit/537.36 (KHTML, like Gecko; compatible; GeedoProductSearch; +http://www.geedo.com/product-search.html) Chrome/79.0.3945.88 Safari/537.36"
83.99.151.71 - - [14/Mar/2025:00:46:22 +0300] "GET /product/dubai/apartamenty/volta-by-damac-/ HTTP/1.0" 200 66348 "-" "Mozilla/5.0 AppleWebKit/537.36 (KHTML, like Gecko; compatible; GeedoProductSearch; +http://www.geedo.com/product-search.html) Chrome/79.0.3945.88 Safari/537.36"
83.99.151.64 - - [14/Mar/2025:00:46:32 +0300] "GET /product/krasnodar/ HTTP/1.0" 200 65793 "-" "Mozilla/5.0 AppleWebKit/537.36 (KHTML, like Gecko; compatible; GeedoProductSearch; +http://www.geedo.com/product-search.html) Chrome/79.0.3945.88 Safari/537.36"
83.99.151.71 - - [14/Mar/2025:00:46:42 +0300] "GET /company/staff/artem-petrov/ HTTP/1.0" 200 52350 "-" "Mozilla/5.0 AppleWebKit/537.36 (KHTML, like Gecko; compatible; GeedoProductSearch; +http://www.geedo.com/product-search.html) Chrome/79.0.3945.88 Safari/537.36"
83.99.151.71 - - [14/Mar/2025:00:46:52 +0300] "GET /product/Sochi/zhilye-kompleksy/aktsii/ HTTP/1.0" 200 61601 "-" "Mozilla/5.0 AppleWebKit/537.36 (KHTML, like Gecko; compatible; GeedoProductSearch; +http://www.geedo.com/product-search.html) Chrome/79.0.3945.88 Safari/537.36"
83.99.151.68 - - [14/Mar/2025:00:47:02 +0300] "GET /company/nagrady/ HTTP/1.0" 200 49818 "-" "Mozilla/5.0 AppleWebKit/537.36 (KHTML, like Gecko; compatible; GeedoProductSearch; +http://www.geedo.com/product-search.html) Chrome/79.0.3945.88 Safari/537.36"
83.99.151.68 - - [14/Mar/2025:00:47:22 +0300] "GET /product/Sochi/ak-luchezarnyy/ HTTP/1.0" 200 64295 "-" "Mozilla/5.0 AppleWebKit/537.36 (KHTML, like Gecko; compatible; GeedoProductSearch; +http://www.geedo.com/product-search.html) Chrome/79.0.3945.88 Safari/537.36"
83.99.151.68 - - [14/Mar/2025:00:47:31 +0300] "GET /partners/builders/dubai/ HTTP/1.0" 200 50080 "-" "Mozilla/5.0 AppleWebKit/537.36 (KHTML, like Gecko; compatible; GeedoProductSearch; +http://www.geedo.com/product-search.html) Chrome/79.0.3945.88 Safari/537.36"
83.99.151.68 - - [14/Mar/2025:00:47:41 +0300] "GET /product/dubai/apartamenty/bayz101-by-danube/ HTTP/1.0" 200 67643 "-" "Mozilla/5.0 AppleWebKit/537.36 (KHTML, like Gecko; compatible; GeedoProductSearch; +http://www.geedo.com/product-search.html) Chrome/79.0.3945.88 Safari/537.36"
83.99.151.68 - - [14/Mar/2025:00:47:51 +0300] "GET /company/staff/denis-nesterenko-/ HTTP/1.0" 200 52360 "-" "Mozilla/5.0 AppleWebKit/537.36 (KHTML, like Gecko; compatible; GeedoProductSearch; +http://www.geedo.com/product-search.html) Chrome/79.0.3945.88 Safari/537.36"
83.99.151.66 - - [14/Mar/2025:00:48:01 +0300] "GET /product/tayland/sunshine-phuket-beach-resort-/ HTTP/1.0" 200 67804 "-" "Mozilla/5.0 AppleWebKit/537.36 (KHTML, like Gecko; compatible; GeedoProductSearch; +http://www.geedo.com/product-search.html) Chrome/79.0.3945.88 Safari/537.36"
83.99.151.68 - - [14/Mar/2025:00:48:11 +0300] "GET /partners/builders/russia/kaskad/ HTTP/1.0" 200 49800 "-" "Mozilla/5.0 AppleWebKit/537.36 (KHTML, like Gecko; compatible; GeedoProductSearch; +http://www.geedo.com/product-search.html) Chrome/79.0.3945.88 Safari/537.36"
83.99.151.64 - - [14/Mar/2025:00:48:29 +0300] "GET /product/turtsiya/zhk-the-cruise-collection/ HTTP/1.0" 200 66059 "-" "Mozilla/5.0 AppleWebKit/537.36 (KHTML, like Gecko; compatible; GeedoProductSearch; +http://www.geedo.com/product-search.html) Chrome/79.0.3945.88 Safari/537.36"
65.109.116.132 - - [14/Mar/2025:00:48:30 +0300] "GET / HTTP/1.0" 200 82901 "-" "Mozilla/5.0 (Linux; Android 10; K) AppleWebKit/537.36 (KHTML, like Gecko) Chrome/112.0.5615.136 Mobile Safari/537.36 XiaoMi/MiuiBrowser/14.13.0-gn"
65.109.116.132 - - [14/Mar/2025:00:48:31 +0300] "GET /local/templates/monolitsochi/js/setTheme.php?site_id=s1&site_dir=/ HTTP/1.0" 200 16726 "https://monolith-realty.ru/" "Mozilla/5.0 (Linux; Android 10; K) AppleWebKit/537.36 (KHTML, like Gecko) Chrome/112.0.5615.136 Mobile Safari/537.36 XiaoMi/MiuiBrowser/14.13.0-gn"
65.109.116.132 - - [14/Mar/2025:00:48:31 +0300] "GET /bitrix/js/aspro.allcorp3/jquery/jquery-2.1.3.min.js HTTP/2.0" 200 29774 "https://monolith-realty.ru/" "Mozilla/5.0 (Linux; Android 10; K) AppleWebKit/537.36 (KHTML, like Gecko) Chrome/112.0.5615.136 Mobile Safari/537.36 XiaoMi/MiuiBrowser/14.13.0-gn"
65.109.116.132 - - [14/Mar/2025:00:48:32 +0300] "GET /local/templates/monolitsochi/vendor/lazysizes.min.js HTTP/2.0" 200 3308 "https://monolith-realty.ru/" "Mozilla/5.0 (Linux; Android 10; K) AppleWebKit/537.36 (KHTML, like Gecko) Chrome/112.0.5615.136 Mobile Safari/537.36 XiaoMi/MiuiBrowser/14.13.0-gn"
65.109.116.132 - - [14/Mar/2025:00:48:32 +0300] "GET /local/templates/monolitsochi/vendor/ls.unveilhooks.min.js HTTP/2.0" 200 690 "https://monolith-realty.ru/" "Mozilla/5.0 (Linux; Android 10; K) AppleWebKit/537.36 (KHTML, like Gecko) Chrome/112.0.5615.136 Mobile Safari/537.36 XiaoMi/MiuiBrowser/14.13.0-gn"
83.99.151.64 - - [14/Mar/2025:00:48:39 +0300] "GET /product/Sochi/ak-volna-rezort/ HTTP/1.0" 200 67961 "-" "Mozilla/5.0 AppleWebKit/537.36 (KHTML, like Gecko; compatible; GeedoProductSearch; +http://www.geedo.com/product-search.html) Chrome/79.0.3945.88 Safari/537.36"
83.99.151.70 - - [14/Mar/2025:00:48:49 +0300] "GET /aspro_allcorp3_content/detail.php?ID=829 HTTP/1.0" 404 219042 "-" "Mozilla/5.0 AppleWebKit/537.36 (KHTML, like Gecko; compatible; GeedoProductSearch; +http://www.geedo.com/product-search.html) Chrome/79.0.3945.88 Safari/537.36"
83.99.151.67 - - [14/Mar/2025:00:48:59 +0300] "GET /partners/builders/russia/ssk/ HTTP/1.0" 200 49933 "-" "Mozilla/5.0 AppleWebKit/537.36 (KHTML, like Gecko; compatible; GeedoProductSearch; +http://www.geedo.com/product-search.html) Chrome/79.0.3945.88 Safari/537.36"
83.99.151.67 - - [14/Mar/2025:00:49:09 +0300] "GET /product/dubai/villy-i-taunkhausy/ritz-carlton-ot-mag/ HTTP/1.0" 404 221397 "-" "Mozilla/5.0 AppleWebKit/537.36 (KHTML, like Gecko; compatible; GeedoProductSearch; +http://www.geedo.com/product-search.html) Chrome/79.0.3945.88 Safari/537.36"
83.99.151.67 - - [14/Mar/2025:00:49:19 +0300] "GET /company/staff/olga-khvostik-/ HTTP/1.0" 200 54987 "-" "Mozilla/5.0 AppleWebKit/537.36 (KHTML, like Gecko; compatible; GeedoProductSearch; +http://www.geedo.com/product-search.html) Chrome/79.0.3945.88 Safari/537.36"
216.244.66.200 - - [14/Mar/2025:00:49:25 +0300] "GET /company/staff/darya-tsybulina/ HTTP/1.0" 200 236435 "-" "Mozilla/5.0 (compatible; DotBot/1.2; +https://opensiteexplorer.org/dotbot; help@moz.com)"
83.99.151.65 - - [14/Mar/2025:00:49:32 +0300] "GET /product/novorossiysk/zhk-malina-novorossiysk/ HTTP/1.0" 200 67703 "-" "Mozilla/5.0 AppleWebKit/537.36 (KHTML, like Gecko; compatible; GeedoProductSearch; +http://www.geedo.com/product-search.html) Chrome/79.0.3945.88 Safari/537.36"
83.99.151.65 - - [14/Mar/2025:00:49:42 +0300] "GET /company/smi-o-nas/ HTTP/1.0" 200 48092 "-" "Mozilla/5.0 AppleWebKit/537.36 (KHTML, like Gecko; compatible; GeedoProductSearch; +http://www.geedo.com/product-search.html) Chrome/79.0.3945.88 Safari/537.36"
83.99.151.71 - - [14/Mar/2025:00:49:52 +0300] "GET /product/Moskva/ HTTP/1.0" 200 62979 "-" "Mozilla/5.0 AppleWebKit/537.36 (KHTML, like Gecko; compatible; GeedoProductSearch; +http://www.geedo.com/product-search.html) Chrome/79.0.3945.88 Safari/537.36"
83.99.151.65 - - [14/Mar/2025:00:50:02 +0300] "GET /partner_form/ HTTP/1.0" 200 47054 "-" "Mozilla/5.0 AppleWebKit/537.36 (KHTML, like Gecko; compatible; GeedoProductSearch; +http://www.geedo.com/product-search.html) Chrome/79.0.3945.88 Safari/537.36"
23.99.77.243 - - [14/Mar/2025:00:50:08 +0300] "GET /upload/medialibrary/be1/ecswsonat6vcbm7fhtt2k06nzzvsjr8j.png HTTP/1.1" 200 878686 "-" "Mozilla/5.0 (Windows NT 10.0; Win64; x64) AppleWebKit/537.36 (KHTML, like Gecko) Chrome/120.0.0.0 Safari/537.36"
83.99.151.65 - - [14/Mar/2025:00:50:13 +0300] "GET /product/Sochi/zhilye-kompleksy/dlya-investitsiy/ak-lee-prime-residences/ HTTP/1.0" 200 62841 "-" "Mozilla/5.0 AppleWebKit/537.36 (KHTML, like Gecko; compatible; GeedoProductSearch; +http://www.geedo.com/product-search.html) Chrome/79.0.3945.88 Safari/537.36"
83.99.151.65 - - [14/Mar/2025:00:50:22 +0300] "GET /company/staff/daniil-boyko/ HTTP/1.0" 200 52348 "-" "Mozilla/5.0 AppleWebKit/537.36 (KHTML, like Gecko; compatible; GeedoProductSearch; +http://www.geedo.com/product-search.html) Chrome/79.0.3945.88 Safari/537.36"
83.99.151.67 - - [14/Mar/2025:00:50:37 +0300] "GET /product/Sochi/kp-vidnyy/ HTTP/1.0" 200 66288 "-" "Mozilla/5.0 AppleWebKit/537.36 (KHTML, like Gecko; compatible; GeedoProductSearch; +http://www.geedo.com/product-search.html) Chrome/79.0.3945.88 Safari/537.36"
66.249.66.43 - - [14/Mar/2025:00:50:44 +0300] "GET /upload/iblock/2d9/qet314w2k6ru9o7xpu97rrfatbfskee0.jpg HTTP/1.1" 200 89115 "-" "Googlebot-Image/1.0"
83.99.151.67 - - [14/Mar/2025:00:50:47 +0300] "GET /company/staff/yuliya-novikova/ HTTP/1.0" 200 52355 "-" "Mozilla/5.0 AppleWebKit/537.36 (KHTML, like Gecko; compatible; GeedoProductSearch; +http://www.geedo.com/product-search.html) Chrome/79.0.3945.88 Safari/537.36"
83.99.151.67 - - [14/Mar/2025:00:50:57 +0300] "GET /company/ HTTP/1.0" 200 72641 "-" "Mozilla/5.0 AppleWebKit/537.36 (KHTML, like Gecko; compatible; GeedoProductSearch; +http://www.geedo.com/product-search.html) Chrome/79.0.3945.88 Safari/537.36"
83.99.151.67 - - [14/Mar/2025:00:51:07 +0300] "GET /company/staff/sergey-zholobnitskiy/ HTTP/1.0" 200 52367 "-" "Mozilla/5.0 AppleWebKit/537.36 (KHTML, like Gecko; compatible; GeedoProductSearch; +http://www.geedo.com/product-search.html) Chrome/79.0.3945.88 Safari/537.36"
83.99.151.65 - - [14/Mar/2025:00:51:17 +0300] "GET /product/Sochi/ak-fregat/ HTTP/1.0" 200 63270 "-" "Mozilla/5.0 AppleWebKit/537.36 (KHTML, like Gecko; compatible; GeedoProductSearch; +http://www.geedo.com/product-search.html) Chrome/79.0.3945.88 Safari/537.36"
83.99.151.67 - - [14/Mar/2025:00:51:27 +0300] "GET /company/staff/aleksandra-valova/ HTTP/1.0" 200 52357 "-" "Mozilla/5.0 AppleWebKit/537.36 (KHTML, like Gecko; compatible; GeedoProductSearch; +http://www.geedo.com/product-search.html) Chrome/79.0.3945.88 Safari/537.36"
54.220.87.80 - - [14/Mar/2025:00:51:31 +0300] "GET / HTTP/1.0" 200 669067 "-" "BitrixCloud Monitoring/1.0"
83.99.151.68 - - [14/Mar/2025:00:51:45 +0300] "GET /product/Moskva/zhk-paveletskaya-siti-moskva/ HTTP/1.0" 200 50906 "-" "Mozilla/5.0 AppleWebKit/537.36 (KHTML, like Gecko; compatible; GeedoProductSearch; +http://www.geedo.com/product-search.html) Chrome/79.0.3945.88 Safari/537.36"
66.249.66.41 - - [14/Mar/2025:00:51:51 +0300] "GET / HTTP/1.1" 301 189 "-" "Mozilla/5.0 (compatible; Googlebot/2.1; +http://www.google.com/bot.html)"
66.249.66.41 - - [14/Mar/2025:00:51:52 +0300] "GET / HTTP/1.0" 200 82902 "-" "Mozilla/5.0 (compatible; Googlebot/2.1; +http://www.google.com/bot.html)"
66.249.66.42 - - [14/Mar/2025:00:51:55 +0300] "GET /local/templates/monolitsochi/components/bitrix/news.list/reviews-list/style.css?17123976527018 HTTP/1.1" 200 1392 "https://monolith-realty.ru/" "Mozilla/5.0 AppleWebKit/537.36 (KHTML, like Gecko; compatible; Googlebot/2.1; +http://www.google.com/bot.html) Chrome/133.0.6943.141 Safari/537.36"
83.99.151.64 - - [14/Mar/2025:00:51:55 +0300] "GET /product/Sochi/gk-neskuchnyy-sad/ HTTP/1.0" 200 72063 "-" "Mozilla/5.0 AppleWebKit/537.36 (KHTML, like Gecko; compatible; GeedoProductSearch; +http://www.geedo.com/product-search.html) Chrome/79.0.3945.88 Safari/537.36"
66.249.66.41 - - [14/Mar/2025:00:51:55 +0300] "GET /local/templates/monolitsochi/css/blocks/flexbox.css?17123976532450 HTTP/1.1" 200 673 "https://monolith-realty.ru/" "Mozilla/5.0 AppleWebKit/537.36 (KHTML, like Gecko; compatible; Googlebot/2.1; +http://www.google.com/bot.html) Chrome/133.0.6943.141 Safari/537.36"
66.249.66.42 - - [14/Mar/2025:00:51:56 +0300] "GET /local/templates/monolitsochi/js/general.js?1712397654190908 HTTP/1.1" 200 40239 "https://monolith-realty.ru/" "Mozilla/5.0 AppleWebKit/537.36 (KHTML, like Gecko; compatible; Googlebot/2.1; +http://www.google.com/bot.html) Chrome/133.0.6943.141 Safari/537.36"
66.249.66.42 - - [14/Mar/2025:00:51:57 +0300] "GET /local/templates/monolitsochi/components/aspro/social.info.allcorp3/template1/style.css?17193280011671 HTTP/1.1" 200 599 "https://monolith-realty.ru/" "Mozilla/5.0 AppleWebKit/537.36 (KHTML, like Gecko; compatible; Googlebot/2.1; +http://www.google.com/bot.html) Chrome/133.0.6943.141 Safari/537.36"
66.249.66.42 - - [14/Mar/2025:00:51:57 +0300] "GET /local/templates/monolitsochi/css/detail.css?17180135852726 HTTP/1.1" 200 870 "https://monolith-realty.ru/" "Mozilla/5.0 AppleWebKit/537.36 (KHTML, like Gecko; compatible; Googlebot/2.1; +http://www.google.com/bot.html) Chrome/133.0.6943.141 Safari/537.36"
66.249.66.42 - - [14/Mar/2025:00:51:58 +0300] "GET /local/templates/monolitsochi/css/jquery.mCustomScrollbar.min.css?171239765342839 HTTP/1.1" 200 4248 "https://monolith-realty.ru/" "Mozilla/5.0 AppleWebKit/537.36 (KHTML, like Gecko; compatible; Googlebot/2.1; +http://www.google.com/bot.html) Chrome/133.0.6943.141 Safari/537.36"
66.249.66.42 - - [14/Mar/2025:00:51:58 +0300] "GET /local/templates/monolitsochi/css/buttons.css?171239765316829 HTTP/1.1" 200 2425 "https://monolith-realty.ru/" "Mozilla/5.0 AppleWebKit/537.36 (KHTML, like Gecko; compatible; Googlebot/2.1; +http://www.google.com/bot.html) Chrome/133.0.6943.141 Safari/537.36"
66.249.66.41 - - [14/Mar/2025:00:51:59 +0300] "GET /local/templates/monolitsochi/vendor/jquery.validate.min.js?171239765322254 HTTP/1.1" 200 7122 "https://monolith-realty.ru/" "Mozilla/5.0 AppleWebKit/537.36 (KHTML, like Gecko; compatible; Googlebot/2.1; +http://www.google.com/bot.html) Chrome/133.0.6943.141 Safari/537.36"
66.249.66.42 - - [14/Mar/2025:00:52:00 +0300] "GET /local/templates/monolitsochi/js/matchMedia.js?17123976541585 HTTP/1.1" 200 714 "https://monolith-realty.ru/" "Mozilla/5.0 AppleWebKit/537.36 (KHTML, like Gecko; compatible; Googlebot/2.1; +http://www.google.com/bot.html) Chrome/133.0.6943.141 Safari/537.36"
66.249.66.43 - - [14/Mar/2025:00:52:01 +0300] "GET /local/templates/monolitsochi/css/header.css?171239765341573 HTTP/1.1" 200 5325 "https://monolith-realty.ru/" "Mozilla/5.0 AppleWebKit/537.36 (KHTML, like Gecko; compatible; Googlebot/2.1; +http://www.google.com/bot.html) Chrome/133.0.6943.141 Safari/537.36"
66.249.66.41 - - [14/Mar/2025:00:52:01 +0300] "GET /local/templates/monolitsochi/css/blocks/tabs.css?17123976536550 HTTP/1.1" 200 1537 "https://monolith-realty.ru/" "Mozilla/5.0 AppleWebKit/537.36 (KHTML, like Gecko; compatible; Googlebot/2.1; +http://www.google.com/bot.html) Chrome/133.0.6943.141 Safari/537.36"
66.249.66.42 - - [14/Mar/2025:00:52:02 +0300] "GET /local/templates/monolitsochi/vendor/css/ripple.css?1712397654854 HTTP/1.1" 200 291 "https://monolith-realty.ru/" "Mozilla/5.0 AppleWebKit/537.36 (KHTML, like Gecko; compatible; Googlebot/2.1; +http://www.google.com/bot.html) Chrome/133.0.6943.141 Safari/537.36"
34.206.204.40 - - [14/Mar/2025:00:52:02 +0300] "GET / HTTP/1.0" 200 669067 "-" "BitrixCloud Monitoring/1.0"
66.249.66.43 - - [14/Mar/2025:00:52:03 +0300] "GET /bitrix/templates/.default/ajax/ajax.css?1689865279448 HTTP/1.1" 200 242 "https://monolith-realty.ru/" "Mozilla/5.0 AppleWebKit/537.36 (KHTML, like Gecko; compatible; Googlebot/2.1; +http://www.google.com/bot.html) Chrome/133.0.6943.141 Safari/537.36"
66.249.66.43 - - [14/Mar/2025:00:52:03 +0300] "GET /local/templates/monolitsochi/css/blocks/sticky.css?1712397653240 HTTP/1.1" 200 153 "https://monolith-realty.ru/" "Mozilla/5.0 AppleWebKit/537.36 (KHTML, like Gecko; compatible; Googlebot/2.1; +http://www.google.com/bot.html) Chrome/133.0.6943.141 Safari/537.36"
66.249.66.41 - - [14/Mar/2025:00:52:04 +0300] "GET /local/templates/monolitsochi/css/blocks/gallery.css?17207049512328 HTTP/1.1" 200 782 "https://monolith-realty.ru/" "Mozilla/5.0 AppleWebKit/537.36 (KHTML, like Gecko; compatible; Googlebot/2.1; +http://www.google.com/bot.html) Chrome/133.0.6943.141 Safari/537.36"
66.249.66.41 - - [14/Mar/2025:00:52:05 +0300] "GET /local/mobile.css?17231021863821 HTTP/1.1" 200 1057 "https://monolith-realty.ru/" "Mozilla/5.0 AppleWebKit/537.36 (KHTML, like Gecko; compatible; Googlebot/2.1; +http://www.google.com/bot.html) Chrome/133.0.6943.141 Safari/537.36"
83.99.151.64 - - [14/Mar/2025:00:52:05 +0300] "GET /product/Sochi/zhk-yuzhnyy-park/ HTTP/1.0" 200 63406 "-" "Mozilla/5.0 AppleWebKit/537.36 (KHTML, like Gecko; compatible; GeedoProductSearch; +http://www.geedo.com/product-search.html) Chrome/79.0.3945.88 Safari/537.36"
66.249.66.42 - - [14/Mar/2025:00:52:05 +0300] "GET /bitrix/components/aspro/eyed.allcorp3/templates/.default/style.css?168986522478392 HTTP/1.1" 200 10978 "https://monolith-realty.ru/" "Mozilla/5.0 AppleWebKit/537.36 (KHTML, like Gecko; compatible; Googlebot/2.1; +http://www.google.com/bot.html) Chrome/133.0.6943.141 Safari/537.36"
66.249.66.41 - - [14/Mar/2025:00:52:06 +0300] "GET /local/templates/monolitsochi/css/index-page.css?171239765313752 HTTP/1.1" 200 2820 "https://monolith-realty.ru/" "Mozilla/5.0 AppleWebKit/537.36 (KHTML, like Gecko; compatible; Googlebot/2.1; +http://www.google.com/bot.html) Chrome/133.0.6943.141 Safari/537.36"
66.249.66.41 - - [14/Mar/2025:00:52:07 +0300] "GET /local/templates/monolitsochi/js/blocks/hover-block.js?1712397654921 HTTP/1.1" 200 345 "https://monolith-realty.ru/" "Mozilla/5.0 AppleWebKit/537.36 (KHTML, like Gecko; compatible; Googlebot/2.1; +http://www.google.com/bot.html) Chrome/133.0.6943.141 Safari/537.36"
66.249.66.41 - - [14/Mar/2025:00:52:07 +0300] "GET /local/templates/monolitsochi/css/form.css?171239765321826 HTTP/1.1" 200 4931 "https://monolith-realty.ru/" "Mozilla/5.0 AppleWebKit/537.36 (KHTML, like Gecko; compatible; Googlebot/2.1; +http://www.google.com/bot.html) Chrome/133.0.6943.141 Safari/537.36"
66.249.66.42 - - [14/Mar/2025:00:52:08 +0300] "GET /local/templates/monolitsochi/css/blocks/share.css?17123976532511 HTTP/1.1" 200 741 "https://monolith-realty.ru/" "Mozilla/5.0 AppleWebKit/537.36 (KHTML, like Gecko; compatible; Googlebot/2.1; +http://www.google.com/bot.html) Chrome/133.0.6943.141 Safari/537.36"
66.249.66.42 - - [14/Mar/2025:00:52:09 +0300] "GET /local/templates/monolitsochi/css/mobile-menu.css?17123976535995 HTTP/1.1" 200 1583 "https://monolith-realty.ru/" "Mozilla/5.0 AppleWebKit/537.36 (KHTML, like Gecko; compatible; Googlebot/2.1; +http://www.google.com/bot.html) Chrome/133.0.6943.141 Safari/537.36"
66.249.66.41 - - [14/Mar/2025:00:52:09 +0300] "GET /local/templates/monolitsochi/css/blocks/social-list.css?1712397653376 HTTP/1.1" 200 206 "https://monolith-realty.ru/" "Mozilla/5.0 AppleWebKit/537.36 (KHTML, like Gecko; compatible; Googlebot/2.1; +http://www.google.com/bot.html) Chrome/133.0.6943.141 Safari/537.36"
83.99.151.64 - - [14/Mar/2025:00:52:15 +0300] "GET /product/tayland/villa-anchan-tropicana-/ HTTP/1.0" 200 66751 "-" "Mozilla/5.0 AppleWebKit/537.36 (KHTML, like Gecko; compatible; GeedoProductSearch; +http://www.geedo.com/product-search.html) Chrome/79.0.3945.88 Safari/537.36"
83.99.151.64 - - [14/Mar/2025:00:52:25 +0300] "GET /product/Sochi/ak-atrium-avenue/ HTTP/1.0" 200 62559 "-" "Mozilla/5.0 AppleWebKit/537.36 (KHTML, like Gecko; compatible; GeedoProductSearch; +http://www.geedo.com/product-search.html) Chrome/79.0.3945.88 Safari/537.36"
83.99.151.71 - - [14/Mar/2025:00:52:35 +0300] "GET /product/dubai/villy-i-taunkhausy/mag-park/ HTTP/1.0" 404 221364 "-" "Mozilla/5.0 AppleWebKit/537.36 (KHTML, like Gecko; compatible; GeedoProductSearch; +http://www.geedo.com/product-search.html) Chrome/79.0.3945.88 Safari/537.36"
3.15.229.14 - - [14/Mar/2025:00:52:50 +0300] "GET /upload/iblock/226/r7e3azeg8pq7cxq3ncua714a0dwg1qbl/Screenshot_13.png HTTP/2.0" 200 523123 "-" "Mozilla/5.0 AppleWebKit/537.36 (KHTML, like Gecko; compatible; ClaudeBot/1.0; +claudebot@anthropic.com)"
83.99.151.64 - - [14/Mar/2025:00:52:53 +0300] "GET /partners/builders/russia/nedvex/ HTTP/1.0" 200 49535 "-" "Mozilla/5.0 AppleWebKit/537.36 (KHTML, like Gecko; compatible; GeedoProductSearch; +http://www.geedo.com/product-search.html) Chrome/79.0.3945.88 Safari/537.36"
83.99.151.64 - - [14/Mar/2025:00:53:03 +0300] "GET /partners/builders/dubai/nshama/ HTTP/1.0" 200 50740 "-" "Mozilla/5.0 AppleWebKit/537.36 (KHTML, like Gecko; compatible; GeedoProductSearch; +http://www.geedo.com/product-search.html) Chrome/79.0.3945.88 Safari/537.36"
13.83.167.139 - - [14/Mar/2025:00:53:12 +0300] "GET /blog/flats/vostochnaya-skazka-i-passivnyy-dokhod-pochemu-vygodno-investirovat-v-nedvizhimost-v-dubae-/ HTTP/1.0" 200 61648 "-" "Mozilla/5.0 AppleWebKit/537.36 (KHTML, like Gecko); compatible; ChatGPT-User/1.0; +https://openai.com/bot"
83.99.151.64 - - [14/Mar/2025:00:53:13 +0300] "GET /product/dubai/apartamenty/lilium-tower/ HTTP/1.0" 200 65863 "-" "Mozilla/5.0 AppleWebKit/537.36 (KHTML, like Gecko; compatible; GeedoProductSearch; +http://www.geedo.com/product-search.html) Chrome/79.0.3945.88 Safari/537.36"
83.99.151.64 - - [14/Mar/2025:00:53:23 +0300] "GET /company/requisites/ HTTP/1.0" 200 48362 "-" "Mozilla/5.0 AppleWebKit/537.36 (KHTML, like Gecko; compatible; GeedoProductSearch; +http://www.geedo.com/product-search.html) Chrome/79.0.3945.88 Safari/537.36"
83.99.151.64 - - [14/Mar/2025:00:53:33 +0300] "GET /cases/kakie-riski-nuzhno-osoznavat-pri-pokupke-pereustupki-/ HTTP/1.0" 200 50496 "-" "Mozilla/5.0 AppleWebKit/537.36 (KHTML, like Gecko; compatible; GeedoProductSearch; +http://www.geedo.com/product-search.html) Chrome/79.0.3945.88 Safari/537.36"
83.99.151.67 - - [14/Mar/2025:00:53:43 +0300] "GET /company/staff/natalya-vyatchina/ HTTP/1.0" 200 55001 "-" "Mozilla/5.0 AppleWebKit/537.36 (KHTML, like Gecko; compatible; GeedoProductSearch; +http://www.geedo.com/product-search.html) Chrome/79.0.3945.88 Safari/537.36"
114.119.150.166 - - [14/Mar/2025:00:53:49 +0300] "GET /upload/iblock/e2a/bgfk18wy2f2ncpp7mc7dx8mac4wd4bvz/i.webp HTTP/1.1" 200 143922 "https://monolith-realty.ru/blog/flats/kak-vybrat-kvartiru-v-novostroykakh-yalty/" "Mozilla/5.0 (Linux; Android 7.0;) AppleWebKit/537.36 (KHTML, like Gecko) Mobile Safari/537.36 (compatible; PetalBot;+https://webmaster.petalsearch.com/site/petalbot)"
83.99.151.69 - - [14/Mar/2025:00:53:57 +0300] "GET /product/Sochi/ak-morskoy-kaskad/ HTTP/1.0" 200 65020 "-" "Mozilla/5.0 AppleWebKit/537.36 (KHTML, like Gecko; compatible; GeedoProductSearch; +http://www.geedo.com/product-search.html) Chrome/79.0.3945.88 Safari/537.36"
83.99.151.69 - - [14/Mar/2025:00:54:07 +0300] "GET /partners/builders/dubai/mag-group/ HTTP/1.0" 200 51025 "-" "Mozilla/5.0 AppleWebKit/537.36 (KHTML, like Gecko; compatible; GeedoProductSearch; +http://www.geedo.com/product-search.html) Chrome/79.0.3945.88 Safari/537.36"
83.99.151.69 - - [14/Mar/2025:00:54:17 +0300] "GET /contacts/krasnodarskiy-kray/ HTTP/1.0" 200 54055 "-" "Mozilla/5.0 AppleWebKit/537.36 (KHTML, like Gecko; compatible; GeedoProductSearch; +http://www.geedo.com/product-search.html) Chrome/79.0.3945.88 Safari/537.36"
83.99.151.69 - - [14/Mar/2025:00:54:27 +0300] "GET /company/licenses/sovkombank/ HTTP/1.0" 200 48082 "-" "Mozilla/5.0 AppleWebKit/537.36 (KHTML, like Gecko; compatible; GeedoProductSearch; +http://www.geedo.com/product-search.html) Chrome/79.0.3945.88 Safari/537.36"
83.99.151.69 - - [14/Mar/2025:00:54:37 +0300] "GET /gallery/2/ HTTP/1.0" 200 48458 "-" "Mozilla/5.0 AppleWebKit/537.36 (KHTML, like Gecko; compatible; GeedoProductSearch; +http://www.geedo.com/product-search.html) Chrome/79.0.3945.88 Safari/537.36"
83.99.151.68 - - [14/Mar/2025:00:54:47 +0300] "GET /product/dubai/apartamenty/seapoint-emaar/ HTTP/1.0" 200 67594 "-" "Mozilla/5.0 AppleWebKit/537.36 (KHTML, like Gecko; compatible; GeedoProductSearch; +http://www.geedo.com/product-search.html) Chrome/79.0.3945.88 Safari/537.36"
207.46.13.126 - - [14/Mar/2025:00:54:57 +0300] "GET /product/sochi/ak-montevil HTTP/1.0" 301 715 "-" "Mozilla/5.0 AppleWebKit/537.36 (KHTML, like Gecko; compatible; bingbot/2.0; +http://www.bing.com/bingbot.htm) Chrome/116.0.1938.76 Safari/537.36"
207.46.13.126 - - [14/Mar/2025:00:54:59 +0300] "GET /product/sochi/ak-montevil/ HTTP/1.0" 200 65471 "-" "Mozilla/5.0 AppleWebKit/537.36 (KHTML, like Gecko; compatible; bingbot/2.0; +http://www.bing.com/bingbot.htm) Chrome/116.0.1938.76 Safari/537.36"
83.99.151.68 - - [14/Mar/2025:00:55:06 +0300] "GET /cases/keys-nashego-klienta-kotoryy-zarabotal-na-investitsiyakh-16-2-mln-za-1-god/ HTTP/1.0" 200 50408 "-" "Mozilla/5.0 AppleWebKit/537.36 (KHTML, like Gecko; compatible; GeedoProductSearch; +http://www.geedo.com/product-search.html) Chrome/79.0.3945.88 Safari/537.36"
83.99.151.68 - - [14/Mar/2025:00:55:17 +0300] "GET /product/Crimea/zhk-avrora/ HTTP/1.0" 200 61441 "-" "Mozilla/5.0 AppleWebKit/537.36 (KHTML, like Gecko; compatible; GeedoProductSearch; +http://www.geedo.com/product-search.html) Chrome/79.0.3945.88 Safari/537.36"
83.99.151.68 - - [14/Mar/2025:00:55:27 +0300] "GET /product/dubai/villy-i-taunkhausy/shamsa/ HTTP/1.0" 200 65681 "-" "Mozilla/5.0 AppleWebKit/537.36 (KHTML, like Gecko; compatible; GeedoProductSearch; +http://www.geedo.com/product-search.html) Chrome/79.0.3945.88 Safari/537.36"
114.119.150.168 - - [14/Mar/2025:00:55:34 +0300] "GET /upload/iblock/bf4/3lo83c3wiarhhi5ic252l6itfxwapa3q.jpg HTTP/1.1" 200 192927 "https://monolith-realty.ru/product/krasnodar/zhk-fontany-krasnodar/" "Mozilla/5.0 (Linux; Android 7.0;) AppleWebKit/537.36 (KHTML, like Gecko) Mobile Safari/537.36 (compatible; PetalBot;+https://webmaster.petalsearch.com/site/petalbot)"
83.99.151.68 - - [14/Mar/2025:00:55:37 +0300] "GET /company/staff/irina-krasnaya/ HTTP/1.0" 200 52346 "-" "Mozilla/5.0 AppleWebKit/537.36 (KHTML, like Gecko; compatible; GeedoProductSearch; +http://www.geedo.com/product-search.html) Chrome/79.0.3945.88 Safari/537.36"
83.99.151.68 - - [14/Mar/2025:00:55:46 +0300] "GET /company/staff/adel-gordon/ HTTP/1.0" 200 52345 "-" "Mozilla/5.0 AppleWebKit/537.36 (KHTML, like Gecko; compatible; GeedoProductSearch; +http://www.geedo.com/product-search.html) Chrome/79.0.3945.88 Safari/537.36"
83.99.151.68 - - [14/Mar/2025:00:55:57 +0300] "GET /product/anapa/kvartiry-i-apartamenty/zhk-18-3-/ HTTP/1.0" 200 64245 "-" "Mozilla/5.0 AppleWebKit/537.36 (KHTML, like Gecko; compatible; GeedoProductSearch; +http://www.geedo.com/product-search.html) Chrome/79.0.3945.88 Safari/537.36"
83.99.151.65 - - [14/Mar/2025:00:56:14 +0300] "GET /product/krasnodar/zhk-serdtse-krasnodar/ HTTP/1.0" 200 63270 "-" "Mozilla/5.0 AppleWebKit/537.36 (KHTML, like Gecko; compatible; GeedoProductSearch; +http://www.geedo.com/product-search.html) Chrome/79.0.3945.88 Safari/537.36"
114.119.128.56 - - [14/Mar/2025:00:56:19 +0300] "GET /partners/builders/dubai-properties-/ HTTP/1.0" 200 49916 "https://monolith-realty.ru/partners/builders/" "Mozilla/5.0 (Linux; Android 7.0;) AppleWebKit/537.36 (KHTML, like Gecko) Mobile Safari/537.36 (compatible; PetalBot;+https://webmaster.petalsearch.com/site/petalbot)"
83.99.151.64 - - [14/Mar/2025:00:56:24 +0300] "GET /product/tayland/ HTTP/1.0" 200 71876 "-" "Mozilla/5.0 AppleWebKit/537.36 (KHTML, like Gecko; compatible; GeedoProductSearch; +http://www.geedo.com/product-search.html) Chrome/79.0.3945.88 Safari/537.36"
3.222.232.239 - - [14/Mar/2025:00:56:25 +0300] "GET /company/news/v-krymu-postroyat-novuyu-evpatoriyu/ HTTP/1.0" 200 52444 "-" "Mozilla/5.0 AppleWebKit/537.36 (KHTML, like Gecko; compatible; PerplexityBot/1.0; +https://perplexity.ai/perplexitybot)"
83.99.151.64 - - [14/Mar/2025:00:56:35 +0300] "GET /contacts/dubay/ HTTP/1.0" 200 54040 "-" "Mozilla/5.0 AppleWebKit/537.36 (KHTML, like Gecko; compatible; GeedoProductSearch; +http://www.geedo.com/product-search.html) Chrome/79.0.3945.88 Safari/537.36"
83.99.151.65 - - [14/Mar/2025:00:56:44 +0300] "GET /company/licenses/plus-residence/ HTTP/1.0" 200 48081 "-" "Mozilla/5.0 AppleWebKit/537.36 (KHTML, like Gecko; compatible; GeedoProductSearch; +http://www.geedo.com/product-search.html) Chrome/79.0.3945.88 Safari/537.36"
65.108.64.180 - - [14/Mar/2025:00:56:49 +0300] "GET / HTTP/1.0" 200 82903 "-" "Mozilla/5.0 (Linux; Android 10; K) AppleWebKit/537.36 (KHTML, like Gecko) Chrome/126.0.0.0 Mobile Safari/537.36"
65.108.64.180 - - [14/Mar/2025:00:56:49 +0300] "GET /local/templates/monolitsochi/js/setTheme.php?site_id=s1&site_dir=/ HTTP/1.0" 200 16726 "https://monolith-realty.ru/" "Mozilla/5.0 (Linux; Android 10; K) AppleWebKit/537.36 (KHTML, like Gecko) Chrome/126.0.0.0 Mobile Safari/537.36"
65.108.64.180 - - [14/Mar/2025:00:56:49 +0300] "GET /bitrix/js/aspro.allcorp3/jquery/jquery-2.1.3.min.js HTTP/2.0" 200 29774 "https://monolith-realty.ru/" "Mozilla/5.0 (Linux; Android 10; K) AppleWebKit/537.36 (KHTML, like Gecko) Chrome/126.0.0.0 Mobile Safari/537.36"
65.108.64.180 - - [14/Mar/2025:00:56:50 +0300] "GET /local/templates/monolitsochi/vendor/lazysizes.min.js HTTP/2.0" 200 3308 "https://monolith-realty.ru/" "Mozilla/5.0 (Linux; Android 10; K) AppleWebKit/537.36 (KHTML, like Gecko) Chrome/126.0.0.0 Mobile Safari/537.36"
65.108.64.180 - - [14/Mar/2025:00:56:50 +0300] "GET /local/templates/monolitsochi/vendor/ls.unveilhooks.min.js HTTP/2.0" 200 690 "https://monolith-realty.ru/" "Mozilla/5.0 (Linux; Android 10; K) AppleWebKit/537.36 (KHTML, like Gecko) Chrome/126.0.0.0 Mobile Safari/537.36"
83.99.151.64 - - [14/Mar/2025:00:56:54 +0300] "GET /product/turtsiya/zhk-magical-world-of-love/ HTTP/1.0" 200 64105 "-" "Mozilla/5.0 AppleWebKit/537.36 (KHTML, like Gecko; compatible; GeedoProductSearch; +http://www.geedo.com/product-search.html) Chrome/79.0.3945.88 Safari/537.36"
83.99.151.64 - - [14/Mar/2025:00:57:04 +0300] "GET /product/Sochi/zhilye-kompleksy/zhk-po-fz-214/ HTTP/1.0" 200 61965 "-" "Mozilla/5.0 AppleWebKit/537.36 (KHTML, like Gecko; compatible; GeedoProductSearch; +http://www.geedo.com/product-search.html) Chrome/79.0.3945.88 Safari/537.36"
83.99.151.67 - - [14/Mar/2025:00:57:18 +0300] "GET /product/dubai/apartamenty/damac-lagoon-views-/ HTTP/1.0" 200 69036 "-" "Mozilla/5.0 AppleWebKit/537.36 (KHTML, like Gecko; compatible; GeedoProductSearch; +http://www.geedo.com/product-search.html) Chrome/79.0.3945.88 Safari/537.36"
83.99.151.67 - - [14/Mar/2025:00:57:28 +0300] "GET /product/turtsiya/cebeci-vista-/ HTTP/1.0" 200 63418 "-" "Mozilla/5.0 AppleWebKit/537.36 (KHTML, like Gecko; compatible; GeedoProductSearch; +http://www.geedo.com/product-search.html) Chrome/79.0.3945.88 Safari/537.36"
54.220.87.80 - - [14/Mar/2025:00:57:30 +0300] "GET / HTTP/1.0" 200 669067 "-" "BitrixCloud Monitoring/1.0"
83.99.151.67 - - [14/Mar/2025:00:57:38 +0300] "GET /product/Sochi/zhilye-kompleksy/dlya-investitsiy/zhk-svetskiy-les/ HTTP/1.0" 200 65911 "-" "Mozilla/5.0 AppleWebKit/537.36 (KHTML, like Gecko; compatible; GeedoProductSearch; +http://www.geedo.com/product-search.html) Chrome/79.0.3945.88 Safari/537.36"
114.119.139.1 - - [14/Mar/2025:00:57:40 +0300] "GET /product/anapa/kvartiry-i-apartamenty/zhk-peschanyy-/ HTTP/1.0" 200 68431 "https://monolith-realty.ru/product/anapa/" "Mozilla/5.0 (Linux; Android 7.0;) AppleWebKit/537.36 (KHTML, like Gecko) Mobile Safari/537.36 (compatible; PetalBot;+https://webmaster.petalsearch.com/site/petalbot)"
83.99.151.67 - - [14/Mar/2025:00:57:48 +0300] "GET /product/Sochi/apart-otel-brevis-/ HTTP/1.0" 200 63478 "-" "Mozilla/5.0 AppleWebKit/537.36 (KHTML, like Gecko; compatible; GeedoProductSearch; +http://www.geedo.com/product-search.html) Chrome/79.0.3945.88 Safari/537.36"
83.99.151.67 - - [14/Mar/2025:00:57:58 +0300] "GET /product/tayland/villa-anchan-horizon/ HTTP/1.0" 200 65483 "-" "Mozilla/5.0 AppleWebKit/537.36 (KHTML, like Gecko; compatible; GeedoProductSearch; +http://www.geedo.com/product-search.html) Chrome/79.0.3945.88 Safari/537.36"
34.206.204.40 - - [14/Mar/2025:00:58:02 +0300] "GET / HTTP/1.0" 200 669067 "-" "BitrixCloud Monitoring/1.0"
83.99.151.67 - - [14/Mar/2025:00:58:08 +0300] "GET /product/krasnodar/zhk-vse-svoi-vip/ HTTP/1.0" 200 64760 "-" "Mozilla/5.0 AppleWebKit/537.36 (KHTML, like Gecko; compatible; GeedoProductSearch; +http://www.geedo.com/product-search.html) Chrome/79.0.3945.88 Safari/537.36"
83.99.151.67 - - [14/Mar/2025:00:58:23 +0300] "GET /product/anapa/kvartiry-i-apartamenty/ HTTP/1.0" 200 62690 "-" "Mozilla/5.0 AppleWebKit/537.36 (KHTML, like Gecko; compatible; GeedoProductSearch; +http://www.geedo.com/product-search.html) Chrome/79.0.3945.88 Safari/537.36"
83.99.151.67 - - [14/Mar/2025:00:58:33 +0300] "GET /product/turtsiya/zhk-love-collection/ HTTP/1.0" 200 64111 "-" "Mozilla/5.0 AppleWebKit/537.36 (KHTML, like Gecko; compatible; GeedoProductSearch; +http://www.geedo.com/product-search.html) Chrome/79.0.3945.88 Safari/537.36"
83.99.151.67 - - [14/Mar/2025:00:58:43 +0300] "GET /product/Moskva/ak-kazakov-grand-loft-moskva/ HTTP/1.0" 200 50886 "-" "Mozilla/5.0 AppleWebKit/537.36 (KHTML, like Gecko; compatible; GeedoProductSearch; +http://www.geedo.com/product-search.html) Chrome/79.0.3945.88 Safari/537.36"
83.99.151.67 - - [14/Mar/2025:00:58:53 +0300] "GET /cases/garantii-gosudarstva-po-fz-214/ HTTP/1.0" 200 50513 "-" "Mozilla/5.0 AppleWebKit/537.36 (KHTML, like Gecko; compatible; GeedoProductSearch; +http://www.geedo.com/product-search.html) Chrome/79.0.3945.88 Safari/537.36"
65.108.7.221 - - [14/Mar/2025:00:59:02 +0300] "GET /blog/flats/investitsii-v-nedvizhimost-sochi-rentabelnye-obekty-/ HTTP/1.0" 200 57503 "https://yandex.ru/" "Mozilla/5.0 (Linux; Android 10; K) AppleWebKit/537.36 (KHTML, like Gecko) Chrome/131.0.0.0 Mobile Safari/537.36"
65.108.7.221 - - [14/Mar/2025:00:59:03 +0300] "GET /local/templates/monolitsochi/components/bitrix/news.detail/news/style.css?17186182873157 HTTP/2.0" 200 992 "https://monolith-realty.ru/blog/flats/investitsii-v-nedvizhimost-sochi-rentabelnye-obekty-/" "Mozilla/5.0 (Linux; Android 10; K) AppleWebKit/537.36 (KHTML, like Gecko) Chrome/131.0.0.0 Mobile Safari/537.36"
83.99.151.67 - - [14/Mar/2025:00:59:03 +0300] "GET /product/Sochi/zhilye-kompleksy/zhk-po-fz-214/zhk-lestoriya/ HTTP/1.0" 200 70170 "-" "Mozilla/5.0 AppleWebKit/537.36 (KHTML, like Gecko; compatible; GeedoProductSearch; +http://www.geedo.com/product-search.html) Chrome/79.0.3945.88 Safari/537.36"
65.108.7.221 - - [14/Mar/2025:00:59:03 +0300] "GET /local/templates/monolitsochi/css/jquery.fancybox.css?171239765317412 HTTP/2.0" 200 3677 "https://monolith-realty.ru/blog/flats/investitsii-v-nedvizhimost-sochi-rentabelnye-obekty-/" "Mozilla/5.0 (Linux; Android 10; K) AppleWebKit/537.36 (KHTML, like Gecko) Chrome/131.0.0.0 Mobile Safari/537.36"
65.108.7.221 - - [14/Mar/2025:00:59:04 +0300] "GET /bitrix/components/bitrix/system.show_message/templates/.default/style.css?168986523064 HTTP/2.0" 200 68 "https://monolith-realty.ru/blog/flats/investitsii-v-nedvizhimost-sochi-rentabelnye-obekty-/" "Mozilla/5.0 (Linux; Android 10; K) AppleWebKit/537.36 (KHTML, like Gecko) Chrome/131.0.0.0 Mobile Safari/537.36"
