213.180.203.33 - - [26/Jan/2025:02:31:45 +0300] "GET /local/templates/monolitsochi/js/jquery.fancybox.js?1712397654160667 HTTP/1.1" 200 39937 "https://monolith-realty.ru/blog/flats/passivnyy-dokhod-na-apartamentakh-/" "Mozilla/5.0 (compatible; YandexRenderResourcesBot/1.0; +http://yandex.com/bots) AppleWebKit/537.36 (KHTML, like Gecko) Chrome/108.0.0.0"
95.108.213.90 - - [26/Jan/2025:02:31:46 +0300] "GET /local/templates/monolitsochi/vendor/lazysizes.min.js HTTP/1.1" 200 3320 "https://monolith-realty.ru/blog/flats/passivnyy-dokhod-na-apartamentakh-/" "Mozilla/5.0 (compatible; YandexRenderResourcesBot/1.0; +http://yandex.com/bots) AppleWebKit/537.36 (KHTML, like Gecko) Chrome/108.0.0.0"
87.250.224.213 - - [26/Jan/2025:02:33:09 +0300] "GET /product/Sochi/zhilye-kompleksy/dlya-investitsiy/ak-gorizont/ HTTP/1.0" 200 66061 "-" "Mozilla/5.0 (compatible; YandexBot/3.0; +http://yandex.com/bots) AppleWebKit/537.36 (KHTML, like Gecko) Chrome/108.0.0.0"
5.255.231.5 - - [26/Jan/2025:02:33:09 +0300] "GET /local/templates/monolitsochi/js/jquery.actual.min.js?17123976541239 HTTP/1.1" 200 697 "https://monolith-realty.ru/product/Sochi/zhilye-kompleksy/dlya-investitsiy/ak-gorizont/" "Mozilla/5.0 (compatible; YandexRenderResourcesBot/1.0; +http://yandex.com/bots) AppleWebKit/537.36 (KHTML, like Gecko) Chrome/108.0.0.0"
87.250.224.80 - - [26/Jan/2025:02:33:09 +0300] "GET /local/templates/monolitsochi/vendor/jquery.validate.min.js?171239765322254 HTTP/1.1" 200 7122 "https://monolith-realty.ru/product/Sochi/zhilye-kompleksy/dlya-investitsiy/ak-gorizont/" "Mozilla/5.0 (compatible; YandexRenderResourcesBot/1.0; +http://yandex.com/bots) AppleWebKit/537.36 (KHTML, like Gecko) Chrome/108.0.0.0"
95.108.213.139 - - [26/Jan/2025:02:33:09 +0300] "GET /bitrix/js/main/popup/dist/main.popup.bundle.js?1711901400117034 HTTP/1.1" 200 20099 "https://monolith-realty.ru/product/Sochi/zhilye-kompleksy/dlya-investitsiy/ak-gorizont/" "Mozilla/5.0 (compatible; YandexRenderResourcesBot/1.0; +http://yandex.com/bots) AppleWebKit/537.36 (KHTML, like Gecko) Chrome/108.0.0.0"
5.255.231.40 - - [26/Jan/2025:02:33:10 +0300] "GET /local/templates/monolitsochi/js/jquery.mCustomScrollbar.js?1712397654121783 HTTP/1.1" 200 24787 "https://monolith-realty.ru/product/Sochi/zhilye-kompleksy/dlya-investitsiy/ak-gorizont/" "Mozilla/5.0 (compatible; YandexRenderResourcesBot/1.0; +http://yandex.com/bots) AppleWebKit/537.36 (KHTML, like Gecko) Chrome/108.0.0.0"
213.180.203.85 - - [26/Jan/2025:02:33:10 +0300] "GET /local/templates/monolitsochi/components/bitrix/catalog.element/main/script.js?17123976522067 HTTP/1.1" 200 615 "https://monolith-realty.ru/product/Sochi/zhilye-kompleksy/dlya-investitsiy/ak-gorizont/" "Mozilla/5.0 (compatible; YandexRenderResourcesBot/1.0; +http://yandex.com/bots) AppleWebKit/537.36 (KHTML, like Gecko) Chrome/108.0.0.0"
87.250.224.236 - - [26/Jan/2025:02:33:10 +0300] "GET /bitrix/components/aspro/marketing.popup.allcorp3/templates/.default/script.js?16898652241465 HTTP/1.1" 200 610 "https://monolith-realty.ru/product/Sochi/zhilye-kompleksy/dlya-investitsiy/ak-gorizont/" "Mozilla/5.0 (compatible; YandexRenderResourcesBot/1.0; +http://yandex.com/bots) AppleWebKit/537.36 (KHTML, like Gecko) Chrome/108.0.0.0"
5.255.231.15 - - [26/Jan/2025:02:33:10 +0300] "GET /local/templates/monolitsochi/components/bitrix/menu/menu_new/script.js?17186142521947 HTTP/1.1" 200 637 "https://monolith-realty.ru/product/Sochi/zhilye-kompleksy/dlya-investitsiy/ak-gorizont/" "Mozilla/5.0 (compatible; YandexRenderResourcesBot/1.0; +http://yandex.com/bots) AppleWebKit/537.36 (KHTML, like Gecko) Chrome/108.0.0.0"
213.180.203.170 - - [26/Jan/2025:02:33:11 +0300] "GET /local/templates/monolitsochi/vendor/js/carousel/owl/owl.carousel.js?171239765492431 HTTP/1.1" 200 21028 "https://monolith-realty.ru/product/Sochi/zhilye-kompleksy/dlya-investitsiy/ak-gorizont/" "Mozilla/5.0 (compatible; YandexRenderResourcesBot/1.0; +http://yandex.com/bots) AppleWebKit/537.36 (KHTML, like Gecko) Chrome/108.0.0.0"
213.180.203.88 - - [26/Jan/2025:02:33:11 +0300] "GET /bitrix/components/bitrix/search.title/script.js?16898652289847 HTTP/1.1" 200 2512 "https://monolith-realty.ru/product/Sochi/zhilye-kompleksy/dlya-investitsiy/ak-gorizont/" "Mozilla/5.0 (compatible; YandexRenderResourcesBot/1.0; +http://yandex.com/bots) AppleWebKit/537.36 (KHTML, like Gecko) Chrome/108.0.0.0"
95.108.213.246 - - [26/Jan/2025:02:33:12 +0300] "GET /local/templates/monolitsochi/js/jquery.history.js?171239765421571 HTTP/1.1" 200 6438 "https://monolith-realty.ru/product/Sochi/zhilye-kompleksy/dlya-investitsiy/ak-gorizont/" "Mozilla/5.0 (compatible; YandexRenderResourcesBot/1.0; +http://yandex.com/bots) AppleWebKit/537.36 (KHTML, like Gecko) Chrome/108.0.0.0"
95.108.213.94 - - [26/Jan/2025:02:33:12 +0300] "GET /local/templates/monolitsochi/js/blocks/hover-block.js?1712397654921 HTTP/1.1" 200 345 "https://monolith-realty.ru/product/Sochi/zhilye-kompleksy/dlya-investitsiy/ak-gorizont/" "Mozilla/5.0 (compatible; YandexRenderResourcesBot/1.0; +http://yandex.com/bots) AppleWebKit/537.36 (KHTML, like Gecko) Chrome/108.0.0.0"
95.108.213.79 - - [26/Jan/2025:02:33:13 +0300] "GET /local/templates/monolitsochi/js/blocks/selectOffer.js?17123976542932 HTTP/1.1" 200 1114 "https://monolith-realty.ru/product/Sochi/zhilye-kompleksy/dlya-investitsiy/ak-gorizont/" "Mozilla/5.0 (compatible; YandexRenderResourcesBot/1.0; +http://yandex.com/bots) AppleWebKit/537.36 (KHTML, like Gecko) Chrome/108.0.0.0"
213.180.203.33 - - [26/Jan/2025:02:33:13 +0300] "GET /local/templates/monolitsochi/components/bitrix/menu/left/script.js?17123976531123 HTTP/1.1" 200 448 "https://monolith-realty.ru/product/Sochi/zhilye-kompleksy/dlya-investitsiy/ak-gorizont/" "Mozilla/5.0 (compatible; YandexRenderResourcesBot/1.0; +http://yandex.com/bots) AppleWebKit/537.36 (KHTML, like Gecko) Chrome/108.0.0.0"
95.108.213.90 - - [26/Jan/2025:02:33:14 +0300] "GET /local/templates/monolitsochi/vendor/bootstrap.js?171239765327908 HTTP/1.1" 200 7324 "https://monolith-realty.ru/product/Sochi/zhilye-kompleksy/dlya-investitsiy/ak-gorizont/" "Mozilla/5.0 (compatible; YandexRenderResourcesBot/1.0; +http://yandex.com/bots) AppleWebKit/537.36 (KHTML, like Gecko) Chrome/108.0.0.0"
87.250.224.213 - - [26/Jan/2025:02:33:14 +0300] "GET /product/Sochi/gk-neskuchnyy-sad/ HTTP/1.0" 200 72380 "-" "Mozilla/5.0 (compatible; YandexBot/3.0; +http://yandex.com/bots) AppleWebKit/537.36 (KHTML, like Gecko) Chrome/108.0.0.0"
5.255.231.5 - - [26/Jan/2025:02:33:15 +0300] "GET /local/templates/monolitsochi/vendor/jquery.easing.js?17123976538897 HTTP/1.1" 200 2008 "https://monolith-realty.ru/product/Sochi/gk-neskuchnyy-sad/" "Mozilla/5.0 (compatible; YandexRenderResourcesBot/1.0; +http://yandex.com/bots) AppleWebKit/537.36 (KHTML, like Gecko) Chrome/108.0.0.0"
54.220.87.80 - - [26/Jan/2025:02:33:36 +0300] "GET / HTTP/1.0" 200 688517 "-" "BitrixCloud Monitoring/1.0"
87.250.224.80 - - [26/Jan/2025:02:34:30 +0300] "GET /local/templates/monolitsochi/js/actual.counter.min.js?=1712397654 HTTP/1.1" 200 143 "https://monolith-realty.ru/product/Sochi/zhilye-kompleksy/dlya-investitsiy/ak-gorizont/" "Mozilla/5.0 (compatible; YandexRenderResourcesBot/1.0; +http://yandex.com/bots) AppleWebKit/537.36 (KHTML, like Gecko) Chrome/108.0.0.0"
34.206.204.40 - - [26/Jan/2025:02:35:01 +0300] "GET / HTTP/1.0" 200 688517 "-" "BitrixCloud Monitoring/1.0"
95.108.213.139 - - [26/Jan/2025:02:35:49 +0300] "GET /local/templates/monolitsochi/js/jquery.fancybox.js?1712397654160667 HTTP/1.1" 200 39937 "https://monolith-realty.ru/product/Sochi/zhilye-kompleksy/dlya-investitsiy/ak-gorizont/" "Mozilla/5.0 (compatible; YandexRenderResourcesBot/1.0; +http://yandex.com/bots) AppleWebKit/537.36 (KHTML, like Gecko) Chrome/108.0.0.0"
109.237.99.63 - - [26/Jan/2025:02:39:18 +0300] "GET / HTTP/1.1" 301 189 "-" "Mozilla/5.0 (Macintosh; Intel Mac OS X 10_9_3) AppleWebKit/537.36 (KHTML, like Gecko) Chrome/54.0.2874.13 Safari/537.36"
109.237.99.63 - - [26/Jan/2025:02:39:18 +0300] "GET / HTTP/1.0" 200 83499 "-" "Mozilla/5.0 (Macintosh; Intel Mac OS X 10_9_3) AppleWebKit/537.36 (KHTML, like Gecko) Chrome/54.0.2874.13 Safari/537.36"
109.237.99.63 - - [26/Jan/2025:02:39:19 +0300] "GET /bitrix/tools/composite_data.php HTTP/1.0" 200 809 "https://monolith-realty.ru:443/" "Mozilla/5.0 (Macintosh; Intel Mac OS X 10_9_3) AppleWebKit/537.36 (KHTML, like Gecko) Chrome/54.0.2874.13 Safari/537.36"
109.237.99.63 - - [26/Jan/2025:02:39:23 +0300] "POST /bitrix/tools/html_editor_action.php HTTP/1.0" 200 587 "https://monolith-realty.ru:443/bitrix/tools/composite_data.php" "Mozilla/5.0 (Macintosh; Intel Mac OS X 10_9_3) AppleWebKit/537.36 (KHTML, like Gecko) Chrome/54.0.2874.13 Safari/537.36"
109.237.99.63 - - [26/Jan/2025:02:39:25 +0300] "POST /bitrix/tools/html_editor_action.php HTTP/1.0" 200 587 "https://monolith-realty.ru:443/bitrix/tools/html_editor_action.php" "Mozilla/5.0 (Macintosh; Intel Mac OS X 10_9_3) AppleWebKit/537.36 (KHTML, like Gecko) Chrome/54.0.2874.13 Safari/537.36"
54.220.87.80 - - [26/Jan/2025:02:39:36 +0300] "GET / HTTP/1.0" 200 688517 "-" "BitrixCloud Monitoring/1.0"
109.237.99.63 - - [26/Jan/2025:02:39:47 +0300] "POST /bitrix/tools/html_editor_action.php HTTP/1.0" 200 587 "https://monolith-realty.ru:443/bitrix/tools/html_editor_action.php" "Mozilla/5.0 (Macintosh; Intel Mac OS X 10_9_3) AppleWebKit/537.36 (KHTML, like Gecko) Chrome/54.0.2874.13 Safari/537.36"
109.237.99.63 - - [26/Jan/2025:02:39:48 +0300] "GET / HTTP/1.0" 200 83369 "https://monolith-realty.ru:443/bitrix/tools/html_editor_action.php" "Mozilla/5.0 (Macintosh; Intel Mac OS X 10_9_3) AppleWebKit/537.36 (KHTML, like Gecko) Chrome/54.0.2874.13 Safari/537.36"
109.237.99.63 - - [26/Jan/2025:02:39:58 +0300] "POST /bitrix/tools/accesson.php HTTP/1.0" 404 218305 "https://monolith-realty.ru:443/" "Mozilla/5.0 (Macintosh; Intel Mac OS X 10_9_3) AppleWebKit/537.36 (KHTML, like Gecko) Chrome/54.0.2874.13 Safari/537.36"
34.206.204.40 - - [26/Jan/2025:02:41:01 +0300] "GET / HTTP/1.0" 200 688450 "-" "BitrixCloud Monitoring/1.0"
65.21.23.50 - - [26/Jan/2025:02:42:34 +0300] "GET / HTTP/1.0" 301 178 "http://monolith-realty.ru/" "Mozilla/5.0 (Windows NT 10.0; Win64; x64) AppleWebKit/537.36 (KHTML, like Gecko) Chrome/129.0.0.0 Safari/537.36"
65.21.23.50 - - [26/Jan/2025:02:42:34 +0300] "GET / HTTP/1.0" 200 688450 "https://monolith-realty.ru/" "Mozilla/5.0 (Windows NT 10.0; Win64; x64) AppleWebKit/537.36 (KHTML, like Gecko) Chrome/129.0.0.0 Safari/537.36"
65.21.23.50 - - [26/Jan/2025:02:42:34 +0300] "POST / HTTP/1.0" 302 676 "https://monolith-realty.ru/" "Mozilla/5.0 (Windows NT 10.0; Win64; x64) AppleWebKit/537.36 (KHTML, like Gecko) Chrome/129.0.0.0 Safari/537.36"
65.21.23.50 - - [26/Jan/2025:02:42:35 +0300] "GET /?WEB_FORM_ID=19&RESULT_ID=332&formresult=addok&bxajaxid=2748de1f90e737255014de4486f4d282&AJAX_CALL=Y HTTP/1.0" 200 9925 "https://monolith-realty.ru/?WEB_FORM_ID=19&RESULT_ID=332&formresult=addok&bxajaxid=2748de1f90e737255014de4486f4d282&AJAX_CALL=Y" "Mozilla/5.0 (Windows NT 10.0; Win64; x64) AppleWebKit/537.36 (KHTML, like Gecko) Chrome/129.0.0.0 Safari/537.36"
157.245.147.208 - - [26/Jan/2025:02:42:35 +0300] "GET /upload/resize_cache/iblock/02e/xh94w51hbiunk2ehh6ibozspc42c5usy/1500_1500_0/22.jpg HTTP/1.1" 200 468903 "-" "Mozilla/5.0 (iPhone; CPU iPhone OS 17_1 like Mac OS X) AppleWebKit/605.1.15 (KHTML, like Gecko) EdgiOS/120.0.2210.86 Version/17.0 Mobile/15E148 Safari/604.1"
65.21.23.50 - - [26/Jan/2025:02:42:35 +0300] "GET / HTTP/1.0" 200 688349 "https://monolith-realty.ru/" "Mozilla/5.0 (Windows NT 10.0; Win64; x64) AppleWebKit/537.36 (KHTML, like Gecko) Chrome/129.0.0.0 Safari/537.36"
65.21.23.50 - - [26/Jan/2025:02:42:36 +0300] "GET / HTTP/1.0" 200 688349 "https://monolith-realty.ru/" "Mozilla/5.0 (Windows NT 10.0; Win64; x64) AppleWebKit/537.36 (KHTML, like Gecko) Chrome/129.0.0.0 Safari/537.36"
65.21.23.50 - - [26/Jan/2025:02:42:36 +0300] "GET /blog/ HTTP/1.0" 200 263598 "https://monolith-realty.ru/blog/" "Mozilla/5.0 (Windows NT 10.0; Win64; x64) AppleWebKit/537.36 (KHTML, like Gecko) Chrome/129.0.0.0 Safari/537.36"
54.220.87.80 - - [26/Jan/2025:02:45:36 +0300] "GET / HTTP/1.0" 200 688450 "-" "BitrixCloud Monitoring/1.0"
23.98.179.20 - - [26/Jan/2025:02:46:25 +0300] "GET / HTTP/1.0" 200 83470 "-" "Mozilla/5.0 AppleWebKit/537.36 (KHTML, like Gecko); compatible; ChatGPT-User/1.0; +https://openai.com/bot"
23.98.179.22 - - [26/Jan/2025:02:46:26 +0300] "GET /blog/flats/investiruem-v-nedvizhimost-pkhuketa-detalnyy-obzor/ HTTP/1.0" 200 58450 "-" "Mozilla/5.0 AppleWebKit/537.36 (KHTML, like Gecko); compatible; ChatGPT-User/1.0; +https://openai.com/bot"
34.206.204.40 - - [26/Jan/2025:02:47:00 +0300] "GET / HTTP/1.0" 200 688450 "-" "BitrixCloud Monitoring/1.0"
5.255.231.40 - - [26/Jan/2025:02:51:09 +0300] "GET /upload/iblock/d59/204hjcio7qgb0pfbk5wkqw1ce5ebb8jr/c28_-_1_.jpg HTTP/1.1" 304 0 "-" "Mozilla/5.0 (compatible; YandexImages/3.0; +http://yandex.com/bots)"
89.208.105.220 - - [26/Jan/2025:02:51:12 +0300] "GET / HTTP/1.1" 301 189 "-" "Mozilla/5.0 (Windows NT 5.1; WOW64; rv:46.0) Gecko/20100101 Firefox/46.0"
89.208.105.220 - - [26/Jan/2025:02:51:13 +0300] "GET / HTTP/1.0" 200 83466 "-" "Mozilla/5.0 (Windows NT 5.1; WOW64; rv:46.0) Gecko/20100101 Firefox/46.0"
89.208.105.220 - - [26/Jan/2025:02:51:14 +0300] "GET /bitrix/tools/composite_data.php HTTP/1.0" 200 806 "https://monolith-realty.ru:443/" "Mozilla/5.0 (Windows NT 5.1; WOW64; rv:46.0) Gecko/20100101 Firefox/46.0"
89.208.105.220 - - [26/Jan/2025:02:51:14 +0300] "POST /bitrix/tools/html_editor_action.php HTTP/1.0" 200 587 "https://monolith-realty.ru:443/bitrix/tools/composite_data.php" "Mozilla/5.0 (Windows NT 5.1; WOW64; rv:46.0) Gecko/20100101 Firefox/46.0"
89.208.105.220 - - [26/Jan/2025:02:51:18 +0300] "POST /bitrix/tools/html_editor_action.php HTTP/1.0" 200 587 "https://monolith-realty.ru:443/bitrix/tools/html_editor_action.php" "Mozilla/5.0 (Windows NT 5.1; WOW64; rv:46.0) Gecko/20100101 Firefox/46.0"
89.208.105.220 - - [26/Jan/2025:02:51:18 +0300] "POST /bitrix/tools/html_editor_action.php HTTP/1.0" 200 587 "https://monolith-realty.ru:443/bitrix/tools/html_editor_action.php" "Mozilla/5.0 (Windows NT 5.1; WOW64; rv:46.0) Gecko/20100101 Firefox/46.0"
89.208.105.220 - - [26/Jan/2025:02:51:18 +0300] "GET / HTTP/1.0" 200 83365 "https://monolith-realty.ru:443/bitrix/tools/html_editor_action.php" "Mozilla/5.0 (Windows NT 5.1; WOW64; rv:46.0) Gecko/20100101 Firefox/46.0"
89.208.105.220 - - [26/Jan/2025:02:51:19 +0300] "POST /accesson.php HTTP/1.0" 404 220471 "https://monolith-realty.ru:443/" "Mozilla/5.0 (Windows NT 5.1; WOW64; rv:46.0) Gecko/20100101 Firefox/46.0"
54.220.87.80 - - [26/Jan/2025:02:51:36 +0300] "GET / HTTP/1.0" 200 688450 "-" "BitrixCloud Monitoring/1.0"
213.180.203.85 - - [26/Jan/2025:02:51:55 +0300] "GET /product/anapa/kvartiry-i-apartamenty/ak-sun-garden-hotel-spa-/ HTTP/1.0" 200 68500 "-" "Mozilla/5.0 (compatible; YandexBot/3.0; +http://yandex.com/bots) AppleWebKit/537.36 (KHTML, like Gecko) Chrome/108.0.0.0"
87.250.224.236 - - [26/Jan/2025:02:51:57 +0300] "GET /local/templates/monolitsochi/vendor/ls.unveilhooks.min.js HTTP/1.1" 200 702 "https://monolith-realty.ru/product/anapa/kvartiry-i-apartamenty/ak-sun-garden-hotel-spa-/" "Mozilla/5.0 (compatible; YandexRenderResourcesBot/1.0; +http://yandex.com/bots) AppleWebKit/537.36 (KHTML, like Gecko) Chrome/108.0.0.0"
52.167.144.188 - - [26/Jan/2025:02:52:52 +0300] "GET /product/Sochi/zhilye-kompleksy/zhk-po-fz-214/ HTTP/1.0" 200 61615 "-" "Mozilla/5.0 AppleWebKit/537.36 (KHTML, like Gecko; compatible; bingbot/2.0; +http://www.bing.com/bingbot.htm) Chrome/116.0.1938.76 Safari/537.36"
34.206.204.40 - - [26/Jan/2025:02:53:00 +0300] "GET / HTTP/1.0" 200 688450 "-" "BitrixCloud Monitoring/1.0"
5.255.231.15 - - [26/Jan/2025:02:55:31 +0300] "GET /upload/iblock/4f3/6r5gvtgzio32nga7ysfva2xzfq9e61ss/Screenshot_5.png HTTP/1.1" 200 615680 "-" "Mozilla/5.0 (compatible; YandexImages/3.0; +http://yandex.com/bots)"
213.180.203.170 - - [26/Jan/2025:02:55:32 +0300] "GET /upload/iblock/5db/536ryym0ksvy3zwmgp7j3fmh694fmi1m/Screenshot_7.png HTTP/1.1" 304 0 "-" "Mozilla/5.0 (compatible; YandexImages/3.0; +http://yandex.com/bots)"
213.180.203.88 - - [26/Jan/2025:02:55:35 +0300] "GET /upload/iblock/978/7gvaqhi51w190rgcup74z97ctn11oczi/Screenshot_11.png HTTP/1.1" 200 1258302 "-" "Mozilla/5.0 (compatible; YandexImages/3.0; +http://yandex.com/bots)"
54.220.87.80 - - [26/Jan/2025:02:57:37 +0300] "GET / HTTP/1.0" 200 688450 "-" "BitrixCloud Monitoring/1.0"
157.55.39.200 - - [26/Jan/2025:02:58:13 +0300] "GET /product/Crimea/ak-atlas-sudak/ HTTP/1.0" 200 63536 "-" "Mozilla/5.0 AppleWebKit/537.36 (KHTML, like Gecko; compatible; bingbot/2.0; +http://www.bing.com/bingbot.htm) Chrome/116.0.1938.76 Safari/537.36"
81.199.92.198 - - [26/Jan/2025:02:58:54 +0300] "GET /upload/iblock/710/5j7ji65ytuenfa82qdb9p2506yaavzw7/2779fdfd4aa9624b21dc00c476e68204.jpg HTTP/2.0" 200 321636 "https://www.google.com/" "Mozilla/5.0 (Linux; Android 13; 2201116SG Build/TKQ1.221114.001; wv) AppleWebKit/537.36 (KHTML, like Gecko) Version/4.0 Chrome/131.0.6778.260 Mobile Safari/537.36 GoogleApp/16.2.40.ve.arm64"
34.206.204.40 - - [26/Jan/2025:02:59:01 +0300] "GET / HTTP/1.0" 200 688450 "-" "BitrixCloud Monitoring/1.0"
91.239.157.83 - - [26/Jan/2025:02:59:57 +0300] "GET /upload/iblock/c3d/ug5b3lyg0ccx5cx423bbi3qs7rtryxi7.jpg HTTP/2.0" 200 138776 "https://yandex.ru/" "Mozilla/5.0 (iPhone; CPU iPhone OS 15_6_1 like Mac OS X) AppleWebKit/605.1.15 (KHTML, like Gecko) Mobile/15E148 YaBrowser/24.12.5.933.10 YaApp_iOS/2412.5 YaApp_iOS_Search/2412.5 TA/2.1 webVert webOmni Safari/604.1 SA/3"
157.245.196.193 - - [26/Jan/2025:02:59:58 +0300] "GET /upload/iblock/81a/8745m1k7d7q8suuf690ip0cvb4wge0ij/Letniy_2pod_6_9-etazh_1kh_37_6_2.jpg HTTP/1.1" 200 290279 "-" "Mozilla/5.0 (Windows NT 10.0; Win64; x64) AppleWebKit/537.36 (KHTML, like Gecko) Chrome/121.0.0.0 Safari/537.36 Edg/121.0.0.0"
36.110.131.52 - - [26/Jan/2025:03:00:08 +0300] "GET /upload/resize_cache/webp/iblock/0b9/emv05ohd20xuvw6l9rh5ofirh8dcyo19/Screenshot_8.webp HTTP/1.1" 200 13886 "-" "Mozilla/5.0 (Windows NT 6.1; WOW64) AppleWebKit/537.36 (KHTML, like Gecko) Chrome/58.0.3029.110 Safari/537.36 OPR/45.0.2552.888"
54.220.87.80 - - [26/Jan/2025:03:03:36 +0300] "GET / HTTP/1.0" 200 688450 "-" "BitrixCloud Monitoring/1.0"
34.206.204.40 - - [26/Jan/2025:03:05:00 +0300] "GET / HTTP/1.0" 200 688450 "-" "BitrixCloud Monitoring/1.0"
66.249.68.7 - - [26/Jan/2025:03:06:19 +0300] "GET /product/anapa/kottedzhi/kp-modern-village/ HTTP/1.0" 200 68017 "-" "Mozilla/5.0 (Linux; Android 6.0.1; Nexus 5X Build/MMB29P) AppleWebKit/537.36 (KHTML, like Gecko) Chrome/132.0.6834.83 Mobile Safari/537.36 (compatible; Googlebot/2.1; +http://www.google.com/bot.html)"
5.255.231.10 - - [26/Jan/2025:03:06:34 +0300] "GET /robots.txt HTTP/1.1" 301 189 "-" "Mozilla/5.0 (compatible; YandexBot/3.0; +http://yandex.com/bots)"
5.255.231.10 - - [26/Jan/2025:03:06:34 +0300] "GET /robots.txt HTTP/1.0" 200 3719 "-" "Mozilla/5.0 (compatible; YandexBot/3.0; +http://yandex.com/bots)"
213.180.203.138 - - [26/Jan/2025:03:06:34 +0300] "GET / HTTP/1.1" 301 189 "-" "Mozilla/5.0 (Linux; Android 6.0.1; SM-G570F Build/MMB29K) AppleWebKit/537.36 (KHTML, like Gecko) Chrome/59.0.3071.125 Mobile Safari/537.36 (compatible; YandexMetrika/3.0; +http://yandex.com/bots)"
95.108.213.246 - - [26/Jan/2025:03:06:39 +0300] "GET / HTTP/1.0" 200 83466 "-" "Mozilla/5.0 (Linux; Android 6.0.1; SM-G570F Build/MMB29K) AppleWebKit/537.36 (KHTML, like Gecko) Chrome/59.0.3071.125 Mobile Safari/537.36 (compatible; YandexMetrika/3.0; +http://yandex.com/bots)"
54.220.87.80 - - [26/Jan/2025:03:09:37 +0300] "GET / HTTP/1.0" 200 688450 "-" "BitrixCloud Monitoring/1.0"
46.8.110.241 - - [26/Jan/2025:03:09:43 +0300] "GET /blog/flats/investitsii-v-nedvizhimost-sochi-rentabelnye-obekty-/ HTTP/1.0" 200 57325 "-" "Mozilla/5.0 (Linux; Android 10; K) AppleWebKit/537.36 (KHTML, like Gecko) Chrome/131.0.0.0 Mobile Safari/537.36"
46.8.110.241 - - [26/Jan/2025:03:09:43 +0300] "GET /local/templates/monolitsochi/components/bitrix/news.detail/news/style.css?17186182873157 HTTP/2.0" 200 992 "https://monolith-realty.ru/blog/flats/investitsii-v-nedvizhimost-sochi-rentabelnye-obekty-/" "Mozilla/5.0 (Linux; Android 10; K) AppleWebKit/537.36 (KHTML, like Gecko) Chrome/131.0.0.0 Mobile Safari/537.36"
143.198.204.21 - - [26/Jan/2025:03:09:43 +0300] "GET /upload/iblock/bbe/w0leiruebfd31gvptjfiwkd0u9lqxjmk.jpg HTTP/1.1" 200 221683 "-" "Mozilla/5.0 (Windows NT 10.0; Win64; x64; rv:123.0) Gecko/20100101 Firefox/123.0"
46.8.110.241 - - [26/Jan/2025:03:09:44 +0300] "GET /local/templates/monolitsochi/css/jquery.fancybox.css?171239765317412 HTTP/2.0" 200 3677 "https://monolith-realty.ru/blog/flats/investitsii-v-nedvizhimost-sochi-rentabelnye-obekty-/" "Mozilla/5.0 (Linux; Android 10; K) AppleWebKit/537.36 (KHTML, like Gecko) Chrome/131.0.0.0 Mobile Safari/537.36"
46.8.110.241 - - [26/Jan/2025:03:09:44 +0300] "GET /bitrix/components/bitrix/system.show_message/templates/.default/style.css?168986523064 HTTP/2.0" 200 68 "https://monolith-realty.ru/blog/flats/investitsii-v-nedvizhimost-sochi-rentabelnye-obekty-/" "Mozilla/5.0 (Linux; Android 10; K) AppleWebKit/537.36 (KHTML, like Gecko) Chrome/131.0.0.0 Mobile Safari/537.36"
46.8.110.241 - - [26/Jan/2025:03:09:44 +0300] "GET /local/templates/monolitsochi/components/bitrix/news.list/items-list-inner/style.css?17123976528093 HTTP/2.0" 200 1551 "https://monolith-realty.ru/blog/flats/investitsii-v-nedvizhimost-sochi-rentabelnye-obekty-/" "Mozilla/5.0 (Linux; Android 10; K) AppleWebKit/537.36 (KHTML, like Gecko) Chrome/131.0.0.0 Mobile Safari/537.36"
46.8.110.241 - - [26/Jan/2025:03:09:44 +0300] "GET /local/templates/monolitsochi/styles/css-gulp/style.css?171239765231179 HTTP/2.0" 200 5615 "https://monolith-realty.ru/blog/flats/investitsii-v-nedvizhimost-sochi-rentabelnye-obekty-/" "Mozilla/5.0 (Linux; Android 10; K) AppleWebKit/537.36 (KHTML, like Gecko) Chrome/131.0.0.0 Mobile Safari/537.36"
46.8.110.241 - - [26/Jan/2025:03:09:44 +0300] "GET /local/mobile.css?17231021863821 HTTP/2.0" 200 1045 "https://monolith-realty.ru/blog/flats/investitsii-v-nedvizhimost-sochi-rentabelnye-obekty-/" "Mozilla/5.0 (Linux; Android 10; K) AppleWebKit/537.36 (KHTML, like Gecko) Chrome/131.0.0.0 Mobile Safari/537.36"
46.8.110.241 - - [26/Jan/2025:03:09:44 +0300] "GET /local/templates/monolitsochi/css/fonts/montserrat/css/montserrat.min.css?17123976535716 HTTP/2.0" 200 437 "https://monolith-realty.ru/blog/flats/investitsii-v-nedvizhimost-sochi-rentabelnye-obekty-/" "Mozilla/5.0 (Linux; Android 10; K) AppleWebKit/537.36 (KHTML, like Gecko) Chrome/131.0.0.0 Mobile Safari/537.36"
46.8.110.241 - - [26/Jan/2025:03:09:44 +0300] "GET /local/templates/monolitsochi/css/fonts/roboto/css/roboto.min.css?17123976534318 HTTP/2.0" 200 392 "https://monolith-realty.ru/blog/flats/investitsii-v-nedvizhimost-sochi-rentabelnye-obekty-/" "Mozilla/5.0 (Linux; Android 10; K) AppleWebKit/537.36 (KHTML, like Gecko) Chrome/131.0.0.0 Mobile Safari/537.36"
46.8.110.241 - - [26/Jan/2025:03:09:44 +0300] "GET /local/templates/monolitsochi/css/bootstrap.css?1712397653114216 HTTP/2.0" 200 16456 "https://monolith-realty.ru/blog/flats/investitsii-v-nedvizhimost-sochi-rentabelnye-obekty-/" "Mozilla/5.0 (Linux; Android 10; K) AppleWebKit/537.36 (KHTML, like Gecko) Chrome/131.0.0.0 Mobile Safari/537.36"
46.8.110.241 - - [26/Jan/2025:03:09:44 +0300] "GET /local/templates/monolitsochi/css/theme-elements.css?17123976534301 HTTP/2.0" 200 1076 "https://monolith-realty.ru/blog/flats/investitsii-v-nedvizhimost-sochi-rentabelnye-obekty-/" "Mozilla/5.0 (Linux; Android 10; K) AppleWebKit/537.36 (KHTML, like Gecko) Chrome/131.0.0.0 Mobile Safari/537.36"
46.8.110.241 - - [26/Jan/2025:03:09:44 +0300] "GET /local/templates/monolitsochi/css/jquery.mCustomScrollbar.min.css?171239765342839 HTTP/2.0" 200 4235 "https://monolith-realty.ru/blog/flats/investitsii-v-nedvizhimost-sochi-rentabelnye-obekty-/" "Mozilla/5.0 (Linux; Android 10; K) AppleWebKit/537.36 (KHTML, like Gecko) Chrome/131.0.0.0 Mobile Safari/537.36"
46.8.110.241 - - [26/Jan/2025:03:09:44 +0300] "GET /local/templates/monolitsochi/vendor/css/ripple.css?1712397654854 HTTP/2.0" 200 279 "https://monolith-realty.ru/blog/flats/investitsii-v-nedvizhimost-sochi-rentabelnye-obekty-/" "Mozilla/5.0 (Linux; Android 10; K) AppleWebKit/537.36 (KHTML, like Gecko) Chrome/131.0.0.0 Mobile Safari/537.36"
46.8.110.241 - - [26/Jan/2025:03:09:44 +0300] "GET /local/templates/monolitsochi/css/animation/animate.min.css?171239765352789 HTTP/2.0" 200 4103 "https://monolith-realty.ru/blog/flats/investitsii-v-nedvizhimost-sochi-rentabelnye-obekty-/" "Mozilla/5.0 (Linux; Android 10; K) AppleWebKit/537.36 (KHTML, like Gecko) Chrome/131.0.0.0 Mobile Safari/537.36"
46.8.110.241 - - [26/Jan/2025:03:09:44 +0300] "GET /local/templates/monolitsochi/css/animation/animation_ext.css?17123976535902 HTTP/2.0" 200 941 "https://monolith-realty.ru/blog/flats/investitsii-v-nedvizhimost-sochi-rentabelnye-obekty-/" "Mozilla/5.0 (Linux; Android 10; K) AppleWebKit/537.36 (KHTML, like Gecko) Chrome/131.0.0.0 Mobile Safari/537.36"
46.8.110.241 - - [26/Jan/2025:03:09:44 +0300] "GET /local/templates/monolitsochi/vendor/css/carousel/owl/owl.carousel.css?17123976544744 HTTP/2.0" 200 1387 "https://monolith-realty.ru/blog/flats/investitsii-v-nedvizhimost-sochi-rentabelnye-obekty-/" "Mozilla/5.0 (Linux; Android 10; K) AppleWebKit/537.36 (KHTML, like Gecko) Chrome/131.0.0.0 Mobile Safari/537.36"
46.8.110.241 - - [26/Jan/2025:03:09:44 +0300] "GET /local/templates/monolitsochi/vendor/css/carousel/owl/owl.theme.default.css?17123976541380 HTTP/2.0" 200 562 "https://monolith-realty.ru/blog/flats/investitsii-v-nedvizhimost-sochi-rentabelnye-obekty-/" "Mozilla/5.0 (Linux; Android 10; K) AppleWebKit/537.36 (KHTML, like Gecko) Chrome/131.0.0.0 Mobile Safari/537.36"
46.8.110.241 - - [26/Jan/2025:03:09:44 +0300] "GET /local/templates/monolitsochi/css/buttons.css?171239765316829 HTTP/2.0" 200 2413 "https://monolith-realty.ru/blog/flats/investitsii-v-nedvizhimost-sochi-rentabelnye-obekty-/" "Mozilla/5.0 (Linux; Android 10; K) AppleWebKit/537.36 (KHTML, like Gecko) Chrome/131.0.0.0 Mobile Safari/537.36"
46.8.110.241 - - [26/Jan/2025:03:09:44 +0300] "GET /local/templates/monolitsochi/css/svg.css?17123976533334 HTTP/2.0" 200 760 "https://monolith-realty.ru/blog/flats/investitsii-v-nedvizhimost-sochi-rentabelnye-obekty-/" "Mozilla/5.0 (Linux; Android 10; K) AppleWebKit/537.36 (KHTML, like Gecko) Chrome/131.0.0.0 Mobile Safari/537.36"
46.8.110.241 - - [26/Jan/2025:03:09:44 +0300] "GET /local/templates/monolitsochi/css/header.css?171239765341573 HTTP/2.0" 200 5312 "https://monolith-realty.ru/blog/flats/investitsii-v-nedvizhimost-sochi-rentabelnye-obekty-/" "Mozilla/5.0 (Linux; Android 10; K) AppleWebKit/537.36 (KHTML, like Gecko) Chrome/131.0.0.0 Mobile Safari/537.36"
46.8.110.241 - - [26/Jan/2025:03:09:44 +0300] "GET /local/templates/monolitsochi/css/footer.css?171239765319141 HTTP/2.0" 200 3732 "https://monolith-realty.ru/blog/flats/investitsii-v-nedvizhimost-sochi-rentabelnye-obekty-/" "Mozilla/5.0 (Linux; Android 10; K) AppleWebKit/537.36 (KHTML, like Gecko) Chrome/131.0.0.0 Mobile Safari/537.36"
46.8.110.241 - - [26/Jan/2025:03:09:44 +0300] "GET /local/templates/monolitsochi/css/menu-top.css?171810856920791 HTTP/2.0" 200 3549 "https://monolith-realty.ru/blog/flats/investitsii-v-nedvizhimost-sochi-rentabelnye-obekty-/" "Mozilla/5.0 (Linux; Android 10; K) AppleWebKit/537.36 (KHTML, like Gecko) Chrome/131.0.0.0 Mobile Safari/537.36"
46.8.110.241 - - [26/Jan/2025:03:09:44 +0300] "GET /local/templates/monolitsochi/css/mega-menu.css?17123976531863 HTTP/2.0" 200 625 "https://monolith-realty.ru/blog/flats/investitsii-v-nedvizhimost-sochi-rentabelnye-obekty-/" "Mozilla/5.0 (Linux; Android 10; K) AppleWebKit/537.36 (KHTML, like Gecko) Chrome/131.0.0.0 Mobile Safari/537.36"
46.8.110.241 - - [26/Jan/2025:03:09:44 +0300] "GET /local/templates/monolitsochi/css/mobile-header.css?17123976533986 HTTP/2.0" 200 1163 "https://monolith-realty.ru/blog/flats/investitsii-v-nedvizhimost-sochi-rentabelnye-obekty-/" "Mozilla/5.0 (Linux; Android 10; K) AppleWebKit/537.36 (KHTML, like Gecko) Chrome/131.0.0.0 Mobile Safari/537.36"
46.8.110.241 - - [26/Jan/2025:03:09:44 +0300] "GET /local/templates/monolitsochi/css/mobile-menu.css?17123976535995 HTTP/2.0" 200 1571 "https://monolith-realty.ru/blog/flats/investitsii-v-nedvizhimost-sochi-rentabelnye-obekty-/" "Mozilla/5.0 (Linux; Android 10; K) AppleWebKit/537.36 (KHTML, like Gecko) Chrome/131.0.0.0 Mobile Safari/537.36"
46.8.110.241 - - [26/Jan/2025:03:09:44 +0300] "GET /local/templates/monolitsochi/css/header-fixed.css?17123976531260 HTTP/2.0" 200 495 "https://monolith-realty.ru/blog/flats/investitsii-v-nedvizhimost-sochi-rentabelnye-obekty-/" "Mozilla/5.0 (Linux; Android 10; K) AppleWebKit/537.36 (KHTML, like Gecko) Chrome/131.0.0.0 Mobile Safari/537.36"
46.8.110.241 - - [26/Jan/2025:03:09:44 +0300] "GET /local/templates/monolitsochi/css/search-title.css?17123976533838 HTTP/2.0" 200 1094 "https://monolith-realty.ru/blog/flats/investitsii-v-nedvizhimost-sochi-rentabelnye-obekty-/" "Mozilla/5.0 (Linux; Android 10; K) AppleWebKit/537.36 (KHTML, like Gecko) Chrome/131.0.0.0 Mobile Safari/537.36"
46.8.110.241 - - [26/Jan/2025:03:09:44 +0300] "GET /local/templates/monolitsochi/css/page-title-breadcrumb-pagination.css?17123976535630 HTTP/2.0" 200 1542 "https://monolith-realty.ru/blog/flats/investitsii-v-nedvizhimost-sochi-rentabelnye-obekty-/" "Mozilla/5.0 (Linux; Android 10; K) AppleWebKit/537.36 (KHTML, like Gecko) Chrome/131.0.0.0 Mobile Safari/537.36"
46.8.110.241 - - [26/Jan/2025:03:09:44 +0300] "GET /local/templates/monolitsochi/css/social-icons.css?171239765315372 HTTP/2.0" 200 1957 "https://monolith-realty.ru/blog/flats/investitsii-v-nedvizhimost-sochi-rentabelnye-obekty-/" "Mozilla/5.0 (Linux; Android 10; K) AppleWebKit/537.36 (KHTML, like Gecko) Chrome/131.0.0.0 Mobile Safari/537.36"
46.8.110.241 - - [26/Jan/2025:03:09:44 +0300] "GET /local/templates/monolitsochi/css/left-menu.css?17123976534511 HTTP/2.0" 200 1335 "https://monolith-realty.ru/blog/flats/investitsii-v-nedvizhimost-sochi-rentabelnye-obekty-/" "Mozilla/5.0 (Linux; Android 10; K) AppleWebKit/537.36 (KHTML, like Gecko) Chrome/131.0.0.0 Mobile Safari/537.36"
46.8.110.241 - - [26/Jan/2025:03:09:44 +0300] "GET /local/templates/monolitsochi/css/top-menu.css?171239765313140 HTTP/2.0" 200 2510 "https://monolith-realty.ru/blog/flats/investitsii-v-nedvizhimost-sochi-rentabelnye-obekty-/" "Mozilla/5.0 (Linux; Android 10; K) AppleWebKit/537.36 (KHTML, like Gecko) Chrome/131.0.0.0 Mobile Safari/537.36"
46.8.110.241 - - [26/Jan/2025:03:09:44 +0300] "GET /local/templates/monolitsochi/css/detail-gallery.css?17123976538923 HTTP/2.0" 200 1866 "https://monolith-realty.ru/blog/flats/investitsii-v-nedvizhimost-sochi-rentabelnye-obekty-/" "Mozilla/5.0 (Linux; Android 10; K) AppleWebKit/537.36 (KHTML, like Gecko) Chrome/131.0.0.0 Mobile Safari/537.36"
46.8.110.241 - - [26/Jan/2025:03:09:44 +0300] "GET /local/templates/monolitsochi/css/detail.css?17180135852726 HTTP/2.0" 200 858 "https://monolith-realty.ru/blog/flats/investitsii-v-nedvizhimost-sochi-rentabelnye-obekty-/" "Mozilla/5.0 (Linux; Android 10; K) AppleWebKit/537.36 (KHTML, like Gecko) Chrome/131.0.0.0 Mobile Safari/537.36"
46.8.110.241 - - [26/Jan/2025:03:09:44 +0300] "GET /local/templates/monolitsochi/css/banners.css?171300063839458 HTTP/2.0" 200 5652 "https://monolith-realty.ru/blog/flats/investitsii-v-nedvizhimost-sochi-rentabelnye-obekty-/" "Mozilla/5.0 (Linux; Android 10; K) AppleWebKit/537.36 (KHTML, like Gecko) Chrome/131.0.0.0 Mobile Safari/537.36"
46.8.110.241 - - [26/Jan/2025:03:09:44 +0300] "GET /local/templates/monolitsochi/css/yandex-map.css?171239765316330 HTTP/2.0" 200 2995 "https://monolith-realty.ru/blog/flats/investitsii-v-nedvizhimost-sochi-rentabelnye-obekty-/" "Mozilla/5.0 (Linux; Android 10; K) AppleWebKit/537.36 (KHTML, like Gecko) Chrome/131.0.0.0 Mobile Safari/537.36"
46.8.110.241 - - [26/Jan/2025:03:09:44 +0300] "GET /local/templates/monolitsochi/css/bg-banner.css?17123976533447 HTTP/2.0" 200 703 "https://monolith-realty.ru/blog/flats/investitsii-v-nedvizhimost-sochi-rentabelnye-obekty-/" "Mozilla/5.0 (Linux; Android 10; K) AppleWebKit/537.36 (KHTML, like Gecko) Chrome/131.0.0.0 Mobile Safari/537.36"
46.8.110.241 - - [26/Jan/2025:03:09:44 +0300] "GET /local/templates/monolitsochi/css/smart-filter.css?171239765332388 HTTP/2.0" 200 5453 "https://monolith-realty.ru/blog/flats/investitsii-v-nedvizhimost-sochi-rentabelnye-obekty-/" "Mozilla/5.0 (Linux; Android 10; K) AppleWebKit/537.36 (KHTML, like Gecko) Chrome/131.0.0.0 Mobile Safari/537.36"
46.8.110.241 - - [26/Jan/2025:03:09:44 +0300] "GET /local/templates/monolitsochi/css/basket.css?17123976539450 HTTP/2.0" 200 2350 "https://monolith-realty.ru/blog/flats/investitsii-v-nedvizhimost-sochi-rentabelnye-obekty-/" "Mozilla/5.0 (Linux; Android 10; K) AppleWebKit/537.36 (KHTML, like Gecko) Chrome/131.0.0.0 Mobile Safari/537.36"
46.8.110.241 - - [26/Jan/2025:03:09:44 +0300] "GET /local/templates/monolitsochi/css/contacts.css?171239765310506 HTTP/2.0" 200 2252 "https://monolith-realty.ru/blog/flats/investitsii-v-nedvizhimost-sochi-rentabelnye-obekty-/" "Mozilla/5.0 (Linux; Android 10; K) AppleWebKit/537.36 (KHTML, like Gecko) Chrome/131.0.0.0 Mobile Safari/537.36"
46.8.110.241 - - [26/Jan/2025:03:09:44 +0300] "GET /local/templates/monolitsochi/css/regions.css?17123976537404 HTTP/2.0" 200 1748 "https://monolith-realty.ru/blog/flats/investitsii-v-nedvizhimost-sochi-rentabelnye-obekty-/" "Mozilla/5.0 (Linux; Android 10; K) AppleWebKit/537.36 (KHTML, like Gecko) Chrome/131.0.0.0 Mobile Safari/537.36"
46.8.110.241 - - [26/Jan/2025:03:09:44 +0300] "GET /local/templates/monolitsochi/css/profile.css?17123976538501 HTTP/2.0" 200 2062 "https://monolith-realty.ru/blog/flats/investitsii-v-nedvizhimost-sochi-rentabelnye-obekty-/" "Mozilla/5.0 (Linux; Android 10; K) AppleWebKit/537.36 (KHTML, like Gecko) Chrome/131.0.0.0 Mobile Safari/537.36"
46.8.110.241 - - [26/Jan/2025:03:09:44 +0300] "GET /local/templates/monolitsochi/css/item-views.css?1712397653545 HTTP/2.0" 200 209 "https://monolith-realty.ru/blog/flats/investitsii-v-nedvizhimost-sochi-rentabelnye-obekty-/" "Mozilla/5.0 (Linux; Android 10; K) AppleWebKit/537.36 (KHTML, like Gecko) Chrome/131.0.0.0 Mobile Safari/537.36"
46.8.110.241 - - [26/Jan/2025:03:09:44 +0300] "GET /local/templates/monolitsochi/css/catalog.css?17123976535726 HTTP/2.0" 200 1514 "https://monolith-realty.ru/blog/flats/investitsii-v-nedvizhimost-sochi-rentabelnye-obekty-/" "Mozilla/5.0 (Linux; Android 10; K) AppleWebKit/537.36 (KHTML, like Gecko) Chrome/131.0.0.0 Mobile Safari/537.36"
46.8.110.241 - - [26/Jan/2025:03:09:44 +0300] "GET /local/templates/monolitsochi/css/reviews.css?1712397653438 HTTP/2.0" 200 198 "https://monolith-realty.ru/blog/flats/investitsii-v-nedvizhimost-sochi-rentabelnye-obekty-/" "Mozilla/5.0 (Linux; Android 10; K) AppleWebKit/537.36 (KHTML, like Gecko) Chrome/131.0.0.0 Mobile Safari/537.36"
46.8.110.241 - - [26/Jan/2025:03:09:44 +0300] "GET /local/templates/monolitsochi/css/h1-bold.css?171239765378 HTTP/2.0" 200 80 "https://monolith-realty.ru/blog/flats/investitsii-v-nedvizhimost-sochi-rentabelnye-obekty-/" "Mozilla/5.0 (Linux; Android 10; K) AppleWebKit/537.36 (KHTML, like Gecko) Chrome/131.0.0.0 Mobile Safari/537.36"
46.8.110.241 - - [26/Jan/2025:03:09:44 +0300] "GET /local/templates/monolitsochi/css/blocks/arrows.css?17123976531791 HTTP/2.0" 200 456 "https://monolith-realty.ru/blog/flats/investitsii-v-nedvizhimost-sochi-rentabelnye-obekty-/" "Mozilla/5.0 (Linux; Android 10; K) AppleWebKit/537.36 (KHTML, like Gecko) Chrome/131.0.0.0 Mobile Safari/537.36"
46.8.110.241 - - [26/Jan/2025:03:09:44 +0300] "GET /local/templates/monolitsochi/css/blocks/ask-block.css?1712397653259 HTTP/2.0" 200 147 "https://monolith-realty.ru/blog/flats/investitsii-v-nedvizhimost-sochi-rentabelnye-obekty-/" "Mozilla/5.0 (Linux; Android 10; K) AppleWebKit/537.36 (KHTML, like Gecko) Chrome/131.0.0.0 Mobile Safari/537.36"
46.8.110.241 - - [26/Jan/2025:03:09:44 +0300] "GET /local/templates/monolitsochi/css/blocks/back-url.css?1712397653652 HTTP/2.0" 200 319 "https://monolith-realty.ru/blog/flats/investitsii-v-nedvizhimost-sochi-rentabelnye-obekty-/" "Mozilla/5.0 (Linux; Android 10; K) AppleWebKit/537.36 (KHTML, like Gecko) Chrome/131.0.0.0 Mobile Safari/537.36"
46.8.110.241 - - [26/Jan/2025:03:09:44 +0300] "GET /local/templates/monolitsochi/css/blocks/chars.css?17123976534464 HTTP/2.0" 200 1127 "https://monolith-realty.ru/blog/flats/investitsii-v-nedvizhimost-sochi-rentabelnye-obekty-/" "Mozilla/5.0 (Linux; Android 10; K) AppleWebKit/537.36 (KHTML, like Gecko) Chrome/131.0.0.0 Mobile Safari/537.36"
46.8.110.241 - - [26/Jan/2025:03:09:44 +0300] "GET /local/templates/monolitsochi/css/blocks/controls.css?17123976533098 HTTP/2.0" 200 947 "https://monolith-realty.ru/blog/flats/investitsii-v-nedvizhimost-sochi-rentabelnye-obekty-/" "Mozilla/5.0 (Linux; Android 10; K) AppleWebKit/537.36 (KHTML, like Gecko) Chrome/131.0.0.0 Mobile Safari/537.36"
46.8.110.241 - - [26/Jan/2025:03:09:44 +0300] "GET /local/templates/monolitsochi/css/blocks/countdown.css?17123976532159 HTTP/2.0" 200 589 "https://monolith-realty.ru/blog/flats/investitsii-v-nedvizhimost-sochi-rentabelnye-obekty-/" "Mozilla/5.0 (Linux; Android 10; K) AppleWebKit/537.36 (KHTML, like Gecko) Chrome/131.0.0.0 Mobile Safari/537.36"
46.8.110.241 - - [26/Jan/2025:03:09:44 +0300] "GET /local/templates/monolitsochi/css/blocks/cross.css?1712397653925 HTTP/2.0" 200 316 "https://monolith-realty.ru/blog/flats/investitsii-v-nedvizhimost-sochi-rentabelnye-obekty-/" "Mozilla/5.0 (Linux; Android 10; K) AppleWebKit/537.36 (KHTML, like Gecko) Chrome/131.0.0.0 Mobile Safari/537.36"
46.8.110.241 - - [26/Jan/2025:03:09:44 +0300] "GET /local/templates/monolitsochi/css/blocks/dark-light-theme.css?17123976532457 HTTP/2.0" 200 614 "https://monolith-realty.ru/blog/flats/investitsii-v-nedvizhimost-sochi-rentabelnye-obekty-/" "Mozilla/5.0 (Linux; Android 10; K) AppleWebKit/537.36 (KHTML, like Gecko) Chrome/131.0.0.0 Mobile Safari/537.36"
46.8.110.241 - - [26/Jan/2025:03:09:44 +0300] "GET /local/templates/monolitsochi/css/blocks/docs.css?17123976532013 HTTP/2.0" 200 591 "https://monolith-realty.ru/blog/flats/investitsii-v-nedvizhimost-sochi-rentabelnye-obekty-/" "Mozilla/5.0 (Linux; Android 10; K) AppleWebKit/537.36 (KHTML, like Gecko) Chrome/131.0.0.0 Mobile Safari/537.36"
46.8.110.241 - - [26/Jan/2025:03:09:44 +0300] "GET /local/templates/monolitsochi/css/blocks/file-type.css?1712397653950 HTTP/2.0" 200 269 "https://monolith-realty.ru/blog/flats/investitsii-v-nedvizhimost-sochi-rentabelnye-obekty-/" "Mozilla/5.0 (Linux; Android 10; K) AppleWebKit/537.36 (KHTML, like Gecko) Chrome/131.0.0.0 Mobile Safari/537.36"
46.8.110.241 - - [26/Jan/2025:03:09:44 +0300] "GET /local/templates/monolitsochi/css/blocks/flexbox.css?17123976532450 HTTP/2.0" 200 661 "https://monolith-realty.ru/blog/flats/investitsii-v-nedvizhimost-sochi-rentabelnye-obekty-/" "Mozilla/5.0 (Linux; Android 10; K) AppleWebKit/537.36 (KHTML, like Gecko) Chrome/131.0.0.0 Mobile Safari/537.36"
46.8.110.241 - - [26/Jan/2025:03:09:44 +0300] "GET /local/templates/monolitsochi/css/blocks/gallery.css?17207049512328 HTTP/2.0" 200 770 "https://monolith-realty.ru/blog/flats/investitsii-v-nedvizhimost-sochi-rentabelnye-obekty-/" "Mozilla/5.0 (Linux; Android 10; K) AppleWebKit/537.36 (KHTML, like Gecko) Chrome/131.0.0.0 Mobile Safari/537.36"
46.8.110.241 - - [26/Jan/2025:03:09:44 +0300] "GET /local/templates/monolitsochi/css/blocks/grid-list.css?17123976535783 HTTP/2.0" 200 1009 "https://monolith-realty.ru/blog/flats/investitsii-v-nedvizhimost-sochi-rentabelnye-obekty-/" "Mozilla/5.0 (Linux; Android 10; K) AppleWebKit/537.36 (KHTML, like Gecko) Chrome/131.0.0.0 Mobile Safari/537.36"
46.8.110.241 - - [26/Jan/2025:03:09:44 +0300] "GET /local/templates/monolitsochi/css/blocks/hint.css?17123976533047 HTTP/2.0" 200 923 "https://monolith-realty.ru/blog/flats/investitsii-v-nedvizhimost-sochi-rentabelnye-obekty-/" "Mozilla/5.0 (Linux; Android 10; K) AppleWebKit/537.36 (KHTML, like Gecko) Chrome/131.0.0.0 Mobile Safari/537.36"
46.8.110.241 - - [26/Jan/2025:03:09:44 +0300] "GET /local/templates/monolitsochi/css/blocks/icon-block.css?17123976534473 HTTP/2.0" 200 560 "https://monolith-realty.ru/blog/flats/investitsii-v-nedvizhimost-sochi-rentabelnye-obekty-/" "Mozilla/5.0 (Linux; Android 10; K) AppleWebKit/537.36 (KHTML, like Gecko) Chrome/131.0.0.0 Mobile Safari/537.36"
46.8.110.241 - - [26/Jan/2025:03:09:44 +0300] "GET /local/templates/monolitsochi/css/blocks/images.css?17123976531665 HTTP/2.0" 200 575 "https://monolith-realty.ru/blog/flats/investitsii-v-nedvizhimost-sochi-rentabelnye-obekty-/" "Mozilla/5.0 (Linux; Android 10; K) AppleWebKit/537.36 (KHTML, like Gecko) Chrome/131.0.0.0 Mobile Safari/537.36"
46.8.110.241 - - [26/Jan/2025:03:09:44 +0300] "GET /local/templates/monolitsochi/css/blocks/line-block.css?17123976534618 HTTP/2.0" 200 687 "https://monolith-realty.ru/blog/flats/investitsii-v-nedvizhimost-sochi-rentabelnye-obekty-/" "Mozilla/5.0 (Linux; Android 10; K) AppleWebKit/537.36 (KHTML, like Gecko) Chrome/131.0.0.0 Mobile Safari/537.36"
46.8.110.241 - - [26/Jan/2025:03:09:44 +0300] "GET /local/templates/monolitsochi/css/blocks/mobile-scrolled.css?1712397653891 HTTP/2.0" 200 331 "https://monolith-realty.ru/blog/flats/investitsii-v-nedvizhimost-sochi-rentabelnye-obekty-/" "Mozilla/5.0 (Linux; Android 10; K) AppleWebKit/537.36 (KHTML, like Gecko) Chrome/131.0.0.0 Mobile Safari/537.36"
46.8.110.241 - - [26/Jan/2025:03:09:44 +0300] "GET /local/templates/monolitsochi/css/blocks/popup.css?17123976534574 HTTP/2.0" 200 1351 "https://monolith-realty.ru/blog/flats/investitsii-v-nedvizhimost-sochi-rentabelnye-obekty-/" "Mozilla/5.0 (Linux; Android 10; K) AppleWebKit/537.36 (KHTML, like Gecko) Chrome/131.0.0.0 Mobile Safari/537.36"
46.8.110.241 - - [26/Jan/2025:03:09:44 +0300] "GET /local/templates/monolitsochi/css/blocks/prices.css?1712397653650 HTTP/2.0" 200 297 "https://monolith-realty.ru/blog/flats/investitsii-v-nedvizhimost-sochi-rentabelnye-obekty-/" "Mozilla/5.0 (Linux; Android 10; K) AppleWebKit/537.36 (KHTML, like Gecko) Chrome/131.0.0.0 Mobile Safari/537.36"
46.8.110.241 - - [26/Jan/2025:03:09:44 +0300] "GET /local/templates/monolitsochi/css/blocks/rating.css?1712397653149 HTTP/2.0" 200 125 "https://monolith-realty.ru/blog/flats/investitsii-v-nedvizhimost-sochi-rentabelnye-obekty-/" "Mozilla/5.0 (Linux; Android 10; K) AppleWebKit/537.36 (KHTML, like Gecko) Chrome/131.0.0.0 Mobile Safari/537.36"
46.8.110.241 - - [26/Jan/2025:03:09:44 +0300] "GET /local/templates/monolitsochi/css/blocks/right-dock.css?17123976531470 HTTP/2.0" 200 571 "https://monolith-realty.ru/blog/flats/investitsii-v-nedvizhimost-sochi-rentabelnye-obekty-/" "Mozilla/5.0 (Linux; Android 10; K) AppleWebKit/537.36 (KHTML, like Gecko) Chrome/131.0.0.0 Mobile Safari/537.36"
46.8.110.241 - - [26/Jan/2025:03:09:44 +0300] "GET /local/templates/monolitsochi/css/blocks/scroller.css?17123976532168 HTTP/2.0" 200 589 "https://monolith-realty.ru/blog/flats/investitsii-v-nedvizhimost-sochi-rentabelnye-obekty-/" "Mozilla/5.0 (Linux; Android 10; K) AppleWebKit/537.36 (KHTML, like Gecko) Chrome/131.0.0.0 Mobile Safari/537.36"
46.8.110.241 - - [26/Jan/2025:03:09:44 +0300] "GET /local/templates/monolitsochi/css/blocks/share.css?17123976532511 HTTP/2.0" 200 729 "https://monolith-realty.ru/blog/flats/investitsii-v-nedvizhimost-sochi-rentabelnye-obekty-/" "Mozilla/5.0 (Linux; Android 10; K) AppleWebKit/537.36 (KHTML, like Gecko) Chrome/131.0.0.0 Mobile Safari/537.36"
46.8.110.241 - - [26/Jan/2025:03:09:44 +0300] "GET /local/templates/monolitsochi/css/blocks/social-list.css?1712397653376 HTTP/2.0" 200 195 "https://monolith-realty.ru/blog/flats/investitsii-v-nedvizhimost-sochi-rentabelnye-obekty-/" "Mozilla/5.0 (Linux; Android 10; K) AppleWebKit/537.36 (KHTML, like Gecko) Chrome/131.0.0.0 Mobile Safari/537.36"
46.8.110.241 - - [26/Jan/2025:03:09:44 +0300] "GET /local/templates/monolitsochi/css/blocks/sticker.css?17123976533807 HTTP/2.0" 200 1155 "https://monolith-realty.ru/blog/flats/investitsii-v-nedvizhimost-sochi-rentabelnye-obekty-/" "Mozilla/5.0 (Linux; Android 10; K) AppleWebKit/537.36 (KHTML, like Gecko) Chrome/131.0.0.0 Mobile Safari/537.36"
46.8.110.241 - - [26/Jan/2025:03:09:44 +0300] "GET /local/templates/monolitsochi/css/blocks/sticky.css?1712397653240 HTTP/2.0" 200 142 "https://monolith-realty.ru/blog/flats/investitsii-v-nedvizhimost-sochi-rentabelnye-obekty-/" "Mozilla/5.0 (Linux; Android 10; K) AppleWebKit/537.36 (KHTML, like Gecko) Chrome/131.0.0.0 Mobile Safari/537.36"
46.8.110.241 - - [26/Jan/2025:03:09:44 +0300] "GET /local/templates/monolitsochi/css/blocks/tabs.css?17123976536550 HTTP/2.0" 200 1525 "https://monolith-realty.ru/blog/flats/investitsii-v-nedvizhimost-sochi-rentabelnye-obekty-/" "Mozilla/5.0 (Linux; Android 10; K) AppleWebKit/537.36 (KHTML, like Gecko) Chrome/131.0.0.0 Mobile Safari/537.36"
46.8.110.241 - - [26/Jan/2025:03:09:44 +0300] "GET /local/templates/monolitsochi/css/blocks/video-block.css?17123976531897 HTTP/2.0" 200 610 "https://monolith-realty.ru/blog/flats/investitsii-v-nedvizhimost-sochi-rentabelnye-obekty-/" "Mozilla/5.0 (Linux; Android 10; K) AppleWebKit/537.36 (KHTML, like Gecko) Chrome/131.0.0.0 Mobile Safari/537.36"
46.8.110.241 - - [26/Jan/2025:03:09:44 +0300] "GET /bitrix/templates/.default/ajax/ajax.css?1689865279448 HTTP/2.0" 200 231 "https://monolith-realty.ru/blog/flats/investitsii-v-nedvizhimost-sochi-rentabelnye-obekty-/" "Mozilla/5.0 (Linux; Android 10; K) AppleWebKit/537.36 (KHTML, like Gecko) Chrome/131.0.0.0 Mobile Safari/537.36"
46.8.110.241 - - [26/Jan/2025:03:09:44 +0300] "GET /bitrix/components/aspro/eyed.allcorp3/templates/.default/style.css?168986522478392 HTTP/2.0" 200 10965 "https://monolith-realty.ru/blog/flats/investitsii-v-nedvizhimost-sochi-rentabelnye-obekty-/" "Mozilla/5.0 (Linux; Android 10; K) AppleWebKit/537.36 (KHTML, like Gecko) Chrome/131.0.0.0 Mobile Safari/537.36"
46.8.110.241 - - [26/Jan/2025:03:09:44 +0300] "GET /local/templates/monolitsochi/components/aspro/social.info.allcorp3/template1/style.css?17193280011671 HTTP/2.0" 200 587 "https://monolith-realty.ru/blog/flats/investitsii-v-nedvizhimost-sochi-rentabelnye-obekty-/" "Mozilla/5.0 (Linux; Android 10; K) AppleWebKit/537.36 (KHTML, like Gecko) Chrome/131.0.0.0 Mobile Safari/537.36"
46.8.110.241 - - [26/Jan/2025:03:09:44 +0300] "GET /bitrix/components/aspro/social.info.allcorp3/templates/.default/style.css?16898652241671 HTTP/2.0" 200 587 "https://monolith-realty.ru/blog/flats/investitsii-v-nedvizhimost-sochi-rentabelnye-obekty-/" "Mozilla/5.0 (Linux; Android 10; K) AppleWebKit/537.36 (KHTML, like Gecko) Chrome/131.0.0.0 Mobile Safari/537.36"
46.8.110.241 - - [26/Jan/2025:03:09:44 +0300] "GET /local/templates/monolitsochi/components/bitrix/menu/menu_new/style.css?17183583906438 HTTP/2.0" 200 1109 "https://monolith-realty.ru/blog/flats/investitsii-v-nedvizhimost-sochi-rentabelnye-obekty-/" "Mozilla/5.0 (Linux; Android 10; K) AppleWebKit/537.36 (KHTML, like Gecko) Chrome/131.0.0.0 Mobile Safari/537.36"
46.8.110.241 - - [26/Jan/2025:03:09:44 +0300] "GET /local/templates/monolitsochi/components/bitrix/breadcrumb/main/style.css?17123976522037 HTTP/2.0" 200 648 "https://monolith-realty.ru/blog/flats/investitsii-v-nedvizhimost-sochi-rentabelnye-obekty-/" "Mozilla/5.0 (Linux; Android 10; K) AppleWebKit/537.36 (KHTML, like Gecko) Chrome/131.0.0.0 Mobile Safari/537.36"
46.8.110.241 - - [26/Jan/2025:03:09:44 +0300] "GET /bitrix/components/aspro/marketing.popup.allcorp3/templates/.default/style.css?16898652245926 HTTP/2.0" 200 1321 "https://monolith-realty.ru/blog/flats/investitsii-v-nedvizhimost-sochi-rentabelnye-obekty-/" "Mozilla/5.0 (Linux; Android 10; K) AppleWebKit/537.36 (KHTML, like Gecko) Chrome/131.0.0.0 Mobile Safari/537.36"
46.8.110.241 - - [26/Jan/2025:03:09:44 +0300] "GET /local/templates/monolitsochi/styles.css?172070362528239 HTTP/2.0" 200 5993 "https://monolith-realty.ru/blog/flats/investitsii-v-nedvizhimost-sochi-rentabelnye-obekty-/" "Mozilla/5.0 (Linux; Android 10; K) AppleWebKit/537.36 (KHTML, like Gecko) Chrome/131.0.0.0 Mobile Safari/537.36"
46.8.110.241 - - [26/Jan/2025:03:09:44 +0300] "GET /local/templates/monolitsochi/template_styles.css?171968630336328 HTTP/2.0" 200 8049 "https://monolith-realty.ru/blog/flats/investitsii-v-nedvizhimost-sochi-rentabelnye-obekty-/" "Mozilla/5.0 (Linux; Android 10; K) AppleWebKit/537.36 (KHTML, like Gecko) Chrome/131.0.0.0 Mobile Safari/537.36"
46.8.110.241 - - [26/Jan/2025:03:09:44 +0300] "GET /local/templates/monolitsochi/css/owl-styles.css?171239765316161 HTTP/2.0" 200 3041 "https://monolith-realty.ru/blog/flats/investitsii-v-nedvizhimost-sochi-rentabelnye-obekty-/" "Mozilla/5.0 (Linux; Android 10; K) AppleWebKit/537.36 (KHTML, like Gecko) Chrome/131.0.0.0 Mobile Safari/537.36"
46.8.110.241 - - [26/Jan/2025:03:09:44 +0300] "GET /local/templates/monolitsochi/css/form.css?171239765321826 HTTP/2.0" 200 4918 "https://monolith-realty.ru/blog/flats/investitsii-v-nedvizhimost-sochi-rentabelnye-obekty-/" "Mozilla/5.0 (Linux; Android 10; K) AppleWebKit/537.36 (KHTML, like Gecko) Chrome/131.0.0.0 Mobile Safari/537.36"
46.8.110.241 - - [26/Jan/2025:03:09:44 +0300] "GET /local/templates/monolitsochi/css/colored.css?17123976536708 HTTP/2.0" 200 1250 "https://monolith-realty.ru/blog/flats/investitsii-v-nedvizhimost-sochi-rentabelnye-obekty-/" "Mozilla/5.0 (Linux; Android 10; K) AppleWebKit/537.36 (KHTML, like Gecko) Chrome/131.0.0.0 Mobile Safari/537.36"
46.8.110.241 - - [26/Jan/2025:03:09:44 +0300] "GET /local/templates/monolitsochi/css/responsive.css?17123976531838 HTTP/2.0" 200 620 "https://monolith-realty.ru/blog/flats/investitsii-v-nedvizhimost-sochi-rentabelnye-obekty-/" "Mozilla/5.0 (Linux; Android 10; K) AppleWebKit/537.36 (KHTML, like Gecko) Chrome/131.0.0.0 Mobile Safari/537.36"
